--
-- Host: localhost    Database: 100lnd
-- ------------------------------------------------------


--
-- Table structure for table `AreaLayoutColumns`
--

CREATE TABLE `AreaLayoutColumns` (
  `arLayoutColumnID` int(10) unsigned NOT NULL AUTO_INCREMENT,
  `arLayoutID` int(10) unsigned NOT NULL DEFAULT '0',
  `arLayoutColumnIndex` int(10) unsigned NOT NULL DEFAULT '0',
  `arID` int(10) unsigned NOT NULL DEFAULT '0',
  `arLayoutColumnDisplayID` int(11) DEFAULT '0',
  PRIMARY KEY (`arLayoutColumnID`),
  KEY `arLayoutID` (`arLayoutID`,`arLayoutColumnIndex`),
  KEY `arID` (`arID`),
  KEY `arLayoutColumnDisplayID` (`arLayoutColumnDisplayID`)
) ENGINE=InnoDB AUTO_INCREMENT=136 DEFAULT CHARSET=utf8mb4 COLLATE=utf8mb4_unicode_ci;

--
-- Dumping data for table `AreaLayoutColumns`
--

INSERT INTO `AreaLayoutColumns` VALUES (1,1,0,2,1),(2,1,1,3,2),(3,1,2,4,3),(4,2,0,5,4),(5,2,1,6,5),(6,3,0,7,6),(7,3,1,8,7),(8,3,2,9,8),(9,4,0,11,9),(10,5,0,12,10),(11,6,0,14,11),(12,7,0,15,12),(13,8,0,35,13),(14,8,1,36,14),(15,9,0,39,15),(16,9,1,40,16),(17,9,2,41,17),(18,10,0,42,18),(19,10,1,43,19),(20,11,0,44,20),(21,11,1,45,21),(22,11,2,46,22),(23,12,0,49,23),(24,12,1,50,24),(25,12,2,51,25),(26,12,3,52,26),(27,13,0,53,27),(28,13,1,54,28),(29,14,0,56,29),(30,14,1,57,30),(31,15,0,84,31),(32,15,1,85,32),(33,16,0,86,33),(34,16,1,87,34),(35,16,2,88,35),(36,17,0,89,36),(37,17,1,90,37),(38,18,0,105,38),(39,18,1,106,39),(40,19,0,107,40),(41,19,1,108,41),(42,19,2,109,42),(43,20,0,112,43),(44,20,1,113,44),(45,21,0,114,45),(46,21,1,115,46),(47,22,0,116,47),(48,22,1,117,48),(49,23,0,119,49),(50,23,1,120,50),(51,23,2,121,51),(52,24,0,122,52),(53,24,1,123,53),(54,25,0,407,54),(55,25,1,408,55),(56,25,2,409,56),(57,25,3,410,57),(61,27,0,474,58),(71,31,0,475,59),(72,32,0,475,59),(73,33,0,476,60),(74,33,1,477,61),(75,33,2,478,62),(76,34,0,479,63),(80,37,0,483,64),(81,38,0,474,58),(82,39,0,474,58),(83,40,0,474,58),(84,41,0,474,58),(85,42,0,474,58),(86,43,0,474,58),(87,44,0,474,58),(88,45,0,474,58),(89,46,0,474,58),(90,47,0,474,58),(92,49,0,483,64),(93,50,0,475,59),(94,51,0,475,59),(95,52,0,475,59),(96,53,0,514,65),(97,54,0,514,65),(98,55,0,525,66),(99,55,1,526,67),(100,56,0,602,68),(101,56,1,603,69),(102,57,0,614,70),(103,57,1,615,71),(104,57,2,616,72),(105,58,0,614,70),(106,58,1,615,71),(107,58,2,616,72),(108,59,0,1021,73),(109,59,1,1022,74),(110,59,2,1023,75),(114,61,0,1024,76),(115,62,0,1025,77),(116,62,1,1026,78),(117,62,2,1027,79),(118,63,0,1063,80),(120,65,0,1064,81),(127,68,0,1071,88),(128,69,0,1072,89),(129,69,1,1073,90),(130,69,2,1074,91),(131,70,0,1063,80),(132,71,0,1064,81),(133,72,0,1075,92),(134,73,0,483,64),(135,74,0,1076,93);

--
-- Table structure for table `AreaLayoutCustomColumns`
--

CREATE TABLE `AreaLayoutCustomColumns` (
  `arLayoutColumnID` int(10) unsigned NOT NULL AUTO_INCREMENT,
  `arLayoutColumnWidth` varchar(64) COLLATE utf8mb4_unicode_ci NOT NULL,
  PRIMARY KEY (`arLayoutColumnID`)
) ENGINE=InnoDB AUTO_INCREMENT=118 DEFAULT CHARSET=utf8mb4 COLLATE=utf8mb4_unicode_ci;

--
-- Dumping data for table `AreaLayoutCustomColumns`
--

INSERT INTO `AreaLayoutCustomColumns` VALUES (115,'380'),(116,'380'),(117,'380');

--
-- Table structure for table `AreaLayoutPresets`
--

CREATE TABLE `AreaLayoutPresets` (
  `arLayoutPresetID` int(10) unsigned NOT NULL AUTO_INCREMENT,
  `arLayoutID` int(10) unsigned NOT NULL DEFAULT '0',
  `arLayoutPresetName` varchar(255) COLLATE utf8mb4_unicode_ci DEFAULT NULL,
  PRIMARY KEY (`arLayoutPresetID`),
  KEY `arLayoutID` (`arLayoutID`),
  KEY `arLayoutPresetName` (`arLayoutPresetName`)
) ENGINE=InnoDB AUTO_INCREMENT=2 DEFAULT CHARSET=utf8mb4 COLLATE=utf8mb4_unicode_ci;

--
-- Dumping data for table `AreaLayoutPresets`
--

INSERT INTO `AreaLayoutPresets` VALUES (1,52,'pred1');

--
-- Table structure for table `AreaLayoutThemeGridColumns`
--

CREATE TABLE `AreaLayoutThemeGridColumns` (
  `arLayoutColumnID` int(10) unsigned NOT NULL AUTO_INCREMENT,
  `arLayoutColumnSpan` int(10) unsigned DEFAULT '0',
  `arLayoutColumnOffset` int(10) unsigned DEFAULT '0',
  PRIMARY KEY (`arLayoutColumnID`)
) ENGINE=InnoDB AUTO_INCREMENT=136 DEFAULT CHARSET=utf8mb4 COLLATE=utf8mb4_unicode_ci;

--
-- Dumping data for table `AreaLayoutThemeGridColumns`
--

INSERT INTO `AreaLayoutThemeGridColumns` VALUES (1,4,0),(2,4,0),(3,4,0),(4,4,0),(5,8,0),(6,4,0),(7,4,0),(8,4,0),(9,12,0),(10,12,0),(11,12,0),(12,12,0),(13,8,0),(14,3,1),(15,4,0),(16,4,0),(17,4,0),(18,6,0),(19,6,0),(20,2,0),(21,3,0),(22,6,1),(23,3,0),(24,3,0),(25,3,0),(26,3,0),(27,6,0),(28,6,0),(29,5,0),(30,5,2),(31,6,0),(32,6,0),(33,4,0),(34,4,0),(35,4,0),(36,4,0),(37,7,1),(38,7,0),(39,4,1),(40,2,0),(41,4,0),(42,6,0),(43,7,0),(44,5,0),(45,4,0),(46,7,1),(47,4,0),(48,7,1),(49,4,0),(50,4,0),(51,4,0),(52,4,0),(53,8,0),(54,3,0),(55,3,0),(56,3,0),(57,3,0),(61,12,0),(71,12,0),(72,12,0),(73,4,0),(74,4,0),(75,4,0),(76,12,0),(80,12,0),(81,12,0),(82,12,0),(83,12,0),(84,12,0),(85,12,0),(86,12,0),(87,12,0),(88,12,0),(89,12,0),(90,12,0),(92,12,0),(93,12,0),(94,12,0),(95,12,0),(96,12,0),(97,12,0),(98,6,0),(99,6,0),(102,4,0),(103,4,0),(104,4,0),(105,4,0),(106,4,0),(107,4,0),(108,4,0),(109,4,0),(110,4,0),(118,12,0),(120,12,0),(127,12,0),(128,4,0),(129,4,0),(130,4,0),(131,12,0),(132,12,0),(133,12,0),(134,12,0),(135,12,0);

--
-- Table structure for table `AreaLayouts`
--

CREATE TABLE `AreaLayouts` (
  `arLayoutID` int(10) unsigned NOT NULL AUTO_INCREMENT,
  `arLayoutSpacing` int(10) unsigned NOT NULL DEFAULT '0',
  `arLayoutIsCustom` tinyint(1) NOT NULL DEFAULT '0',
  `arLayoutIsPreset` tinyint(1) NOT NULL DEFAULT '0',
  `arLayoutMaxColumns` int(10) unsigned NOT NULL DEFAULT '0',
  `arLayoutUsesThemeGridFramework` tinyint(1) NOT NULL DEFAULT '0',
  PRIMARY KEY (`arLayoutID`)
) ENGINE=InnoDB AUTO_INCREMENT=75 DEFAULT CHARSET=utf8mb4 COLLATE=utf8mb4_unicode_ci;

--
-- Dumping data for table `AreaLayouts`
--

INSERT INTO `AreaLayouts` VALUES (1,0,0,0,12,1),(2,0,0,0,12,1),(3,0,0,0,12,1),(4,0,0,0,12,1),(5,0,0,0,12,1),(6,0,0,0,12,1),(7,0,0,0,12,1),(8,0,0,0,12,1),(9,0,0,0,12,1),(10,0,0,0,12,1),(11,0,0,0,12,1),(12,0,0,0,12,1),(13,0,0,0,12,1),(14,0,0,0,12,1),(15,0,0,0,12,1),(16,0,0,0,12,1),(17,0,0,0,12,1),(18,0,0,0,12,1),(19,0,0,0,12,1),(20,0,0,0,12,1),(21,0,0,0,12,1),(22,0,0,0,12,1),(23,0,0,0,12,1),(24,0,0,0,12,1),(25,0,0,0,12,1),(27,0,0,0,12,1),(31,0,0,0,12,1),(32,0,0,0,12,1),(33,0,0,0,12,1),(34,0,0,0,12,1),(37,0,0,0,12,1),(38,0,0,0,12,1),(39,0,0,0,12,1),(40,0,0,0,12,1),(41,0,0,0,12,1),(42,0,0,0,12,1),(43,0,0,0,12,1),(44,0,0,0,12,1),(45,0,0,0,12,1),(46,0,0,0,12,1),(47,0,0,0,12,1),(49,0,0,0,12,1),(50,0,0,0,12,1),(51,0,0,0,12,1),(52,0,0,0,12,1),(53,0,0,0,12,1),(54,0,0,0,12,1),(55,0,0,0,12,1),(56,0,0,1,0,0),(57,0,0,0,12,1),(58,0,0,0,12,1),(59,0,0,0,12,1),(61,0,0,1,0,0),(62,10,1,0,0,0),(63,0,0,0,12,1),(65,0,0,0,12,1),(68,0,0,0,12,1),(69,0,0,0,12,1),(70,0,0,0,12,1),(71,0,0,0,12,1),(72,0,0,0,12,1),(73,0,0,0,12,1),(74,0,0,0,12,1);

--
-- Table structure for table `AreaLayoutsUsingPresets`
--

CREATE TABLE `AreaLayoutsUsingPresets` (
  `arLayoutID` int(10) unsigned NOT NULL,
  `preset` varchar(255) COLLATE utf8mb4_unicode_ci NOT NULL DEFAULT '',
  PRIMARY KEY (`arLayoutID`),
  CONSTRAINT `FK_7A9049A1385521EA` FOREIGN KEY (`arLayoutID`) REFERENCES `AreaLayouts` (`arLayoutID`) ON DELETE CASCADE ON UPDATE CASCADE
) ENGINE=InnoDB DEFAULT CHARSET=utf8mb4 COLLATE=utf8mb4_unicode_ci;

--
-- Dumping data for table `AreaLayoutsUsingPresets`
--

INSERT INTO `AreaLayoutsUsingPresets` VALUES (56,'theme_elemental_right_sidebar'),(61,'52');

--
-- Table structure for table `AreaPermissionAssignments`
--

CREATE TABLE `AreaPermissionAssignments` (
  `cID` int(10) unsigned NOT NULL DEFAULT '0',
  `arHandle` varchar(255) COLLATE utf8mb4_unicode_ci NOT NULL,
  `pkID` int(10) unsigned NOT NULL DEFAULT '0',
  `paID` int(10) unsigned NOT NULL DEFAULT '0',
  PRIMARY KEY (`cID`,`arHandle`,`pkID`,`paID`),
  KEY `paID` (`paID`),
  KEY `pkID` (`pkID`)
) ENGINE=InnoDB DEFAULT CHARSET=utf8mb4 COLLATE=utf8mb4_unicode_ci;

--
-- Dumping data for table `AreaPermissionAssignments`
--


--
-- Table structure for table `AreaPermissionBlockTypeAccessList`
--

CREATE TABLE `AreaPermissionBlockTypeAccessList` (
  `paID` int(10) unsigned NOT NULL DEFAULT '0',
  `peID` int(10) unsigned NOT NULL DEFAULT '0',
  `permission` varchar(1) COLLATE utf8mb4_unicode_ci NOT NULL DEFAULT '1',
  PRIMARY KEY (`paID`,`peID`),
  KEY `peID` (`peID`)
) ENGINE=InnoDB DEFAULT CHARSET=utf8mb4 COLLATE=utf8mb4_unicode_ci;

--
-- Dumping data for table `AreaPermissionBlockTypeAccessList`
--


--
-- Table structure for table `AreaPermissionBlockTypeAccessListCustom`
--

CREATE TABLE `AreaPermissionBlockTypeAccessListCustom` (
  `paID` int(10) unsigned NOT NULL DEFAULT '0',
  `peID` int(10) unsigned NOT NULL DEFAULT '0',
  `btID` int(10) unsigned NOT NULL DEFAULT '0',
  PRIMARY KEY (`paID`,`peID`,`btID`),
  KEY `peID` (`peID`),
  KEY `btID` (`btID`)
) ENGINE=InnoDB DEFAULT CHARSET=utf8mb4 COLLATE=utf8mb4_unicode_ci;

--
-- Dumping data for table `AreaPermissionBlockTypeAccessListCustom`
--


--
-- Table structure for table `Areas`
--

CREATE TABLE `Areas` (
  `arID` int(10) unsigned NOT NULL AUTO_INCREMENT,
  `cID` int(10) unsigned NOT NULL DEFAULT '0',
  `arHandle` varchar(255) COLLATE utf8mb4_unicode_ci NOT NULL,
  `arOverrideCollectionPermissions` tinyint(1) NOT NULL DEFAULT '0',
  `arInheritPermissionsFromAreaOnCID` int(10) unsigned NOT NULL DEFAULT '0',
  `arIsGlobal` tinyint(1) NOT NULL DEFAULT '0',
  `arParentID` int(10) unsigned NOT NULL DEFAULT '0',
  PRIMARY KEY (`arID`),
  KEY `arIsGlobal` (`arIsGlobal`),
  KEY `cID` (`cID`),
  KEY `arHandle` (`arHandle`),
  KEY `arParentID` (`arParentID`)
) ENGINE=InnoDB AUTO_INCREMENT=1194 DEFAULT CHARSET=utf8mb4 COLLATE=utf8mb4_unicode_ci;

--
-- Dumping data for table `Areas`
--

INSERT INTO `Areas` VALUES (1,169,'Main',0,0,0,0),(2,169,'Main : 1',0,0,0,1),(3,169,'Main : 2',0,0,0,1),(4,169,'Main : 3',0,0,0,1),(5,169,'Main : 4',0,0,0,1),(6,169,'Main : 5',0,0,0,1),(7,169,'Main : 6',0,0,0,1),(8,169,'Main : 7',0,0,0,1),(9,169,'Main : 8',0,0,0,1),(10,170,'Main',0,0,0,0),(11,170,'Main : 9',0,0,0,10),(12,170,'Main : 10',0,0,0,10),(13,183,'Main',0,0,0,0),(14,183,'Main : 11',0,0,0,13),(15,183,'Main : 12',0,0,0,13),(16,184,'Main',0,0,0,0),(17,185,'Main',0,0,0,0),(18,186,'Main',0,0,0,0),(19,187,'Main',0,0,0,0),(20,188,'Main',0,0,0,0),(21,189,'Main',0,0,0,0),(22,190,'Main',0,0,0,0),(23,191,'Main',0,0,0,0),(24,209,'Main',0,0,0,0),(25,209,'Sidebar',0,0,0,0),(26,209,'Page Footer',0,0,0,0),(27,216,'Page Header',0,0,0,0),(28,216,'Sidebar',0,0,0,0),(29,216,'Main',0,0,0,0),(30,202,'Page Header',0,0,0,0),(31,202,'Sidebar',0,0,0,0),(32,202,'Main',0,0,0,0),(33,202,'Page Footer',0,0,0,0),(34,197,'Main',0,0,0,0),(35,197,'Main : 13',0,0,0,34),(36,197,'Main : 14',0,0,0,34),(37,194,'Main',0,0,0,0),(38,1,'Main',0,0,0,0),(39,1,'Main : 15',0,0,0,38),(40,1,'Main : 16',0,0,0,38),(41,1,'Main : 17',0,0,0,38),(42,1,'Main : 18',0,0,0,38),(43,1,'Main : 19',0,0,0,38),(44,1,'Main : 20',0,0,0,38),(45,1,'Main : 21',0,0,0,38),(46,1,'Main : 22',0,0,0,38),(47,1,'Page Footer',0,0,0,0),(48,193,'Main',0,0,0,0),(49,193,'Main : 23',0,0,0,48),(50,193,'Main : 24',0,0,0,48),(51,193,'Main : 25',0,0,0,48),(52,193,'Main : 26',0,0,0,48),(53,193,'Main : 27',0,0,0,48),(54,193,'Main : 28',0,0,0,48),(55,193,'Page Footer',0,0,0,0),(56,193,'Page Footer : 29',0,0,0,55),(57,193,'Page Footer : 30',0,0,0,55),(58,195,'Main',0,0,0,0),(59,203,'Page Header',0,0,0,0),(60,203,'Main',0,0,0,0),(61,203,'Sidebar',0,0,0,0),(62,203,'Page Footer',0,0,0,0),(63,204,'Page Header',0,0,0,0),(64,204,'Main',0,0,0,0),(65,204,'Sidebar',0,0,0,0),(66,204,'Page Footer',0,0,0,0),(67,205,'Page Header',0,0,0,0),(68,205,'Main',0,0,0,0),(69,205,'Sidebar',0,0,0,0),(70,205,'Page Footer',0,0,0,0),(71,206,'Page Header',0,0,0,0),(72,206,'Main',0,0,0,0),(73,206,'Sidebar',0,0,0,0),(74,206,'Page Footer',0,0,0,0),(75,207,'Page Header',0,0,0,0),(76,207,'Main',0,0,0,0),(77,207,'Sidebar',0,0,0,0),(78,207,'Page Footer',0,0,0,0),(79,208,'Page Header',0,0,0,0),(80,208,'Main',0,0,0,0),(81,208,'Sidebar',0,0,0,0),(82,208,'Page Footer',0,0,0,0),(83,196,'Main',0,0,0,0),(84,196,'Main : 31',0,0,0,83),(85,196,'Main : 32',0,0,0,83),(86,196,'Main : 33',0,0,0,83),(87,196,'Main : 34',0,0,0,83),(88,196,'Main : 35',0,0,0,83),(89,196,'Main : 36',0,0,0,83),(90,196,'Main : 37',0,0,0,83),(91,198,'Main',0,0,0,0),(92,198,'Main : 13',0,0,0,91),(93,198,'Main : 14',0,0,0,91),(94,210,'Page Footer',0,0,0,0),(95,210,'Main',0,0,0,0),(96,210,'Sidebar',0,0,0,0),(97,211,'Page Footer',0,0,0,0),(98,211,'Main',0,0,0,0),(99,211,'Sidebar',0,0,0,0),(100,212,'Page Footer',0,0,0,0),(101,212,'Main',0,0,0,0),(102,212,'Sidebar',0,0,0,0),(103,199,'Main',0,0,0,0),(104,200,'Main',0,0,0,0),(105,200,'Main : 38',0,0,0,104),(106,200,'Main : 39',0,0,0,104),(107,200,'Main : 40',0,0,0,104),(108,200,'Main : 41',0,0,0,104),(109,200,'Main : 42',0,0,0,104),(110,201,'Main',0,0,0,0),(111,213,'Main',0,0,0,0),(112,213,'Main : 43',0,0,0,111),(113,213,'Main : 44',0,0,0,111),(114,213,'Main : 45',0,0,0,111),(115,213,'Main : 46',0,0,0,111),(116,213,'Main : 47',0,0,0,111),(117,213,'Main : 48',0,0,0,111),(118,214,'Main',0,0,0,0),(119,214,'Main : 49',0,0,0,118),(120,214,'Main : 50',0,0,0,118),(121,214,'Main : 51',0,0,0,118),(122,214,'Main : 52',0,0,0,118),(123,214,'Main : 53',0,0,0,118),(124,217,'Main',0,0,0,0),(125,217,'Page Header',0,0,0,0),(126,217,'Sidebar',0,0,0,0),(127,218,'Main',0,0,0,0),(128,218,'Page Header',0,0,0,0),(129,218,'Sidebar',0,0,0,0),(130,215,'Main',0,0,0,0),(131,1,'Header Site Title',0,0,1,0),(132,1,'Header Navigation',0,0,1,0),(133,1,'Header Search',0,0,1,0),(134,1,'Footer Site Title',0,0,1,0),(135,1,'Footer Social',0,0,1,0),(136,1,'Footer Legal',0,0,1,0),(137,1,'Footer Navigation',0,0,1,0),(138,1,'Footer Contact',0,0,1,0),(139,193,'Header Site Title',0,0,1,0),(140,193,'Header Navigation',0,0,1,0),(141,193,'Header Search',0,0,1,0),(142,193,'Footer Site Title',0,0,1,0),(143,193,'Footer Social',0,0,1,0),(144,193,'Footer Legal',0,0,1,0),(145,193,'Footer Navigation',0,0,1,0),(146,193,'Footer Contact',0,0,1,0),(147,195,'Header Site Title',0,0,1,0),(148,195,'Header Navigation',0,0,1,0),(149,195,'Header Search',0,0,1,0),(150,195,'Page Footer',0,0,0,0),(151,195,'Footer Site Title',0,0,1,0),(152,195,'Footer Social',0,0,1,0),(153,195,'Footer Legal',0,0,1,0),(154,195,'Footer Navigation',0,0,1,0),(155,195,'Footer Contact',0,0,1,0),(156,172,'Header Site Title',0,0,1,0),(157,172,'Header Navigation',0,0,1,0),(158,172,'Header Search',0,0,1,0),(159,172,'Footer Site Title',0,0,1,0),(160,172,'Footer Social',0,0,1,0),(161,172,'Footer Legal',0,0,1,0),(162,172,'Footer Navigation',0,0,1,0),(163,172,'Footer Contact',0,0,1,0),(164,174,'Disclaimer',0,0,0,0),(165,203,'Header Site Title',0,0,1,0),(166,203,'Header Navigation',0,0,1,0),(167,203,'Header Search',0,0,1,0),(168,203,'Footer Site Title',0,0,1,0),(169,203,'Footer Social',0,0,1,0),(170,203,'Footer Legal',0,0,1,0),(171,203,'Footer Navigation',0,0,1,0),(172,203,'Footer Contact',0,0,1,0),(173,213,'Header Site Title',0,0,1,0),(174,213,'Header Navigation',0,0,1,0),(175,213,'Header Search',0,0,1,0),(176,213,'Page Footer',0,0,0,0),(177,213,'Footer Site Title',0,0,1,0),(178,213,'Footer Social',0,0,1,0),(179,213,'Footer Legal',0,0,1,0),(180,213,'Footer Navigation',0,0,1,0),(181,213,'Footer Contact',0,0,1,0),(182,196,'Header Site Title',0,0,1,0),(183,196,'Header Navigation',0,0,1,0),(184,196,'Header Search',0,0,1,0),(185,196,'Page Footer',0,0,0,0),(186,196,'Footer Site Title',0,0,1,0),(187,196,'Footer Social',0,0,1,0),(188,196,'Footer Legal',0,0,1,0),(189,196,'Footer Navigation',0,0,1,0),(190,196,'Footer Contact',0,0,1,0),(191,214,'Header Site Title',0,0,1,0),(192,214,'Header Navigation',0,0,1,0),(193,214,'Header Search',0,0,1,0),(194,214,'Page Footer',0,0,0,0),(195,214,'Footer Site Title',0,0,1,0),(196,214,'Footer Social',0,0,1,0),(197,214,'Footer Legal',0,0,1,0),(198,214,'Footer Navigation',0,0,1,0),(199,214,'Footer Contact',0,0,1,0),(200,198,'Header Site Title',0,0,1,0),(201,198,'Header Navigation',0,0,1,0),(202,198,'Header Search',0,0,1,0),(203,198,'Page Footer',0,0,0,0),(204,198,'Footer Site Title',0,0,1,0),(205,198,'Footer Social',0,0,1,0),(206,198,'Footer Legal',0,0,1,0),(207,198,'Footer Navigation',0,0,1,0),(208,198,'Footer Contact',0,0,1,0),(209,223,'Main',0,0,0,0),(210,223,'Main : 13',0,0,0,209),(211,223,'Main : 14',0,0,0,209),(212,224,'Page Footer',0,0,0,0),(213,224,'Main',0,0,0,0),(214,224,'Sidebar',0,0,0,0),(215,223,'Header Site Title',0,0,1,0),(216,223,'Header Navigation',0,0,1,0),(217,223,'Header Search',0,0,1,0),(218,223,'Page Footer',0,0,0,0),(219,223,'Footer Site Title',0,0,1,0),(220,223,'Footer Social',0,0,1,0),(221,223,'Footer Legal',0,0,1,0),(222,223,'Footer Navigation',0,0,1,0),(223,223,'Footer Contact',0,0,1,0),(224,212,'Header Site Title',0,0,1,0),(225,212,'Header Navigation',0,0,1,0),(226,212,'Header Search',0,0,1,0),(227,212,'Page Header',0,0,0,0),(228,212,'Sidebar Footer',0,0,0,0),(229,212,'Footer Site Title',0,0,1,0),(230,212,'Footer Social',0,0,1,0),(231,212,'Footer Legal',0,0,1,0),(232,212,'Footer Navigation',0,0,1,0),(233,212,'Footer Contact',0,0,1,0),(244,225,'Header Site Title',0,0,1,0),(245,225,'Header Navigation',0,0,1,0),(246,225,'Header Search',0,0,1,0),(247,225,'Main',0,0,0,0),(248,225,'Main : 23',0,0,0,247),(249,225,'Main : 24',0,0,0,247),(250,225,'Main : 25',0,0,0,247),(251,225,'Main : 26',0,0,0,247),(252,225,'Main : 27',0,0,0,247),(253,225,'Main : 28',0,0,0,247),(254,225,'Page Footer',0,0,0,0),(255,225,'Page Footer : 29',0,0,0,254),(256,225,'Page Footer : 30',0,0,0,254),(257,225,'Footer Site Title',0,0,1,0),(258,225,'Footer Social',0,0,1,0),(259,225,'Footer Legal',0,0,1,0),(260,225,'Footer Navigation',0,0,1,0),(261,225,'Footer Contact',0,0,1,0),(262,226,'Header Site Title',0,0,1,0),(263,226,'Header Navigation',0,0,1,0),(264,226,'Header Search',0,0,1,0),(265,226,'Main',0,0,0,0),(266,226,'Page Footer',0,0,0,0),(267,226,'Footer Site Title',0,0,1,0),(268,226,'Footer Social',0,0,1,0),(269,226,'Footer Legal',0,0,1,0),(270,226,'Footer Navigation',0,0,1,0),(271,226,'Footer Contact',0,0,1,0),(272,245,'Main',0,0,0,0),(273,245,'Main : 13',0,0,0,272),(274,245,'Main : 14',0,0,0,272),(275,245,'Header Site Title',0,0,1,0),(276,245,'Header Navigation',0,0,1,0),(277,245,'Header Search',0,0,1,0),(278,245,'Page Footer',0,0,0,0),(279,245,'Footer Site Title',0,0,1,0),(280,245,'Footer Social',0,0,1,0),(281,245,'Footer Legal',0,0,1,0),(282,245,'Footer Navigation',0,0,1,0),(283,245,'Footer Contact',0,0,1,0),(284,246,'Header Site Title',0,0,1,0),(285,246,'Header Navigation',0,0,1,0),(286,246,'Header Search',0,0,1,0),(287,246,'Main',0,0,0,0),(288,246,'Page Footer',0,0,0,0),(289,246,'Footer Site Title',0,0,1,0),(290,246,'Footer Social',0,0,1,0),(291,246,'Footer Legal',0,0,1,0),(292,246,'Footer Navigation',0,0,1,0),(293,246,'Footer Contact',0,0,1,0),(294,229,'Header Site Title',0,0,1,0),(295,229,'Header Navigation',0,0,1,0),(296,229,'Header Search',0,0,1,0),(297,229,'Main',0,0,0,0),(298,229,'Main : 38',0,0,0,297),(299,229,'Main : 39',0,0,0,297),(300,229,'Main : 40',0,0,0,297),(301,229,'Main : 41',0,0,0,297),(302,229,'Main : 42',0,0,0,297),(303,229,'Page Footer',0,0,0,0),(304,229,'Footer Site Title',0,0,1,0),(305,229,'Footer Social',0,0,1,0),(306,229,'Footer Legal',0,0,1,0),(307,229,'Footer Navigation',0,0,1,0),(308,229,'Footer Contact',0,0,1,0),(309,227,'Header Site Title',0,0,1,0),(310,227,'Header Navigation',0,0,1,0),(311,227,'Header Search',0,0,1,0),(312,227,'Main',0,0,0,0),(313,227,'Main : 31',0,0,0,312),(314,227,'Main : 32',0,0,0,312),(315,227,'Main : 33',0,0,0,312),(316,227,'Main : 34',0,0,0,312),(317,227,'Main : 35',0,0,0,312),(318,227,'Main : 36',0,0,0,312),(319,227,'Main : 37',0,0,0,312),(320,227,'Page Footer',0,0,0,0),(321,227,'Footer Site Title',0,0,1,0),(322,227,'Footer Social',0,0,1,0),(323,227,'Footer Legal',0,0,1,0),(324,227,'Footer Navigation',0,0,1,0),(325,227,'Footer Contact',0,0,1,0),(339,248,'Page Footer',0,0,0,0),(340,248,'Main',0,0,0,0),(341,248,'Header Site Title',0,0,1,0),(342,248,'Header Navigation',0,0,1,0),(343,248,'Header Search',0,0,1,0),(344,248,'Page Header',0,0,0,0),(345,248,'Sidebar',0,0,0,0),(346,248,'Sidebar Footer',0,0,0,0),(347,248,'Footer Site Title',0,0,1,0),(348,248,'Footer Social',0,0,1,0),(349,248,'Footer Legal',0,0,1,0),(350,248,'Footer Navigation',0,0,1,0),(351,248,'Footer Contact',0,0,1,0),(352,250,'Header Site Title',0,0,1,0),(353,250,'Header Navigation',0,0,1,0),(354,250,'Header Search',0,0,1,0),(355,250,'Main',0,0,0,0),(356,250,'Page Footer',0,0,0,0),(357,250,'Footer Site Title',0,0,1,0),(358,250,'Footer Social',0,0,1,0),(359,250,'Footer Legal',0,0,1,0),(360,250,'Footer Navigation',0,0,1,0),(361,250,'Footer Contact',0,0,1,0),(362,192,'Header Site Title',0,0,1,0),(363,192,'Header Navigation',0,0,1,0),(364,192,'Header Search',0,0,1,0),(365,192,'Main',0,0,0,0),(366,192,'Page Footer',0,0,0,0),(367,192,'Footer Site Title',0,0,1,0),(368,192,'Footer Social',0,0,1,0),(369,192,'Footer Legal',0,0,1,0),(370,192,'Footer Navigation',0,0,1,0),(371,192,'Footer Contact',0,0,1,0),(372,251,'Header Site Title',0,0,1,0),(373,251,'Header Navigation',0,0,1,0),(374,251,'Header Search',0,0,1,0),(375,251,'Main',0,0,0,0),(376,251,'Page Footer',0,0,0,0),(377,251,'Footer Site Title',0,0,1,0),(378,251,'Footer Social',0,0,1,0),(379,251,'Footer Legal',0,0,1,0),(380,251,'Footer Navigation',0,0,1,0),(381,251,'Footer Contact',0,0,1,0),(382,249,'Header Site Title',0,0,1,0),(383,249,'Header Navigation',0,0,1,0),(384,249,'Header Search',0,0,1,0),(385,249,'Main',0,0,0,0),(386,249,'Page Footer',0,0,0,0),(387,249,'Footer Site Title',0,0,1,0),(388,249,'Footer Social',0,0,1,0),(389,249,'Footer Legal',0,0,1,0),(390,249,'Footer Navigation',0,0,1,0),(391,249,'Footer Contact',0,0,1,0),(398,249,'Header',0,0,0,0),(407,1,'Main : 54',0,0,0,38),(408,1,'Main : 55',0,0,0,38),(409,1,'Main : 56',0,0,0,38),(410,1,'Main : 57',0,0,0,38),(414,192,'Header',0,0,0,0),(421,250,'Header',0,0,0,0),(429,1,'Header',0,0,0,0),(435,250,'Page Header',0,0,0,0),(439,1,'Page Header',0,0,0,0),(442,192,'Page Header',0,0,0,0),(444,261,'Header Site Title',0,0,1,0),(445,261,'Header Navigation',0,0,1,0),(446,261,'Header Search',0,0,1,0),(447,261,'Main',0,0,0,0),(448,261,'Page Footer',0,0,0,0),(449,261,'Footer Site Title',0,0,1,0),(450,261,'Footer Social',0,0,1,0),(451,261,'Footer Legal',0,0,1,0),(452,261,'Footer Navigation',0,0,1,0),(453,261,'Footer Contact',0,0,1,0),(454,262,'Header Site Title',0,0,1,0),(455,262,'Header Navigation',0,0,1,0),(456,262,'Header Search',0,0,1,0),(457,262,'Main',0,0,0,0),(458,262,'Page Footer',0,0,0,0),(459,262,'Footer Site Title',0,0,1,0),(460,262,'Footer Social',0,0,1,0),(461,262,'Footer Legal',0,0,1,0),(462,262,'Footer Navigation',0,0,1,0),(463,262,'Footer Contact',0,0,1,0),(464,273,'Header Site Title',0,0,1,0),(465,273,'Header Navigation',0,0,1,0),(466,273,'Header Search',0,0,1,0),(467,273,'Main',0,0,0,0),(468,273,'Page Footer',0,0,0,0),(469,273,'Footer Site Title',0,0,1,0),(470,273,'Footer Social',0,0,1,0),(471,273,'Footer Legal',0,0,1,0),(472,273,'Footer Navigation',0,0,1,0),(473,273,'Footer Contact',0,0,1,0),(474,1,'Main : 58',0,0,0,38),(475,1,'Main : 59',0,0,0,38),(476,1,'Main : 59 : 60',0,0,0,475),(477,1,'Main : 59 : 61',0,0,0,475),(478,1,'Main : 59 : 62',0,0,0,475),(479,1,'Main : 59 : 63',0,0,0,475),(483,1,'Main : 64',0,0,0,38),(484,275,'Header Site Title',0,0,1,0),(485,275,'Header Navigation',0,0,1,0),(486,275,'Header Search',0,0,1,0),(487,275,'Main',0,0,0,0),(488,275,'Page Footer',0,0,0,0),(489,275,'Footer Site Title',0,0,1,0),(490,275,'Footer Social',0,0,1,0),(491,275,'Footer Legal',0,0,1,0),(492,275,'Footer Navigation',0,0,1,0),(493,275,'Footer Contact',0,0,1,0),(494,276,'Header Site Title',0,0,1,0),(495,276,'Header Navigation',0,0,1,0),(496,276,'Header Search',0,0,1,0),(497,276,'Main',0,0,0,0),(498,276,'Page Footer',0,0,0,0),(499,276,'Footer Site Title',0,0,1,0),(500,276,'Footer Social',0,0,1,0),(501,276,'Footer Legal',0,0,1,0),(502,276,'Footer Navigation',0,0,1,0),(503,276,'Footer Contact',0,0,1,0),(504,277,'Header Site Title',0,0,1,0),(505,277,'Header Navigation',0,0,1,0),(506,277,'Header Search',0,0,1,0),(507,277,'Main',0,0,0,0),(508,277,'Page Footer',0,0,0,0),(509,277,'Footer Site Title',0,0,1,0),(510,277,'Footer Social',0,0,1,0),(511,277,'Footer Legal',0,0,1,0),(512,277,'Footer Navigation',0,0,1,0),(513,277,'Footer Contact',0,0,1,0),(514,277,'Main : 65',0,0,0,507),(515,278,'Header Site Title',0,0,1,0),(516,278,'Header Navigation',0,0,1,0),(517,278,'Header Search',0,0,1,0),(518,278,'Main',0,0,0,0),(519,278,'Page Footer',0,0,0,0),(520,278,'Footer Site Title',0,0,1,0),(521,278,'Footer Social',0,0,1,0),(522,278,'Footer Legal',0,0,1,0),(523,278,'Footer Navigation',0,0,1,0),(524,278,'Footer Contact',0,0,1,0),(525,249,'Main : 66',0,0,0,385),(526,249,'Main : 67',0,0,0,385),(527,279,'Header Site Title',0,0,1,0),(528,279,'Header Navigation',0,0,1,0),(529,279,'Header Search',0,0,1,0),(530,279,'Main',0,0,0,0),(531,279,'Page Footer',0,0,0,0),(532,279,'Footer Site Title',0,0,1,0),(533,279,'Footer Social',0,0,1,0),(534,279,'Footer Legal',0,0,1,0),(535,279,'Footer Navigation',0,0,1,0),(536,279,'Footer Contact',0,0,1,0),(537,280,'Header Site Title',0,0,1,0),(538,280,'Header Navigation',0,0,1,0),(539,280,'Header Search',0,0,1,0),(540,280,'Main',0,0,0,0),(541,280,'Page Footer',0,0,0,0),(542,280,'Footer Site Title',0,0,1,0),(543,280,'Footer Social',0,0,1,0),(544,280,'Footer Legal',0,0,1,0),(545,280,'Footer Navigation',0,0,1,0),(546,280,'Footer Contact',0,0,1,0),(547,281,'Main',0,0,0,0),(548,281,'Page Footer',0,0,0,0),(549,282,'Main',0,0,0,0),(550,282,'Page Footer',0,0,0,0),(551,283,'Main',0,0,0,0),(552,283,'Page Footer',0,0,0,0),(553,284,'Main',0,0,0,0),(554,284,'Page Footer',0,0,0,0),(555,285,'Main',0,0,0,0),(556,285,'Page Footer',0,0,0,0),(557,286,'Main',0,0,0,0),(558,286,'Page Footer',0,0,0,0),(559,287,'Main',0,0,0,0),(560,287,'Page Footer',0,0,0,0),(561,288,'Main',0,0,0,0),(562,288,'Page Footer',0,0,0,0),(563,289,'Main',0,0,0,0),(564,289,'Page Footer',0,0,0,0),(565,290,'Main',0,0,0,0),(566,290,'Page Footer',0,0,0,0),(567,291,'Main',0,0,0,0),(568,291,'Page Footer',0,0,0,0),(569,284,'Header Site Title',0,0,1,0),(570,284,'Header Navigation',0,0,1,0),(571,284,'Header Search',0,0,1,0),(572,284,'Footer Site Title',0,0,1,0),(573,284,'Footer Social',0,0,1,0),(574,284,'Footer Legal',0,0,1,0),(575,284,'Footer Navigation',0,0,1,0),(576,284,'Footer Contact',0,0,1,0),(589,293,'Header Site Title',0,0,1,0),(590,293,'Header Navigation',0,0,1,0),(591,293,'Header Search',0,0,1,0),(592,293,'Main',0,0,0,0),(593,293,'Page Footer',0,0,0,0),(594,293,'Footer Site Title',0,0,1,0),(595,293,'Footer Social',0,0,1,0),(596,293,'Footer Legal',0,0,1,0),(597,293,'Footer Navigation',0,0,1,0),(598,293,'Footer Contact',0,0,1,0),(599,293,'Page Header',0,0,0,0),(600,293,'Sidebar',0,0,0,0),(601,293,'Sidebar Footer',0,0,0,0),(602,293,'Main : 68',0,0,0,592),(603,293,'Main : 69',0,0,0,592),(604,295,'Header Site Title',0,0,1,0),(605,295,'Header Navigation',0,0,1,0),(606,295,'Header Search',0,0,1,0),(607,295,'Main',0,0,0,0),(608,295,'Page Footer',0,0,0,0),(609,295,'Footer Site Title',0,0,1,0),(610,295,'Footer Social',0,0,1,0),(611,295,'Footer Legal',0,0,1,0),(612,295,'Footer Navigation',0,0,1,0),(613,295,'Footer Contact',0,0,1,0),(614,295,'Main : 70',0,0,0,607),(615,295,'Main : 71',0,0,0,607),(616,295,'Main : 72',0,0,0,607),(617,281,'Header Site Title',0,0,1,0),(618,281,'Header Navigation',0,0,1,0),(619,281,'Header Search',0,0,1,0),(620,281,'Footer Site Title',0,0,1,0),(621,281,'Footer Social',0,0,1,0),(622,281,'Footer Legal',0,0,1,0),(623,281,'Footer Navigation',0,0,1,0),(624,281,'Footer Contact',0,0,1,0),(625,282,'Header Site Title',0,0,1,0),(626,282,'Header Navigation',0,0,1,0),(627,282,'Header Search',0,0,1,0),(628,282,'Footer Site Title',0,0,1,0),(629,282,'Footer Social',0,0,1,0),(630,282,'Footer Legal',0,0,1,0),(631,282,'Footer Navigation',0,0,1,0),(632,282,'Footer Contact',0,0,1,0),(633,283,'Header Site Title',0,0,1,0),(634,283,'Header Navigation',0,0,1,0),(635,283,'Header Search',0,0,1,0),(636,283,'Footer Site Title',0,0,1,0),(637,283,'Footer Social',0,0,1,0),(638,283,'Footer Legal',0,0,1,0),(639,283,'Footer Navigation',0,0,1,0),(640,283,'Footer Contact',0,0,1,0),(641,285,'Header Site Title',0,0,1,0),(642,285,'Header Navigation',0,0,1,0),(643,285,'Header Search',0,0,1,0),(644,285,'Footer Site Title',0,0,1,0),(645,285,'Footer Social',0,0,1,0),(646,285,'Footer Legal',0,0,1,0),(647,285,'Footer Navigation',0,0,1,0),(648,285,'Footer Contact',0,0,1,0),(649,286,'Header Site Title',0,0,1,0),(650,286,'Header Navigation',0,0,1,0),(651,286,'Header Search',0,0,1,0),(652,286,'Footer Site Title',0,0,1,0),(653,286,'Footer Social',0,0,1,0),(654,286,'Footer Legal',0,0,1,0),(655,286,'Footer Navigation',0,0,1,0),(656,286,'Footer Contact',0,0,1,0),(657,288,'Header Site Title',0,0,1,0),(658,288,'Header Navigation',0,0,1,0),(659,288,'Header Search',0,0,1,0),(660,288,'Footer Site Title',0,0,1,0),(661,288,'Footer Social',0,0,1,0),(662,288,'Footer Legal',0,0,1,0),(663,288,'Footer Navigation',0,0,1,0),(664,288,'Footer Contact',0,0,1,0),(665,287,'Header Site Title',0,0,1,0),(666,287,'Header Navigation',0,0,1,0),(667,287,'Header Search',0,0,1,0),(668,287,'Footer Site Title',0,0,1,0),(669,287,'Footer Social',0,0,1,0),(670,287,'Footer Legal',0,0,1,0),(671,287,'Footer Navigation',0,0,1,0),(672,287,'Footer Contact',0,0,1,0),(673,290,'Header Site Title',0,0,1,0),(674,290,'Header Navigation',0,0,1,0),(675,290,'Header Search',0,0,1,0),(676,290,'Footer Site Title',0,0,1,0),(677,290,'Footer Social',0,0,1,0),(678,290,'Footer Legal',0,0,1,0),(679,290,'Footer Navigation',0,0,1,0),(680,290,'Footer Contact',0,0,1,0),(681,291,'Header Site Title',0,0,1,0),(682,291,'Header Navigation',0,0,1,0),(683,291,'Header Search',0,0,1,0),(684,291,'Footer Site Title',0,0,1,0),(685,291,'Footer Social',0,0,1,0),(686,291,'Footer Legal',0,0,1,0),(687,291,'Footer Navigation',0,0,1,0),(688,291,'Footer Contact',0,0,1,0),(689,296,'Main',0,0,0,0),(691,297,'Main',0,0,0,0),(692,249,'Header Site lang',0,0,1,0),(694,261,'Header Site lang',0,0,1,0),(696,273,'Header Site lang',0,0,1,0),(700,1,'Header Site lang',0,0,1,0),(702,285,'Header Site lang',0,0,1,0),(704,287,'Header Site lang',0,0,1,0),(706,172,'Header Site lang',0,0,1,0),(708,286,'Header Site lang',0,0,1,0),(710,288,'Header Site lang',0,0,1,0),(712,250,'Header Site lang',0,0,1,0),(714,280,'Header Site lang',0,0,1,0),(716,291,'Header Site lang',0,0,1,0),(718,279,'Header Site lang',0,0,1,0),(720,290,'Header Site lang',0,0,1,0),(722,282,'Header Site lang',0,0,1,0),(724,284,'Header Site lang',0,0,1,0),(726,246,'Header Site lang',0,0,1,0),(740,1,'Header Site menu',0,0,1,0),(741,299,'Header Site menu',0,0,1,0),(742,299,'Header Site lang',0,0,1,0),(743,299,'Header Site Title',0,0,1,0),(744,299,'Header Navigation',0,0,1,0),(745,299,'Header Search',0,0,1,0),(746,299,'Main',0,0,0,0),(747,299,'Page Footer',0,0,0,0),(748,299,'Footer Site Title',0,0,1,0),(749,299,'Footer Social',0,0,1,0),(750,299,'Footer Legal',0,0,1,0),(751,299,'Footer Navigation',0,0,1,0),(752,299,'Footer Contact',0,0,1,0),(753,172,'Header Site menu',0,0,1,0),(754,246,'Header Site menu',0,0,1,0),(755,300,'Header Site menu',0,0,1,0),(756,300,'Header Site lang',0,0,1,0),(757,300,'Header Site Title',0,0,1,0),(758,300,'Header Navigation',0,0,1,0),(759,300,'Header Search',0,0,1,0),(760,300,'Main',0,0,0,0),(761,300,'Main : 66',0,0,0,760),(762,300,'Main : 67',0,0,0,760),(763,300,'Page Footer',0,0,0,0),(764,300,'Footer Site Title',0,0,1,0),(765,300,'Footer Social',0,0,1,0),(766,300,'Footer Legal',0,0,1,0),(767,300,'Footer Navigation',0,0,1,0),(768,300,'Footer Contact',0,0,1,0),(769,306,'Header Site menu',0,0,1,0),(770,306,'Header Site lang',0,0,1,0),(771,306,'Header Site Title',0,0,1,0),(772,306,'Header Navigation',0,0,1,0),(773,306,'Header Search',0,0,1,0),(774,306,'Main',0,0,0,0),(775,306,'Page Footer',0,0,0,0),(776,306,'Footer Site Title',0,0,1,0),(777,306,'Footer Social',0,0,1,0),(778,306,'Footer Legal',0,0,1,0),(779,306,'Footer Navigation',0,0,1,0),(780,306,'Footer Contact',0,0,1,0),(781,307,'Header Site menu',0,0,1,0),(782,307,'Header Site lang',0,0,1,0),(783,307,'Header Site Title',0,0,1,0),(784,307,'Header Navigation',0,0,1,0),(785,307,'Header Search',0,0,1,0),(786,307,'Main',0,0,0,0),(787,307,'Main : 65',0,0,0,786),(788,307,'Page Footer',0,0,0,0),(789,307,'Footer Site Title',0,0,1,0),(790,307,'Footer Social',0,0,1,0),(791,307,'Footer Legal',0,0,1,0),(792,307,'Footer Navigation',0,0,1,0),(793,307,'Footer Contact',0,0,1,0),(794,308,'Header Site menu',0,0,1,0),(795,308,'Header Site lang',0,0,1,0),(796,308,'Header Site Title',0,0,1,0),(797,308,'Header Navigation',0,0,1,0),(798,308,'Header Search',0,0,1,0),(799,308,'Main',0,0,0,0),(800,308,'Page Footer',0,0,0,0),(801,308,'Footer Site Title',0,0,1,0),(802,308,'Footer Social',0,0,1,0),(803,308,'Footer Legal',0,0,1,0),(804,308,'Footer Navigation',0,0,1,0),(805,308,'Footer Contact',0,0,1,0),(806,261,'Header Site menu',0,0,1,0),(807,250,'Header Site menu',0,0,1,0),(808,291,'Header Site menu',0,0,1,0),(809,290,'Header Site menu',0,0,1,0),(810,287,'Header Site menu',0,0,1,0),(811,273,'Header Site menu',0,0,1,0),(812,249,'Header Site menu',0,0,1,0),(813,283,'Header Site menu',0,0,1,0),(814,283,'Header Site lang',0,0,1,0),(815,282,'Header Site menu',0,0,1,0),(816,288,'Header Site menu',0,0,1,0),(817,281,'Header Site menu',0,0,1,0),(818,281,'Header Site lang',0,0,1,0),(819,284,'Header Site menu',0,0,1,0),(820,285,'Header Site menu',0,0,1,0),(821,286,'Header Site menu',0,0,1,0),(822,277,'Header Site menu',0,0,1,0),(823,277,'Header Site lang',0,0,1,0),(824,310,'Header Site menu',0,0,1,0),(825,310,'Header Site lang',0,0,1,0),(826,310,'Header Site Title',0,0,1,0),(827,310,'Header Navigation',0,0,1,0),(828,310,'Header Search',0,0,1,0),(829,310,'Main',0,0,0,0),(830,310,'Page Footer',0,0,0,0),(831,310,'Footer Site Title',0,0,1,0),(832,310,'Footer Social',0,0,1,0),(833,310,'Footer Legal',0,0,1,0),(834,310,'Footer Navigation',0,0,1,0),(835,310,'Footer Contact',0,0,1,0),(836,314,'Main',0,0,0,0),(837,314,'Page Footer',0,0,0,0),(838,316,'Main',0,0,0,0),(839,316,'Page Footer',0,0,0,0),(840,317,'Main',0,0,0,0),(841,317,'Page Footer',0,0,0,0),(842,318,'Main',0,0,0,0),(843,318,'Page Footer',0,0,0,0),(844,320,'Main',0,0,0,0),(845,320,'Page Footer',0,0,0,0),(846,321,'Main',0,0,0,0),(847,321,'Page Footer',0,0,0,0),(848,279,'Header Site menu',0,0,1,0),(849,280,'Header Site menu',0,0,1,0),(850,303,'Header Site menu',0,0,1,0),(851,303,'Header Site lang',0,0,1,0),(852,303,'Header Site Title',0,0,1,0),(853,303,'Header Navigation',0,0,1,0),(854,303,'Header Search',0,0,1,0),(855,303,'Main',0,0,0,0),(856,303,'Page Footer',0,0,0,0),(857,303,'Footer Site Title',0,0,1,0),(858,303,'Footer Social',0,0,1,0),(859,303,'Footer Legal',0,0,1,0),(860,303,'Footer Navigation',0,0,1,0),(861,303,'Footer Contact',0,0,1,0),(862,293,'Header Site menu',0,0,1,0),(863,293,'Header Site lang',0,0,1,0),(864,295,'Header Site menu',0,0,1,0),(865,295,'Header Site lang',0,0,1,0),(866,309,'Header Site menu',0,0,1,0),(867,309,'Header Site lang',0,0,1,0),(868,309,'Header Site Title',0,0,1,0),(869,309,'Header Navigation',0,0,1,0),(870,309,'Header Search',0,0,1,0),(871,309,'Main',0,0,0,0),(872,309,'Page Footer',0,0,0,0),(873,309,'Footer Site Title',0,0,1,0),(874,309,'Footer Social',0,0,1,0),(875,309,'Footer Legal',0,0,1,0),(876,309,'Footer Navigation',0,0,1,0),(877,309,'Footer Contact',0,0,1,0),(878,311,'Header Site menu',0,0,1,0),(879,311,'Header Site lang',0,0,1,0),(880,311,'Header Site Title',0,0,1,0),(881,311,'Header Navigation',0,0,1,0),(882,311,'Header Search',0,0,1,0),(883,311,'Main',0,0,0,0),(884,311,'Page Footer',0,0,0,0),(885,311,'Footer Site Title',0,0,1,0),(886,311,'Footer Social',0,0,1,0),(887,311,'Footer Legal',0,0,1,0),(888,311,'Footer Navigation',0,0,1,0),(889,311,'Footer Contact',0,0,1,0),(890,312,'Header Site menu',0,0,1,0),(891,312,'Header Site lang',0,0,1,0),(892,312,'Header Site Title',0,0,1,0),(893,312,'Header Navigation',0,0,1,0),(894,312,'Header Search',0,0,1,0),(895,312,'Main',0,0,0,0),(896,312,'Page Footer',0,0,0,0),(897,312,'Footer Site Title',0,0,1,0),(898,312,'Footer Social',0,0,1,0),(899,312,'Footer Legal',0,0,1,0),(900,312,'Footer Navigation',0,0,1,0),(901,312,'Footer Contact',0,0,1,0),(902,313,'Header Site menu',0,0,1,0),(903,313,'Header Site lang',0,0,1,0),(904,313,'Header Site Title',0,0,1,0),(905,313,'Header Navigation',0,0,1,0),(906,313,'Header Search',0,0,1,0),(907,313,'Main',0,0,0,0),(908,313,'Page Footer',0,0,0,0),(909,313,'Footer Site Title',0,0,1,0),(910,313,'Footer Social',0,0,1,0),(911,313,'Footer Legal',0,0,1,0),(912,313,'Footer Navigation',0,0,1,0),(913,313,'Footer Contact',0,0,1,0),(914,314,'Header Site menu',0,0,1,0),(915,314,'Header Site lang',0,0,1,0),(916,314,'Header Site Title',0,0,1,0),(917,314,'Header Navigation',0,0,1,0),(918,314,'Header Search',0,0,1,0),(919,314,'Footer Site Title',0,0,1,0),(920,314,'Footer Social',0,0,1,0),(921,314,'Footer Legal',0,0,1,0),(922,314,'Footer Navigation',0,0,1,0),(923,314,'Footer Contact',0,0,1,0),(924,302,'Main',0,0,0,0),(937,278,'Header Site menu',0,0,1,0),(938,278,'Header Site lang',0,0,1,0),(939,315,'Header Site menu',0,0,1,0),(940,315,'Header Site lang',0,0,1,0),(941,315,'Header Site Title',0,0,1,0),(942,315,'Header Navigation',0,0,1,0),(943,315,'Header Search',0,0,1,0),(944,315,'Main',0,0,0,0),(945,315,'Page Footer',0,0,0,0),(946,315,'Footer Site Title',0,0,1,0),(947,315,'Footer Social',0,0,1,0),(948,315,'Footer Legal',0,0,1,0),(949,315,'Footer Navigation',0,0,1,0),(950,315,'Footer Contact',0,0,1,0),(951,316,'Header Site menu',0,0,1,0),(952,316,'Header Site lang',0,0,1,0),(953,316,'Header Site Title',0,0,1,0),(954,316,'Header Navigation',0,0,1,0),(955,316,'Header Search',0,0,1,0),(956,316,'Footer Site Title',0,0,1,0),(957,316,'Footer Social',0,0,1,0),(958,316,'Footer Legal',0,0,1,0),(959,316,'Footer Navigation',0,0,1,0),(960,316,'Footer Contact',0,0,1,0),(961,317,'Header Site menu',0,0,1,0),(962,317,'Header Site lang',0,0,1,0),(963,317,'Header Site Title',0,0,1,0),(964,317,'Header Navigation',0,0,1,0),(965,317,'Header Search',0,0,1,0),(966,317,'Footer Site Title',0,0,1,0),(967,317,'Footer Social',0,0,1,0),(968,317,'Footer Legal',0,0,1,0),(969,317,'Footer Navigation',0,0,1,0),(970,317,'Footer Contact',0,0,1,0),(971,318,'Header Site menu',0,0,1,0),(972,318,'Header Site lang',0,0,1,0),(973,318,'Header Site Title',0,0,1,0),(974,318,'Header Navigation',0,0,1,0),(975,318,'Header Search',0,0,1,0),(976,318,'Footer Site Title',0,0,1,0),(977,318,'Footer Social',0,0,1,0),(978,318,'Footer Legal',0,0,1,0),(979,318,'Footer Navigation',0,0,1,0),(980,318,'Footer Contact',0,0,1,0),(981,319,'Header Site menu',0,0,1,0),(982,319,'Header Site lang',0,0,1,0),(983,319,'Header Site Title',0,0,1,0),(984,319,'Header Navigation',0,0,1,0),(985,319,'Header Search',0,0,1,0),(986,319,'Main',0,0,0,0),(987,319,'Page Footer',0,0,0,0),(988,319,'Footer Site Title',0,0,1,0),(989,319,'Footer Social',0,0,1,0),(990,319,'Footer Legal',0,0,1,0),(991,319,'Footer Navigation',0,0,1,0),(992,319,'Footer Contact',0,0,1,0),(993,320,'Header Site menu',0,0,1,0),(994,320,'Header Site lang',0,0,1,0),(995,320,'Header Site Title',0,0,1,0),(996,320,'Header Navigation',0,0,1,0),(997,320,'Header Search',0,0,1,0),(998,320,'Footer Site Title',0,0,1,0),(999,320,'Footer Social',0,0,1,0),(1000,320,'Footer Legal',0,0,1,0),(1001,320,'Footer Navigation',0,0,1,0),(1002,320,'Footer Contact',0,0,1,0),(1003,321,'Header Site menu',0,0,1,0),(1004,321,'Header Site lang',0,0,1,0),(1005,321,'Header Site Title',0,0,1,0),(1006,321,'Header Navigation',0,0,1,0),(1007,321,'Header Search',0,0,1,0),(1008,321,'Footer Site Title',0,0,1,0),(1009,321,'Footer Social',0,0,1,0),(1010,321,'Footer Legal',0,0,1,0),(1011,321,'Footer Navigation',0,0,1,0),(1012,321,'Footer Contact',0,0,1,0),(1013,304,'Main : 68',0,0,0,1014),(1014,304,'Main',0,0,0,0),(1015,304,'Page Footer',0,0,0,0),(1016,305,'Main : 70',0,0,0,1019),(1017,305,'Main : 72',0,0,0,1019),(1018,305,'Main : 71',0,0,0,1019),(1019,305,'Main',0,0,0,0),(1020,305,'Page Footer',0,0,0,0),(1021,299,'Main : 73',0,0,0,746),(1022,299,'Main : 74',0,0,0,746),(1023,299,'Main : 75',0,0,0,746),(1024,299,'Main : 76',0,0,0,746),(1025,299,'Main : 76 : 77',0,0,0,1024),(1026,299,'Main : 76 : 78',0,0,0,1024),(1027,299,'Main : 76 : 79',0,0,0,1024),(1028,302,'Header Site menu',0,0,1,0),(1029,302,'Header Site lang',0,0,1,0),(1030,302,'Header Site Title',0,0,1,0),(1031,302,'Header Navigation',0,0,1,0),(1032,302,'Header Search',0,0,1,0),(1033,302,'Page Footer',0,0,0,0),(1034,302,'Footer Site Title',0,0,1,0),(1035,302,'Footer Social',0,0,1,0),(1036,302,'Footer Legal',0,0,1,0),(1037,302,'Footer Navigation',0,0,1,0),(1038,302,'Footer Contact',0,0,1,0),(1039,324,'Header Site menu',0,0,1,0),(1040,324,'Header Site lang',0,0,0,0),(1041,324,'Header Site Title',0,0,1,0),(1042,324,'Header Navigation',0,0,1,0),(1043,324,'Header Search',0,0,1,0),(1044,324,'Main',0,0,0,0),(1045,324,'Page Footer',0,0,0,0),(1046,324,'Footer Site Title',0,0,1,0),(1047,324,'Footer Social',0,0,1,0),(1048,324,'Footer Legal',0,0,1,0),(1049,324,'Footer Navigation',0,0,1,0),(1050,324,'Footer Contact',0,0,1,0),(1051,328,'Header Site menu',0,0,1,0),(1052,328,'Header Site lang',0,0,0,0),(1053,328,'Header Site Title',0,0,1,0),(1054,328,'Header Navigation',0,0,1,0),(1055,328,'Header Search',0,0,1,0),(1056,328,'Main',0,0,0,0),(1057,328,'Page Footer',0,0,0,0),(1058,328,'Footer Site Title',0,0,1,0),(1059,328,'Footer Social',0,0,1,0),(1060,328,'Footer Legal',0,0,1,0),(1061,328,'Footer Navigation',0,0,1,0),(1062,328,'Footer Contact',0,0,1,0),(1063,299,'Main : 80',0,0,0,746),(1064,299,'Main : 80 : 81',0,0,0,1063),(1071,299,'Main : 80 : 81 : 88',0,0,0,1064),(1072,299,'Main : 80 : 81 : 89',0,0,0,1064),(1073,299,'Main : 80 : 81 : 90',0,0,0,1064),(1074,299,'Main : 80 : 81 : 91',0,0,0,1064),(1075,299,'Main : 92',0,0,0,746),(1076,299,'Main : 93',0,0,0,746),(1077,1,'Header logo',0,0,1,0),(1078,249,'Header logo',0,0,1,0),(1079,273,'Header logo',0,0,1,0),(1080,246,'Header logo',0,0,1,0),(1081,261,'Header logo',0,0,1,0),(1082,329,'Main',0,0,0,0),(1083,330,'Main',0,0,0,0),(1084,282,'Header logo',0,0,1,0),(1085,331,'Main',0,0,0,0),(1086,299,'Header logo',0,0,1,0),(1087,332,'Main',0,0,0,0),(1088,283,'Header logo',0,0,1,0),(1089,172,'Header logo',0,0,1,0),(1090,302,'Header logo',0,0,1,0),(1091,250,'Header logo',0,0,1,0),(1092,333,'Main',0,0,0,0),(1093,334,'Main',0,0,0,0),(1094,335,'Main',0,0,0,0),(1095,336,'Main',0,0,0,0),(1096,337,'Main',0,0,0,0),(1097,338,'Main',0,0,0,0),(1098,295,'Header logo',0,0,1,0),(1099,305,'Header Site menu',0,0,1,0),(1100,305,'Header Site lang',0,0,1,0),(1101,305,'Header logo',0,0,1,0),(1102,305,'Header Navigation',0,0,1,0),(1103,305,'Header Search',0,0,1,0),(1104,305,'Footer Site Title',0,0,1,0),(1105,305,'Footer Social',0,0,1,0),(1106,305,'Footer Legal',0,0,1,0),(1107,305,'Footer Navigation',0,0,1,0),(1108,305,'Footer Contact',0,0,1,0),(1109,339,'Main',0,0,0,0),(1110,340,'Main',0,0,0,0),(1111,341,'Main',0,0,0,0),(1112,304,'Header Site menu',0,0,1,0),(1113,304,'Header Site lang',0,0,1,0),(1114,304,'Header logo',0,0,1,0),(1115,304,'Header Navigation',0,0,1,0),(1116,304,'Header Search',0,0,1,0),(1117,304,'Main : 69',0,0,0,1014),(1118,304,'Footer Site Title',0,0,1,0),(1119,304,'Footer Social',0,0,1,0),(1120,304,'Footer Legal',0,0,1,0),(1121,304,'Footer Navigation',0,0,1,0),(1122,304,'Footer Contact',0,0,1,0),(1123,342,'Main',0,0,0,0),(1124,343,'Main',0,0,0,0),(1125,344,'Main',0,0,0,0),(1126,303,'Header logo',0,0,1,0),(1127,300,'Header logo',0,0,1,0),(1128,309,'Header logo',0,0,1,0),(1129,279,'Header logo',0,0,1,0),(1130,286,'Header logo',0,0,1,0),(1131,288,'Header logo',0,0,1,0),(1132,290,'Header logo',0,0,1,0),(1133,281,'Header logo',0,0,1,0),(1134,280,'Header logo',0,0,1,0),(1135,277,'Header logo',0,0,1,0),(1136,291,'Header logo',0,0,1,0),(1137,284,'Header logo',0,0,1,0),(1138,287,'Header logo',0,0,1,0),(1139,285,'Header logo',0,0,1,0),(1140,278,'Header logo',0,0,1,0),(1141,293,'Header logo',0,0,1,0),(1142,308,'Header logo',0,0,1,0),(1143,313,'Header logo',0,0,1,0),(1144,312,'Header logo',0,0,1,0),(1145,306,'Header logo',0,0,1,0),(1146,310,'Header logo',0,0,1,0),(1147,319,'Header logo',0,0,1,0),(1148,314,'Header logo',0,0,1,0),(1149,317,'Header logo',0,0,1,0),(1150,318,'Header logo',0,0,1,0),(1151,320,'Header logo',0,0,1,0),(1152,321,'Header logo',0,0,1,0),(1153,316,'Header logo',0,0,1,0),(1154,315,'Header logo',0,0,1,0),(1155,311,'Header logo',0,0,1,0),(1156,307,'Header logo',0,0,1,0),(1157,345,'Header Site menu',0,0,1,0),(1158,345,'Header Site lang',0,0,1,0),(1159,345,'Header logo',0,0,1,0),(1160,345,'Header Navigation',0,0,1,0),(1161,345,'Header Search',0,0,1,0),(1162,345,'Main',0,0,0,0),(1163,345,'Page Footer',0,0,0,0),(1164,345,'Footer Site Title',0,0,1,0),(1165,345,'Footer Social',0,0,1,0),(1166,345,'Footer Legal',0,0,1,0),(1167,345,'Footer Navigation',0,0,1,0),(1168,345,'Footer Contact',0,0,1,0),(1169,346,'Header Site menu',0,0,1,0),(1170,346,'Header Site lang',0,0,1,0),(1171,346,'Header logo',0,0,1,0),(1172,346,'Header Navigation',0,0,1,0),(1173,346,'Header Search',0,0,1,0),(1174,346,'Main',0,0,0,0),(1175,346,'Page Footer',0,0,0,0),(1176,346,'Footer Site Title',0,0,1,0),(1177,346,'Footer Social',0,0,1,0),(1178,346,'Footer Legal',0,0,1,0),(1179,346,'Footer Navigation',0,0,1,0),(1180,346,'Footer Contact',0,0,1,0),(1181,192,'Header Site menu',0,0,1,0),(1182,192,'Header Site lang',0,0,1,0),(1183,192,'Header logo',0,0,1,0),(1184,181,'Header Site menu',0,0,1,0),(1185,181,'Header Site lang',0,0,1,0),(1186,181,'Header logo',0,0,1,0),(1187,181,'Header Navigation',0,0,1,0),(1188,181,'Header Search',0,0,1,0),(1189,181,'Footer Site Title',0,0,1,0),(1190,181,'Footer Social',0,0,1,0),(1191,181,'Footer Legal',0,0,1,0),(1192,181,'Footer Navigation',0,0,1,0),(1193,181,'Footer Contact',0,0,1,0);

--
-- Table structure for table `AttributeKeyCategories`
--

CREATE TABLE `AttributeKeyCategories` (
  `akCategoryID` int(10) unsigned NOT NULL AUTO_INCREMENT,
  `akCategoryHandle` varchar(255) COLLATE utf8mb4_unicode_ci NOT NULL,
  `akCategoryAllowSets` int(11) NOT NULL,
  `pkgID` int(10) unsigned DEFAULT NULL,
  PRIMARY KEY (`akCategoryID`),
  UNIQUE KEY `UNIQ_A2A0CC67FA0337B` (`akCategoryHandle`),
  KEY `IDX_A2A0CC67CE45CBB0` (`pkgID`),
  KEY `pkgID` (`pkgID`,`akCategoryID`),
  KEY `akCategoryHandle` (`akCategoryHandle`),
  CONSTRAINT `FK_A2A0CC67CE45CBB0` FOREIGN KEY (`pkgID`) REFERENCES `Packages` (`pkgID`)
) ENGINE=InnoDB AUTO_INCREMENT=7 DEFAULT CHARSET=utf8mb4 COLLATE=utf8mb4_unicode_ci;

--
-- Dumping data for table `AttributeKeyCategories`
--

INSERT INTO `AttributeKeyCategories` VALUES (1,'collection',1,NULL),(2,'user',1,NULL),(3,'file',1,NULL),(4,'site',1,NULL),(5,'event',1,NULL),(6,'site_type',1,NULL);

--
-- Table structure for table `AttributeKeys`
--

CREATE TABLE `AttributeKeys` (
  `akID` int(10) unsigned NOT NULL AUTO_INCREMENT,
  `akHandle` varchar(255) COLLATE utf8mb4_unicode_ci NOT NULL,
  `akName` varchar(255) COLLATE utf8mb4_unicode_ci NOT NULL,
  `akIsSearchable` tinyint(1) NOT NULL,
  `akIsInternal` tinyint(1) NOT NULL,
  `akIsSearchableIndexed` tinyint(1) NOT NULL,
  `atID` int(10) unsigned DEFAULT NULL,
  `akCategoryID` int(10) unsigned DEFAULT NULL,
  `pkgID` int(10) unsigned DEFAULT NULL,
  `akCategory` varchar(255) COLLATE utf8mb4_unicode_ci NOT NULL,
  PRIMARY KEY (`akID`),
  KEY `IDX_DCA32C62A12CFE33` (`atID`),
  KEY `IDX_DCA32C62B059B76B` (`akCategoryID`),
  KEY `pkgID` (`pkgID`),
  CONSTRAINT `FK_DCA32C62A12CFE33` FOREIGN KEY (`atID`) REFERENCES `AttributeTypes` (`atID`),
  CONSTRAINT `FK_DCA32C62B059B76B` FOREIGN KEY (`akCategoryID`) REFERENCES `AttributeKeyCategories` (`akCategoryID`),
  CONSTRAINT `FK_DCA32C62CE45CBB0` FOREIGN KEY (`pkgID`) REFERENCES `Packages` (`pkgID`)
) ENGINE=InnoDB AUTO_INCREMENT=45 DEFAULT CHARSET=utf8mb4 COLLATE=utf8mb4_unicode_ci;

--
-- Dumping data for table `AttributeKeys`
--

INSERT INTO `AttributeKeys` VALUES (1,'meta_title','Meta Title',1,0,0,1,1,NULL,'pagekey'),(2,'meta_description','Meta Description',1,0,0,2,1,NULL,'pagekey'),(3,'meta_keywords','Meta Keywords',1,0,0,2,1,NULL,'pagekey'),(4,'desktop_priority','Desktop Priority',1,1,0,6,1,NULL,'pagekey'),(5,'is_desktop','Is Desktop',1,1,0,3,1,NULL,'pagekey'),(6,'icon_dashboard','Dashboard Icon',1,1,0,2,1,NULL,'pagekey'),(7,'exclude_nav','Exclude From Nav',1,0,0,3,1,NULL,'pagekey'),(8,'exclude_page_list','Exclude From Page List',1,0,0,3,1,NULL,'pagekey'),(9,'header_extra_content','Header Extra Content',1,0,0,2,1,NULL,'pagekey'),(10,'tags','Tags',1,0,1,7,1,NULL,'pagekey'),(11,'is_featured','Is Featured',1,0,0,3,1,NULL,'pagekey'),(12,'exclude_search_index','Exclude From Search Index',1,0,0,3,1,NULL,'pagekey'),(13,'exclude_sitemapxml','Exclude From sitemap.xml',1,0,0,3,1,NULL,'pagekey'),(14,'profile_private_messages_enabled','I would like to receive private messages.',1,0,0,3,2,NULL,'userkey'),(15,'profile_private_messages_notification_enabled','Send me email notifications when I receive a private message.',1,0,0,3,2,NULL,'userkey'),(16,'width','Width',1,0,0,6,3,NULL,'filekey'),(17,'height','Height',1,0,0,6,3,NULL,'filekey'),(18,'account_profile_links','Personal Links',1,0,0,14,2,NULL,'userkey'),(19,'duration','Duration',1,0,0,6,3,NULL,'filekey'),(20,'job_posting_department','Department',1,0,1,7,1,NULL,'pagekey'),(21,'job_location','Location',1,0,1,2,1,NULL,'pagekey'),(22,'exclude_subpages_from_nav','Exclude Sub-Pages From Nav',1,0,1,3,1,NULL,'pagekey'),(23,'thumbnail','Thumbnail',1,0,1,5,1,NULL,'pagekey'),(24,'blog_entry_topics','Blog Entry Topics',1,0,1,13,1,NULL,'pagekey'),(25,'project_topics','Project Topics',1,0,1,13,1,NULL,'pagekey'),(26,'event_categories','Event Categories',1,0,1,13,5,NULL,'eventkey'),(27,'project_client','Client',1,0,1,1,1,NULL,'pagekey'),(28,'project_tasks','Task',1,0,1,7,1,NULL,'pagekey'),(29,'project_skills','Skills',1,0,1,7,1,NULL,'pagekey'),(30,'contact_question_first_name','First Name',1,0,1,1,NULL,NULL,'expresskey'),(31,'contact_question_last_name','Last Name',1,0,1,1,NULL,NULL,'expresskey'),(32,'contact_question_email_address','Email Address',1,0,1,11,NULL,NULL,'expresskey'),(33,'contact_question_subject','Subject',1,0,1,7,NULL,NULL,'expresskey'),(34,'contact_question_message','Message',1,0,1,2,NULL,NULL,'expresskey'),(35,'soobshenie','Сообщение',1,0,0,2,NULL,NULL,'expresskey'),(36,'imya','Имя',1,0,0,1,NULL,NULL,'expresskey'),(37,'familiya','Фамилия',1,0,0,1,NULL,NULL,'expresskey'),(38,'email','Email',1,0,0,11,NULL,NULL,'expresskey'),(39,'telefon','Телефон',1,0,0,9,NULL,NULL,'expresskey'),(40,'skrinshot','Скриншот',1,0,0,5,NULL,NULL,'expresskey'),(41,'image_link','Image Tags',1,0,1,1,3,29,'filekey'),(42,'image_link_text','Image Link Text',1,0,1,1,3,29,'filekey'),(43,'image_thumbnail_width','Image Thumbnail Width',1,0,1,1,3,29,'filekey'),(44,'image_bg_color','Image Background Color',1,0,0,1,3,29,'filekey');

--
-- Table structure for table `AttributeSetKeys`
--

CREATE TABLE `AttributeSetKeys` (
  `asDisplayOrder` int(10) unsigned NOT NULL,
  `akID` int(10) unsigned NOT NULL,
  `asID` int(10) unsigned NOT NULL,
  PRIMARY KEY (`akID`,`asID`),
  KEY `IDX_222F72D8B6561A7E` (`akID`),
  KEY `IDX_222F72D8A463E8B6` (`asID`),
  CONSTRAINT `FK_222F72D8A463E8B6` FOREIGN KEY (`asID`) REFERENCES `AttributeSets` (`asID`),
  CONSTRAINT `FK_222F72D8B6561A7E` FOREIGN KEY (`akID`) REFERENCES `AttributeKeys` (`akID`)
) ENGINE=InnoDB DEFAULT CHARSET=utf8mb4 COLLATE=utf8mb4_unicode_ci;

--
-- Dumping data for table `AttributeSetKeys`
--

INSERT INTO `AttributeSetKeys` VALUES (0,1,1),(1,2,1),(1,7,2),(2,8,2),(2,9,1),(4,10,2),(0,11,2),(3,12,2),(3,13,1),(6,22,2),(5,23,2),(0,24,4),(0,26,6),(0,41,7),(1,42,7),(2,43,7),(3,44,7);

--
-- Table structure for table `AttributeSets`
--

CREATE TABLE `AttributeSets` (
  `asID` int(10) unsigned NOT NULL AUTO_INCREMENT,
  `asHandle` varchar(255) COLLATE utf8mb4_unicode_ci NOT NULL,
  `asName` varchar(255) COLLATE utf8mb4_unicode_ci NOT NULL,
  `asDisplayOrder` int(10) unsigned NOT NULL,
  `asIsLocked` tinyint(1) NOT NULL,
  `akCategoryID` int(10) unsigned DEFAULT NULL,
  `pkgID` int(10) unsigned DEFAULT NULL,
  PRIMARY KEY (`asID`),
  KEY `IDX_FCA02D5FB059B76B` (`akCategoryID`),
  KEY `asHandle` (`asHandle`),
  KEY `pkgID` (`pkgID`),
  CONSTRAINT `FK_FCA02D5FB059B76B` FOREIGN KEY (`akCategoryID`) REFERENCES `AttributeKeyCategories` (`akCategoryID`),
  CONSTRAINT `FK_FCA02D5FCE45CBB0` FOREIGN KEY (`pkgID`) REFERENCES `Packages` (`pkgID`)
) ENGINE=InnoDB AUTO_INCREMENT=8 DEFAULT CHARSET=utf8mb4 COLLATE=utf8mb4_unicode_ci;

--
-- Dumping data for table `AttributeSets`
--

INSERT INTO `AttributeSets` VALUES (1,'seo','SEO',0,0,1,NULL),(2,'navigation','Navigation and Indexing',1,0,1,NULL),(4,'blog','Blog',3,0,1,NULL),(6,'event_categories','Categories',0,0,5,NULL),(7,'easy_image_slider','Easy Image Slider',0,0,3,29);

--
-- Table structure for table `AttributeTypeCategories`
--

CREATE TABLE `AttributeTypeCategories` (
  `akCategoryID` int(10) unsigned NOT NULL,
  `atID` int(10) unsigned NOT NULL,
  PRIMARY KEY (`akCategoryID`,`atID`),
  KEY `IDX_49A9CABEB059B76B` (`akCategoryID`),
  KEY `IDX_49A9CABEA12CFE33` (`atID`),
  CONSTRAINT `FK_49A9CABEA12CFE33` FOREIGN KEY (`atID`) REFERENCES `AttributeTypes` (`atID`),
  CONSTRAINT `FK_49A9CABEB059B76B` FOREIGN KEY (`akCategoryID`) REFERENCES `AttributeKeyCategories` (`akCategoryID`)
) ENGINE=InnoDB DEFAULT CHARSET=utf8mb4 COLLATE=utf8mb4_unicode_ci;

--
-- Dumping data for table `AttributeTypeCategories`
--

INSERT INTO `AttributeTypeCategories` VALUES (1,1),(1,2),(1,3),(1,4),(1,5),(1,6),(1,7),(1,9),(1,10),(1,11),(1,12),(1,13),(1,15),(1,16),(1,17),(1,18),(1,19),(1,20),(2,1),(2,2),(2,3),(2,4),(2,6),(2,7),(2,8),(2,9),(2,10),(2,11),(2,13),(2,14),(2,17),(2,19),(2,20),(3,1),(3,2),(3,3),(3,4),(3,6),(3,7),(3,9),(3,10),(3,11),(3,12),(3,13),(3,17),(3,19),(3,20),(4,1),(4,2),(4,3),(4,4),(4,5),(4,6),(4,7),(4,8),(4,9),(4,10),(4,11),(4,13),(4,15),(4,17),(4,18),(4,19),(4,21),(5,1),(5,2),(5,3),(5,4),(5,5),(5,6),(5,7),(5,8),(5,9),(5,10),(5,11),(5,13),(5,19),(6,1),(6,2),(6,3),(6,4),(6,5),(6,6),(6,7),(6,8),(6,9),(6,10),(6,11),(6,13),(6,15),(6,17),(6,18),(6,19),(6,21);

--
-- Table structure for table `AttributeTypes`
--

CREATE TABLE `AttributeTypes` (
  `atID` int(10) unsigned NOT NULL AUTO_INCREMENT,
  `atHandle` varchar(255) COLLATE utf8mb4_unicode_ci NOT NULL,
  `atName` varchar(255) COLLATE utf8mb4_unicode_ci NOT NULL,
  `pkgID` int(10) unsigned DEFAULT NULL,
  PRIMARY KEY (`atID`),
  UNIQUE KEY `UNIQ_53580A7F46AA0F38` (`atHandle`),
  KEY `IDX_53580A7FCE45CBB0` (`pkgID`),
  KEY `pkgID` (`pkgID`,`atID`),
  CONSTRAINT `FK_53580A7FCE45CBB0` FOREIGN KEY (`pkgID`) REFERENCES `Packages` (`pkgID`)
) ENGINE=InnoDB AUTO_INCREMENT=22 DEFAULT CHARSET=utf8mb4 COLLATE=utf8mb4_unicode_ci;

--
-- Dumping data for table `AttributeTypes`
--

INSERT INTO `AttributeTypes` VALUES (1,'text','Text',NULL),(2,'textarea','Text Area',NULL),(3,'boolean','Checkbox',NULL),(4,'date_time','Date/Time',NULL),(5,'image_file','Image/File',NULL),(6,'number','Number',NULL),(7,'select','Option List',NULL),(8,'address','Address',NULL),(9,'telephone','Phone Number',NULL),(10,'url','URL',NULL),(11,'email','Email',NULL),(12,'rating','Rating',NULL),(13,'topics','Topics',NULL),(14,'social_links','Social Links',NULL),(15,'calendar','Calendar',NULL),(16,'calendar_event','Calendar Event',NULL),(17,'express','Express Entity',NULL),(18,'page_selector','Page Selector',NULL),(19,'user_selector','User Selector',NULL),(20,'site','Site',NULL),(21,'user_group','User Group',NULL);

--
-- Table structure for table `AttributeValues`
--

CREATE TABLE `AttributeValues` (
  `avID` int(10) unsigned NOT NULL AUTO_INCREMENT,
  `akID` int(10) unsigned DEFAULT NULL,
  PRIMARY KEY (`avID`),
  KEY `IDX_DCCE7864B6561A7E` (`akID`),
  CONSTRAINT `FK_DCCE7864B6561A7E` FOREIGN KEY (`akID`) REFERENCES `AttributeKeys` (`akID`) ON DELETE CASCADE
) ENGINE=InnoDB AUTO_INCREMENT=973 DEFAULT CHARSET=utf8mb4 COLLATE=utf8mb4_unicode_ci;

--
-- Dumping data for table `AttributeValues`
--

INSERT INTO `AttributeValues` VALUES (220,1),(231,1),(238,1),(245,1),(255,1),(259,1),(275,1),(279,1),(285,1),(352,1),(665,1),(908,1),(912,1),(916,1),(920,1),(924,1),(928,1),(932,1),(936,1),(940,1),(944,1),(948,1),(952,1),(956,1),(960,1),(221,2),(232,2),(239,2),(246,2),(256,2),(260,2),(276,2),(280,2),(286,2),(353,2),(625,2),(627,2),(628,2),(631,2),(633,2),(635,2),(637,2),(639,2),(641,2),(643,2),(645,2),(647,2),(649,2),(651,2),(652,2),(666,2),(848,2),(851,2),(854,2),(857,2),(860,2),(863,2),(866,2),(869,2),(872,2),(875,2),(878,2),(881,2),(884,2),(887,2),(890,2),(909,2),(913,2),(917,2),(921,2),(925,2),(929,2),(933,2),(937,2),(941,2),(945,2),(949,2),(953,2),(957,2),(961,2),(2,3),(3,3),(4,3),(5,3),(6,3),(7,3),(8,3),(10,3),(11,3),(12,3),(13,3),(14,3),(15,3),(16,3),(18,3),(20,3),(21,3),(22,3),(23,3),(24,3),(27,3),(28,3),(29,3),(30,3),(31,3),(40,3),(41,3),(42,3),(48,3),(51,3),(52,3),(53,3),(54,3),(55,3),(56,3),(58,3),(59,3),(60,3),(61,3),(62,3),(63,3),(64,3),(65,3),(66,3),(67,3),(69,3),(70,3),(73,3),(84,3),(85,3),(86,3),(87,3),(88,3),(89,3),(90,3),(91,3),(92,3),(94,3),(95,3),(96,3),(97,3),(98,3),(99,3),(100,3),(101,3),(102,3),(103,3),(106,3),(107,3),(108,3),(109,3),(110,3),(111,3),(112,3),(113,3),(114,3),(115,3),(116,3),(117,3),(118,3),(119,3),(120,3),(121,3),(122,3),(123,3),(124,3),(125,3),(126,3),(127,3),(128,3),(129,3),(131,3),(132,3),(133,3),(134,3),(135,3),(136,3),(137,3),(138,3),(139,3),(222,3),(233,3),(240,3),(247,3),(142,4),(149,4),(143,5),(150,5),(1,6),(47,6),(145,6),(146,6),(147,6),(148,6),(9,7),(17,7),(19,7),(25,7),(32,7),(33,7),(34,7),(35,7),(36,7),(37,7),(38,7),(39,7),(43,7),(45,7),(49,7),(57,7),(68,7),(71,7),(74,7),(76,7),(78,7),(80,7),(82,7),(93,7),(104,7),(105,7),(140,7),(144,7),(151,7),(184,7),(234,7),(237,7),(263,7),(267,7),(283,7),(284,7),(433,7),(445,7),(596,7),(664,7),(676,7),(893,7),(899,7),(902,7),(905,7),(432,8),(446,8),(597,8),(662,8),(675,8),(894,8),(903,8),(906,8),(223,9),(235,9),(241,9),(248,9),(257,9),(261,9),(277,9),(281,9),(287,9),(354,9),(667,9),(850,9),(853,9),(855,9),(858,9),(862,9),(865,9),(868,9),(871,9),(874,9),(877,9),(880,9),(883,9),(886,9),(889,9),(892,9),(898,9),(910,9),(914,9),(918,9),(922,9),(926,9),(930,9),(934,9),(938,9),(942,9),(946,9),(950,9),(954,9),(958,9),(962,9),(186,11),(197,11),(203,11),(289,11),(26,12),(44,12),(46,12),(50,12),(72,12),(75,12),(77,12),(79,12),(81,12),(83,12),(130,12),(141,12),(264,12),(268,12),(661,12),(674,12),(895,12),(224,13),(236,13),(242,13),(249,13),(258,13),(262,13),(266,13),(269,13),(278,13),(282,13),(288,13),(355,13),(668,13),(911,13),(915,13),(919,13),(923,13),(927,13),(931,13),(935,13),(939,13),(943,13),(947,13),(951,13),(955,13),(959,13),(963,13),(152,16),(154,16),(156,16),(158,16),(160,16),(162,16),(164,16),(166,16),(168,16),(170,16),(172,16),(174,16),(176,16),(178,16),(180,16),(182,16),(298,16),(300,16),(304,16),(306,16),(309,16),(311,16),(313,16),(315,16),(317,16),(319,16),(321,16),(323,16),(325,16),(327,16),(329,16),(331,16),(333,16),(335,16),(337,16),(340,16),(343,16),(346,16),(348,16),(350,16),(356,16),(358,16),(360,16),(362,16),(364,16),(366,16),(368,16),(370,16),(372,16),(374,16),(376,16),(378,16),(380,16),(382,16),(384,16),(386,16),(388,16),(390,16),(392,16),(394,16),(396,16),(398,16),(400,16),(402,16),(404,16),(406,16),(408,16),(410,16),(412,16),(414,16),(416,16),(418,16),(420,16),(422,16),(424,16),(426,16),(428,16),(430,16),(436,16),(438,16),(440,16),(448,16),(450,16),(548,16),(550,16),(552,16),(554,16),(556,16),(558,16),(560,16),(562,16),(564,16),(566,16),(568,16),(570,16),(572,16),(574,16),(576,16),(578,16),(580,16),(582,16),(584,16),(586,16),(588,16),(590,16),(592,16),(594,16),(599,16),(601,16),(603,16),(605,16),(608,16),(669,16),(677,16),(679,16),(681,16),(683,16),(685,16),(687,16),(691,16),(692,16),(694,16),(696,16),(698,16),(700,16),(702,16),(704,16),(706,16),(708,16),(710,16),(712,16),(714,16),(716,16),(718,16),(720,16),(722,16),(724,16),(726,16),(728,16),(730,16),(732,16),(734,16),(736,16),(738,16),(740,16),(742,16),(744,16),(746,16),(748,16),(750,16),(752,16),(754,16),(756,16),(758,16),(760,16),(762,16),(764,16),(766,16),(768,16),(770,16),(772,16),(774,16),(776,16),(778,16),(780,16),(782,16),(784,16),(786,16),(788,16),(790,16),(792,16),(794,16),(796,16),(798,16),(800,16),(802,16),(804,16),(806,16),(808,16),(810,16),(812,16),(814,16),(816,16),(818,16),(820,16),(822,16),(824,16),(826,16),(828,16),(830,16),(832,16),(834,16),(836,16),(838,16),(840,16),(842,16),(844,16),(846,16),(900,16),(971,16),(153,17),(155,17),(157,17),(159,17),(161,17),(163,17),(165,17),(167,17),(169,17),(171,17),(173,17),(175,17),(177,17),(179,17),(181,17),(183,17),(299,17),(301,17),(305,17),(307,17),(310,17),(312,17),(314,17),(316,17),(318,17),(320,17),(322,17),(324,17),(326,17),(328,17),(330,17),(332,17),(334,17),(336,17),(338,17),(341,17),(344,17),(347,17),(349,17),(351,17),(357,17),(359,17),(361,17),(363,17),(365,17),(367,17),(369,17),(371,17),(373,17),(375,17),(377,17),(379,17),(381,17),(383,17),(385,17),(387,17),(389,17),(391,17),(393,17),(395,17),(397,17),(399,17),(401,17),(403,17),(405,17),(407,17),(409,17),(411,17),(413,17),(415,17),(417,17),(419,17),(421,17),(423,17),(425,17),(427,17),(429,17),(431,17),(437,17),(439,17),(441,17),(449,17),(451,17),(549,17),(551,17),(553,17),(555,17),(557,17),(559,17),(561,17),(563,17),(565,17),(567,17),(569,17),(571,17),(573,17),(575,17),(577,17),(579,17),(581,17),(583,17),(585,17),(587,17),(589,17),(591,17),(593,17),(595,17),(600,17),(602,17),(604,17),(606,17),(609,17),(670,17),(678,17),(680,17),(682,17),(684,17),(686,17),(688,17),(690,17),(693,17),(695,17),(697,17),(699,17),(701,17),(703,17),(705,17),(707,17),(709,17),(711,17),(713,17),(715,17),(717,17),(719,17),(721,17),(723,17),(725,17),(727,17),(729,17),(731,17),(733,17),(735,17),(737,17),(739,17),(741,17),(743,17),(745,17),(747,17),(749,17),(751,17),(753,17),(755,17),(757,17),(759,17),(761,17),(763,17),(765,17),(767,17),(769,17),(771,17),(773,17),(775,17),(777,17),(779,17),(781,17),(783,17),(785,17),(787,17),(789,17),(791,17),(793,17),(795,17),(797,17),(799,17),(801,17),(803,17),(805,17),(807,17),(809,17),(811,17),(813,17),(815,17),(817,17),(819,17),(821,17),(823,17),(825,17),(827,17),(829,17),(831,17),(833,17),(835,17),(837,17),(839,17),(841,17),(843,17),(845,17),(847,17),(901,17),(972,17),(243,20),(250,20),(244,21),(251,21),(185,22),(219,22),(252,22),(265,22),(270,22),(447,22),(598,22),(663,22),(673,22),(896,22),(904,22),(907,22),(187,23),(192,23),(198,23),(204,23),(209,23),(214,23),(225,23),(227,23),(229,23),(302,23),(303,23),(308,23),(339,23),(342,23),(345,23),(607,23),(610,23),(611,23),(612,23),(613,23),(614,23),(615,23),(616,23),(617,23),(618,23),(619,23),(620,23),(621,23),(622,23),(623,23),(624,23),(626,23),(629,23),(630,23),(632,23),(634,23),(636,23),(638,23),(640,23),(642,23),(644,23),(646,23),(648,23),(650,23),(653,23),(659,23),(660,23),(672,23),(849,23),(852,23),(856,23),(859,23),(861,23),(864,23),(867,23),(870,23),(873,23),(876,23),(879,23),(882,23),(885,23),(888,23),(891,23),(897,23),(964,23),(226,24),(228,24),(230,24),(253,24),(296,24),(188,25),(193,25),(199,25),(205,25),(210,25),(215,25),(189,27),(194,27),(200,27),(206,27),(211,27),(216,27),(190,28),(195,28),(201,28),(207,28),(212,28),(217,28),(191,29),(196,29),(202,29),(208,29),(213,29),(218,29),(965,35),(966,36),(967,37),(968,38),(969,39),(970,40);

--
-- Table structure for table `AuthenticationTypes`
--

CREATE TABLE `AuthenticationTypes` (
  `authTypeID` int(10) unsigned NOT NULL AUTO_INCREMENT,
  `authTypeHandle` varchar(255) COLLATE utf8mb4_unicode_ci NOT NULL,
  `authTypeName` varchar(255) COLLATE utf8mb4_unicode_ci NOT NULL,
  `authTypeIsEnabled` tinyint(1) NOT NULL,
  `authTypeDisplayOrder` int(10) unsigned DEFAULT NULL,
  `pkgID` int(10) unsigned DEFAULT NULL,
  PRIMARY KEY (`authTypeID`),
  UNIQUE KEY `authTypeHandle` (`authTypeHandle`),
  KEY `pkgID` (`pkgID`)
) ENGINE=InnoDB AUTO_INCREMENT=7 DEFAULT CHARSET=utf8mb4 COLLATE=utf8mb4_unicode_ci;

--
-- Dumping data for table `AuthenticationTypes`
--

INSERT INTO `AuthenticationTypes` VALUES (1,'concrete','Standard',1,0,0),(2,'community','concrete5.org',0,0,0),(3,'facebook','Facebook',0,0,0),(4,'twitter','Twitter',0,0,0),(5,'google','Google',0,0,0),(6,'external_concrete5','External concrete5',0,0,0);

--
-- Table structure for table `BannedWords`
--

CREATE TABLE `BannedWords` (
  `bwID` int(10) unsigned NOT NULL AUTO_INCREMENT,
  `bannedWord` longtext COLLATE utf8mb4_unicode_ci NOT NULL,
  PRIMARY KEY (`bwID`)
) ENGINE=InnoDB AUTO_INCREMENT=5 DEFAULT CHARSET=utf8mb4 COLLATE=utf8mb4_unicode_ci;

--
-- Dumping data for table `BannedWords`
--

INSERT INTO `BannedWords` VALUES (1,'fuck'),(2,'shit'),(3,'bitch'),(4,'ass');

--
-- Table structure for table `BasicWorkflowPermissionAssignments`
--

CREATE TABLE `BasicWorkflowPermissionAssignments` (
  `wfID` int(10) unsigned NOT NULL DEFAULT '0',
  `pkID` int(10) unsigned NOT NULL DEFAULT '0',
  `paID` int(10) unsigned NOT NULL DEFAULT '0',
  PRIMARY KEY (`wfID`,`pkID`,`paID`),
  KEY `pkID` (`pkID`),
  KEY `paID` (`paID`)
) ENGINE=InnoDB DEFAULT CHARSET=utf8mb4 COLLATE=utf8mb4_unicode_ci;

--
-- Dumping data for table `BasicWorkflowPermissionAssignments`
--


--
-- Table structure for table `BasicWorkflowProgressData`
--

CREATE TABLE `BasicWorkflowProgressData` (
  `wpID` int(10) unsigned NOT NULL DEFAULT '0',
  `uIDStarted` int(10) unsigned NOT NULL DEFAULT '0',
  `uIDCompleted` int(10) unsigned NOT NULL DEFAULT '0',
  `wpDateCompleted` datetime DEFAULT NULL,
  PRIMARY KEY (`wpID`),
  KEY `uIDStarted` (`uIDStarted`),
  KEY `uIDCompleted` (`uIDCompleted`)
) ENGINE=InnoDB DEFAULT CHARSET=utf8mb4 COLLATE=utf8mb4_unicode_ci;

--
-- Dumping data for table `BasicWorkflowProgressData`
--


--
-- Table structure for table `BlockFeatureAssignments`
--

CREATE TABLE `BlockFeatureAssignments` (
  `cID` int(10) unsigned NOT NULL DEFAULT '0',
  `cvID` int(10) unsigned NOT NULL DEFAULT '0',
  `bID` int(10) unsigned NOT NULL DEFAULT '0',
  `faID` int(10) unsigned NOT NULL DEFAULT '0',
  PRIMARY KEY (`cID`,`cvID`,`bID`,`faID`),
  KEY `faID` (`faID`,`cID`,`cvID`),
  KEY `bID` (`bID`)
) ENGINE=InnoDB DEFAULT CHARSET=utf8mb4 COLLATE=utf8mb4_unicode_ci;

--
-- Dumping data for table `BlockFeatureAssignments`
--

INSERT INTO `BlockFeatureAssignments` VALUES (209,1,29,1),(196,1,123,2),(196,2,123,2),(227,1,123,2),(227,2,123,2),(210,1,125,3),(232,1,125,3),(211,1,127,4),(235,1,127,4),(212,1,129,5),(238,1,129,5),(200,1,138,6),(229,1,138,6),(213,1,145,7),(233,1,145,7),(213,1,152,8),(233,1,152,8),(213,1,156,9),(233,1,156,9),(214,1,159,10),(236,1,159,10),(224,1,176,11),(248,1,184,13),(248,2,184,13),(250,20,236,14),(250,21,236,14),(250,22,236,14),(250,23,236,14),(250,24,236,14),(250,25,236,14),(250,26,236,14),(250,27,236,14),(309,20,236,14),(309,21,236,14),(309,22,236,14),(309,23,236,14),(309,24,236,14),(309,25,236,14),(309,26,236,14),(309,27,236,14),(250,26,240,15),(261,7,240,15),(261,8,240,15),(262,1,240,15),(275,1,240,15),(277,1,240,15),(277,2,240,15),(277,3,240,15),(277,4,240,15),(277,5,240,15),(280,1,240,15),(281,1,240,15),(281,2,240,15),(281,3,240,15),(281,4,240,15),(281,5,240,15),(281,6,240,15),(282,1,240,15),(282,2,240,15),(282,3,240,15),(282,4,240,15),(282,5,240,15),(282,6,240,15),(283,1,240,15),(283,2,240,15),(283,3,240,15),(284,1,240,15),(284,2,240,15),(284,3,240,15),(284,4,240,15),(285,1,240,15),(285,2,240,15),(285,3,240,15),(286,1,240,15),(286,2,240,15),(286,3,240,15),(286,4,240,15),(287,1,240,15),(287,2,240,15),(287,3,240,15),(287,4,240,15),(287,5,240,15),(287,6,240,15),(288,1,240,15),(288,2,240,15),(288,3,240,15),(288,4,240,15),(289,1,240,15),(290,1,240,15),(290,2,240,15),(291,1,240,15),(291,2,240,15),(291,3,240,15),(293,1,240,15),(304,1,240,15),(307,1,240,15),(307,2,240,15),(307,3,240,15),(307,4,240,15),(307,5,240,15),(308,7,240,15),(308,8,240,15),(309,26,240,15),(310,1,240,15),(310,2,240,15),(310,3,240,15),(310,4,240,15),(312,1,240,15),(313,1,240,15),(313,2,240,15),(313,3,240,15),(313,4,240,15),(313,5,240,15),(313,6,240,15),(314,1,240,15),(314,2,240,15),(314,3,240,15),(314,4,240,15),(314,5,240,15),(314,6,240,15),(315,1,240,15),(315,2,240,15),(315,3,240,15),(316,1,240,15),(316,2,240,15),(316,3,240,15),(317,1,240,15),(317,2,240,15),(317,3,240,15),(317,4,240,15),(318,1,240,15),(318,2,240,15),(318,3,240,15),(318,4,240,15),(318,5,240,15),(318,6,240,15),(319,1,240,15),(319,2,240,15),(319,3,240,15),(319,4,240,15),(320,1,240,15),(320,2,240,15),(321,1,240,15),(321,2,240,15),(321,3,240,15),(345,1,240,15),(250,28,256,17),(250,29,256,17),(250,30,256,17),(250,31,256,17),(250,32,256,17),(250,33,256,17),(250,34,256,17),(250,35,256,17),(250,36,256,17),(250,37,256,17),(250,38,256,17),(250,39,256,17),(309,28,256,17),(309,29,256,17),(309,30,256,17),(309,31,256,17),(309,32,256,17),(309,33,256,17),(309,34,256,17),(309,35,256,17),(309,36,256,17),(309,37,256,17),(309,38,256,17),(309,39,256,17),(309,40,256,17),(261,9,258,18),(261,10,258,18),(261,11,258,18),(261,12,258,18),(261,13,258,18),(261,14,258,18),(261,15,258,18),(261,16,258,18),(261,17,258,18),(261,18,258,18),(261,19,258,18),(261,20,258,18),(261,21,258,18),(261,22,258,18),(261,23,258,18),(261,24,258,18),(261,25,258,18),(261,26,258,18),(261,27,258,18),(261,28,258,18),(261,29,258,18),(261,30,258,18),(261,31,258,18),(261,32,258,18),(261,33,258,18),(308,9,258,18),(308,10,258,18),(308,11,258,18),(308,12,258,18),(308,13,258,18),(308,14,258,18),(308,15,258,18),(308,16,258,18),(308,17,258,18),(308,18,258,18),(308,19,258,18),(308,20,258,18),(308,21,258,18),(308,22,258,18),(308,23,258,18),(308,24,258,18),(308,25,258,18),(308,26,258,18),(308,27,258,18),(308,28,258,18),(308,29,258,18),(308,30,258,18),(308,31,258,18),(308,32,258,18),(308,33,258,18),(308,34,258,18),(190,3,286,19),(190,4,287,20),(190,5,288,21),(1,21,341,22),(1,22,341,22),(1,23,341,22),(1,24,341,22),(1,25,341,22),(1,26,341,22),(1,27,341,22),(1,28,341,22),(1,21,342,23),(1,22,342,23),(1,23,342,23),(1,24,342,23),(1,25,342,23),(1,26,342,23),(1,27,342,23),(1,28,342,23),(1,29,342,23),(1,21,343,24),(1,22,343,24),(1,23,343,24),(1,24,343,24),(1,25,343,24),(1,26,343,24),(1,27,343,24),(1,28,343,24),(1,29,343,24),(1,29,353,25),(1,30,354,26),(1,31,354,26),(1,32,354,26),(1,33,354,26),(1,34,354,26),(1,35,354,26),(1,36,354,26),(1,37,354,26),(1,38,354,26),(1,39,354,26),(1,40,354,26),(1,41,354,26),(1,42,354,26),(1,43,354,26),(1,44,354,26),(1,45,354,26),(1,46,354,26),(1,47,354,26),(1,48,354,26),(1,49,354,26),(1,50,354,26),(1,51,354,26),(1,52,354,26),(1,53,354,26),(1,54,354,26),(1,55,354,26),(1,56,354,26),(1,57,354,26),(1,58,354,26),(1,59,354,26),(1,60,354,26),(1,61,354,26),(1,62,354,26),(1,63,354,26),(1,64,354,26),(1,65,354,26),(1,66,354,26),(1,67,354,26),(1,68,354,26),(1,69,354,26),(1,70,354,26),(1,71,354,26),(1,72,354,26),(1,30,355,27),(1,31,355,27),(1,32,355,27),(1,33,355,27),(1,34,355,27),(1,35,355,27),(1,36,355,27),(1,37,355,27),(1,38,355,27),(1,39,355,27),(1,40,355,27),(1,41,355,27),(1,42,355,27),(1,43,355,27),(1,44,355,27),(1,45,355,27),(1,46,355,27),(1,47,355,27),(1,48,355,27),(1,49,355,27),(1,50,355,27),(1,51,355,27),(1,52,355,27),(1,53,355,27),(1,54,355,27),(1,55,355,27),(1,56,355,27),(1,57,355,27),(1,58,355,27),(1,59,355,27),(1,60,355,27),(1,61,355,27),(1,62,355,27),(1,63,355,27),(1,64,355,27),(1,65,355,27),(1,66,355,27),(1,67,355,27),(1,68,355,27),(1,69,355,27),(1,70,355,27),(1,71,355,27),(1,72,355,27),(1,73,355,27),(1,74,355,27),(1,75,355,27),(1,76,355,27),(1,77,355,27),(1,78,355,27),(1,79,355,27),(1,80,355,27),(1,81,355,27),(1,82,355,27),(1,83,355,27),(1,84,355,27),(1,85,355,27),(1,86,355,27),(1,87,355,27),(1,88,355,27),(1,89,355,27),(1,90,355,27),(1,91,355,27),(1,92,355,27),(1,93,355,27),(1,94,355,27),(1,95,355,27),(1,96,355,27),(1,97,355,27),(1,98,355,27),(1,99,355,27),(1,100,355,27),(1,101,355,27),(1,102,355,27),(1,103,355,27),(1,104,355,27),(1,105,355,27),(1,106,355,27),(1,107,355,27),(1,30,356,28),(1,31,356,28),(1,32,356,28),(1,33,356,28),(1,34,356,28),(1,35,356,28),(1,36,356,28),(1,37,356,28),(1,38,356,28),(1,39,356,28),(1,40,356,28),(1,41,356,28),(1,42,356,28),(1,43,356,28),(1,44,356,28),(1,45,356,28),(1,46,356,28),(1,47,356,28),(1,48,356,28),(1,49,356,28),(1,50,356,28),(1,51,356,28),(1,52,356,28),(1,53,356,28),(1,54,356,28),(1,55,356,28),(1,56,356,28),(1,57,356,28),(1,58,356,28),(1,59,356,28),(1,60,356,28),(1,61,356,28),(1,62,356,28),(1,63,356,28),(1,64,356,28),(1,65,356,28),(1,66,356,28),(1,67,356,28),(1,68,356,28),(1,69,356,28),(1,70,356,28),(1,71,356,28),(1,72,356,28),(1,73,356,28),(1,74,356,28),(1,75,356,28),(1,76,356,28),(1,77,356,28),(1,78,356,28),(1,79,356,28),(1,80,356,28),(1,81,356,28),(1,82,356,28),(1,83,356,28),(1,84,356,28),(1,85,356,28),(1,86,356,28),(1,87,356,28),(1,88,356,28),(1,89,356,28),(1,90,356,28),(1,91,356,28),(1,92,356,28),(1,93,356,28),(1,94,356,28),(1,95,356,28),(1,96,356,28),(1,97,356,28),(1,98,356,28),(1,99,356,28),(1,100,356,28),(1,101,356,28),(1,102,356,28),(1,103,356,28),(1,104,356,28),(1,105,356,28),(1,106,356,28),(1,107,356,28),(1,73,436,29),(1,74,436,29),(1,75,436,29),(1,76,436,29),(1,77,436,29),(1,78,436,29),(1,79,436,29),(1,80,436,29),(1,81,436,29),(1,82,436,29),(1,83,436,29),(1,84,436,29),(1,85,436,29),(1,86,436,29),(1,87,436,29),(1,88,436,29),(1,89,436,29),(1,90,436,29),(1,91,436,29),(1,92,436,29),(1,93,436,29),(1,94,436,29),(1,95,436,29),(1,96,436,29),(1,97,436,29),(1,98,436,29),(1,99,436,29),(1,100,436,29),(1,101,436,29),(1,102,436,29),(1,103,436,29),(1,104,436,29),(1,105,436,29),(1,106,436,29),(1,107,436,29),(279,1,494,32),(279,2,494,32),(279,3,494,32),(279,4,494,32),(279,5,494,32),(279,6,494,32),(279,7,494,32),(279,8,494,32),(279,9,494,32),(279,10,494,32),(279,11,494,32),(279,12,494,32),(279,13,494,32),(279,14,494,32),(279,15,494,32),(279,16,494,32),(279,17,494,32),(279,18,494,32),(279,19,494,32),(279,20,494,32),(279,21,494,32),(311,1,494,32),(311,2,494,32),(311,3,494,32),(311,4,494,32),(311,5,494,32),(311,6,494,32),(311,7,494,32),(311,8,494,32),(311,9,494,32),(311,10,494,32),(311,11,494,32),(311,12,494,32),(311,13,494,32),(311,14,494,32),(311,15,494,32),(311,16,494,32),(311,17,494,32),(311,18,494,32),(311,19,494,32),(280,2,503,33),(280,3,503,33),(280,4,503,33),(280,5,503,33),(280,6,503,33),(280,7,503,33),(280,8,503,33),(280,9,503,33),(280,10,503,33),(280,11,503,33),(280,12,503,33),(280,13,503,33),(280,14,503,33),(280,15,503,33),(280,16,503,33),(280,17,503,33),(312,2,503,33),(312,3,503,33),(312,4,503,33),(312,5,503,33),(312,6,503,33),(312,7,503,33),(312,8,503,33),(312,9,503,33),(312,10,503,33),(312,11,503,33),(312,12,503,33),(312,13,503,33),(312,14,503,33),(312,15,503,33),(312,16,503,33),(312,17,503,33),(312,18,503,33),(295,5,548,36),(295,6,548,36),(295,7,548,36),(305,5,548,36),(305,6,548,36),(305,7,548,36),(295,8,558,37),(295,9,558,37),(295,10,558,37),(295,11,558,37),(295,12,558,37),(295,13,558,37),(295,14,558,37),(295,15,558,37),(305,8,558,37),(305,9,558,37),(305,10,558,37),(305,11,558,37),(305,12,558,37),(305,13,558,37),(305,14,558,37),(305,15,558,37),(250,31,565,38),(250,32,565,38),(250,33,565,38),(309,31,565,38),(309,32,565,38),(309,33,565,38),(250,32,572,45),(250,33,572,45),(309,32,572,45),(309,33,572,45),(250,32,573,46),(309,32,573,46),(250,33,575,48),(309,33,575,48),(250,33,576,49),(309,33,576,49),(284,5,586,50),(284,6,586,50),(284,7,586,50),(284,8,586,50),(284,9,586,50),(284,10,586,50),(284,11,586,50),(284,12,586,50),(284,13,586,50),(284,14,586,50),(284,15,586,50),(284,16,586,50),(284,17,586,50),(284,18,586,50),(284,19,586,50),(284,20,586,50),(310,5,586,50),(310,6,586,50),(310,7,586,50),(310,8,586,50),(310,9,586,50),(310,10,586,50),(310,11,586,50),(310,12,586,50),(310,13,586,50),(310,14,586,50),(310,15,586,50),(310,16,586,50),(310,17,586,50),(310,18,586,50),(310,19,586,50),(310,20,586,50),(310,21,586,50),(310,22,586,50),(287,4,698,51),(318,4,698,51),(281,7,702,53),(281,8,702,53),(281,9,702,53),(281,10,702,53),(281,11,702,53),(281,12,702,53),(281,13,702,53),(281,14,702,53),(281,15,702,53),(281,16,702,53),(313,7,702,53),(313,8,702,53),(313,9,702,53),(313,10,702,53),(313,11,702,53),(313,12,702,53),(313,13,702,53),(313,14,702,53),(313,15,702,53),(313,16,702,53),(313,17,702,53),(282,7,707,54),(282,8,707,54),(282,9,707,54),(282,10,707,54),(282,11,707,54),(282,12,707,54),(282,13,707,54),(282,14,707,54),(282,15,707,54),(282,16,707,54),(282,17,707,54),(282,18,707,54),(282,19,707,54),(282,20,707,54),(282,21,707,54),(314,7,707,54),(314,8,707,54),(314,9,707,54),(314,10,707,54),(314,11,707,54),(314,12,707,54),(314,13,707,54),(314,14,707,54),(314,15,707,54),(314,16,707,54),(314,17,707,54),(314,18,707,54),(314,19,707,54),(314,20,707,54),(283,4,717,55),(283,5,717,55),(283,6,717,55),(283,7,717,55),(283,8,717,55),(283,9,717,55),(283,10,717,55),(283,11,717,55),(315,4,717,55),(315,5,717,55),(315,6,717,55),(315,7,717,55),(315,8,717,55),(315,9,717,55),(285,4,719,56),(285,5,719,56),(285,6,719,56),(285,7,719,56),(316,4,719,56),(316,5,719,56),(316,6,719,56),(316,7,719,56),(316,8,719,56),(286,5,722,57),(286,6,722,57),(286,7,722,57),(286,8,722,57),(286,9,722,57),(286,10,722,57),(286,11,722,57),(286,12,722,57),(317,5,722,57),(317,6,722,57),(317,7,722,57),(317,8,722,57),(317,9,722,57),(317,10,722,57),(317,11,722,57),(287,7,728,58),(287,8,728,58),(287,9,728,58),(287,10,728,58),(287,11,728,58),(287,12,728,58),(287,13,728,58),(287,14,728,58),(287,15,728,58),(318,7,728,58),(318,8,728,58),(318,9,728,58),(318,10,728,58),(318,11,728,58),(318,12,728,58),(288,5,731,59),(288,6,731,59),(288,7,731,59),(288,8,731,59),(288,9,731,59),(288,10,731,59),(288,11,731,59),(288,12,731,59),(288,13,731,59),(319,5,731,59),(319,6,731,59),(319,7,731,59),(319,8,731,59),(319,9,731,59),(319,10,731,59),(319,11,731,59),(319,12,731,59),(290,3,734,60),(290,4,734,60),(290,5,734,60),(320,3,734,60),(320,4,734,60),(320,5,734,60),(320,6,734,60),(320,7,734,60),(291,4,746,61),(291,5,746,61),(291,6,746,61),(291,7,746,61),(291,8,746,61),(321,4,746,61),(321,5,746,61),(321,6,746,61),(321,7,746,61),(321,8,746,61),(321,9,746,61),(308,35,1031,62),(308,36,1031,62),(309,41,1037,63),(310,23,1042,64),(310,24,1042,64),(312,19,1048,65),(312,20,1048,65),(311,20,1052,66),(311,21,1052,66),(313,18,1061,67),(314,21,1066,68),(314,22,1066,68),(314,23,1066,68),(315,10,1072,69),(316,9,1078,70),(316,10,1078,70),(317,12,1085,71),(318,13,1097,72),(318,14,1097,72),(319,13,1105,73),(320,8,1107,74),(321,10,1110,75),(299,13,1191,77),(299,14,1191,77),(299,15,1191,77),(299,16,1191,77),(299,17,1191,77),(299,18,1191,77),(299,19,1191,77),(299,20,1191,77),(299,13,1192,78),(299,14,1192,78),(299,15,1192,78),(299,16,1192,78),(299,17,1192,78),(299,18,1192,78),(299,19,1192,78),(299,20,1192,78),(299,13,1193,79),(299,14,1193,79),(299,15,1193,79),(299,16,1193,79),(299,17,1193,79),(299,18,1193,79),(299,19,1193,79),(299,20,1193,79);

--
-- Table structure for table `BlockPermissionAssignments`
--

CREATE TABLE `BlockPermissionAssignments` (
  `cID` int(10) unsigned NOT NULL DEFAULT '0',
  `cvID` int(10) unsigned NOT NULL DEFAULT '0',
  `bID` int(10) unsigned NOT NULL DEFAULT '0',
  `pkID` int(10) unsigned NOT NULL DEFAULT '0',
  `paID` int(10) unsigned NOT NULL DEFAULT '0',
  PRIMARY KEY (`cID`,`cvID`,`bID`,`pkID`,`paID`),
  KEY `bID` (`bID`),
  KEY `pkID` (`pkID`),
  KEY `paID` (`paID`)
) ENGINE=InnoDB DEFAULT CHARSET=utf8mb4 COLLATE=utf8mb4_unicode_ci;

--
-- Dumping data for table `BlockPermissionAssignments`
--


--
-- Table structure for table `BlockTypePermissionBlockTypeAccessList`
--

CREATE TABLE `BlockTypePermissionBlockTypeAccessList` (
  `paID` int(10) unsigned NOT NULL DEFAULT '0',
  `peID` int(10) unsigned NOT NULL DEFAULT '0',
  `permission` varchar(1) COLLATE utf8mb4_unicode_ci NOT NULL DEFAULT '1',
  PRIMARY KEY (`paID`,`peID`),
  KEY `peID` (`peID`)
) ENGINE=InnoDB DEFAULT CHARSET=utf8mb4 COLLATE=utf8mb4_unicode_ci;

--
-- Dumping data for table `BlockTypePermissionBlockTypeAccessList`
--


--
-- Table structure for table `BlockTypePermissionBlockTypeAccessListCustom`
--

CREATE TABLE `BlockTypePermissionBlockTypeAccessListCustom` (
  `paID` int(10) unsigned NOT NULL DEFAULT '0',
  `peID` int(10) unsigned NOT NULL DEFAULT '0',
  `btID` int(10) unsigned NOT NULL DEFAULT '0',
  PRIMARY KEY (`paID`,`peID`,`btID`),
  KEY `peID` (`peID`),
  KEY `btID` (`btID`)
) ENGINE=InnoDB DEFAULT CHARSET=utf8mb4 COLLATE=utf8mb4_unicode_ci;

--
-- Dumping data for table `BlockTypePermissionBlockTypeAccessListCustom`
--


--
-- Table structure for table `BlockTypeSetBlockTypes`
--

CREATE TABLE `BlockTypeSetBlockTypes` (
  `btID` int(10) unsigned NOT NULL DEFAULT '0',
  `btsID` int(10) unsigned NOT NULL DEFAULT '0',
  `displayOrder` int(10) unsigned NOT NULL DEFAULT '0',
  PRIMARY KEY (`btID`,`btsID`),
  KEY `btsID` (`btsID`,`displayOrder`)
) ENGINE=InnoDB DEFAULT CHARSET=utf8mb4 COLLATE=utf8mb4_unicode_ci;

--
-- Dumping data for table `BlockTypeSetBlockTypes`
--

INSERT INTO `BlockTypeSetBlockTypes` VALUES (1,1,0),(2,1,1),(3,1,2),(4,1,3),(5,1,4),(6,1,5),(57,1,6),(58,1,7),(68,1,8),(69,1,9),(7,2,0),(8,2,1),(9,2,2),(10,2,3),(11,2,4),(12,2,5),(13,2,6),(14,2,7),(15,2,8),(16,2,9),(59,2,10),(79,2,11),(17,3,0),(18,3,1),(19,3,2),(20,4,0),(21,4,1),(22,5,0),(23,5,1),(24,5,2),(25,5,3),(26,5,4),(27,6,0),(28,6,1),(29,6,2),(30,7,0),(31,7,1),(32,7,2),(33,7,3),(34,7,4),(35,7,5),(49,7,6),(51,7,7),(52,7,8),(53,7,9),(56,7,10),(75,7,11),(76,7,12),(77,7,13),(78,7,14),(80,7,15),(81,7,16),(36,8,0),(37,8,1),(38,8,2),(39,8,3),(40,8,4),(41,8,5),(42,8,6),(43,8,7),(64,10,0),(65,10,1),(66,10,2),(70,11,0),(71,11,1),(72,11,2),(73,11,3);

--
-- Table structure for table `BlockTypeSets`
--

CREATE TABLE `BlockTypeSets` (
  `btsID` int(10) unsigned NOT NULL AUTO_INCREMENT,
  `btsName` varchar(255) COLLATE utf8mb4_unicode_ci DEFAULT NULL,
  `btsHandle` varchar(255) COLLATE utf8mb4_unicode_ci NOT NULL,
  `pkgID` int(10) unsigned NOT NULL DEFAULT '0',
  `btsDisplayOrder` int(10) unsigned NOT NULL DEFAULT '0',
  PRIMARY KEY (`btsID`),
  UNIQUE KEY `btsHandle` (`btsHandle`),
  KEY `btsDisplayOrder` (`btsDisplayOrder`),
  KEY `pkgID` (`pkgID`)
) ENGINE=InnoDB AUTO_INCREMENT=12 DEFAULT CHARSET=utf8mb4 COLLATE=utf8mb4_unicode_ci;

--
-- Dumping data for table `BlockTypeSets`
--

INSERT INTO `BlockTypeSets` VALUES (1,'Basic','basic',0,0),(2,'Navigation','navigation',0,0),(3,'Forms','form',0,0),(4,'Express','express',0,0),(5,'Social Networking','social',0,0),(6,'Calendar & Events','calendar',0,0),(7,'Multimedia','multimedia',0,0),(8,'Desktop','core_desktop',0,0),(10,'Stucco','theme_stucco',14,0),(11,'Fruitful','fruitful',18,0);

--
-- Table structure for table `BlockTypes`
--

CREATE TABLE `BlockTypes` (
  `btIgnorePageThemeGridFrameworkContainer` tinyint(1) NOT NULL,
  `btID` int(11) NOT NULL AUTO_INCREMENT,
  `btHandle` varchar(128) COLLATE utf8mb4_unicode_ci NOT NULL,
  `btName` varchar(128) COLLATE utf8mb4_unicode_ci NOT NULL,
  `btDescription` longtext COLLATE utf8mb4_unicode_ci NOT NULL,
  `btCopyWhenPropagate` tinyint(1) NOT NULL,
  `btIncludeAll` tinyint(1) NOT NULL,
  `btIsInternal` tinyint(1) NOT NULL,
  `btSupportsInlineEdit` tinyint(1) NOT NULL,
  `btSupportsInlineAdd` tinyint(1) NOT NULL,
  `btDisplayOrder` int(11) NOT NULL,
  `btInterfaceHeight` int(11) NOT NULL,
  `btInterfaceWidth` int(11) NOT NULL,
  `pkgID` int(10) unsigned NOT NULL,
  PRIMARY KEY (`btID`)
) ENGINE=InnoDB AUTO_INCREMENT=82 DEFAULT CHARSET=utf8mb4 COLLATE=utf8mb4_unicode_ci;

--
-- Dumping data for table `BlockTypes`
--

INSERT INTO `BlockTypes` VALUES (0,1,'content','Content','HTML/WYSIWYG Editor Content.',0,0,0,1,1,45,465,600,0),(1,2,'html','HTML','For adding HTML by hand.',0,0,0,0,0,44,500,600,0),(0,3,'image','Image','Adds images and onstates from the library to pages.',0,0,0,0,0,43,550,400,0),(0,4,'file','File','Link to files stored in the asset library.',0,0,0,0,0,42,320,300,0),(1,5,'horizontal_rule','Horizontal Rule','Adds a thin hairline horizontal divider to the page.',0,0,0,0,0,41,400,400,0),(0,6,'feature','Feature','Displays an icon, a title, and a short paragraph description.',0,0,0,0,0,40,520,400,0),(0,7,'autonav','Auto-Nav','Creates navigation trees and sitemaps.',0,0,0,0,0,39,525,700,0),(0,8,'page_title','Page Title','Displays a Page\'s Title',0,0,0,0,0,38,500,470,0),(0,9,'faq','FAQ','Frequently Asked Questions Block',0,0,0,0,0,28,465,600,0),(0,10,'page_list','Page List','List pages based on type, area.',0,0,0,0,0,36,525,700,0),(0,11,'next_previous','Next & Previous Nav','Navigate through sibling pages.',0,0,0,0,0,35,400,430,0),(0,12,'date_navigation','Date Navigation','Displays a list of months to filter a page list by.',0,0,0,0,0,34,450,400,0),(0,13,'tags','Tags','List pages based on type, area.',0,0,0,0,0,33,439,450,0),(0,14,'topic_list','Topic List','Displays a list of your site\'s topics, allowing you to click on them to filter a page list.',0,0,0,0,0,32,400,400,0),(0,15,'rss_displayer','RSS Displayer','Fetch, parse and display the contents of an RSS or Atom feed.',0,0,0,0,0,31,550,400,0),(0,16,'switch_language','Switch Language','Adds a front-end language switcher to your website.',0,0,0,0,0,30,150,500,0),(0,17,'express_form','Form','Build simple forms and surveys.',0,0,0,0,0,29,700,640,0),(0,18,'search','Search','Add a search box to your site.',0,0,0,0,0,37,420,400,0),(0,19,'external_form','External Form','Include external forms in the filesystem and place them on pages.',0,0,0,0,0,46,175,420,0),(0,20,'express_entry_list','Express Entry List','Add a searchable Express entry list to a page.',0,0,0,0,0,47,400,640,0),(0,21,'express_entry_detail','Express Entry Detail','Add an Express entry detail display to a page.',0,0,0,0,0,48,400,640,0),(0,22,'survey','Survey','Provide a simple survey, along with results in a pie chart format.',0,0,0,0,0,49,500,500,0),(0,23,'core_conversation','Conversation','Displays conversations on a page.',1,0,0,0,0,50,400,450,0),(0,24,'social_links','Social Links','Allows users to add social icons to their website',0,0,0,0,0,51,400,400,0),(0,25,'testimonial','Testimonial','Displays a quote or paragraph next to biographical information and a person\'s picture.',0,0,0,0,0,52,560,450,0),(0,26,'share_this_page','Share This Page','Allows users to share this page with social networks.',0,0,0,0,0,53,400,400,0),(0,27,'calendar','Calendar','Displays a month view calendar on a page.',0,0,0,0,0,54,475,500,0),(0,28,'event_list','Event List','Displays a list of events from a calendar.',0,0,0,0,0,55,340,500,0),(0,29,'calendar_event','Calendar Event','Displays a calendar event on a page.',0,0,0,0,0,56,400,550,0),(0,30,'page_attribute_display','Page Attribute Display','Displays the value of a page attribute for the current page.',0,0,0,0,0,57,365,500,0),(1,31,'image_slider','Image Slider','Display your images and captions in an attractive slideshow format.',0,0,0,0,0,58,550,600,0),(0,32,'video','Video Player','Embeds uploaded video into a web page. Supports WebM, Ogg, and Quicktime/MPEG4 formats.',0,0,0,0,0,59,440,450,0),(0,33,'document_library','Document Library','Add a searchable document library to a page.',0,0,0,0,0,60,400,640,0),(0,34,'youtube','YouTube Video','Embeds a YouTube Video in your web page.',0,0,0,0,0,20,490,400,0),(0,35,'google_map','Google Map','Enter an address and a Google Map of that location will be placed in your page.',0,0,0,0,0,14,550,525,0),(0,36,'desktop_app_status','concrete5 Status Messages','Displays alerts about your concrete5 site and package updates.',0,0,0,0,0,13,400,400,0),(0,37,'desktop_site_activity','Site Activity','Displays a graph of recent activity on your site.',0,0,0,0,0,12,560,450,0),(0,38,'desktop_featured_addon','Dashboard Featured Add-On','Features an add-on from concrete5.org.',0,0,0,0,0,11,100,300,0),(0,39,'desktop_featured_theme','Dashboard Featured Theme','Features a theme from concrete5.org.',0,0,0,0,0,10,100,300,0),(0,40,'desktop_latest_form','Latest Form','Shows the latest form submission.',0,0,0,0,0,9,400,400,0),(0,41,'desktop_waiting_for_me','Waiting for Me','Displays workflow actions waiting for you.',0,0,0,0,0,8,560,450,0),(0,42,'desktop_draft_list','Draft List','Displays a list of all drafts.',0,0,0,0,0,2,400,400,0),(0,43,'desktop_newsflow_latest','Dashboard Newsflow Latest','Grabs the latest newsflow data from concrete5.org.',0,0,0,0,0,6,400,400,0),(0,44,'core_area_layout','Area Layout','Proxy block for area layouts.',0,0,1,1,1,0,400,400,0),(0,45,'core_page_type_composer_control_output','Composer Control','Proxy block for blocks that need to be output through composer.',0,0,1,0,0,0,400,400,0),(0,46,'core_scrapbook_display','Scrapbook Display','Proxy block for blocks pasted through the scrapbook.',0,0,1,0,0,0,400,400,0),(0,47,'core_stack_display','Stack Display','Proxy block for stacks added through the UI.',0,0,1,0,0,0,400,400,0),(0,48,'form','Legacy Form','Build simple forms and surveys.',1,0,0,0,0,5,430,420,0),(0,49,'html5_audio_player_basic','HTML5 Audio Player Basic','Basic HTML5/flash audio player built using the jPlayer jQuery plugin',0,0,0,0,0,4,500,600,1),(0,50,'pdf_viewer','PDF Viewer','Block for viewing PDF Files',0,0,0,0,0,3,400,370,3),(0,51,'photowall_gallery','Photowall Gallery','A responsive justified image gallery.',0,0,0,0,0,7,445,600,4),(0,52,'image_wall','Image Wall','A masonry-based responsive image gallery.',0,0,0,0,0,27,445,600,4),(0,53,'wall_gallery','Wall Gallery','A masonry-based responsive image gallery.',0,0,0,0,0,26,445,600,4),(0,54,'daily_message','Daily Message','Display a message for every day of the week.',0,0,0,0,0,25,465,600,5),(0,55,'pure_cookies_notice','Cookies Notice','Cookies Notice allows you to inform users that your site uses cookies.',0,0,0,0,0,24,465,600,7),(0,56,'simple_gallery','Simple Gallery','Create image gallery based on File Set.',0,0,0,0,0,23,650,800,8),(0,57,'ab_spacer','Block Spacer','Add Block Spacer block',0,0,0,0,0,22,400,600,9),(0,59,'ab_nav_menu','Simple Nav Menu','Add Simple Nav Menu block',0,0,0,0,0,21,600,600,12),(0,64,'stucco_anchor_block','Link anchor point','Set an anchor point to jump to specific point on this page.',0,0,0,0,0,19,400,400,14),(0,65,'stucco_description_list_block','Description List','Add a description list.',0,0,0,0,0,18,500,400,14),(0,66,'stucco_heading','Advanced Heading','Displays a heading with style options.',0,0,0,0,0,17,500,400,14),(0,67,'quick_tabs','Quick Tabs','Add Tabs to the Page',0,0,0,0,0,16,365,400,15),(0,68,'ab_show_hide','Content Show/Hide','Add Content Show/Hide block',0,0,0,0,0,15,400,600,16),(0,69,'ab_show_hide_link','Show/Hide Link','Add Show/Hide Link block',0,0,0,0,0,1,400,600,17),(0,70,'simple_button_fruitful','Simple Button','Add a Button',0,0,0,0,0,0,350,370,18),(1,71,'hero_featurette_fruitful','Hero Featurette','Display a Large Featurette',0,0,0,0,0,0,465,600,18),(0,72,'intro_cta_fruitful','Intro CTA','Add a CTA',0,0,0,0,0,0,350,370,18),(1,73,'full_width_content_fruitful','Featured Content','',0,0,0,0,0,0,350,370,18),(0,74,'navigator','Navigator','Add Navigation to Internal/External Links',0,0,0,0,0,0,465,650,19),(0,75,'responsive_embed','Responsively embed','Embeds a external content (iframe) responsively in your web page.',0,0,0,0,0,0,350,400,20),(1,76,'background_image_overlay','Background Image and Overlay','Add a full screen background image and overlay on your pages.',0,0,0,0,0,0,650,485,21),(0,77,'d3_random_image','Random Image','Display a random image from a file set',0,0,0,0,0,0,300,400,22),(0,78,'simple_audio_player','Simple Audio Player','Allow users to play audio files you select from the file manager.',0,0,0,0,0,0,450,640,23),(0,79,'whale_manual_nav','Nestable Manual Nav','Whale Manual Nav',0,0,0,0,0,0,600,700,24),(0,80,'jero_cycle','Cycle2 Slide Show','Yet another image slide show, this one uses the amazing responsive cycle2 plugin',0,0,0,0,0,0,600,600,30),(0,81,'easy_image_slider','Easy Images Slider','A OWL Carousel made easy for concrete5',0,0,0,1,1,0,465,600,29);

--
-- Table structure for table `Blocks`
--

CREATE TABLE `Blocks` (
  `bID` int(10) unsigned NOT NULL AUTO_INCREMENT,
  `bName` varchar(60) COLLATE utf8mb4_unicode_ci DEFAULT NULL,
  `bDateAdded` datetime NOT NULL DEFAULT '1000-01-01 00:00:00',
  `bDateModified` datetime NOT NULL DEFAULT '1000-01-01 00:00:00',
  `bFilename` varchar(255) COLLATE utf8mb4_unicode_ci DEFAULT NULL,
  `bIsActive` varchar(1) COLLATE utf8mb4_unicode_ci NOT NULL DEFAULT '1',
  `btID` int(10) unsigned NOT NULL DEFAULT '0',
  `uID` int(10) unsigned DEFAULT NULL,
  `btCachedBlockRecord` longtext COLLATE utf8mb4_unicode_ci,
  PRIMARY KEY (`bID`),
  KEY `btID` (`btID`),
  KEY `uID` (`uID`)
) ENGINE=InnoDB AUTO_INCREMENT=1272 DEFAULT CHARSET=utf8mb4 COLLATE=utf8mb4_unicode_ci;

--
-- Dumping data for table `Blocks`
--

INSERT INTO `Blocks` VALUES (1,'','2020-07-08 14:45:28','2020-07-08 14:45:28',NULL,'0',36,1,NULL),(2,'','2020-07-08 14:45:28','2020-07-08 14:45:28',NULL,'0',44,1,NULL),(3,'','2020-07-08 14:45:28','2020-07-08 14:45:28',NULL,'0',40,1,NULL),(4,'','2020-07-08 14:45:28','2020-07-08 14:45:28',NULL,'0',38,1,NULL),(5,'','2020-07-08 14:45:28','2020-07-08 14:45:28',NULL,'0',37,1,NULL),(6,'','2020-07-08 14:45:28','2020-07-08 14:45:28',NULL,'0',44,1,NULL),(7,'','2020-07-08 14:45:28','2020-07-08 14:45:28',NULL,'0',15,1,NULL),(8,'','2020-07-08 14:45:28','2020-07-08 14:45:28',NULL,'0',39,1,NULL),(9,'','2020-07-08 14:45:28','2020-07-08 14:45:28',NULL,'0',44,1,NULL),(10,'','2020-07-08 14:45:28','2020-07-08 14:45:28',NULL,'0',43,1,NULL),(11,'','2020-07-08 14:45:28','2020-07-08 14:45:28',NULL,'0',43,1,NULL),(12,'','2020-07-08 14:45:28','2020-07-08 14:45:28',NULL,'0',43,1,NULL),(13,'','2020-07-08 14:45:28','2020-07-08 14:45:28',NULL,'0',15,1,NULL),(14,'','2020-07-08 14:45:28','2020-07-08 14:45:28',NULL,'0',44,1,NULL),(15,'','2020-07-08 14:45:28','2020-07-08 14:45:28',NULL,'0',41,1,NULL),(16,'','2020-07-08 14:45:28','2020-07-08 14:45:28',NULL,'0',44,1,NULL),(17,'','2020-07-08 14:45:29','2020-07-08 14:45:29',NULL,'0',42,1,NULL),(18,'','2020-07-08 14:45:30','2020-07-08 14:45:30',NULL,'0',44,1,NULL),(19,'','2020-07-08 14:45:30','2020-07-08 14:45:30',NULL,'0',41,1,NULL),(20,'','2020-07-08 14:45:30','2020-07-08 14:45:30',NULL,'0',44,1,NULL),(21,'','2020-07-08 14:45:30','2020-07-08 14:45:30',NULL,'0',42,1,NULL),(22,'','2020-07-08 14:45:39','2020-07-08 14:45:39','byline.php','0',8,1,NULL),(23,'','2020-07-08 14:45:39','2020-07-08 14:45:39',NULL,'0',45,1,NULL),(24,'','2020-07-08 14:45:39','2020-07-08 14:45:39',NULL,'0',11,1,NULL),(25,'','2020-07-08 14:45:39','2020-07-08 14:45:39',NULL,'0',26,1,NULL),(26,'','2020-07-08 14:45:39','2020-07-08 14:45:39',NULL,'0',14,1,NULL),(27,'','2020-07-08 14:45:39','2020-07-08 14:45:39',NULL,'0',10,1,NULL),(28,'','2020-07-08 14:45:39','2020-07-08 14:45:39',NULL,'0',5,1,NULL),(29,'','2020-07-08 14:45:39','2020-07-08 14:45:39',NULL,'0',23,1,NULL),(30,'','2020-07-08 14:45:39','2020-07-08 14:45:39',NULL,'0',8,1,NULL),(31,'','2020-07-08 14:45:39','2020-07-08 14:45:39',NULL,'0',10,1,NULL),(32,'','2020-07-08 14:45:40','2020-07-08 14:45:40',NULL,'0',1,1,NULL),(33,'','2020-07-08 14:45:40','2020-07-08 14:45:40',NULL,'0',1,1,NULL),(34,'','2020-07-08 14:45:40','2020-07-08 14:45:40',NULL,'0',30,1,NULL),(35,'','2020-07-08 14:45:40','2020-07-08 14:45:40',NULL,'0',1,1,NULL),(36,'','2020-07-08 14:45:40','2020-07-08 14:45:40',NULL,'0',30,1,NULL),(37,'','2020-07-08 14:45:40','2020-07-08 14:45:40',NULL,'0',1,1,NULL),(38,'','2020-07-08 14:45:40','2020-07-08 14:45:40',NULL,'0',45,1,NULL),(39,'','2020-07-08 14:45:40','2020-07-08 14:45:40',NULL,'0',1,1,NULL),(40,'','2020-07-08 14:45:40','2020-07-08 14:45:40',NULL,'0',8,1,NULL),(41,'','2020-07-08 14:45:40','2020-07-08 14:45:40',NULL,'0',45,1,NULL),(42,'','2020-07-08 14:45:40','2020-07-08 14:45:40',NULL,'0',30,1,NULL),(43,'','2020-07-08 14:45:40','2020-07-08 14:45:40',NULL,'0',30,1,NULL),(44,'','2020-07-08 14:45:40','2020-07-08 14:45:40',NULL,'0',30,1,NULL),(45,'','2020-07-08 14:45:40','2020-07-08 14:45:40',NULL,'0',45,1,NULL),(46,'','2020-07-08 14:45:40','2020-07-08 14:45:40',NULL,'0',5,1,NULL),(47,'','2020-07-08 14:45:40','2020-07-08 14:45:40','thumbnail_grid','0',10,1,NULL),(48,'','2020-07-08 14:45:40','2020-07-08 14:45:40','archive.php','0',8,1,NULL),(49,'','2020-07-08 14:45:40','2020-07-08 14:45:40',NULL,'0',44,1,NULL),(50,'','2020-07-08 14:45:40','2020-07-08 14:45:40',NULL,'0',10,1,NULL),(51,'','2020-07-08 14:45:40','2020-07-08 14:45:40',NULL,'0',14,1,NULL),(52,'','2020-07-08 14:45:41','2020-07-08 14:45:41',NULL,'0',12,1,NULL),(53,'','2020-07-08 14:45:41','2020-07-08 14:45:41',NULL,'0',8,1,NULL),(54,'','2020-07-08 14:45:41','2020-07-08 14:45:41','flat_filter.php','0',14,1,NULL),(55,'','2020-07-08 14:45:41','2020-07-08 14:45:41','thumbnail_grid','0',10,1,NULL),(56,'','2020-07-08 14:45:41','2020-07-08 14:45:41',NULL,'0',1,1,NULL),(57,'','2020-07-08 14:45:41','2020-07-08 14:45:41',NULL,'0',1,1,NULL),(58,'','2020-07-08 14:45:41','2020-07-08 14:45:41',NULL,'0',1,1,NULL),(59,'','2020-07-08 14:45:41','2020-07-08 14:45:41',NULL,'0',1,1,NULL),(60,'','2020-07-08 14:45:41','2020-07-08 14:45:41',NULL,'0',24,1,NULL),(61,'','2020-07-08 14:45:41','2020-07-08 14:45:41','responsive_header_navigation','0',7,1,NULL),(62,'','2020-07-08 14:45:41','2020-07-08 14:45:41',NULL,'0',18,1,NULL),(63,'','2020-07-08 14:45:41','2020-07-08 14:45:41',NULL,'0',1,1,NULL),(64,'','2020-07-08 14:45:41','2020-07-08 14:45:41',NULL,'0',31,1,NULL),(65,'','2020-07-08 14:45:41','2020-07-08 14:45:41',NULL,'0',44,1,NULL),(66,'','2020-07-08 14:45:41','2020-07-08 14:45:41',NULL,'0',6,1,NULL),(67,'','2020-07-08 14:45:41','2020-07-08 14:45:41',NULL,'0',6,1,NULL),(68,'','2020-07-08 14:45:42','2020-07-08 14:45:42',NULL,'0',6,1,NULL),(69,'','2020-07-08 14:45:42','2020-07-08 14:45:42',NULL,'0',5,1,NULL),(70,'','2020-07-08 14:45:42','2020-07-08 14:45:42',NULL,'0',1,1,NULL),(71,'','2020-07-08 14:45:42','2020-07-08 14:45:42','thumbnail_grid','0',10,1,NULL),(72,'','2020-07-08 14:45:42','2020-07-08 14:45:42',NULL,'0',5,1,NULL),(73,'','2020-07-08 14:45:42','2020-07-08 14:45:42',NULL,'0',44,1,NULL),(74,'','2020-07-08 14:45:42','2020-07-08 14:45:42',NULL,'0',1,1,NULL),(75,'','2020-07-08 14:45:42','2020-07-08 14:45:42',NULL,'0',1,1,NULL),(76,'','2020-07-08 14:45:42','2020-07-08 14:45:42',NULL,'0',44,1,NULL),(77,'','2020-07-08 14:45:42','2020-07-08 14:45:42',NULL,'0',10,1,NULL),(78,'','2020-07-08 14:45:42','2020-07-08 14:45:42',NULL,'0',10,1,NULL),(79,'','2020-07-08 14:45:42','2020-07-08 14:45:42',NULL,'0',1,1,NULL),(80,'','2020-07-08 14:45:42','2020-07-08 14:45:42',NULL,'0',1,1,NULL),(81,'','2020-07-08 14:45:42','2020-07-08 14:45:42',NULL,'0',8,1,NULL),(82,'','2020-07-08 14:45:42','2020-07-08 14:45:42',NULL,'0',44,1,NULL),(83,'','2020-07-08 14:45:43','2020-07-08 14:45:43','hover_description','0',6,1,NULL),(84,'','2020-07-08 14:45:43','2020-07-08 14:45:43','hover_description','0',6,1,NULL),(85,'','2020-07-08 14:45:43','2020-07-08 14:45:43','hover_description','0',6,1,NULL),(86,'','2020-07-08 14:45:43','2020-07-08 14:45:43','hover_description','0',6,1,NULL),(87,'','2020-07-08 14:45:43','2020-07-08 14:45:43',NULL,'0',5,1,NULL),(88,'','2020-07-08 14:45:43','2020-07-08 14:45:43',NULL,'0',44,1,NULL),(89,'','2020-07-08 14:45:43','2020-07-08 14:45:43',NULL,'0',1,1,NULL),(90,'','2020-07-08 14:45:43','2020-07-08 14:45:43',NULL,'0',1,1,NULL),(91,'','2020-07-08 14:45:43','2020-07-08 14:45:43',NULL,'0',1,1,NULL),(92,'','2020-07-08 14:45:43','2020-07-08 14:45:43',NULL,'0',44,1,NULL),(93,'','2020-07-08 14:45:43','2020-07-08 14:45:43',NULL,'0',25,1,NULL),(94,'','2020-07-08 14:45:43','2020-07-08 14:45:43',NULL,'0',25,1,NULL),(95,'','2020-07-08 14:45:43','2020-07-08 14:45:43',NULL,'0',25,1,NULL),(96,'','2020-07-08 14:45:43','2020-07-08 14:45:43',NULL,'0',25,1,NULL),(97,'','2020-07-08 14:45:44','2020-07-08 14:45:44',NULL,'0',31,1,NULL),(98,'','2020-07-08 14:45:44','2020-07-08 14:45:44',NULL,'0',1,1,NULL),(99,'','2020-07-08 14:45:44','2020-07-08 14:45:44',NULL,'0',31,1,NULL),(100,'','2020-07-08 14:45:44','2020-07-08 14:45:44',NULL,'0',1,1,NULL),(101,'','2020-07-08 14:45:45','2020-07-08 14:45:45',NULL,'0',31,1,NULL),(102,'','2020-07-08 14:45:45','2020-07-08 14:45:45',NULL,'0',1,1,NULL),(103,'','2020-07-08 14:45:45','2020-07-08 14:45:45',NULL,'0',31,1,NULL),(104,'','2020-07-08 14:45:45','2020-07-08 14:45:45',NULL,'0',1,1,NULL),(105,'','2020-07-08 14:45:45','2020-07-08 14:45:45',NULL,'0',31,1,NULL),(106,'','2020-07-08 14:45:46','2020-07-08 14:45:46',NULL,'0',1,1,NULL),(107,'','2020-07-08 14:45:46','2020-07-08 14:45:46',NULL,'0',31,1,NULL),(108,'','2020-07-08 14:45:46','2020-07-08 14:45:46',NULL,'0',1,1,NULL),(109,'','2020-07-08 14:45:46','2020-07-08 14:45:46',NULL,'0',8,1,NULL),(110,'','2020-07-08 14:45:46','2020-07-08 14:45:46',NULL,'0',44,1,NULL),(111,'','2020-07-08 14:45:46','2020-07-08 14:45:46',NULL,'0',25,1,NULL),(112,'','2020-07-08 14:45:47','2020-07-08 14:45:47',NULL,'0',25,1,NULL),(113,'','2020-07-08 14:45:47','2020-07-08 14:45:47',NULL,'0',5,1,NULL),(114,'','2020-07-08 14:45:47','2020-07-08 14:45:47',NULL,'0',44,1,NULL),(115,'','2020-07-08 14:45:47','2020-07-08 14:45:47',NULL,'0',25,1,NULL),(116,'','2020-07-08 14:45:47','2020-07-08 14:45:47',NULL,'0',25,1,NULL),(117,'','2020-07-08 14:45:47','2020-07-08 14:45:47',NULL,'0',25,1,NULL),(118,'','2020-07-08 14:45:47','2020-07-08 14:45:47',NULL,'0',25,1,NULL),(119,'','2020-07-08 14:45:47','2020-07-08 14:45:47',NULL,'0',25,1,NULL),(120,'','2020-07-08 14:45:47','2020-07-08 14:45:47',NULL,'0',25,1,NULL),(121,'','2020-07-08 14:45:47','2020-07-08 14:45:47',NULL,'0',5,1,NULL),(122,'','2020-07-08 14:45:47','2020-07-08 14:45:47',NULL,'0',44,1,NULL),(123,'','2020-07-08 14:45:47','2020-07-08 14:45:47',NULL,'0',3,1,NULL),(124,'','2020-07-08 14:45:47','2020-07-08 14:45:47',NULL,'0',1,1,NULL),(125,'','2020-07-08 14:45:48','2020-07-08 14:45:48',NULL,'0',23,1,NULL),(126,'','2020-07-08 14:45:48','2020-07-08 14:45:48',NULL,'0',1,1,NULL),(127,'','2020-07-08 14:45:48','2020-07-08 14:45:48',NULL,'0',23,1,NULL),(128,'','2020-07-08 14:45:48','2020-07-08 14:45:48',NULL,'0',1,1,NULL),(129,'','2020-07-08 14:45:49','2020-07-08 14:45:49',NULL,'0',23,1,NULL),(130,'','2020-07-08 14:45:49','2020-07-08 14:45:49',NULL,'0',1,1,NULL),(131,'','2020-07-08 14:45:49','2020-07-08 14:45:49',NULL,'0',18,1,NULL),(132,'','2020-07-08 14:45:49','2020-07-08 14:45:49',NULL,'0',8,1,NULL),(133,'','2020-07-08 14:45:49','2020-07-08 14:45:49',NULL,'0',44,1,NULL),(134,'','2020-07-08 14:45:49','2020-07-08 14:45:49',NULL,'0',35,1,NULL),(135,'','2020-07-08 14:45:49','2020-07-08 14:45:49',NULL,'0',1,1,NULL),(136,'','2020-07-08 14:45:49','2020-07-08 14:45:49',NULL,'0',5,1,NULL),(137,'','2020-07-08 14:45:49','2020-07-08 14:45:49',NULL,'0',44,1,NULL),(138,'','2020-07-08 14:45:50','2020-07-08 14:45:50',NULL,'0',3,1,NULL),(139,'','2020-07-08 14:45:50','2020-07-08 14:45:50',NULL,'0',1,1,NULL),(140,'','2020-07-08 14:45:50','2020-07-08 14:45:50',NULL,'0',1,1,NULL),(141,'','2020-07-08 14:45:50','2020-07-08 14:45:50',NULL,'0',17,1,NULL),(142,'','2020-07-08 14:45:50','2020-07-08 14:45:50',NULL,'0',1,1,NULL),(143,'','2020-07-08 14:45:50','2020-07-08 14:45:50',NULL,'0',8,1,NULL),(144,'','2020-07-08 14:45:50','2020-07-08 14:45:50',NULL,'0',44,1,NULL),(145,'','2020-07-08 14:45:50','2020-07-08 14:45:50',NULL,'0',3,1,NULL),(146,'','2020-07-08 14:45:50','2020-07-08 14:45:50',NULL,'0',1,1,NULL),(147,'','2020-07-08 14:45:50','2020-07-08 14:45:50',NULL,'0',1,1,NULL),(148,'','2020-07-08 14:45:50','2020-07-08 14:45:50',NULL,'0',5,1,NULL),(149,'','2020-07-08 14:45:50','2020-07-08 14:45:50',NULL,'0',44,1,NULL),(150,'','2020-07-08 14:45:51','2020-07-08 14:45:51',NULL,'0',1,1,NULL),(151,'','2020-07-08 14:45:51','2020-07-08 14:45:51',NULL,'0',1,1,NULL),(152,'','2020-07-08 14:45:51','2020-07-08 14:45:51',NULL,'0',3,1,NULL),(153,'','2020-07-08 14:45:51','2020-07-08 14:45:51',NULL,'0',1,1,NULL),(154,'','2020-07-08 14:45:51','2020-07-08 14:45:51',NULL,'0',5,1,NULL),(155,'','2020-07-08 14:45:51','2020-07-08 14:45:51',NULL,'0',44,1,NULL),(156,'','2020-07-08 14:45:51','2020-07-08 14:45:51',NULL,'0',3,1,NULL),(157,'','2020-07-08 14:45:51','2020-07-08 14:45:51',NULL,'0',1,1,NULL),(158,'','2020-07-08 14:45:51','2020-07-08 14:45:51',NULL,'0',8,1,NULL),(159,'','2020-07-08 14:45:51','2020-07-08 14:45:51',NULL,'0',3,1,NULL),(160,'','2020-07-08 14:45:51','2020-07-08 14:45:51',NULL,'0',2,1,NULL),(161,'','2020-07-08 14:45:51','2020-07-08 14:45:51',NULL,'0',44,1,NULL),(162,'','2020-07-08 14:45:51','2020-07-08 14:45:51',NULL,'0',6,1,NULL),(163,'','2020-07-08 14:45:51','2020-07-08 14:45:51',NULL,'0',6,1,NULL),(164,'','2020-07-08 14:45:51','2020-07-08 14:45:51',NULL,'0',6,1,NULL),(165,'','2020-07-08 14:45:51','2020-07-08 14:45:51',NULL,'0',6,1,NULL),(166,'','2020-07-08 14:45:52','2020-07-08 14:45:52',NULL,'0',6,1,NULL),(167,'','2020-07-08 14:45:52','2020-07-08 14:45:52',NULL,'0',6,1,NULL),(168,'','2020-07-08 14:45:52','2020-07-08 14:45:52',NULL,'0',5,1,NULL),(169,'','2020-07-08 14:45:52','2020-07-08 14:45:52',NULL,'0',44,1,NULL),(170,'','2020-07-08 14:45:52','2020-07-08 14:45:52',NULL,'0',1,1,NULL),(171,'','2020-07-08 14:45:52','2020-07-08 14:45:52',NULL,'0',10,1,NULL),(172,'','2020-07-08 14:45:52','2020-07-08 14:45:52',NULL,'0',1,1,NULL),(173,'','2020-07-08 14:45:52','2020-07-08 14:45:52',NULL,'0',1,1,NULL),(174,'','2020-07-08 14:45:53','2020-07-08 14:45:53',NULL,'0',8,1,NULL),(175,'','2020-07-08 14:45:53','2020-07-08 14:45:53',NULL,'0',9,1,NULL),(176,'','2020-07-20 21:31:40','2020-07-20 21:31:40',NULL,'1',23,1,NULL),(178,'','2020-07-20 21:31:40','2020-07-20 21:31:40',NULL,'0',1,1,NULL),(184,'','2020-07-20 22:20:23','2020-07-20 22:20:23',NULL,'1',23,1,NULL),(186,'','2020-07-20 22:20:23','2020-07-20 22:20:23',NULL,'0',1,1,NULL),(187,'','2020-07-20 22:23:11','2020-07-20 22:23:11',NULL,'1',1,1,NULL),(188,'','2020-07-20 22:25:21','2020-07-20 22:25:21',NULL,'0',32,1,NULL),(189,'','2020-07-20 22:30:33','2020-07-20 22:30:33',NULL,'0',1,1,NULL),(190,'','2020-07-20 22:32:56','2020-08-23 13:41:55',NULL,'0',8,1,'TzozMjoiQ29uY3JldGVcQ29yZVxMZWdhY3lcQmxvY2tSZWNvcmQiOjEzOntzOjM6ImJJRCI7czozOiIxOTAiO3M6OToiACoAX3RhYmxlIjtzOjExOiJidFBhZ2VUaXRsZSI7czoxNDoidXNlQ3VzdG9tVGl0bGUiO3M6MToiMCI7czoxNDoidXNlRmlsdGVyVGl0bGUiO3M6MToiMCI7czoxNDoidXNlRmlsdGVyVG9waWMiO3M6MToiMCI7czoxMjoidXNlRmlsdGVyVGFnIjtzOjE6IjAiO3M6MTM6InVzZUZpbHRlckRhdGUiO3M6MToiMCI7czoxNToidG9waWNUZXh0Rm9ybWF0IjtzOjE6IjAiO3M6MTM6InRhZ1RleHRGb3JtYXQiO3M6OToidXBwZXJXb3JkIjtzOjE0OiJkYXRlVGV4dEZvcm1hdCI7czoxOiIwIjtzOjE2OiJmaWx0ZXJEYXRlRm9ybWF0IjtzOjM6IkYgWSI7czo5OiJ0aXRsZVRleHQiO3M6Mzc6IlvQl9Cw0LPQvtC70L7QstC+0Log0YHRgtGA0LDQvdC40YbRi10iO3M6MTA6ImZvcm1hdHRpbmciO3M6MjoiaDEiO30='),(191,'','2020-07-20 22:33:36','2020-07-20 22:33:36',NULL,'0',11,1,NULL),(192,'','2020-07-20 22:35:07','2020-07-20 22:35:07',NULL,'0',7,1,NULL),(193,'','2020-07-20 22:37:18','2020-07-20 22:37:18',NULL,'0',1,1,NULL),(194,'','2020-07-20 22:40:21','2020-07-20 22:40:21',NULL,'0',10,1,NULL),(195,'','2020-07-20 22:40:43','2020-07-20 22:40:43',NULL,'0',8,1,NULL),(196,'','2020-07-21 18:09:06','2020-07-21 18:09:16',NULL,'1',10,1,NULL),(197,'','2020-07-21 18:17:05','2020-07-21 18:17:05','masonry_macy','1',10,1,NULL),(198,'','2020-08-21 18:30:53','2020-08-21 18:30:53',NULL,'0',44,1,NULL),(200,'','2020-08-22 00:52:46','2020-08-22 00:52:46',NULL,'1',1,1,NULL),(202,'','2020-08-22 00:56:13','2020-08-22 00:56:21',NULL,'0',67,1,NULL),(203,'','2020-08-22 00:56:35','2020-08-22 00:57:49',NULL,'0',67,1,NULL),(204,'','2020-08-22 00:57:14','2020-08-22 00:57:14',NULL,'0',67,1,NULL),(205,'','2020-08-22 00:57:36','2020-08-22 00:57:36',NULL,'0',67,1,NULL),(206,'','2020-08-22 01:02:16','2020-08-22 01:02:16',NULL,'0',1,1,NULL),(212,'','2020-08-22 01:09:27','2020-08-22 01:09:27',NULL,'0',1,1,NULL),(213,'','2020-08-22 01:09:46','2020-08-22 01:09:46',NULL,'0',67,1,NULL),(214,'','2020-08-22 01:10:10','2020-08-22 01:10:10',NULL,'0',67,1,NULL),(215,'','2020-08-22 01:10:22','2020-08-22 01:10:22',NULL,'0',1,1,NULL),(216,'','2020-08-22 01:10:35','2020-08-22 01:10:35',NULL,'0',67,1,NULL),(226,'','2020-08-23 13:03:23','2020-08-23 13:03:23',NULL,'0',69,1,NULL),(227,'','2020-08-23 13:04:28','2020-08-23 13:04:28',NULL,'0',69,1,NULL),(228,'','2020-08-23 13:21:17','2020-08-23 13:21:17',NULL,'0',69,1,NULL),(229,'','2020-08-23 13:21:28','2020-08-23 13:21:28',NULL,'1',69,1,NULL),(230,'','2020-08-23 13:21:38','2020-08-23 13:21:38',NULL,'1',69,1,NULL),(231,'','2020-08-23 13:22:49','2020-08-23 13:22:49',NULL,'1',69,1,NULL),(232,'','2020-08-23 13:23:45','2020-08-23 13:23:45',NULL,'0',69,1,NULL),(233,'','2020-08-23 13:42:19','2020-08-23 13:42:19',NULL,'0',8,1,NULL),(234,'','2020-08-23 13:47:27','2020-08-23 13:47:27',NULL,'1',1,1,NULL),(235,'','2020-08-23 13:55:06','2020-08-23 13:55:06',NULL,'0',8,1,'TzozMjoiQ29uY3JldGVcQ29yZVxMZWdhY3lcQmxvY2tSZWNvcmQiOjEzOntzOjM6ImJJRCI7czozOiIyMzUiO3M6OToiACoAX3RhYmxlIjtzOjExOiJidFBhZ2VUaXRsZSI7czoxNDoidXNlQ3VzdG9tVGl0bGUiO3M6MToiMCI7czoxNDoidXNlRmlsdGVyVGl0bGUiO3M6MToiMCI7czoxNDoidXNlRmlsdGVyVG9waWMiO3M6MToiMCI7czoxMjoidXNlRmlsdGVyVGFnIjtzOjE6IjAiO3M6MTM6InVzZUZpbHRlckRhdGUiO3M6MToiMCI7czoxNToidG9waWNUZXh0Rm9ybWF0IjtzOjE6IjAiO3M6MTM6InRhZ1RleHRGb3JtYXQiO3M6OToidXBwZXJXb3JkIjtzOjE0OiJkYXRlVGV4dEZvcm1hdCI7czoxOiIwIjtzOjE2OiJmaWx0ZXJEYXRlRm9ybWF0IjtzOjM6IkYgWSI7czo5OiJ0aXRsZVRleHQiO3M6MTg6ItCY0L3QvdC+0L/QvtC70LjRgSI7czoxMDoiZm9ybWF0dGluZyI7czoyOiJoMSI7fQ=='),(236,'','2020-08-23 13:59:19','2020-08-23 13:59:19',NULL,'0',3,1,NULL),(237,'','2020-08-23 14:29:36','2020-08-23 14:29:36','responsive_header_navigation','1',7,1,'TzozMjoiQ29uY3JldGVcQ29yZVxMZWdhY3lcQmxvY2tSZWNvcmQiOjEwOntzOjM6ImJJRCI7czozOiIyMzciO3M6OToiACoAX3RhYmxlIjtzOjEyOiJidE5hdmlnYXRpb24iO3M6Nzoib3JkZXJCeSI7czoxMToiZGlzcGxheV9hc2MiO3M6MTI6ImRpc3BsYXlQYWdlcyI7czozOiJ0b3AiO3M6MTU6ImRpc3BsYXlQYWdlc0NJRCI7czoxOiIwIjtzOjIzOiJkaXNwbGF5UGFnZXNJbmNsdWRlU2VsZiI7czoxOiIwIjtzOjE1OiJkaXNwbGF5U3ViUGFnZXMiO3M6NDoibm9uZSI7czoyMDoiZGlzcGxheVN1YlBhZ2VMZXZlbHMiO3M6NjoiY3VzdG9tIjtzOjIzOiJkaXNwbGF5U3ViUGFnZUxldmVsc051bSI7czoxOiIxIjtzOjIzOiJkaXNwbGF5VW5hdmFpbGFibGVQYWdlcyI7czoxOiIwIjt9'),(240,'','2020-08-23 14:55:33','2020-08-23 16:47:13','','0',3,1,NULL),(241,'','2020-08-23 14:56:26','2020-08-23 14:56:26',NULL,'0',69,1,NULL),(242,'','2020-08-23 14:57:03','2020-08-23 14:57:03',NULL,'0',69,1,NULL),(243,'','2020-08-23 14:57:19','2020-08-23 14:57:19',NULL,'0',69,1,NULL),(244,'','2020-08-23 14:57:36','2020-08-23 14:57:36',NULL,'0',69,1,NULL),(245,'','2020-08-23 15:08:10','2020-08-31 02:01:48','stucco_next_previous','0',11,1,'TzozMjoiQ29uY3JldGVcQ29yZVxMZWdhY3lcQmxvY2tSZWNvcmQiOjc6e3M6MzoiYklEIjtzOjM6IjI0NSI7czo5OiIAKgBfdGFibGUiO3M6MTQ6ImJ0TmV4dFByZXZpb3VzIjtzOjk6Im5leHRMYWJlbCI7czoxODoi0KHQu9C10LTRg9GO0YnQuNC5IjtzOjEzOiJwcmV2aW91c0xhYmVsIjtzOjIwOiLQn9GA0LXQtNGL0LTRg9GJ0LjQuSI7czoxMToicGFyZW50TGFiZWwiO3M6MDoiIjtzOjEyOiJsb29wU2VxdWVuY2UiO3M6MToiMSI7czo3OiJvcmRlckJ5IjtzOjExOiJkaXNwbGF5X2FzYyI7fQ=='),(246,'','2020-08-23 15:16:03','2020-08-23 15:16:03',NULL,'0',11,1,NULL),(247,'','2020-08-23 15:30:32','2020-08-23 15:30:32','stucco_next_previous','1',11,1,NULL),(248,'','2020-08-23 15:32:38','2020-08-23 15:32:38','breadcrumb.php','1',7,1,'TzozMjoiQ29uY3JldGVcQ29yZVxMZWdhY3lcQmxvY2tSZWNvcmQiOjEwOntzOjM6ImJJRCI7czozOiIyNDgiO3M6OToiACoAX3RhYmxlIjtzOjEyOiJidE5hdmlnYXRpb24iO3M6Nzoib3JkZXJCeSI7czoxMToiZGlzcGxheV9hc2MiO3M6MTI6ImRpc3BsYXlQYWdlcyI7czozOiJ0b3AiO3M6MTU6ImRpc3BsYXlQYWdlc0NJRCI7czoxOiIwIjtzOjIzOiJkaXNwbGF5UGFnZXNJbmNsdWRlU2VsZiI7czoxOiIwIjtzOjE1OiJkaXNwbGF5U3ViUGFnZXMiO3M6MTk6InJlbGV2YW50X2JyZWFkY3J1bWIiO3M6MjA6ImRpc3BsYXlTdWJQYWdlTGV2ZWxzIjtzOjY6ImVub3VnaCI7czoyMzoiZGlzcGxheVN1YlBhZ2VMZXZlbHNOdW0iO3M6MToiMCI7czoyMzoiZGlzcGxheVVuYXZhaWxhYmxlUGFnZXMiO3M6MToiMCI7fQ=='),(249,'','2020-08-23 15:33:35','2020-08-23 15:33:35','breadcrumb.php','1',7,1,NULL),(250,'','2020-08-23 15:34:22','2020-08-23 15:34:22','stucco_next_previous','1',11,1,'TzozMjoiQ29uY3JldGVcQ29yZVxMZWdhY3lcQmxvY2tSZWNvcmQiOjc6e3M6MzoiYklEIjtzOjM6IjI1MCI7czo5OiIAKgBfdGFibGUiO3M6MTQ6ImJ0TmV4dFByZXZpb3VzIjtzOjk6Im5leHRMYWJlbCI7czoxODoi0KHQu9C10LTRg9GO0YnQuNC5IjtzOjEzOiJwcmV2aW91c0xhYmVsIjtzOjIwOiLQn9GA0LXQtNGL0LTRg9GJ0LjQuSI7czoxMToicGFyZW50TGFiZWwiO3M6MDoiIjtzOjEyOiJsb29wU2VxdWVuY2UiO3M6MToiMSI7czo3OiJvcmRlckJ5IjtzOjExOiJkaXNwbGF5X2FzYyI7fQ=='),(251,'','2020-08-23 15:35:07','2020-08-23 15:35:07','stucco_bread_crumbs','1',7,1,NULL),(252,'','2020-08-23 15:35:49','2020-08-23 15:36:45','breadcrumb.php','1',7,1,'TzozMjoiQ29uY3JldGVcQ29yZVxMZWdhY3lcQmxvY2tSZWNvcmQiOjEwOntzOjM6ImJJRCI7czozOiIyNTIiO3M6OToiACoAX3RhYmxlIjtzOjEyOiJidE5hdmlnYXRpb24iO3M6Nzoib3JkZXJCeSI7czoxMToiZGlzcGxheV9hc2MiO3M6MTI6ImRpc3BsYXlQYWdlcyI7czozOiJ0b3AiO3M6MTU6ImRpc3BsYXlQYWdlc0NJRCI7czoxOiIwIjtzOjIzOiJkaXNwbGF5UGFnZXNJbmNsdWRlU2VsZiI7czoxOiIwIjtzOjE1OiJkaXNwbGF5U3ViUGFnZXMiO3M6MTk6InJlbGV2YW50X2JyZWFkY3J1bWIiO3M6MjA6ImRpc3BsYXlTdWJQYWdlTGV2ZWxzIjtzOjY6ImVub3VnaCI7czoyMzoiZGlzcGxheVN1YlBhZ2VMZXZlbHNOdW0iO3M6MToiMCI7czoyMzoiZGlzcGxheVVuYXZhaWxhYmxlUGFnZXMiO3M6MToiMCI7fQ=='),(253,'','2020-08-23 16:03:39','2020-08-23 16:03:39','stucco_next_previous','1',11,1,'TzozMjoiQ29uY3JldGVcQ29yZVxMZWdhY3lcQmxvY2tSZWNvcmQiOjc6e3M6MzoiYklEIjtzOjM6IjI1MyI7czo5OiIAKgBfdGFibGUiO3M6MTQ6ImJ0TmV4dFByZXZpb3VzIjtzOjk6Im5leHRMYWJlbCI7czoxODoi0KHQu9C10LTRg9GO0YnQuNC5IjtzOjEzOiJwcmV2aW91c0xhYmVsIjtzOjIwOiLQn9GA0LXQtNGL0LTRg9GJ0LjQuSI7czoxMToicGFyZW50TGFiZWwiO3M6MDoiIjtzOjEyOiJsb29wU2VxdWVuY2UiO3M6MToiMSI7czo3OiJvcmRlckJ5IjtzOjExOiJkaXNwbGF5X2FzYyI7fQ=='),(254,'','2020-08-23 16:26:46','2020-08-23 16:26:46',NULL,'0',5,1,NULL),(256,'','2020-08-23 16:47:40','2020-08-23 16:47:40','','1',3,1,'TzozMjoiQ29uY3JldGVcQ29yZVxMZWdhY3lcQmxvY2tSZWNvcmQiOjEzOntzOjM6ImJJRCI7czozOiIyNTYiO3M6OToiACoAX3RhYmxlIjtzOjE0OiJidENvbnRlbnRJbWFnZSI7czozOiJmSUQiO3M6MjoiMjIiO3M6MTA6ImZPbnN0YXRlSUQiO3M6MToiMCI7czo5OiJjcm9wSW1hZ2UiO3M6MToiMCI7czo4OiJtYXhXaWR0aCI7czo0OiIxMjAwIjtzOjk6Im1heEhlaWdodCI7czozOiI1MDAiO3M6MTI6ImV4dGVybmFsTGluayI7czowOiIiO3M6MTU6ImludGVybmFsTGlua0NJRCI7czoxOiIwIjtzOjEwOiJmaWxlTGlua0lEIjtzOjE6IjAiO3M6MTk6Im9wZW5MaW5rSW5OZXdXaW5kb3ciO3M6MToiMCI7czo3OiJhbHRUZXh0IjtzOjA6IiI7czo1OiJ0aXRsZSI7czowOiIiO30='),(258,'','2020-08-23 17:19:21','2020-08-23 17:20:12','','1',3,1,'TzozMjoiQ29uY3JldGVcQ29yZVxMZWdhY3lcQmxvY2tSZWNvcmQiOjEzOntzOjM6ImJJRCI7czozOiIyNTgiO3M6OToiACoAX3RhYmxlIjtzOjE0OiJidENvbnRlbnRJbWFnZSI7czozOiJmSUQiO3M6MjoiMzgiO3M6MTA6ImZPbnN0YXRlSUQiO3M6MToiMCI7czo5OiJjcm9wSW1hZ2UiO3M6MToiMCI7czo4OiJtYXhXaWR0aCI7czo0OiIxMjAwIjtzOjk6Im1heEhlaWdodCI7czozOiI1MTAiO3M6MTI6ImV4dGVybmFsTGluayI7czowOiIiO3M6MTU6ImludGVybmFsTGlua0NJRCI7czoxOiIwIjtzOjEwOiJmaWxlTGlua0lEIjtzOjE6IjAiO3M6MTk6Im9wZW5MaW5rSW5OZXdXaW5kb3ciO3M6MToiMCI7czo3OiJhbHRUZXh0IjtzOjMyOiIxMDAg0LvQtdGCINC90LDRiNC10LzRgyDQtNC+0LzRgyI7czo1OiJ0aXRsZSI7czowOiIiO30='),(259,'','2020-08-23 17:22:47','2020-08-23 17:22:47',NULL,'1',69,1,NULL),(260,'','2020-08-23 17:24:03','2020-08-23 17:24:03',NULL,'1',69,1,NULL),(261,'','2020-08-23 17:24:42','2020-08-23 17:24:42',NULL,'1',69,1,NULL),(262,'','2020-08-23 17:26:01','2020-08-23 17:26:01',NULL,'1',69,1,NULL),(263,'','2020-08-23 17:27:52','2020-08-23 17:27:52',NULL,'1',69,1,NULL),(264,'','2020-08-23 17:28:43','2020-08-23 17:28:43',NULL,'1',69,1,NULL),(265,'','2020-08-23 17:29:19','2020-08-23 17:29:19',NULL,'1',69,1,NULL),(270,'','2020-08-23 17:36:13','2020-08-23 17:36:13',NULL,'1',1,1,NULL),(271,'','2020-08-23 17:43:45','2020-08-23 17:43:45',NULL,'1',1,1,NULL),(272,'','2020-08-23 20:53:47','2020-08-23 20:54:35','masonry_macy','1',10,1,NULL),(274,'','2020-08-23 22:40:30','2020-08-23 22:40:30',NULL,'1',1,1,NULL),(275,'','2020-08-23 22:40:52','2020-08-23 22:40:52',NULL,'1',1,1,NULL),(276,'','2020-08-23 22:41:26','2020-08-23 22:41:26',NULL,'0',1,1,NULL),(277,'','2020-08-23 22:41:35','2020-08-23 22:41:35',NULL,'1',1,1,NULL),(278,'','2020-08-23 22:42:37','2020-08-23 22:42:37',NULL,'1',1,1,NULL),(286,'','2020-08-23 22:46:27','2020-08-23 22:46:27',NULL,'0',3,1,NULL),(287,'','2020-08-23 22:47:05','2020-08-23 22:47:05','','1',3,1,NULL),(288,'','2020-08-23 22:47:41','2020-08-23 22:47:41','','1',3,1,'TzozMjoiQ29uY3JldGVcQ29yZVxMZWdhY3lcQmxvY2tSZWNvcmQiOjEzOntzOjM6ImJJRCI7czozOiIyODgiO3M6OToiACoAX3RhYmxlIjtzOjE0OiJidENvbnRlbnRJbWFnZSI7czozOiJmSUQiO3M6MjoiNDEiO3M6MTA6ImZPbnN0YXRlSUQiO3M6MToiMCI7czo5OiJjcm9wSW1hZ2UiO3M6MToiMCI7czo4OiJtYXhXaWR0aCI7czoxOiIwIjtzOjk6Im1heEhlaWdodCI7czoxOiIwIjtzOjEyOiJleHRlcm5hbExpbmsiO3M6MDoiIjtzOjE1OiJpbnRlcm5hbExpbmtDSUQiO3M6MToiMCI7czoxMDoiZmlsZUxpbmtJRCI7czoxOiIwIjtzOjE5OiJvcGVuTGlua0luTmV3V2luZG93IjtzOjE6IjAiO3M6NzoiYWx0VGV4dCI7czowOiIiO3M6NToidGl0bGUiO3M6MDoiIjt9'),(289,'','2020-08-24 00:01:09','2020-08-24 00:01:09',NULL,'1',31,1,NULL),(290,'','2020-08-24 00:11:25','2020-08-24 00:11:59',NULL,'0',80,1,NULL),(291,'','2020-08-24 00:13:53','2020-08-24 00:13:53',NULL,'1',80,1,NULL),(292,'','2020-08-26 00:13:30','2020-08-26 00:13:31',NULL,'1',31,1,NULL),(294,'','2020-08-26 00:21:37','2020-08-26 00:21:37',NULL,'1',31,1,NULL),(295,'','2020-08-26 00:33:14','2020-08-26 00:41:26',NULL,'1',31,1,NULL),(296,'','2020-08-26 01:09:29','2020-08-26 01:10:40',NULL,'1',1,1,NULL),(301,'','2020-08-26 01:12:02','2020-08-26 01:12:02',NULL,'1',1,1,NULL),(302,'','2020-08-26 01:23:47','2020-08-26 01:23:47',NULL,'0',8,1,'TzozMjoiQ29uY3JldGVcQ29yZVxMZWdhY3lcQmxvY2tSZWNvcmQiOjEzOntzOjM6ImJJRCI7czozOiIzMDIiO3M6OToiACoAX3RhYmxlIjtzOjExOiJidFBhZ2VUaXRsZSI7czoxNDoidXNlQ3VzdG9tVGl0bGUiO3M6MToiMCI7czoxNDoidXNlRmlsdGVyVGl0bGUiO3M6MToiMCI7czoxNDoidXNlRmlsdGVyVG9waWMiO3M6MToiMCI7czoxMjoidXNlRmlsdGVyVGFnIjtzOjE6IjAiO3M6MTM6InVzZUZpbHRlckRhdGUiO3M6MToiMCI7czoxNToidG9waWNUZXh0Rm9ybWF0IjtzOjE6IjAiO3M6MTM6InRhZ1RleHRGb3JtYXQiO3M6OToidXBwZXJXb3JkIjtzOjE0OiJkYXRlVGV4dEZvcm1hdCI7czoxOiIwIjtzOjE2OiJmaWx0ZXJEYXRlRm9ybWF0IjtzOjM6IkYgWSI7czo5OiJ0aXRsZVRleHQiO3M6MTc6ItCeINC/0YDQvtC10LrRgtC1IjtzOjEwOiJmb3JtYXR0aW5nIjtzOjI6ImgxIjt9'),(303,'','2020-08-26 01:24:48','2020-08-26 01:24:48',NULL,'0',1,1,NULL),(306,'','2020-08-26 01:35:39','2020-08-26 01:36:02',NULL,'0',50,1,NULL),(309,'','2020-08-26 01:46:16','2020-08-26 01:46:16',NULL,'0',55,1,NULL),(310,'','2020-08-27 00:13:48','2020-08-27 00:13:49',NULL,'1',1,1,NULL),(311,'','2020-08-27 00:17:19','2020-08-27 00:17:20',NULL,'0',53,1,NULL),(313,'','2020-08-27 00:26:24','2020-08-27 00:26:24',NULL,'1',31,1,NULL),(315,'','2020-08-27 00:30:07','2020-08-27 00:31:03',NULL,'0',1,1,NULL),(316,'','2020-08-27 00:31:48','2020-08-27 00:31:56',NULL,'0',57,1,'TzozMjoiQ29uY3JldGVcQ29yZVxMZWdhY3lcQmxvY2tSZWNvcmQiOjExOntzOjM6ImJJRCI7czozOiIzMTYiO3M6OToiACoAX3RhYmxlIjtzOjEwOiJidEFiU3BhY2VyIjtzOjQ6InNpemUiO3M6MToiMSI7czo1OiJzdHlsZSI7czo0OiJub25lIjtzOjU6ImNvbG9yIjtzOjc6IiM2NjY2NjYiO3M6NjoiaGVpZ2h0IjtzOjI6IjIwIjtzOjQ6Im5vdGUiO3M6MDoiIjtzOjk6InNob3dfbGluZSI7czoxOiIwIjtzOjk6InNob3dfbm90ZSI7czoxOiIwIjtzOjEyOiJzaG93X3BpY3R1cmUiO3M6MToiMCI7czo5OiJwaWN0dXJlSUQiO3M6MToiMCI7fQ=='),(317,'','2020-08-27 00:47:29','2020-08-27 00:50:29',NULL,'0',1,1,NULL),(319,'','2020-08-27 00:51:09','2020-08-27 00:51:09',NULL,'1',1,1,NULL),(320,'','2020-08-27 00:52:12','2020-08-27 00:52:12',NULL,'1',1,1,NULL),(321,'','2020-08-27 00:52:41','2020-08-27 00:52:41',NULL,'1',1,1,NULL),(322,'','2020-08-27 00:53:55','2020-08-27 00:53:55',NULL,'1',1,1,NULL),(323,'','2020-08-28 17:06:38','2020-08-28 17:06:38',NULL,'0',32,1,NULL),(325,'','2020-08-30 01:31:16','2020-08-30 01:32:32','','0',1,1,NULL),(327,'','2020-08-30 01:37:40','2020-08-30 01:39:39','parallax','0',44,1,NULL),(333,'','2020-08-30 01:40:05','2020-08-30 01:40:05',NULL,'0',44,1,NULL),(335,'','2020-08-30 01:41:17','2020-08-30 01:41:17','','1',1,1,NULL),(336,'','2020-08-30 01:43:22','2020-08-30 01:45:48','','1',1,1,NULL),(337,'','2020-08-30 01:44:17','2020-08-30 01:44:17','parallax','1',44,1,NULL),(338,'','2020-08-30 01:45:00','2020-08-30 01:45:00',NULL,'0',44,1,'TzozMjoiQ29uY3JldGVcQ29yZVxMZWdhY3lcQmxvY2tSZWNvcmQiOjM6e3M6MzoiYklEIjtzOjM6IjMzOCI7czo5OiIAKgBfdGFibGUiO3M6MTY6ImJ0Q29yZUFyZWFMYXlvdXQiO3M6MTA6ImFyTGF5b3V0SUQiO3M6MjoiMzMiO30='),(339,'','2020-08-30 01:45:36','2020-08-30 01:45:36',NULL,'0',44,1,'TzozMjoiQ29uY3JldGVcQ29yZVxMZWdhY3lcQmxvY2tSZWNvcmQiOjM6e3M6MzoiYklEIjtzOjM6IjMzOSI7czo5OiIAKgBfdGFibGUiO3M6MTY6ImJ0Q29yZUFyZWFMYXlvdXQiO3M6MTA6ImFyTGF5b3V0SUQiO3M6MjoiMzQiO30='),(340,'','2020-08-30 01:46:11','2020-08-30 01:46:11',NULL,'0',1,1,NULL),(341,'','2020-08-30 01:51:51','2020-08-30 01:52:45',NULL,'0',3,1,NULL),(342,'','2020-08-30 01:56:46','2020-08-30 01:56:46',NULL,'0',3,1,NULL),(343,'','2020-08-30 01:57:11','2020-08-30 01:57:11',NULL,'0',3,1,NULL),(344,'','2020-08-30 01:59:10','2020-08-30 01:59:10','','1',1,1,NULL),(345,'','2020-08-30 02:00:53','2020-08-30 02:00:53','','1',1,1,NULL),(346,'','2020-08-30 02:02:55','2020-08-30 02:02:55',NULL,'1',31,1,NULL),(347,'','2020-08-30 02:05:01','2020-08-30 02:05:01',NULL,'1',31,1,NULL),(348,'','2020-08-30 02:05:35','2020-08-30 02:05:35',NULL,'1',31,1,NULL),(349,'','2020-08-30 02:16:47','2020-08-30 02:16:47','','1',1,1,NULL),(351,'','2020-08-30 02:18:28','2020-08-30 02:18:28','','1',1,1,NULL),(352,'','2020-08-30 10:30:21','2020-08-30 10:30:21',NULL,'0',57,1,'TzozMjoiQ29uY3JldGVcQ29yZVxMZWdhY3lcQmxvY2tSZWNvcmQiOjExOntzOjM6ImJJRCI7czozOiIzNTIiO3M6OToiACoAX3RhYmxlIjtzOjEwOiJidEFiU3BhY2VyIjtzOjQ6InNpemUiO3M6MToiMSI7czo1OiJzdHlsZSI7czo0OiJub25lIjtzOjU6ImNvbG9yIjtzOjA6IiI7czo2OiJoZWlnaHQiO3M6MjoiNTAiO3M6NDoibm90ZSI7czowOiIiO3M6OToic2hvd19saW5lIjtzOjE6IjAiO3M6OToic2hvd19ub3RlIjtzOjE6IjAiO3M6MTI6InNob3dfcGljdHVyZSI7czoxOiIwIjtzOjk6InBpY3R1cmVJRCI7czoxOiIwIjt9'),(353,'','2020-08-30 10:30:48','2020-08-30 10:30:48','','1',3,1,NULL),(354,'','2020-08-30 10:32:15','2020-08-30 10:39:00','','1',3,1,NULL),(355,'','2020-08-30 10:39:24','2020-08-30 10:39:24','','1',3,1,'TzozMjoiQ29uY3JldGVcQ29yZVxMZWdhY3lcQmxvY2tSZWNvcmQiOjEzOntzOjM6ImJJRCI7czozOiIzNTUiO3M6OToiACoAX3RhYmxlIjtzOjE0OiJidENvbnRlbnRJbWFnZSI7czozOiJmSUQiO3M6MjoiNjYiO3M6MTA6ImZPbnN0YXRlSUQiO3M6MToiMCI7czo5OiJjcm9wSW1hZ2UiO3M6MToiMCI7czo4OiJtYXhXaWR0aCI7czoxOiIwIjtzOjk6Im1heEhlaWdodCI7czoxOiIwIjtzOjEyOiJleHRlcm5hbExpbmsiO3M6MDoiIjtzOjE1OiJpbnRlcm5hbExpbmtDSUQiO3M6MToiMCI7czoxMDoiZmlsZUxpbmtJRCI7czoxOiIwIjtzOjE5OiJvcGVuTGlua0luTmV3V2luZG93IjtzOjE6IjAiO3M6NzoiYWx0VGV4dCI7czowOiIiO3M6NToidGl0bGUiO3M6MjQ6ItCt0LrRgNCw0L0g0YEg0LjQs9GA0L7QuSI7fQ=='),(356,'','2020-08-30 10:39:38','2020-08-30 10:39:38','','1',3,1,'TzozMjoiQ29uY3JldGVcQ29yZVxMZWdhY3lcQmxvY2tSZWNvcmQiOjEzOntzOjM6ImJJRCI7czozOiIzNTYiO3M6OToiACoAX3RhYmxlIjtzOjE0OiJidENvbnRlbnRJbWFnZSI7czozOiJmSUQiO3M6MjoiNjUiO3M6MTA6ImZPbnN0YXRlSUQiO3M6MToiMCI7czo5OiJjcm9wSW1hZ2UiO3M6MToiMCI7czo4OiJtYXhXaWR0aCI7czoxOiIwIjtzOjk6Im1heEhlaWdodCI7czoxOiIwIjtzOjEyOiJleHRlcm5hbExpbmsiO3M6MDoiIjtzOjE1OiJpbnRlcm5hbExpbmtDSUQiO3M6MToiMCI7czoxMDoiZmlsZUxpbmtJRCI7czoxOiIwIjtzOjE5OiJvcGVuTGlua0luTmV3V2luZG93IjtzOjE6IjAiO3M6NzoiYWx0VGV4dCI7czowOiIiO3M6NToidGl0bGUiO3M6MjY6ItCt0LrRgNCw0L0g0YEg0YTQsNC60YLQvtC8Ijt9'),(357,'','2020-08-30 10:43:11','2020-08-30 10:43:11','','1',1,1,NULL),(358,'','2020-08-30 10:43:34','2020-08-30 10:43:34',NULL,'0',46,1,'TzozMjoiQ29uY3JldGVcQ29yZVxMZWdhY3lcQmxvY2tSZWNvcmQiOjM6e3M6MzoiYklEIjtzOjM6IjM1OCI7czo5OiIAKgBfdGFibGUiO3M6MjI6ImJ0Q29yZVNjcmFwYm9va0Rpc3BsYXkiO3M6MTE6ImJPcmlnaW5hbElEIjtzOjM6IjM1MiI7fQ=='),(359,'','2020-08-30 11:07:24','2020-08-30 11:07:24','','1',1,1,NULL),(360,'','2020-08-30 11:28:46','2020-08-30 11:28:46','','1',1,1,NULL),(361,'','2020-08-30 11:30:52','2020-08-30 11:30:52','','1',1,1,NULL),(362,'','2020-08-30 11:43:45','2020-08-30 11:45:22',NULL,'0',1,1,NULL),(363,'','2020-08-30 11:46:11','2020-08-30 11:59:50',NULL,'1',1,1,NULL),(364,'','2020-08-30 12:02:18','2020-08-30 12:05:31',NULL,'1',1,1,NULL),(365,'','2020-08-30 12:11:38','2020-08-30 12:12:13',NULL,'1',1,1,NULL),(366,'','2020-08-30 12:12:34','2020-08-30 12:12:34',NULL,'0',46,1,'TzozMjoiQ29uY3JldGVcQ29yZVxMZWdhY3lcQmxvY2tSZWNvcmQiOjM6e3M6MzoiYklEIjtzOjM6IjM2NiI7czo5OiIAKgBfdGFibGUiO3M6MjI6ImJ0Q29yZVNjcmFwYm9va0Rpc3BsYXkiO3M6MTE6ImJPcmlnaW5hbElEIjtzOjM6IjM1MiI7fQ=='),(369,'','2020-08-30 12:20:45','2020-08-30 12:22:30','','1',1,1,NULL),(370,'','2020-08-30 12:21:15','2020-08-30 12:22:42','','0',44,1,NULL),(371,'','2020-08-30 14:08:07','2020-08-30 14:10:23','','0',1,1,NULL),(373,'','2020-08-30 14:11:22','2020-08-30 14:11:22','parallax','1',44,1,NULL),(374,'','2020-08-30 14:12:29','2020-08-30 14:12:49','parallax','1',44,1,NULL),(375,'','2020-08-30 14:13:08','2020-08-30 14:13:08','','1',1,1,NULL),(376,'','2020-08-30 14:42:32','2020-08-30 14:42:32','','1',44,1,NULL),(377,'','2020-08-30 14:59:12','2020-08-30 14:59:24','','1',1,1,NULL),(378,'','2020-08-30 15:01:53','2020-08-30 15:01:53','','1',1,1,NULL),(379,'','2020-08-30 15:03:07','2020-08-30 15:03:47','','1',1,1,NULL),(380,'','2020-08-30 15:04:30','2020-08-30 15:04:30','','1',44,1,NULL),(381,'','2020-08-30 15:07:21','2020-08-30 15:08:12','','1',1,1,NULL),(382,'','2020-08-30 15:13:06','2020-08-30 15:13:06','','1',1,1,NULL),(383,'','2020-08-30 15:14:02','2020-08-30 15:14:02','','1',44,1,NULL),(384,'','2020-08-30 15:39:56','2020-08-30 15:40:30','','1',1,1,NULL),(385,'','2020-08-30 15:46:15','2020-08-30 15:46:15','parallax','1',44,1,NULL),(386,'','2020-08-30 15:47:28','2020-08-30 15:47:28','','1',1,1,NULL),(387,'','2020-08-30 15:47:56','2020-08-30 15:47:56','parallax','1',44,1,NULL),(388,'','2020-08-30 15:55:43','2020-08-30 15:55:43','parallax','1',44,1,NULL),(389,'','2020-08-30 15:58:30','2020-08-30 15:58:30','','1',1,1,NULL),(390,'','2020-08-30 16:03:15','2020-08-30 16:03:15','parallax','1',44,1,NULL),(391,'','2020-08-30 16:07:41','2020-08-30 16:07:41','parallax','1',44,1,'TzozMjoiQ29uY3JldGVcQ29yZVxMZWdhY3lcQmxvY2tSZWNvcmQiOjM6e3M6MzoiYklEIjtzOjM6IjM5MSI7czo5OiIAKgBfdGFibGUiO3M6MTY6ImJ0Q29yZUFyZWFMYXlvdXQiO3M6MTA6ImFyTGF5b3V0SUQiO3M6MjoiNDciO30='),(396,'','2020-08-30 16:18:19','2020-08-30 16:19:53','','0',70,1,NULL),(397,'','2020-08-30 16:21:01','2020-08-30 16:22:09','','0',70,1,NULL),(398,'','2020-08-30 16:23:51','2020-08-30 16:23:51','','1',70,1,NULL),(399,'','2020-08-30 16:24:04','2020-08-30 16:24:04','','1',1,1,NULL),(401,'','2020-08-30 16:26:28','2020-08-30 16:26:28','','1',70,1,NULL),(402,'','2020-08-30 16:32:03','2020-08-30 16:32:03','','1',70,1,NULL),(403,'','2020-08-30 16:32:17','2020-08-30 16:32:17','','1',1,1,NULL),(404,'','2020-08-30 16:33:48','2020-08-30 16:33:48','','1',44,1,NULL),(406,'','2020-08-30 16:34:29','2020-08-30 16:34:29','','1',1,1,NULL),(407,'','2020-08-30 16:48:09','2020-08-30 16:48:09','','1',1,1,NULL),(408,'','2020-08-30 16:48:38','2020-08-30 16:48:38','','1',1,1,NULL),(409,'','2020-08-30 16:50:15','2020-08-30 16:50:15','','1',1,1,NULL),(410,'','2020-08-30 16:53:15','2020-08-30 16:53:15',NULL,'1',31,1,NULL),(411,'','2020-08-30 16:54:21','2020-08-30 16:54:21','','1',70,1,NULL),(412,'','2020-08-30 19:16:36','2020-08-30 19:16:36','','1',1,1,NULL),(413,'','2020-08-30 19:17:49','2020-08-30 19:19:04','','1',1,1,NULL),(414,'','2020-08-30 19:20:17','2020-08-30 19:20:17','','1',1,1,NULL),(415,'','2020-08-30 19:34:31','2020-08-30 19:34:31',NULL,'0',53,1,NULL),(417,'','2020-08-30 19:35:55','2020-08-30 19:35:55',NULL,'0',51,1,NULL),(419,'','2020-08-30 19:37:22','2020-08-30 19:37:23',NULL,'0',52,1,NULL),(421,'','2020-08-30 19:41:40','2020-08-30 19:42:33',NULL,'0',56,1,NULL),(422,'','2020-08-30 19:43:30','2020-08-30 19:43:30',NULL,'1',56,1,NULL),(423,'','2020-08-30 19:44:26','2020-08-30 19:44:26','','1',1,1,NULL),(424,'','2020-08-30 19:56:13','2020-08-30 20:02:27','','1',56,1,NULL),(425,'','2020-08-30 19:56:59','2020-08-30 19:56:59','','1',1,1,NULL),(426,'','2020-08-30 21:02:18','2020-08-30 21:02:18','','1',56,1,NULL),(428,'','2020-08-30 21:14:04','2020-08-30 21:17:12','','1',70,1,'TzozMjoiQ29uY3JldGVcQ29yZVxMZWdhY3lcQmxvY2tSZWNvcmQiOjc6e3M6MzoiYklEIjtzOjM6IjQyOCI7czo5OiIAKgBfdGFibGUiO3M6MjI6ImJ0U2ltcGxlQnV0dG9uRnJ1aXRmdWwiO3M6MTA6ImJ1dHRvblRleHQiO3M6MTI6ItCY0LPRgNCw0YLRjCI7czo1OiJhcnJvdyI7czo3OiJub2Fycm93IjtzOjg6ImxpbmtUeXBlIjtzOjg6ImV4dGVybmFsIjtzOjY6InBhZ2VJRCI7czozOiIyNzMiO3M6MTI6ImV4dGVybmFsTGluayI7czo0NzoiaHR0cDovL2dhbWVzLjEwMNC70LXRgtC90LDRiNC10LzRg9C00L7QvNGDLtGA0YQiO30='),(429,'','2020-08-30 21:14:21','2020-08-30 21:14:21','','1',70,1,'TzozMjoiQ29uY3JldGVcQ29yZVxMZWdhY3lcQmxvY2tSZWNvcmQiOjc6e3M6MzoiYklEIjtzOjM6IjQyOSI7czo5OiIAKgBfdGFibGUiO3M6MjI6ImJ0U2ltcGxlQnV0dG9uRnJ1aXRmdWwiO3M6MTA6ImJ1dHRvblRleHQiO3M6MjM6ItCn0LjRgtCw0YLRjCDQutC90LjQs9GDIjtzOjU6ImFycm93IjtzOjc6Im5vYXJyb3ciO3M6ODoibGlua1R5cGUiO3M6ODoiaW50ZXJuYWwiO3M6NjoicGFnZUlEIjtzOjM6IjI3MyI7czoxMjoiZXh0ZXJuYWxMaW5rIjtzOjA6IiI7fQ=='),(430,'','2020-08-30 21:16:27','2020-08-30 21:16:27','','1',56,1,'TzozMjoiQ29uY3JldGVcQ29yZVxMZWdhY3lcQmxvY2tSZWNvcmQiOjE1OntzOjM6ImJJRCI7czozOiI0MzAiO3M6OToiACoAX3RhYmxlIjtzOjE1OiJidFNpbXBsZUdhbGxlcnkiO3M6OToiZmlsZXNldElEIjtzOjE6IjMiO3M6MTU6ImxpZ2h0Ym94Q2FwdGlvbiI7czo0OiJub25lIjtzOjEzOiJjb21tb25DYXB0aW9uIjtzOjA6IiI7czoxNDoidGh1bWJuYWlsV2lkdGgiO3M6MzoiMzczIjtzOjE1OiJ0aHVtYm5haWxIZWlnaHQiO3M6MzoiMjUwIjtzOjEzOiJ0aHVtYm5haWxDcm9wIjtzOjE6IjEiO3M6MTU6ImZ1bGxzY3JlZW5XaWR0aCI7czoxOiIwIjtzOjE2OiJmdWxsc2NyZWVuSGVpZ2h0IjtzOjE6IjAiO3M6MTQ6ImZ1bGxzY3JlZW5Dcm9wIjtzOjE6IjAiO3M6MTI6ImNvbHVtbnNQaG9uZSI7czoxOiIxIjtzOjEzOiJjb2x1bW5zVGFibGV0IjtzOjE6IjIiO3M6MTQ6ImNvbHVtbnNEZXNrdG9wIjtzOjE6IjMiO3M6NjoibWFyZ2luIjtzOjE6IjUiO30='),(431,'','2020-08-30 21:23:03','2020-08-30 21:23:03','','1',1,1,'TzozMjoiQ29uY3JldGVcQ29yZVxMZWdhY3lcQmxvY2tSZWNvcmQiOjM6e3M6MzoiYklEIjtzOjM6IjQzMSI7czo5OiIAKgBfdGFibGUiO3M6MTQ6ImJ0Q29udGVudExvY2FsIjtzOjc6ImNvbnRlbnQiO3M6NDM2OiI8cD48YSBpZD0iYmxvY2stYXBwIiBuYW1lPSJibG9jay1hcHAiPjwvYT48L3A+DQoNCjxoMj48c3BhbiBzdHlsZT0iY29sb3I6I2ZmZmZmZjsiPtCc0L7QsdC40LvRjNC90L7QtSDQv9GA0LjQu9C+0LbQtdC90LjQtSAmbGFxdW870JzQvtC5INCi0LDRgtCw0YDRgdGC0LDQvSZyYXF1bzs8L3NwYW4+PC9oMj4NCg0KPHAgY2xhc3M9Im1haW4tdHh0LWJvb2siPtCc0L7QsdC40LvRjNC90L7QtSDQv9GA0LjQu9C+0LbQtdC90LjQtSwg0LDQtNCw0L/RgtC40YDQvtCy0LDQvdC90L7QtSDQtNC70Y8g0L7Qv9C10YDQsNGG0LjQvtC90L3Ri9GFINGB0LjRgdGC0LXQvCBBbmRyb2lkINC4IGlPUy48YnIgLz4NCtCh0L7QtNC10YDQttC40YIg0LjQs9GA0YssINC/0LXRgdC90LgsINC00L7Qv9C+0LvQvdC40YLQtdC70YzQvdGD0Y4g0LjQvdGE0L7RgNC80LDRhtC40Y4uPC9wPg0KIjt9'),(432,'','2020-08-30 21:24:01','2020-08-30 21:24:01','','1',1,1,NULL),(433,'','2020-08-30 21:24:55','2020-08-30 21:26:11','','1',1,1,'TzozMjoiQ29uY3JldGVcQ29yZVxMZWdhY3lcQmxvY2tSZWNvcmQiOjM6e3M6MzoiYklEIjtzOjM6IjQzMyI7czo5OiIAKgBfdGFibGUiO3M6MTQ6ImJ0Q29udGVudExvY2FsIjtzOjc6ImNvbnRlbnQiO3M6Mzk4OiI8cD48YSBpZD0iYmxvY2stZ2FtZXMiIG5hbWU9ImJsb2NrLWdhbWVzIj48L2E+PC9wPg0KDQo8aDI+PHNwYW4gc3R5bGU9ImNvbG9yOiNlYjQ4MzI7Ij7QmNC90YLQtdGA0LDQutGC0LjQstC90YvQtSDQuNCz0YDRiyAmbGFxdW870JjQs9GA0LDQuSDQuCDRg9C30L3QsNCy0LDQuSZyYXF1bzs8L3NwYW4+PC9oMj4NCg0KPHAgY2xhc3M9Im1haW4tdHh0LWJvb2siPjEyINC40L3RgtC10YDQsNC60YLQuNCy0L3Ri9GFINC40LPRgCwg0YHQvtC+0YLQstC10YLRgdGC0LLRg9GO0YnQuNGFINGC0LXQvNCw0YLQuNC60LU8YnIgLz4NCtGF0YPQtNC+0LbQtdGB0YLQstC10L3QvdC+0LPQviDQuNC30LTQsNC90LjRjyAmbGFxdW87MTAwINC70LXRgiDQvdCw0YjQtdC80YMg0LTQvtC80YMmcmFxdW87LjwvcD4NCiI7fQ=='),(434,'','2020-08-30 21:26:57','2020-08-30 21:26:57',NULL,'1',31,1,NULL),(435,'','2020-08-30 21:29:05','2020-08-30 21:29:56',NULL,'1',31,1,NULL),(436,'','2020-08-30 21:32:51','2020-08-30 21:33:06','','1',3,1,'TzozMjoiQ29uY3JldGVcQ29yZVxMZWdhY3lcQmxvY2tSZWNvcmQiOjEzOntzOjM6ImJJRCI7czozOiI0MzYiO3M6OToiACoAX3RhYmxlIjtzOjE0OiJidENvbnRlbnRJbWFnZSI7czozOiJmSUQiO3M6MjoiNjQiO3M6MTA6ImZPbnN0YXRlSUQiO3M6MToiMCI7czo5OiJjcm9wSW1hZ2UiO3M6MToiMCI7czo4OiJtYXhXaWR0aCI7czoxOiIwIjtzOjk6Im1heEhlaWdodCI7czozOiI0NTAiO3M6MTI6ImV4dGVybmFsTGluayI7czowOiIiO3M6MTU6ImludGVybmFsTGlua0NJRCI7czoxOiIwIjtzOjEwOiJmaWxlTGlua0lEIjtzOjE6IjAiO3M6MTk6Im9wZW5MaW5rSW5OZXdXaW5kb3ciO3M6MToiMCI7czo3OiJhbHRUZXh0IjtzOjA6IiI7czo1OiJ0aXRsZSI7czoyNToi0JPQu9Cw0LLQvdGL0Lkg0Y3QutGA0LDQvSI7fQ=='),(437,'','2020-08-30 21:33:32','2020-08-30 21:33:32','parallax','1',44,1,NULL),(438,'','2020-08-30 21:34:28','2020-08-30 21:34:28','parallax','1',44,1,NULL),(439,'','2020-08-30 21:37:48','2020-08-30 21:41:47','','1',44,1,'TzozMjoiQ29uY3JldGVcQ29yZVxMZWdhY3lcQmxvY2tSZWNvcmQiOjM6e3M6MzoiYklEIjtzOjM6IjQzOSI7czo5OiIAKgBfdGFibGUiO3M6MTY6ImJ0Q29yZUFyZWFMYXlvdXQiO3M6MTA6ImFyTGF5b3V0SUQiO3M6MjoiNTIiO30='),(440,'','2020-08-30 21:43:41','2020-08-30 21:43:41',NULL,'1',31,1,NULL),(442,'','2020-08-30 22:10:49','2020-08-30 22:10:49',NULL,'1',55,1,'TzozMjoiQ29uY3JldGVcQ29yZVxMZWdhY3lcQmxvY2tSZWNvcmQiOjEyOntzOjM6ImJJRCI7czozOiI0NDIiO3M6OToiACoAX3RhYmxlIjtzOjE5OiJidFB1cmVDb29raWVzTm90aWNlIjtzOjU6InRpdGxlIjtzOjE3OiLQktC90LjQvNCw0L3QuNC1ISI7czo3OiJjb250ZW50IjtzOjE3NzoiPHA+0KHQsNC50YIg0LjRgdC/0L7Qu9GM0LfRg9C10YIg0YTQsNC50LvRiyBjb29raWUuINCS0Ysg0LzQvtC20LXRgtC1INC30LDQv9GA0LXRgtC40YLRjCDRgdC+0YXRgNCw0L3QtdC90LjQtSBjb29raWUg0LIg0L3QsNGB0YLRgNC+0LnQutCw0YUg0YHQstC+0LXQs9C+INCx0YDQsNGD0LfQtdGA0LAuPC9wPg0KIjtzOjk6ImFncmVlVGV4dCI7czowOiIiO3M6ODoicG9zaXRpb24iO3M6NjoiYm90dG9tIjtzOjk6InRleHRDb2xvciI7czowOiIiO3M6OToibGlua0NvbG9yIjtzOjA6IiI7czoxNToiYmFja2dyb3VuZENvbG9yIjtzOjA6IiI7czoyMDoiaW50ZXJhY3Rpb25JbXBsaWVzT2siO3M6MToiMSI7czoxNDoic2l0ZXdpZGVDb29raWUiO3M6MToiMSI7czo5OiJvbmx5Rm9yRVUiO3M6MToiMCI7fQ=='),(443,'','2020-08-30 22:14:19','2020-08-30 22:14:19',NULL,'0',26,1,'TzozMjoiQ29uY3JldGVcQ29yZVxMZWdhY3lcQmxvY2tSZWNvcmQiOjU6e3M6MzoiYklEIjtzOjM6IjQ0MyI7czo5OiIAKgBfdGFibGUiO3M6MTU6ImJ0U2hhcmVUaGlzUGFnZSI7czoxNzoiYnRTaGFyZVRoaXNQYWdlSUQiO3M6MToiNSI7czo3OiJzZXJ2aWNlIjtzOjg6ImZhY2Vib29rIjtzOjEyOiJkaXNwbGF5T3JkZXIiO3M6MToiMCI7fQ=='),(444,'','2020-08-30 22:17:45','2020-08-30 22:17:45','','1',50,1,NULL),(445,'','2020-08-30 22:19:55','2020-08-30 22:19:55','','1',50,1,NULL),(446,'','2020-08-30 22:47:24','2020-08-30 22:47:24',NULL,'1',1,1,NULL),(447,'','2020-08-30 22:48:28','2020-08-30 22:48:28',NULL,'1',1,1,NULL),(448,'','2020-08-30 22:48:52','2020-08-30 22:48:52',NULL,'1',1,1,NULL),(449,'','2020-08-30 22:56:07','2020-08-30 22:57:17',NULL,'1',1,1,NULL),(450,'','2020-08-30 22:56:47','2020-08-30 22:56:47',NULL,'1',1,1,NULL),(451,'','2020-08-30 22:57:36','2020-08-30 22:57:36',NULL,'1',1,1,NULL),(452,'','2020-08-30 22:58:50','2020-08-30 22:58:50',NULL,'1',1,1,NULL),(453,'','2020-08-30 22:59:10','2020-08-30 22:59:10',NULL,'1',1,1,NULL),(454,'','2020-08-30 23:08:47','2020-08-30 23:11:12','','0',5,1,NULL),(461,'','2020-08-30 23:29:02','2020-08-30 23:29:02',NULL,'0',32,1,NULL),(463,'','2020-08-30 23:32:49','2020-08-30 23:32:49',NULL,'0',44,1,NULL),(464,'','2020-08-30 23:34:17','2020-08-30 23:35:20','','1',44,1,'TzozMjoiQ29uY3JldGVcQ29yZVxMZWdhY3lcQmxvY2tSZWNvcmQiOjM6e3M6MzoiYklEIjtzOjM6IjQ2NCI7czo5OiIAKgBfdGFibGUiO3M6MTY6ImJ0Q29yZUFyZWFMYXlvdXQiO3M6MTA6ImFyTGF5b3V0SUQiO3M6MjoiNTQiO30='),(465,'','2020-08-30 23:40:12','2020-08-30 23:45:45','','0',1,1,NULL),(466,'','2020-08-30 23:40:22','2020-08-30 23:40:36',NULL,'1',1,1,NULL),(467,'','2020-08-30 23:48:13','2020-08-30 23:51:57','','1',1,1,NULL),(468,'','2020-08-31 00:08:41','2020-08-31 00:08:41','','1',1,1,NULL),(469,'','2020-08-31 00:10:34','2020-08-31 00:10:34','','1',1,1,NULL),(470,'','2020-08-31 00:15:11','2020-08-31 00:15:11',NULL,'1',32,1,'TzozMjoiQ29uY3JldGVcQ29yZVxMZWdhY3lcQmxvY2tSZWNvcmQiOjg6e3M6MzoiYklEIjtzOjM6IjQ3MCI7czo5OiIAKgBfdGFibGUiO3M6NzoiYnRWaWRlbyI7czo3OiJ3ZWJtZklEIjtzOjE6IjAiO3M6Njoib2dnZklEIjtzOjE6IjAiO3M6OToicG9zdGVyZklEIjtzOjI6Ijc5IjtzOjY6Im1wNGZJRCI7czoyOiI3NyI7czo5OiJ2aWRlb1NpemUiO3M6MToiMSI7czo1OiJ3aWR0aCI7czoxOiIwIjt9'),(476,'','2020-08-31 00:19:07','2020-08-31 00:19:07',NULL,'0',51,1,NULL),(478,'','2020-08-31 00:47:18','2020-08-31 00:47:18',NULL,'1',51,1,NULL),(479,'','2020-08-31 00:49:04','2020-08-31 00:49:04',NULL,'0',53,1,NULL),(481,'','2020-08-31 00:50:55','2020-08-31 00:50:55',NULL,'0',56,1,NULL),(482,'','2020-08-31 00:52:24','2020-08-31 00:52:24',NULL,'1',56,1,'TzozMjoiQ29uY3JldGVcQ29yZVxMZWdhY3lcQmxvY2tSZWNvcmQiOjE1OntzOjM6ImJJRCI7czozOiI0ODIiO3M6OToiACoAX3RhYmxlIjtzOjE1OiJidFNpbXBsZUdhbGxlcnkiO3M6OToiZmlsZXNldElEIjtzOjE6IjQiO3M6MTU6ImxpZ2h0Ym94Q2FwdGlvbiI7czoxMDoiZmlsZV90aXRsZSI7czoxMzoiY29tbW9uQ2FwdGlvbiI7czowOiIiO3M6MTQ6InRodW1ibmFpbFdpZHRoIjtzOjM6IjIwMCI7czoxNToidGh1bWJuYWlsSGVpZ2h0IjtzOjM6IjIwMCI7czoxMzoidGh1bWJuYWlsQ3JvcCI7czoxOiIxIjtzOjE1OiJmdWxsc2NyZWVuV2lkdGgiO3M6MToiMCI7czoxNjoiZnVsbHNjcmVlbkhlaWdodCI7czoxOiIwIjtzOjE0OiJmdWxsc2NyZWVuQ3JvcCI7czoxOiIwIjtzOjEyOiJjb2x1bW5zUGhvbmUiO3M6MToiMiI7czoxMzoiY29sdW1uc1RhYmxldCI7czoxOiIzIjtzOjE0OiJjb2x1bW5zRGVza3RvcCI7czoxOiI1IjtzOjY6Im1hcmdpbiI7czoxOiI1Ijt9'),(483,'','2020-08-31 00:53:10','2020-08-31 00:53:10',NULL,'1',53,1,NULL),(485,'','2020-08-31 00:55:49','2020-08-31 00:55:49',NULL,'0',44,1,'TzozMjoiQ29uY3JldGVcQ29yZVxMZWdhY3lcQmxvY2tSZWNvcmQiOjM6e3M6MzoiYklEIjtzOjM6IjQ4NSI7czo5OiIAKgBfdGFibGUiO3M6MTY6ImJ0Q29yZUFyZWFMYXlvdXQiO3M6MTA6ImFyTGF5b3V0SUQiO3M6MjoiNTUiO30='),(486,'','2020-08-31 00:56:55','2020-08-31 00:56:55',NULL,'1',1,1,NULL),(487,'','2020-08-31 01:00:37','2020-08-31 01:00:37','','1',1,1,'TzozMjoiQ29uY3JldGVcQ29yZVxMZWdhY3lcQmxvY2tSZWNvcmQiOjM6e3M6MzoiYklEIjtzOjM6IjQ4NyI7czo5OiIAKgBfdGFibGUiO3M6MTQ6ImJ0Q29udGVudExvY2FsIjtzOjc6ImNvbnRlbnQiO3M6MTE5OiI8ZGl2IGNsYXNzPSJrYXJhb2tlIj4NCjxwPjxhIGhyZWY9IntDQ006Q0lEXzI3N30iPjxzcGFuIGNsYXNzPSJidG4gYnRuLXByaW1hcnkiPtCf0LXRgNC10LnRgtC4PC9zcGFuPjwvYT48L3A+DQo8L2Rpdj4NCiI7fQ=='),(488,'','2020-08-31 01:04:05','2020-08-31 01:04:05',NULL,'0',46,1,NULL),(490,'','2020-08-31 01:05:54','2020-08-31 01:06:40','','1',1,1,NULL),(491,'','2020-08-31 01:27:47','2020-08-31 01:28:59','','1',1,1,NULL),(493,'','2020-08-31 01:46:56','2020-08-31 01:46:56','','1',1,1,'TzozMjoiQ29uY3JldGVcQ29yZVxMZWdhY3lcQmxvY2tSZWNvcmQiOjM6e3M6MzoiYklEIjtzOjM6IjQ5MyI7czo5OiIAKgBfdGFibGUiO3M6MTQ6ImJ0Q29udGVudExvY2FsIjtzOjc6ImNvbnRlbnQiO3M6MTE5OiI8ZGl2IGNsYXNzPSJrYXJhb2tlIj4NCjxwPjxhIGhyZWY9IntDQ006Q0lEXzI3OH0iPjxzcGFuIGNsYXNzPSJidG4gYnRuLXByaW1hcnkiPtCf0LXRgNC10LnRgtC4PC9zcGFuPjwvYT48L3A+DQo8L2Rpdj4NCiI7fQ=='),(494,'','2020-08-31 01:50:14','2020-08-31 01:50:14','','1',3,1,'TzozMjoiQ29uY3JldGVcQ29yZVxMZWdhY3lcQmxvY2tSZWNvcmQiOjEzOntzOjM6ImJJRCI7czozOiI0OTQiO3M6OToiACoAX3RhYmxlIjtzOjE0OiJidENvbnRlbnRJbWFnZSI7czozOiJmSUQiO3M6MzoiMTU1IjtzOjEwOiJmT25zdGF0ZUlEIjtzOjE6IjAiO3M6OToiY3JvcEltYWdlIjtzOjE6IjAiO3M6ODoibWF4V2lkdGgiO3M6NDoiMTIwMCI7czo5OiJtYXhIZWlnaHQiO3M6MzoiNTEwIjtzOjEyOiJleHRlcm5hbExpbmsiO3M6MDoiIjtzOjE1OiJpbnRlcm5hbExpbmtDSUQiO3M6MToiMCI7czoxMDoiZmlsZUxpbmtJRCI7czoxOiIwIjtzOjE5OiJvcGVuTGlua0luTmV3V2luZG93IjtzOjE6IjAiO3M6NzoiYWx0VGV4dCI7czozMjoiMTAwINC70LXRgiDQvdCw0YjQtdC80YMg0LTQvtC80YMiO3M6NToidGl0bGUiO3M6MDoiIjt9'),(495,'','2020-08-31 01:51:53','2020-08-31 01:51:53',NULL,'1',69,1,NULL),(497,'','2020-08-31 01:55:39','2020-08-31 01:55:39',NULL,'1',69,1,NULL),(498,'','2020-08-31 01:56:27','2020-08-31 01:56:27',NULL,'1',69,1,NULL),(499,'','2020-08-31 01:57:14','2020-08-31 01:57:14',NULL,'1',69,1,NULL),(500,'','2020-08-31 01:57:52','2020-08-31 01:58:08',NULL,'1',69,1,NULL),(501,'','2020-08-31 02:00:11','2020-08-31 02:00:11','stucco_next_previous','1',11,1,'TzozMjoiQ29uY3JldGVcQ29yZVxMZWdhY3lcQmxvY2tSZWNvcmQiOjc6e3M6MzoiYklEIjtzOjM6IjUwMSI7czo5OiIAKgBfdGFibGUiO3M6MTQ6ImJ0TmV4dFByZXZpb3VzIjtzOjk6Im5leHRMYWJlbCI7czoxODoi0KHQu9C10LTRg9GO0YnQuNC5IjtzOjEzOiJwcmV2aW91c0xhYmVsIjtzOjIwOiLQn9GA0LXQtNGL0LTRg9GJ0LjQuSI7czoxMToicGFyZW50TGFiZWwiO3M6MDoiIjtzOjEyOiJsb29wU2VxdWVuY2UiO3M6MToiMSI7czo3OiJvcmRlckJ5IjtzOjExOiJkaXNwbGF5X2FzYyI7fQ=='),(503,'','2020-08-31 02:07:04','2020-08-31 02:07:04','','1',3,1,'TzozMjoiQ29uY3JldGVcQ29yZVxMZWdhY3lcQmxvY2tSZWNvcmQiOjEzOntzOjM6ImJJRCI7czozOiI1MDMiO3M6OToiACoAX3RhYmxlIjtzOjE0OiJidENvbnRlbnRJbWFnZSI7czozOiJmSUQiO3M6MzoiMTU2IjtzOjEwOiJmT25zdGF0ZUlEIjtzOjE6IjAiO3M6OToiY3JvcEltYWdlIjtzOjE6IjAiO3M6ODoibWF4V2lkdGgiO3M6NDoiMTIwMCI7czo5OiJtYXhIZWlnaHQiO3M6MzoiNTEwIjtzOjEyOiJleHRlcm5hbExpbmsiO3M6MDoiIjtzOjE1OiJpbnRlcm5hbExpbmtDSUQiO3M6MToiMCI7czoxMDoiZmlsZUxpbmtJRCI7czoxOiIwIjtzOjE5OiJvcGVuTGlua0luTmV3V2luZG93IjtzOjE6IjAiO3M6NzoiYWx0VGV4dCI7czozMjoiMTAwINC70LXRgiDQvdCw0YjQtdC80YMg0LTQvtC80YMiO3M6NToidGl0bGUiO3M6MDoiIjt9'),(504,'','2020-08-31 02:07:54','2020-08-31 02:07:54',NULL,'1',69,1,NULL),(505,'','2020-08-31 02:08:59','2020-08-31 02:09:00',NULL,'1',69,1,NULL),(506,'','2020-08-31 10:53:58','2020-08-31 10:55:01','masonry_macy','1',10,1,NULL),(508,'','2020-08-31 10:57:43','2020-08-31 10:57:43','masonry_macy','1',10,1,'TzozMjoiQ29uY3JldGVcQ29yZVxMZWdhY3lcQmxvY2tSZWNvcmQiOjM0OntzOjM6ImJJRCI7czozOiI1MDgiO3M6OToiACoAX3RhYmxlIjtzOjEwOiJidFBhZ2VMaXN0IjtzOjM6Im51bSI7czoyOiIyMCI7czo3OiJvcmRlckJ5IjtzOjExOiJkaXNwbGF5X2FzYyI7czo5OiJjUGFyZW50SUQiO3M6MzoiMjQ5IjtzOjU6ImNUaGlzIjtzOjE6IjEiO3M6MTE6ImNUaGlzUGFyZW50IjtzOjE6IjAiO3M6MTY6InVzZUJ1dHRvbkZvckxpbmsiO3M6MToiMCI7czoxNDoiYnV0dG9uTGlua1RleHQiO3M6MDoiIjtzOjEzOiJwYWdlTGlzdFRpdGxlIjtzOjA6IiI7czoxNToiZmlsdGVyQnlSZWxhdGVkIjtzOjE6IjAiO3M6MTk6ImZpbHRlckJ5Q3VzdG9tVG9waWMiO3M6MToiMCI7czoxNjoiZmlsdGVyRGF0ZU9wdGlvbiI7czowOiIiO3M6MTQ6ImZpbHRlckRhdGVEYXlzIjtzOjE6IjAiO3M6MTU6ImZpbHRlckRhdGVTdGFydCI7TjtzOjEzOiJmaWx0ZXJEYXRlRW5kIjtOO3M6MzA6InJlbGF0ZWRUb3BpY0F0dHJpYnV0ZUtleUhhbmRsZSI7czowOiIiO3M6Mjk6ImN1c3RvbVRvcGljQXR0cmlidXRlS2V5SGFuZGxlIjtzOjA6IiI7czoyMToiY3VzdG9tVG9waWNUcmVlTm9kZUlEIjtzOjE6IjAiO3M6MTE6ImluY2x1ZGVOYW1lIjtzOjE6IjEiO3M6MTg6ImluY2x1ZGVEZXNjcmlwdGlvbiI7czoxOiIwIjtzOjExOiJpbmNsdWRlRGF0ZSI7czoxOiIwIjtzOjIxOiJpbmNsdWRlQWxsRGVzY2VuZGVudHMiO3M6MToiMCI7czo4OiJwYWdpbmF0ZSI7czoxOiIxIjtzOjE0OiJkaXNwbGF5QWxpYXNlcyI7czoxOiIwIjtzOjE3OiJpZ25vcmVQZXJtaXNzaW9ucyI7czoxOiIwIjtzOjIzOiJlbmFibGVFeHRlcm5hbEZpbHRlcmluZyI7czoxOiIwIjtzOjQ6InB0SUQiO3M6MToiMCI7czo0OiJwZklEIjtzOjE6IjAiO3M6MTc6InRydW5jYXRlU3VtbWFyaWVzIjtzOjE6IjAiO3M6MTk6ImRpc3BsYXlGZWF0dXJlZE9ubHkiO3M6MToiMCI7czoxNjoibm9SZXN1bHRzTWVzc2FnZSI7czowOiIiO3M6MTY6ImRpc3BsYXlUaHVtYm5haWwiO3M6MToiMSI7czoxMzoidHJ1bmNhdGVDaGFycyI7czoxOiIwIjt9'),(510,'','2020-08-31 11:10:55','2020-08-31 11:14:08',NULL,'1',1,1,NULL),(511,'','2020-08-31 11:11:16','2020-08-31 11:11:16',NULL,'1',1,1,'TzozMjoiQ29uY3JldGVcQ29yZVxMZWdhY3lcQmxvY2tSZWNvcmQiOjM6e3M6MzoiYklEIjtzOjM6IjUxMSI7czo5OiIAKgBfdGFibGUiO3M6MTQ6ImJ0Q29udGVudExvY2FsIjtzOjc6ImNvbnRlbnQiO3M6Njc6IjxoMiBjbGFzcz0ibWF0LXRpdGxlIj48c3Bhbj7Qn9C10YHQvdGPLdC60LDRgNCw0L7QutC1PC9zcGFuPjwvaDI+DQoiO30='),(513,'','2020-08-31 11:11:54','2020-08-31 11:11:54',NULL,'1',1,1,NULL),(514,'','2020-08-31 11:12:12','2020-08-31 11:12:12',NULL,'1',1,1,'TzozMjoiQ29uY3JldGVcQ29yZVxMZWdhY3lcQmxvY2tSZWNvcmQiOjM6e3M6MzoiYklEIjtzOjM6IjUxNCI7czo5OiIAKgBfdGFibGUiO3M6MTQ6ImJ0Q29udGVudExvY2FsIjtzOjc6ImNvbnRlbnQiO3M6NTM6IjxoMiBjbGFzcz0ibWF0LXRpdGxlIj48c3Bhbj5RUi3QutC+0LTRizwvc3Bhbj48L2gyPg0KIjt9'),(515,'','2020-08-31 11:17:58','2020-08-31 11:17:58',NULL,'1',1,1,NULL),(516,'','2020-08-31 11:18:25','2020-08-31 11:18:25',NULL,'1',1,1,'TzozMjoiQ29uY3JldGVcQ29yZVxMZWdhY3lcQmxvY2tSZWNvcmQiOjM6e3M6MzoiYklEIjtzOjM6IjUxNiI7czo5OiIAKgBfdGFibGUiO3M6MTQ6ImJ0Q29udGVudExvY2FsIjtzOjc6ImNvbnRlbnQiO3M6MTg3OiI8cCBzdHlsZT0idGV4dC1hbGlnbjogY2VudGVyOyI+PHNwYW4gc3R5bGU9ImJhY2tncm91bmQtY29sb3I6ICNmZmQ3OGI7cGFkZGluZzogMTBweDtwb3NpdGlvbjogcmVsYXRpdmU7Ym90dG9tOiAxMHB4OyI+0J3QtdC+0LHRhdC+0LTQuNC80Ysg0LTQu9GPINC80L7QsdC40LvRjNC90L7QuSDQuNCz0YDRiy48L3NwYW4+PC9wPg0KIjt9'),(517,'','2020-08-31 12:05:19','2020-08-31 12:05:19','fruitful_page_title_and_description.php','1',8,1,NULL),(518,'','2020-08-31 12:06:08','2020-08-31 12:06:59','','1',8,1,'TzozMjoiQ29uY3JldGVcQ29yZVxMZWdhY3lcQmxvY2tSZWNvcmQiOjEzOntzOjM6ImJJRCI7czozOiI1MTgiO3M6OToiACoAX3RhYmxlIjtzOjExOiJidFBhZ2VUaXRsZSI7czoxNDoidXNlQ3VzdG9tVGl0bGUiO3M6MToiMCI7czoxNDoidXNlRmlsdGVyVGl0bGUiO3M6MToiMCI7czoxNDoidXNlRmlsdGVyVG9waWMiO3M6MToiMCI7czoxMjoidXNlRmlsdGVyVGFnIjtzOjE6IjAiO3M6MTM6InVzZUZpbHRlckRhdGUiO3M6MToiMCI7czoxNToidG9waWNUZXh0Rm9ybWF0IjtzOjE6IjAiO3M6MTM6InRhZ1RleHRGb3JtYXQiO3M6OToidXBwZXJXb3JkIjtzOjE0OiJkYXRlVGV4dEZvcm1hdCI7czoxOiIwIjtzOjE2OiJmaWx0ZXJEYXRlRm9ybWF0IjtzOjM6IkYgWSI7czo5OiJ0aXRsZVRleHQiO3M6MTg6ItCc0LDRgtC10YDQuNCw0LvRiyI7czoxMDoiZm9ybWF0dGluZyI7czoyOiJoMSI7fQ=='),(530,'','2020-08-31 13:01:17','2020-08-31 13:01:17',NULL,'0',17,1,'TzozMjoiQ29uY3JldGVcQ29yZVxMZWdhY3lcQmxvY2tSZWNvcmQiOjEzOntzOjM6ImJJRCI7czozOiI1MzAiO3M6OToiACoAX3RhYmxlIjtzOjEzOiJidEV4cHJlc3NGb3JtIjtzOjg6ImV4Rm9ybUlEIjtzOjM2OiJlYTJkOWZkMy1lYjcwLTExZWEtYWM1NC1mZGM4ZWY1OWVkOTkiO3M6MTE6InN1Ym1pdExhYmVsIjtzOjE4OiLQntGC0L/RgNCw0LLQuNGC0YwiO3M6MTE6InRoYW5reW91TXNnIjtzOjYyOiLQodC/0LDRgdC40LHQviEg0JLQsNGI0LUg0L7QsdGA0LDRidC10L3QuNC1INCyINC/0YDQuNC90Y/RgtC+LiI7czoyMDoibm90aWZ5TWVPblN1Ym1pc3Npb24iO3M6MToiMSI7czoxNDoicmVjaXBpZW50RW1haWwiO3M6Mjk6ImRhbWlyLTgyQGJrLnJ1LDAwMzAwM0BtYWlsLnJ1IjtzOjE0OiJkaXNwbGF5Q2FwdGNoYSI7czoxOiIxIjtzOjE5OiJzdG9yZUZvcm1TdWJtaXNzaW9uIjtzOjE6IjEiO3M6MTE6InJlZGlyZWN0Q0lEIjtzOjE6IjEiO3M6MjE6InJlcGx5VG9FbWFpbENvbnRyb2xJRCI7czozNjoiOTc0Zjg4MjUtZWI3MC0xMWVhLWFjNTQtZmRjOGVmNTllZDk5IjtzOjEzOiJhZGRGaWxlc1RvU2V0IjtzOjE6IjAiO3M6MTY6ImFkZEZpbGVzVG9Gb2xkZXIiO3M6MToiNyI7fQ=='),(531,'','2020-08-31 13:04:20','2020-08-31 13:04:20',NULL,'1',1,1,'TzozMjoiQ29uY3JldGVcQ29yZVxMZWdhY3lcQmxvY2tSZWNvcmQiOjM6e3M6MzoiYklEIjtzOjM6IjUzMSI7czo5OiIAKgBfdGFibGUiO3M6MTQ6ImJ0Q29udGVudExvY2FsIjtzOjc6ImNvbnRlbnQiO3M6MTMwOiI8cD48YSBocmVmPSJ7Q0NNOkNJRF8yNDZ9Ij7QniDQn9Cg0J7QldCa0KLQlTwvYT48YnIgLz4NCjxhIGhyZWY9IntDQ006QkFTRV9VUkx9L2NvbnRhY3RzIj7QmtCe0J3QotCQ0JrQotCrPC9hPjxiciAvPg0KJm5ic3A7PC9wPg0KIjt9'),(532,'','2020-08-31 13:07:52','2020-08-31 13:07:52',NULL,'0',44,1,'TzozMjoiQ29uY3JldGVcQ29yZVxMZWdhY3lcQmxvY2tSZWNvcmQiOjM6e3M6MzoiYklEIjtzOjM6IjUzMiI7czo5OiIAKgBfdGFibGUiO3M6MTY6ImJ0Q29yZUFyZWFMYXlvdXQiO3M6MTA6ImFyTGF5b3V0SUQiO3M6MjoiNTYiO30='),(533,'','2020-08-31 13:15:04','2020-08-31 13:15:04',NULL,'1',1,1,NULL),(534,'','2020-08-31 13:20:01','2020-08-31 13:20:02',NULL,'1',1,1,NULL),(540,'','2020-08-31 13:26:13','2020-08-31 13:26:13',NULL,'0',1,1,NULL),(541,'','2020-08-31 13:27:20','2020-08-31 13:27:20',NULL,'1',1,1,NULL),(543,'','2020-08-31 13:28:07','2020-08-31 13:28:07',NULL,'1',1,1,NULL),(545,'','2020-08-31 13:29:53','2020-08-31 13:29:53',NULL,'1',1,1,NULL),(546,'','2020-08-31 13:30:41','2020-08-31 13:30:41',NULL,'1',1,1,NULL),(547,'','2020-08-31 13:31:51','2020-08-31 13:53:37',NULL,'1',1,1,NULL),(548,'','2020-08-31 13:51:15','2020-08-31 13:55:52',NULL,'0',3,1,NULL),(549,'','2020-08-31 13:51:49','2020-08-31 13:56:27','','0',44,1,NULL),(553,'','2020-08-31 13:55:00','2020-08-31 13:55:00',NULL,'1',1,1,'TzozMjoiQ29uY3JldGVcQ29yZVxMZWdhY3lcQmxvY2tSZWNvcmQiOjM6e3M6MzoiYklEIjtzOjM6IjU1MyI7czo5OiIAKgBfdGFibGUiO3M6MTQ6ImJ0Q29udGVudExvY2FsIjtzOjc6ImNvbnRlbnQiO3M6NTU2OiI8cCBzdHlsZT0idGV4dC1hbGlnbjpjZW50ZXI7Ij48YSBocmVmPSJodHRwczovL3BsYXkuZ29vZ2xlLmNvbS9zdG9yZS9hcHBzL2RldGFpbHM/aWQ9cnUudGF0YXJtdWx0ZmlsbS5tb3l0YXRhcnN0YW4mYW1wO3V0bV9zb3VyY2U9ZnJvbS1zaXRlJmFtcDt1dG1fY2FtcGFpZ249cmVsZWFzZSZhbXA7cGNhbXBhaWduaWQ9cGNhbXBhaWduaWRNS1QtT3RoZXItZ2xvYmFsLWFsbC1jby1wcnRuci1weS1QYXJ0QmFkZ2UtTWFyMjUxNS0xIj48aW1nIGFsdD0i0JTQvtGB0YLRg9C/0L3QviDQsiBHb29nbGUgUGxheSIgc3JjPSJodHRwczovL3BsYXkuZ29vZ2xlLmNvbS9pbnRsL2VuX3VzL2JhZGdlcy9zdGF0aWMvaW1hZ2VzL2JhZGdlcy9ydV9iYWRnZV93ZWJfZ2VuZXJpYy5wbmciIHdpZHRoPSIyNTAiIC8+PC9hPjxhIGhyZWY9Imh0dHBzOi8vYXBwcy5hcHBsZS5jb20vdXMvYXBwL2lkMTUyODkxMjM2MyIgdGFyZ2V0PSJfYmxhbmsiPjxjb25jcmV0ZS1waWN0dXJlIGZJRD0iNjgiIGFsdD0i0JTQvtGB0YLRg9C/0L3QviDQsiBBcHBTdG9yZSIgd2lkdGg9IjIxNSIgLz48L2E+PC9wPg0KIjt9'),(554,'','2020-08-31 13:55:25','2020-08-31 13:55:25',NULL,'1',1,1,NULL),(555,'','2020-08-31 13:58:16','2020-08-31 14:00:21','','1',44,1,'TzozMjoiQ29uY3JldGVcQ29yZVxMZWdhY3lcQmxvY2tSZWNvcmQiOjM6e3M6MzoiYklEIjtzOjM6IjU1NSI7czo5OiIAKgBfdGFibGUiO3M6MTY6ImJ0Q29yZUFyZWFMYXlvdXQiO3M6MTA6ImFyTGF5b3V0SUQiO3M6MjoiNTgiO30='),(556,'','2020-08-31 14:00:11','2020-08-31 14:00:44','','1',1,1,'TzozMjoiQ29uY3JldGVcQ29yZVxMZWdhY3lcQmxvY2tSZWNvcmQiOjM6e3M6MzoiYklEIjtzOjM6IjU1NiI7czo5OiIAKgBfdGFibGUiO3M6MTQ6ImJ0Q29udGVudExvY2FsIjtzOjc6ImNvbnRlbnQiO3M6NDA3OiI8cCBzdHlsZT0idGV4dC1hbGlnbjpjZW50ZXI7Ij48YSBocmVmPSJodHRwczovL3BsYXkuZ29vZ2xlLmNvbS9zdG9yZS9hcHBzL2RldGFpbHM/aWQ9cnUudGF0YXJtdWx0ZmlsbS5tb3l0YXRhcnN0YW4mYW1wO3V0bV9zb3VyY2U9ZnJvbS1zaXRlJmFtcDt1dG1fY2FtcGFpZ249cmVsZWFzZSZhbXA7cGNhbXBhaWduaWQ9cGNhbXBhaWduaWRNS1QtT3RoZXItZ2xvYmFsLWFsbC1jby1wcnRuci1weS1QYXJ0QmFkZ2UtTWFyMjUxNS0xIj48aW1nIGFsdD0i0JTQvtGB0YLRg9C/0L3QviDQsiBHb29nbGUgUGxheSIgc3JjPSJodHRwczovL3BsYXkuZ29vZ2xlLmNvbS9pbnRsL2VuX3VzL2JhZGdlcy9zdGF0aWMvaW1hZ2VzL2JhZGdlcy9ydV9iYWRnZV93ZWJfZ2VuZXJpYy5wbmciIHdpZHRoPSIyNTAiIC8+PC9hPjwvcD4NCiI7fQ=='),(557,'','2020-08-31 14:01:11','2020-08-31 14:01:31','','1',1,1,'TzozMjoiQ29uY3JldGVcQ29yZVxMZWdhY3lcQmxvY2tSZWNvcmQiOjM6e3M6MzoiYklEIjtzOjM6IjU1NyI7czo5OiIAKgBfdGFibGUiO3M6MTQ6ImJ0Q29udGVudExvY2FsIjtzOjc6ImNvbnRlbnQiO3M6MTg1OiI8cCBzdHlsZT0idGV4dC1hbGlnbjpjZW50ZXI7Ij48YSBocmVmPSJodHRwczovL2FwcHMuYXBwbGUuY29tL3VzL2FwcC9pZDE1Mjg5MTIzNjMiIHRhcmdldD0iX2JsYW5rIj48Y29uY3JldGUtcGljdHVyZSBmSUQ9IjY4IiBhbHQ9ItCU0L7RgdGC0YPQv9C90L4g0LIgQXBwU3RvcmUiIHdpZHRoPSIyMTUiIC8+PC9hPjwvcD4NCiI7fQ=='),(558,'','2020-08-31 14:01:56','2020-08-31 14:02:22','','1',3,1,NULL),(559,'','2020-08-31 14:02:56','2020-08-31 14:02:56',NULL,'1',1,1,NULL),(560,'','2020-08-31 14:16:28','2020-08-31 14:16:28',NULL,'1',31,1,NULL),(562,'','2020-08-31 14:30:47','2020-08-31 14:30:47',NULL,'1',69,1,NULL),(563,'','2020-08-31 14:43:07','2020-08-31 14:43:07',NULL,'0',32,1,NULL),(564,'','2020-08-31 14:43:40','2020-08-31 14:43:40',NULL,'0',1,1,NULL),(565,'','2020-08-31 14:48:14','2020-08-31 14:48:14',NULL,'0',3,1,NULL),(572,'','2020-08-31 14:58:55','2020-08-31 14:58:55',NULL,'0',3,1,NULL),(573,'','2020-08-31 14:59:54','2020-08-31 14:59:54',NULL,'0',3,1,NULL),(575,'','2020-08-31 15:01:49','2020-08-31 15:01:49',NULL,'0',3,1,NULL),(576,'','2020-08-31 15:02:12','2020-08-31 15:02:12',NULL,'0',3,1,NULL),(581,'','2020-08-31 15:16:13','2020-08-31 15:22:18',NULL,'0',1,1,NULL),(586,'','2020-08-31 15:30:31','2020-08-31 15:30:31','','1',3,1,'TzozMjoiQ29uY3JldGVcQ29yZVxMZWdhY3lcQmxvY2tSZWNvcmQiOjEzOntzOjM6ImJJRCI7czozOiI1ODYiO3M6OToiACoAX3RhYmxlIjtzOjE0OiJidENvbnRlbnRJbWFnZSI7czozOiJmSUQiO3M6MzoiMTY3IjtzOjEwOiJmT25zdGF0ZUlEIjtzOjE6IjAiO3M6OToiY3JvcEltYWdlIjtzOjE6IjAiO3M6ODoibWF4V2lkdGgiO3M6NDoiMTIwMCI7czo5OiJtYXhIZWlnaHQiO3M6MzoiNTEwIjtzOjEyOiJleHRlcm5hbExpbmsiO3M6MDoiIjtzOjE1OiJpbnRlcm5hbExpbmtDSUQiO3M6MToiMCI7czoxMDoiZmlsZUxpbmtJRCI7czoxOiIwIjtzOjE5OiJvcGVuTGlua0luTmV3V2luZG93IjtzOjE6IjAiO3M6NzoiYWx0VGV4dCI7czozMjoiMTAwINC70LXRgiDQvdCw0YjQtdC80YMg0LTQvtC80YMiO3M6NToidGl0bGUiO3M6MDoiIjt9'),(587,'','2020-08-31 15:35:36','2020-08-31 15:35:36',NULL,'1',1,1,NULL),(588,'','2020-08-31 15:36:29','2020-08-31 15:36:29',NULL,'0',1,1,NULL),(589,'','2020-08-31 15:39:14','2020-08-31 15:44:11',NULL,'1',1,1,NULL),(590,'','2020-08-31 15:48:44','2020-08-31 15:53:10',NULL,'1',1,1,NULL),(591,'','2020-08-31 15:55:16','2020-08-31 15:55:16',NULL,'1',1,1,NULL),(592,'','2020-08-31 15:56:35','2020-08-31 15:56:35',NULL,'1',1,1,NULL),(593,'','2020-08-31 15:57:35','2020-08-31 15:57:35',NULL,'1',69,1,NULL),(594,'','2020-08-31 16:05:29','2020-08-31 16:05:29',NULL,'1',1,1,NULL),(599,'','2020-08-31 16:23:56','2020-08-31 16:23:56',NULL,'0',1,1,NULL),(604,'','2020-08-31 16:31:33','2020-08-31 16:31:33',NULL,'0',1,1,NULL),(609,'','2020-08-31 16:40:43','2020-08-31 16:53:33',NULL,'0',1,1,NULL),(610,'','2020-08-31 16:43:20','2020-08-31 16:43:33','','1',50,1,NULL),(611,'','2020-08-31 16:53:58','2020-08-31 16:53:58',NULL,'0',32,1,NULL),(612,'','2020-08-31 16:54:55','2020-08-31 16:55:33','','1',50,1,NULL),(613,'','2020-08-31 16:56:03','2020-08-31 16:56:03',NULL,'1',1,1,NULL),(614,'','2020-08-31 16:56:44','2020-08-31 16:56:44',NULL,'1',1,1,NULL),(615,'','2020-08-31 16:56:56','2020-08-31 16:56:56','','1',50,1,NULL),(616,'','2020-08-31 16:57:26','2020-08-31 16:57:26','','1',8,1,NULL),(617,'','2020-08-31 16:58:05','2020-08-31 16:58:05',NULL,'0',32,1,NULL),(618,'','2020-08-31 16:59:58','2020-08-31 16:59:58','','1',8,1,'TzozMjoiQ29uY3JldGVcQ29yZVxMZWdhY3lcQmxvY2tSZWNvcmQiOjEzOntzOjM6ImJJRCI7czozOiI2MTgiO3M6OToiACoAX3RhYmxlIjtzOjExOiJidFBhZ2VUaXRsZSI7czoxNDoidXNlQ3VzdG9tVGl0bGUiO3M6MToiMCI7czoxNDoidXNlRmlsdGVyVGl0bGUiO3M6MToiMCI7czoxNDoidXNlRmlsdGVyVG9waWMiO3M6MToiMCI7czoxMjoidXNlRmlsdGVyVGFnIjtzOjE6IjAiO3M6MTM6InVzZUZpbHRlckRhdGUiO3M6MToiMCI7czoxNToidG9waWNUZXh0Rm9ybWF0IjtzOjE6IjAiO3M6MTM6InRhZ1RleHRGb3JtYXQiO3M6OToidXBwZXJXb3JkIjtzOjE0OiJkYXRlVGV4dEZvcm1hdCI7czoxOiIwIjtzOjE2OiJmaWx0ZXJEYXRlRm9ybWF0IjtzOjM6IkYgWSI7czo5OiJ0aXRsZVRleHQiO3M6Mzc6IlvQl9Cw0LPQvtC70L7QstC+0Log0YHRgtGA0LDQvdC40YbRi10iO3M6MTA6ImZvcm1hdHRpbmciO3M6MjoiaDEiO30='),(619,'','2020-08-31 17:01:58','2020-08-31 17:01:58',NULL,'0',1,1,NULL),(620,'','2020-08-31 17:05:55','2020-08-31 17:05:55',NULL,'1',1,1,NULL),(621,'','2020-08-31 17:06:12','2020-08-31 17:06:12',NULL,'0',32,1,NULL),(622,'','2020-08-31 17:07:35','2020-08-31 17:07:35',NULL,'0',1,1,NULL),(623,'','2020-08-31 17:07:52','2020-08-31 17:07:52',NULL,'0',32,1,NULL),(624,'','2020-08-31 17:08:16','2020-08-31 17:08:16',NULL,'0',1,1,NULL),(625,'','2020-08-31 17:08:52','2020-08-31 17:08:52',NULL,'1',1,1,NULL),(626,'','2020-08-31 17:10:21','2020-08-31 17:10:21',NULL,'0',32,1,NULL),(627,'','2020-08-31 17:10:51','2020-08-31 17:10:51',NULL,'0',1,1,NULL),(628,'','2020-08-31 17:12:02','2020-08-31 17:13:15',NULL,'1',1,1,NULL),(629,'','2020-08-31 17:12:12','2020-08-31 17:14:17',NULL,'0',1,1,NULL),(631,'','2020-08-31 17:14:55','2020-08-31 17:14:55',NULL,'0',32,1,NULL),(632,'','2020-08-31 17:15:19','2020-08-31 17:15:19',NULL,'0',1,1,NULL),(633,'','2020-08-31 17:15:42','2020-08-31 17:15:42',NULL,'0',32,1,NULL),(634,'','2020-08-31 17:17:05','2020-08-31 17:17:05',NULL,'0',1,1,NULL),(635,'','2020-08-31 17:17:52','2020-08-31 17:17:52',NULL,'1',1,1,NULL),(636,'','2020-08-31 17:18:39','2020-08-31 17:18:39',NULL,'1',1,1,NULL),(637,'','2020-08-31 17:18:55','2020-08-31 17:18:55',NULL,'0',1,1,NULL),(638,'','2020-08-31 17:19:06','2020-08-31 17:19:06',NULL,'0',1,1,NULL),(639,'','2020-08-31 17:19:16','2020-08-31 17:19:16',NULL,'0',1,1,'TzozMjoiQ29uY3JldGVcQ29yZVxMZWdhY3lcQmxvY2tSZWNvcmQiOjM6e3M6MzoiYklEIjtzOjM6IjYzOSI7czo5OiIAKgBfdGFibGUiO3M6MTQ6ImJ0Q29udGVudExvY2FsIjtzOjc6ImNvbnRlbnQiO3M6ODE5OiI8aDM+0JzRg9C30LXQuCDQvdC10YTRgtC4PC9oMz4NCg0KPHA+0J/QtdGA0LLRi9C5INCyINGB0YLRgNCw0L3QtSDQnNGD0LfQtdC5INC90LXRhNGC0Lgg0LHRi9C7INGB0L7Qt9C00LDQvSAxINC+0LrRgtGP0LHRgNGPIDE5Njgg0LPQvtC00LAg0LIg0JvQtdC90LjQvdC+0LPQvtGA0YHQutC1LiDQkiDQvNGD0LfQtdC1INC80L7QttC90L4g0YPQt9C90LDRgtGMINCy0YHRjiDQuNGB0YLQvtGA0LjRjiDRgtCw0YLQsNGA0YHRgtCw0L3RgdC60L7QuSDQvdC10YTRgtC4LiDQkiDQt9Cw0LvQsNGFINC/0YDQtdC00YHRgtCw0LLQu9C10L3RiyDRjdC60YHQv9C+0L3QsNGC0YssINC80LDQutC10YLRiywg0LDRgNGF0LjQstC90YvQtSDQtNC+0LrRg9C80LXQvdGC0YsuINCU0LvRjyDQsdC+0LvQtdC1INC40L3RgtC10YDQtdGB0L3Ri9GFINGN0LrRgdC60YPRgNGB0LjQuSDQstC90LXQtNGA0LXQvdGLINGB0L7QstGA0LXQvNC10L3QvdGL0LUg0LzRg9C30LXQudC90YvQtSDRgtC10YXQvdC+0LvQvtCz0LjQuC4g0JIgMjAxNSDQs9C+0LTRgyDQnNGD0LfQtdC5INC90LXRhNGC0Lgg0LHRi9C7INGA0LDRgdGI0LjRgNC10L0uINCSINCo0YPQs9GD0YDQvtCy0L4g0L3QsCDQvNC10YHRgtC1INCx0LjRgtGD0LzQvdC+0LPQviDQt9Cw0LLQvtC00LAg0YHQvtC30LTQsNC9INC80YPQt9C10Lkg0L/QvtC0INC+0YLQutGA0YvRgtGL0Lwg0L3QtdCx0L7QvC4g0JzQvtC20L3QviDQv9C+0LHRi9Cy0LDRgtGMINCyINGI0YLQvtC70YzQvdC1LCDQv9C70LDQstC40LvRjNC90LUsINC90LXRhNGC0LXQv9C10YDQtdCz0L7QvdC90L7QvCDRhtC10YXRgy48L3A+DQoiO30='),(640,'','2020-08-31 17:20:36','2020-08-31 17:20:36',NULL,'0',32,1,NULL),(641,'','2020-08-31 17:21:44','2020-08-31 17:23:16',NULL,'0',1,1,NULL),(643,'','2020-08-31 17:23:09','2020-08-31 17:23:09',NULL,'0',32,1,NULL),(644,'','2020-08-31 17:23:24','2020-08-31 17:23:24',NULL,'0',1,1,NULL),(645,'','2020-08-31 17:24:01','2020-08-31 17:24:01',NULL,'0',32,1,NULL),(646,'','2020-08-31 17:24:10','2020-08-31 17:24:10',NULL,'0',1,1,NULL),(647,'','2020-08-31 17:24:59','2020-08-31 17:24:59',NULL,'1',1,1,NULL),(648,'','2020-08-31 17:25:11','2020-08-31 17:25:11',NULL,'1',1,1,NULL),(649,'','2020-08-31 17:25:20','2020-08-31 17:25:20',NULL,'1',1,1,NULL),(650,'','2020-08-31 17:25:54','2020-08-31 17:25:54',NULL,'1',1,1,NULL),(651,'','2020-08-31 17:26:38','2020-08-31 17:26:38',NULL,'1',1,1,NULL),(656,'','2020-08-31 17:33:04','2020-08-31 17:35:57',NULL,'0',1,1,NULL),(657,'','2020-08-31 17:33:29','2020-08-31 17:33:29',NULL,'0',32,1,NULL),(658,'','2020-08-31 17:34:34','2020-08-31 17:34:47',NULL,'0',1,1,NULL),(659,'','2020-08-31 17:35:37','2020-08-31 17:35:37',NULL,'0',1,1,NULL),(660,'','2020-08-31 17:36:05','2020-08-31 17:40:23',NULL,'0',1,1,NULL),(665,'','2020-08-31 17:55:53','2020-08-31 17:55:53',NULL,'0',1,1,NULL),(666,'','2020-08-31 17:56:13','2020-08-31 17:56:13',NULL,'0',1,1,NULL),(667,'','2020-08-31 17:56:50','2020-08-31 17:56:50',NULL,'0',1,1,'TzozMjoiQ29uY3JldGVcQ29yZVxMZWdhY3lcQmxvY2tSZWNvcmQiOjM6e3M6MzoiYklEIjtzOjM6IjY2NyI7czo5OiIAKgBfdGFibGUiO3M6MTQ6ImJ0Q29udGVudExvY2FsIjtzOjc6ImNvbnRlbnQiO3M6MTE2OToiPGgzPtCn0YLQviDRgtCw0LrQvtC1INC00LXQvdC00YDQsNGA0LjQuT88L2gzPg0KDQo8cD7QlNC10L3QtNGA0LDRgNC40LkgJm5kYXNoOyDRjdGC0L4g0YLQtdGA0YDQuNGC0L7RgNC40Y8sINC90LAg0LrQvtGC0L7RgNC+0Lkg0YEg0L3QsNGD0YfQvdC+LdC+0L/Ri9GC0L3Ri9C80Lgg0YbQtdC70Y/QvNC4INCy0YvRgNCw0YnQuNCy0LDRjtGCINC00LXRgNC10LLRjNGPINC4INC60YPRgdGC0LDRgNC90LjQutC4LiDQl9C00LXRgdGMINC80L7Qs9GD0YIg0LHRi9GC0Ywg0YDQtdC00LrQuNC1LCDRg9C90LjQutCw0LvRjNC90YvQtSDQstC40LTRiyDRgNCw0YHRgtC10L3QuNC5LiDQlNC10L3QtNGA0LDRgNC40Lgg0LjQu9C4INGD0YfQsNGB0YLQutC4INC00LXQvdC00YDQsNGA0LjQtdCyLCDQs9C00LUg0LLRi9GA0LDRidC40LLQsNGO0YIg0L7Qv9GA0LXQtNC10LvQtdC90L3Ri9C5INCy0LjQtCDRgNCw0YHRgtC10L3QuNC5LCDQuNC80LXRjtGCINGB0LLQvtC4INC90LDQt9Cy0LDQvdC40Y8uINCd0LDQv9GA0LjQvNC10YAsINC10YHQu9C4INC90LDQsdC70Y7QtNCw0Y7RgiDQt9CwINGB0LjRgNC10L3RjNGOICZuZGFzaDsg0YHQuNGA0LjQvdCz0LDRgNC40LksINC30LAg0YXQstC+0LnQvdGL0LzQuCAmbmRhc2g7INC60L7QvdC40YTQtdGA0LXRgtGD0LwsINC30LAg0LjQstCw0LzQuCAmbmRhc2g7INGB0LDQu9C40YbQtdGC0YPQvCDQuCDRgtCw0Log0LTQsNC70LXQtS4g0J/QviDRgtC10YDRgNC40YLQvtGA0LjQuCDQtNC10L3QtNGA0LDRgNC40Y8g0LzQvtC20L3QviDQs9GD0LvRj9GC0YwuINCT0LvQsNCy0L3QvtC1LCDRhdC+0LTQuNGC0Ywg0YLQvtC70YzQutC+INC/0L4g0YDQsNC30YDQtdGI0ZHQvdC90YvQvCDRgtGA0L7Qv9C40L3QutCw0LwsINC90LUg0L3QsNGA0YPRiNCw0YLRjCDQvtC60YDRg9C20LDRjtGJ0YPRjiDRgdGA0LXQtNGDLiDQkiDQtNC10L3QtNGA0LDRgNC40Lgg0L7QsdGL0YfQvdC+INC40LzQtdGO0YLRgdGPINGC0LDQsdC70LjRh9C60Lgg0YEmbmJzcDvRg9C60LDQt9Cw0L3QuNGP0LzQuCDQvNCw0YDRiNGA0YPRgtCwINC4Jm5ic3A70LfQvtC90LDQvNC4LCDRh9GC0L7QsdGLINGB0LDQvNC+0YHRgtC+0Y/RgtC10LvRjNC90YvQtSDRgtGD0YDQuNGB0YLRiyDQvdC1Jm5ic3A70LfQsNCx0LvRg9C00LjQu9C40YHRjC48L3A+DQoiO30='),(668,'','2020-08-31 17:57:42','2020-08-31 17:57:42',NULL,'0',1,1,'TzozMjoiQ29uY3JldGVcQ29yZVxMZWdhY3lcQmxvY2tSZWNvcmQiOjM6e3M6MzoiYklEIjtzOjM6IjY2OCI7czo5OiIAKgBfdGFibGUiO3M6MTQ6ImJ0Q29udGVudExvY2FsIjtzOjc6ImNvbnRlbnQiO3M6MTQ1OToiPGgzPjxzdHJvbmc+0JLQvtC70LbRgdC60L4t0JrQsNC80YHQutC40Lkg0LPQvtGB0YPQtNCw0YDRgdGC0LLQtdC90L3Ri9C5INC/0YDQuNGA0L7QtNC90YvQuSDQsdC40L7RgdGE0LXRgNC90YvQuSDQt9Cw0L/QvtCy0LXQtNC90LjQuiA8L3N0cm9uZz48L2gzPg0KDQo8cD7QktC+0LvQttGB0LrQvi3QmtCw0LzRgdC60LjQuSDQs9C+0YHRg9C00LDRgNGB0YLQstC10L3QvdGL0Lkg0L/RgNC40YDQvtC00L3Ri9C5INCx0LjQvtGB0YTQtdGA0L3Ri9C5INC30LDQv9C+0LLQtdC00L3QuNC6INC/0L7Rj9Cy0LjQu9GB0Y8g0LIgMTk2MCDQs9C+0LTRgy4g0K3RgtC+INC10LTQuNC90YHRgtCy0LXQvdC90YvQuSDQt9Cw0L/QvtCy0LXQtNC90LjQuiDQsiDQotCw0YLQsNGA0YHRgtCw0L3QtS4g0J7QvSDRgdC+0YHRgtC+0LjRgiDQuNC3INC00LLRg9GFINGD0YfQsNGB0YLQutC+0LIuINCg0LDQuNGE0YHQutC40Lkg0YPRh9Cw0YHRgtC+0Log0YDQsNGB0L/QvtC70L7QttC10L0g0LIg0JfQtdC70LXQvdC+0LTQvtC70YzRgdC60L7QvCDRgNCw0LnQvtC90LUsINCyIDI1INC60LjQu9C+0LzQtdGC0YDQsNGFINC+0YIg0JrQsNC30LDQvdC4LiDQkiDQvtGB0L3QvtCy0L3QvtC8INGN0YLQviDRgNCw0LLQvdC40L3QvdGL0Lkg0YPRh9Cw0YHRgtC+0Log0YEg0L7QstGA0LDQs9Cw0LzQuCDQuCDQsdC+0LvQvtGC0LDQvNC4LiDQodCw0YDQsNC70LjQvdGB0LrQuNC5INGD0YfQsNGB0YLQvtC6INC90LDRhdC+0LTQuNGC0YHRjyDQsiDQm9Cw0LjRiNC10LLRgdC60L7QvCDRgNCw0LnQvtC90LUsINCyIDYwINC60LjQu9C+0LzQtdGC0YDQsNGFINC+0YIg0YHRgtC+0LvQuNGG0Ysg0KLQsNGC0LDRgNGB0YLQsNC90LAsINC90LAg0LHQtdGA0LXQs9GDINCa0YPQudCx0YvRiNC10LLRgdC60L7Qs9C+INCy0L7QtNC+0YXRgNCw0L3QuNC70LjRidCwLiDQndCwINGN0YLQvtC8INGD0YfQsNGB0YLQutC1INC40LzQtdGO0YLRgdGPINC/0LXRgNC10L/QsNC00Ysg0LLRi9GB0L7Rgi4g0JfQsNC/0L7QstC10LTQvdC40Log0L3QsCA5MCDQv9GA0L7RhtC10L3RgtC+0LIg0L/QvtC60YDRi9GCINC70LXRgdCw0LzQuC4g0JfQtNC10YHRjCDRgNCw0YHRgtGD0YIg0LTRg9Cx0YssINGB0L7RgdC90YssINCx0LXRgNGR0LfRiywg0LvQuNC/0YssINC+0LvRjNGF0LAuJm5ic3A7INCd0LXQutC+0YLQvtGA0YvQtSDRgNCw0YHRgtC10L3QuNGPINC30LDQvdC10YHQtdC90Ysg0LIg0JrRgNCw0YHQvdGD0Y4g0LrQvdC40LPRgyDQotCw0YLQsNGA0YHRgtCw0L3QsC4g0J3QsNC/0YDQuNC80LXRgCwg0LvQuNC70LjRjyDRgdCw0YDQsNC90LrQsC4g0JIg0LfQsNC/0L7QstC10LTQvdC40LrQtSDQvtCx0LjRgtCw0Y7RgiDQsdC+0LvQtdC1IDUwINCy0LjQtNC+0LIg0LzQu9C10LrQvtC/0LjRgtCw0Y7RidC40YUg0Lgg0L7QutC+0LvQviDQtNCy0YPRhdGB0L7RgiDQstC40LTQvtCyINC/0YLQuNGGLjwvcD4NCiI7fQ=='),(669,'','2020-08-31 17:58:30','2020-08-31 17:58:30',NULL,'0',1,1,NULL),(674,'','2020-08-31 17:59:48','2020-08-31 18:05:26',NULL,'0',1,1,NULL),(675,'','2020-08-31 18:05:49','2020-08-31 18:09:40',NULL,'0',1,1,NULL),(676,'','2020-08-31 18:06:52','2020-08-31 18:10:40',NULL,'0',1,1,NULL),(677,'','2020-08-31 18:11:11','2020-08-31 18:11:11',NULL,'0',1,1,NULL),(678,'','2020-08-31 18:11:36','2020-08-31 18:11:36',NULL,'0',32,1,NULL),(679,'','2020-08-31 18:12:19','2020-08-31 18:12:19',NULL,'0',1,1,NULL),(680,'','2020-08-31 18:12:49','2020-08-31 18:12:49',NULL,'1',1,1,NULL),(681,'','2020-08-31 18:13:00','2020-08-31 18:13:00',NULL,'1',1,1,NULL),(686,'','2020-08-31 18:14:44','2020-08-31 18:20:19',NULL,'0',1,1,NULL),(687,'','2020-08-31 18:15:18','2020-08-31 18:23:40',NULL,'0',1,1,NULL),(688,'','2020-08-31 18:15:45','2020-08-31 18:26:47',NULL,'0',1,1,NULL),(689,'','2020-08-31 18:16:11','2020-08-31 18:16:11',NULL,'0',1,1,NULL),(690,'','2020-08-31 18:20:41','2020-08-31 18:20:41',NULL,'0',32,1,NULL),(691,'','2020-08-31 18:23:28','2020-08-31 18:23:28',NULL,'0',1,1,NULL),(692,'','2020-08-31 18:24:05','2020-08-31 18:24:05',NULL,'0',32,1,NULL),(693,'','2020-08-31 18:24:43','2020-08-31 18:24:43',NULL,'0',1,1,NULL),(694,'','2020-08-31 18:27:16','2020-08-31 18:27:16',NULL,'0',32,1,NULL),(695,'','2020-08-31 18:27:54','2020-08-31 18:27:54',NULL,'0',1,1,NULL),(696,'','2020-08-31 18:28:45','2020-08-31 18:28:45',NULL,'1',1,1,NULL),(697,'','2020-08-31 18:29:52','2020-08-31 18:29:52',NULL,'1',1,1,NULL),(698,'','2020-08-31 18:30:15','2020-08-31 18:30:15',NULL,'0',3,1,NULL),(700,'','2020-08-31 18:31:47','2020-08-31 18:32:05',NULL,'0',1,1,NULL),(702,'','2020-08-31 18:33:17','2020-08-31 18:33:17','','1',3,1,'TzozMjoiQ29uY3JldGVcQ29yZVxMZWdhY3lcQmxvY2tSZWNvcmQiOjEzOntzOjM6ImJJRCI7czozOiI3MDIiO3M6OToiACoAX3RhYmxlIjtzOjE0OiJidENvbnRlbnRJbWFnZSI7czozOiJmSUQiO3M6MzoiMjE3IjtzOjEwOiJmT25zdGF0ZUlEIjtzOjE6IjAiO3M6OToiY3JvcEltYWdlIjtzOjE6IjAiO3M6ODoibWF4V2lkdGgiO3M6NDoiMTIwMCI7czo5OiJtYXhIZWlnaHQiO3M6MzoiNTEwIjtzOjEyOiJleHRlcm5hbExpbmsiO3M6MDoiIjtzOjE1OiJpbnRlcm5hbExpbmtDSUQiO3M6MToiMCI7czoxMDoiZmlsZUxpbmtJRCI7czoxOiIwIjtzOjE5OiJvcGVuTGlua0luTmV3V2luZG93IjtzOjE6IjAiO3M6NzoiYWx0VGV4dCI7czozMjoiMTAwINC70LXRgiDQvdCw0YjQtdC80YMg0LTQvtC80YMiO3M6NToidGl0bGUiO3M6MDoiIjt9'),(703,'','2020-08-31 18:33:20','2020-08-31 18:33:20',NULL,'0',1,1,NULL),(704,'','2020-08-31 18:33:56','2020-08-31 18:33:56',NULL,'0',32,1,NULL),(706,'','2020-08-31 18:34:51','2020-08-31 18:34:51',NULL,'0',1,1,NULL),(707,'','2020-08-31 18:35:23','2020-08-31 18:35:23','','1',3,1,'TzozMjoiQ29uY3JldGVcQ29yZVxMZWdhY3lcQmxvY2tSZWNvcmQiOjEzOntzOjM6ImJJRCI7czozOiI3MDciO3M6OToiACoAX3RhYmxlIjtzOjE0OiJidENvbnRlbnRJbWFnZSI7czozOiJmSUQiO3M6MzoiMjE4IjtzOjEwOiJmT25zdGF0ZUlEIjtzOjE6IjAiO3M6OToiY3JvcEltYWdlIjtzOjE6IjAiO3M6ODoibWF4V2lkdGgiO3M6NDoiMTIwMCI7czo5OiJtYXhIZWlnaHQiO3M6MzoiNTEwIjtzOjEyOiJleHRlcm5hbExpbmsiO3M6MDoiIjtzOjE1OiJpbnRlcm5hbExpbmtDSUQiO3M6MToiMCI7czoxMDoiZmlsZUxpbmtJRCI7czoxOiIwIjtzOjE5OiJvcGVuTGlua0luTmV3V2luZG93IjtzOjE6IjAiO3M6NzoiYWx0VGV4dCI7czozMjoiMTAwINC70LXRgiDQvdCw0YjQtdC80YMg0LTQvtC80YMiO3M6NToidGl0bGUiO3M6MDoiIjt9'),(708,'','2020-08-31 18:35:31','2020-08-31 18:35:31',NULL,'1',1,1,NULL),(709,'','2020-08-31 18:35:40','2020-08-31 18:35:40',NULL,'1',1,1,NULL),(710,'','2020-08-31 18:35:57','2020-08-31 18:35:57',NULL,'1',1,1,NULL),(717,'','2020-08-31 18:47:11','2020-08-31 18:47:11','','1',3,1,'TzozMjoiQ29uY3JldGVcQ29yZVxMZWdhY3lcQmxvY2tSZWNvcmQiOjEzOntzOjM6ImJJRCI7czozOiI3MTciO3M6OToiACoAX3RhYmxlIjtzOjE0OiJidENvbnRlbnRJbWFnZSI7czozOiJmSUQiO3M6MzoiMjE5IjtzOjEwOiJmT25zdGF0ZUlEIjtzOjE6IjAiO3M6OToiY3JvcEltYWdlIjtzOjE6IjAiO3M6ODoibWF4V2lkdGgiO3M6NDoiMTIwMCI7czo5OiJtYXhIZWlnaHQiO3M6MzoiNTEwIjtzOjEyOiJleHRlcm5hbExpbmsiO3M6MDoiIjtzOjE1OiJpbnRlcm5hbExpbmtDSUQiO3M6MToiMCI7czoxMDoiZmlsZUxpbmtJRCI7czoxOiIwIjtzOjE5OiJvcGVuTGlua0luTmV3V2luZG93IjtzOjE6IjAiO3M6NzoiYWx0VGV4dCI7czozMjoiMTAwINC70LXRgiDQvdCw0YjQtdC80YMg0LTQvtC80YMiO3M6NToidGl0bGUiO3M6MDoiIjt9'),(719,'','2020-08-31 18:55:13','2020-08-31 18:55:13','','1',3,1,'TzozMjoiQ29uY3JldGVcQ29yZVxMZWdhY3lcQmxvY2tSZWNvcmQiOjEzOntzOjM6ImJJRCI7czozOiI3MTkiO3M6OToiACoAX3RhYmxlIjtzOjE0OiJidENvbnRlbnRJbWFnZSI7czozOiJmSUQiO3M6MzoiMjIwIjtzOjEwOiJmT25zdGF0ZUlEIjtzOjE6IjAiO3M6OToiY3JvcEltYWdlIjtzOjE6IjAiO3M6ODoibWF4V2lkdGgiO3M6NDoiMTIwMCI7czo5OiJtYXhIZWlnaHQiO3M6MzoiNTEwIjtzOjEyOiJleHRlcm5hbExpbmsiO3M6MDoiIjtzOjE1OiJpbnRlcm5hbExpbmtDSUQiO3M6MToiMCI7czoxMDoiZmlsZUxpbmtJRCI7czoxOiIwIjtzOjE5OiJvcGVuTGlua0luTmV3V2luZG93IjtzOjE6IjAiO3M6NzoiYWx0VGV4dCI7czozMjoiMTAwINC70LXRgiDQvdCw0YjQtdC80YMg0LTQvtC80YMiO3M6NToidGl0bGUiO3M6MDoiIjt9'),(722,'','2020-08-31 18:56:25','2020-08-31 18:56:25','','1',3,1,'TzozMjoiQ29uY3JldGVcQ29yZVxMZWdhY3lcQmxvY2tSZWNvcmQiOjEzOntzOjM6ImJJRCI7czozOiI3MjIiO3M6OToiACoAX3RhYmxlIjtzOjE0OiJidENvbnRlbnRJbWFnZSI7czozOiJmSUQiO3M6MzoiMjIxIjtzOjEwOiJmT25zdGF0ZUlEIjtzOjE6IjAiO3M6OToiY3JvcEltYWdlIjtzOjE6IjAiO3M6ODoibWF4V2lkdGgiO3M6NDoiMTIwMCI7czo5OiJtYXhIZWlnaHQiO3M6MzoiNTEwIjtzOjEyOiJleHRlcm5hbExpbmsiO3M6MDoiIjtzOjE1OiJpbnRlcm5hbExpbmtDSUQiO3M6MToiMCI7czoxMDoiZmlsZUxpbmtJRCI7czoxOiIwIjtzOjE5OiJvcGVuTGlua0luTmV3V2luZG93IjtzOjE6IjAiO3M6NzoiYWx0VGV4dCI7czozMjoiMTAwINC70LXRgiDQvdCw0YjQtdC80YMg0LTQvtC80YMiO3M6NToidGl0bGUiO3M6MDoiIjt9'),(723,'','2020-08-31 18:57:23','2020-08-31 18:57:23',NULL,'0',1,1,NULL),(724,'','2020-08-31 18:57:49','2020-08-31 18:57:49',NULL,'0',1,1,NULL),(725,'','2020-08-31 18:58:11','2020-08-31 18:58:11',NULL,'0',1,1,NULL),(726,'','2020-08-31 18:58:44','2020-08-31 19:01:14',NULL,'0',1,1,NULL),(728,'','2020-08-31 19:00:21','2020-08-31 19:00:21','','1',3,1,'TzozMjoiQ29uY3JldGVcQ29yZVxMZWdhY3lcQmxvY2tSZWNvcmQiOjEzOntzOjM6ImJJRCI7czozOiI3MjgiO3M6OToiACoAX3RhYmxlIjtzOjE0OiJidENvbnRlbnRJbWFnZSI7czozOiJmSUQiO3M6MzoiMjIyIjtzOjEwOiJmT25zdGF0ZUlEIjtzOjE6IjAiO3M6OToiY3JvcEltYWdlIjtzOjE6IjAiO3M6ODoibWF4V2lkdGgiO3M6NDoiMTIwMCI7czo5OiJtYXhIZWlnaHQiO3M6MzoiNTEwIjtzOjEyOiJleHRlcm5hbExpbmsiO3M6MDoiIjtzOjE1OiJpbnRlcm5hbExpbmtDSUQiO3M6MToiMCI7czoxMDoiZmlsZUxpbmtJRCI7czoxOiIwIjtzOjE5OiJvcGVuTGlua0luTmV3V2luZG93IjtzOjE6IjAiO3M6NzoiYWx0VGV4dCI7czozMjoiMTAwINC70LXRgiDQvdCw0YjQtdC80YMg0LTQvtC80YMiO3M6NToidGl0bGUiO3M6MDoiIjt9'),(729,'','2020-08-31 19:01:20','2020-08-31 19:01:20',NULL,'1',1,1,NULL),(731,'','2020-08-31 19:03:20','2020-08-31 19:03:21','','1',3,1,'TzozMjoiQ29uY3JldGVcQ29yZVxMZWdhY3lcQmxvY2tSZWNvcmQiOjEzOntzOjM6ImJJRCI7czozOiI3MzEiO3M6OToiACoAX3RhYmxlIjtzOjE0OiJidENvbnRlbnRJbWFnZSI7czozOiJmSUQiO3M6MzoiMjIzIjtzOjEwOiJmT25zdGF0ZUlEIjtzOjE6IjAiO3M6OToiY3JvcEltYWdlIjtzOjE6IjAiO3M6ODoibWF4V2lkdGgiO3M6NDoiMTIwMCI7czo5OiJtYXhIZWlnaHQiO3M6MzoiNTEwIjtzOjEyOiJleHRlcm5hbExpbmsiO3M6MDoiIjtzOjE1OiJpbnRlcm5hbExpbmtDSUQiO3M6MToiMCI7czoxMDoiZmlsZUxpbmtJRCI7czoxOiIwIjtzOjE5OiJvcGVuTGlua0luTmV3V2luZG93IjtzOjE6IjAiO3M6NzoiYWx0VGV4dCI7czozMjoiMTAwINC70LXRgiDQvdCw0YjQtdC80YMg0LTQvtC80YMiO3M6NToidGl0bGUiO3M6MDoiIjt9'),(733,'','2020-08-31 19:04:58','2020-08-31 19:04:58',NULL,'1',1,1,NULL),(734,'','2020-08-31 19:05:16','2020-08-31 19:05:16','','1',3,1,'TzozMjoiQ29uY3JldGVcQ29yZVxMZWdhY3lcQmxvY2tSZWNvcmQiOjEzOntzOjM6ImJJRCI7czozOiI3MzQiO3M6OToiACoAX3RhYmxlIjtzOjE0OiJidENvbnRlbnRJbWFnZSI7czozOiJmSUQiO3M6MzoiMjI0IjtzOjEwOiJmT25zdGF0ZUlEIjtzOjE6IjAiO3M6OToiY3JvcEltYWdlIjtzOjE6IjAiO3M6ODoibWF4V2lkdGgiO3M6NDoiMTIwMCI7czo5OiJtYXhIZWlnaHQiO3M6MzoiNTEwIjtzOjEyOiJleHRlcm5hbExpbmsiO3M6MDoiIjtzOjE1OiJpbnRlcm5hbExpbmtDSUQiO3M6MToiMCI7czoxMDoiZmlsZUxpbmtJRCI7czoxOiIwIjtzOjE5OiJvcGVuTGlua0luTmV3V2luZG93IjtzOjE6IjAiO3M6NzoiYWx0VGV4dCI7czozMjoiMTAwINC70LXRgiDQvdCw0YjQtdC80YMg0LTQvtC80YMiO3M6NToidGl0bGUiO3M6MDoiIjt9'),(735,'','2020-08-31 19:05:19','2020-08-31 19:05:19',NULL,'0',32,1,NULL),(740,'','2020-08-31 19:06:55','2020-08-31 19:06:55',NULL,'0',1,1,NULL),(746,'','2020-08-31 19:10:19','2020-08-31 19:10:19','','1',3,1,'TzozMjoiQ29uY3JldGVcQ29yZVxMZWdhY3lcQmxvY2tSZWNvcmQiOjEzOntzOjM6ImJJRCI7czozOiI3NDYiO3M6OToiACoAX3RhYmxlIjtzOjE0OiJidENvbnRlbnRJbWFnZSI7czozOiJmSUQiO3M6MzoiMjI1IjtzOjEwOiJmT25zdGF0ZUlEIjtzOjE6IjAiO3M6OToiY3JvcEltYWdlIjtzOjE6IjAiO3M6ODoibWF4V2lkdGgiO3M6NDoiMTIwMCI7czo5OiJtYXhIZWlnaHQiO3M6MzoiNTEwIjtzOjEyOiJleHRlcm5hbExpbmsiO3M6MDoiIjtzOjE1OiJpbnRlcm5hbExpbmtDSUQiO3M6MToiMCI7czoxMDoiZmlsZUxpbmtJRCI7czoxOiIwIjtzOjE5OiJvcGVuTGlua0luTmV3V2luZG93IjtzOjE6IjAiO3M6NzoiYWx0VGV4dCI7czozMjoiMTAwINC70LXRgiDQvdCw0YjQtdC80YMg0LTQvtC80YMiO3M6NToidGl0bGUiO3M6MDoiIjt9'),(747,'','2020-08-31 19:14:55','2020-08-31 19:15:58',NULL,'1',1,1,NULL),(748,'','2020-08-31 19:19:27','2020-08-31 19:19:27',NULL,'0',32,1,NULL),(749,'','2020-08-31 19:20:33','2020-08-31 19:20:33',NULL,'0',1,1,NULL),(755,'','2020-08-31 19:22:28','2020-08-31 19:22:28',NULL,'0',1,1,NULL),(756,'','2020-08-31 19:23:04','2020-08-31 19:30:03',NULL,'0',1,1,NULL),(757,'','2020-08-31 19:23:41','2020-08-31 19:23:41',NULL,'0',1,1,NULL),(758,'','2020-08-31 19:27:40','2020-08-31 19:29:11',NULL,'0',1,1,NULL),(759,'','2020-08-31 19:30:12','2020-08-31 19:30:12',NULL,'0',1,1,NULL),(760,'','2020-08-31 19:30:34','2020-08-31 19:30:34',NULL,'0',32,1,NULL),(761,'','2020-08-31 19:31:09','2020-08-31 19:32:08',NULL,'0',1,1,NULL),(762,'','2020-08-31 19:31:40','2020-08-31 19:31:40',NULL,'0',32,1,NULL),(763,'','2020-08-31 19:31:59','2020-08-31 19:31:59',NULL,'0',1,1,NULL),(764,'','2020-08-31 19:35:42','2020-08-31 19:35:42',NULL,'0',1,1,NULL),(765,'','2020-08-31 19:36:53','2020-08-31 19:36:53',NULL,'0',78,1,'TzozMjoiQ29uY3JldGVcQ29yZVxMZWdhY3lcQmxvY2tSZWNvcmQiOjk6e3M6MzoiYklEIjtzOjM6Ijc2NSI7czo5OiIAKgBfdGFibGUiO3M6MTk6ImJ0U2ltcGxlQXVkaW9QbGF5ZXIiO3M6MzoiZklEIjtzOjM6IjIzNyI7czo1OiJjb2xvciI7czowOiIiO3M6MTU6ImJhY2tncm91bmRDb2xvciI7czowOiIiO3M6NToidGl0bGUiO3M6MDoiIjtzOjExOiJkZXNjcmlwdGlvbiI7czowOiIiO3M6ODoidGVtcGxhdGUiO3M6NzoiZGVmYXVsdCI7czo4OiJtYXhXaWR0aCI7czoxOiIwIjt9'),(766,'','2020-08-31 19:37:17','2020-08-31 19:37:17',NULL,'0',1,1,'TzozMjoiQ29uY3JldGVcQ29yZVxMZWdhY3lcQmxvY2tSZWNvcmQiOjM6e3M6MzoiYklEIjtzOjM6Ijc2NiI7czo5OiIAKgBfdGFibGUiO3M6MTQ6ImJ0Q29udGVudExvY2FsIjtzOjc6ImNvbnRlbnQiO3M6NTk6IjxoMz7Qk9C40LzQvSDQoNC10YHQv9GD0LHQu9C40LrQuCDQotCw0YLQsNGA0YHRgtCw0L08L2gzPg0KIjt9'),(767,'','2020-08-31 19:37:51','2020-08-31 19:37:51',NULL,'1',1,1,NULL),(768,'','2020-08-31 19:38:30','2020-08-31 19:38:30',NULL,'1',1,1,NULL),(769,'','2020-08-31 19:39:49','2020-08-31 19:39:49',NULL,'0',1,1,NULL),(770,'','2020-08-31 20:07:39','2020-08-31 20:07:39',NULL,'1',32,1,'TzozMjoiQ29uY3JldGVcQ29yZVxMZWdhY3lcQmxvY2tSZWNvcmQiOjg6e3M6MzoiYklEIjtzOjM6Ijc3MCI7czo5OiIAKgBfdGFibGUiO3M6NzoiYnRWaWRlbyI7czo3OiJ3ZWJtZklEIjtzOjM6IjE5NSI7czo2OiJvZ2dmSUQiO3M6MToiMCI7czo5OiJwb3N0ZXJmSUQiO3M6MzoiMjM5IjtzOjY6Im1wNGZJRCI7czoxOiIwIjtzOjk6InZpZGVvU2l6ZSI7czoxOiIwIjtzOjU6IndpZHRoIjtzOjE6IjAiO30='),(771,'','2020-08-31 20:07:50','2020-08-31 20:07:50',NULL,'1',32,1,'TzozMjoiQ29uY3JldGVcQ29yZVxMZWdhY3lcQmxvY2tSZWNvcmQiOjg6e3M6MzoiYklEIjtzOjM6Ijc3MSI7czo5OiIAKgBfdGFibGUiO3M6NzoiYnRWaWRlbyI7czo3OiJ3ZWJtZklEIjtzOjM6IjE5NiI7czo2OiJvZ2dmSUQiO3M6MToiMCI7czo5OiJwb3N0ZXJmSUQiO3M6MzoiMjQwIjtzOjY6Im1wNGZJRCI7czoxOiIwIjtzOjk6InZpZGVvU2l6ZSI7czoxOiIwIjtzOjU6IndpZHRoIjtzOjE6IjAiO30='),(772,'','2020-08-31 20:10:59','2020-08-31 20:10:59',NULL,'1',32,1,'TzozMjoiQ29uY3JldGVcQ29yZVxMZWdhY3lcQmxvY2tSZWNvcmQiOjg6e3M6MzoiYklEIjtzOjM6Ijc3MiI7czo5OiIAKgBfdGFibGUiO3M6NzoiYnRWaWRlbyI7czo3OiJ3ZWJtZklEIjtzOjM6IjE4MSI7czo2OiJvZ2dmSUQiO3M6MToiMCI7czo5OiJwb3N0ZXJmSUQiO3M6MzoiMjQyIjtzOjY6Im1wNGZJRCI7czoxOiIwIjtzOjk6InZpZGVvU2l6ZSI7czoxOiIwIjtzOjU6IndpZHRoIjtzOjE6IjAiO30='),(773,'','2020-08-31 20:11:10','2020-08-31 20:11:10',NULL,'1',32,1,'TzozMjoiQ29uY3JldGVcQ29yZVxMZWdhY3lcQmxvY2tSZWNvcmQiOjg6e3M6MzoiYklEIjtzOjM6Ijc3MyI7czo5OiIAKgBfdGFibGUiO3M6NzoiYnRWaWRlbyI7czo3OiJ3ZWJtZklEIjtzOjM6IjE4MCI7czo2OiJvZ2dmSUQiO3M6MToiMCI7czo5OiJwb3N0ZXJmSUQiO3M6MzoiMjQxIjtzOjY6Im1wNGZJRCI7czoxOiIwIjtzOjk6InZpZGVvU2l6ZSI7czoxOiIwIjtzOjU6IndpZHRoIjtzOjE6IjAiO30='),(774,'','2020-08-31 20:11:59','2020-08-31 20:11:59',NULL,'1',1,1,NULL),(775,'','2020-08-31 20:14:14','2020-08-31 20:14:14',NULL,'1',32,1,'TzozMjoiQ29uY3JldGVcQ29yZVxMZWdhY3lcQmxvY2tSZWNvcmQiOjg6e3M6MzoiYklEIjtzOjM6Ijc3NSI7czo5OiIAKgBfdGFibGUiO3M6NzoiYnRWaWRlbyI7czo3OiJ3ZWJtZklEIjtzOjM6IjE3OSI7czo2OiJvZ2dmSUQiO3M6MToiMCI7czo5OiJwb3N0ZXJmSUQiO3M6MzoiMjQzIjtzOjY6Im1wNGZJRCI7czoxOiIwIjtzOjk6InZpZGVvU2l6ZSI7czoxOiIwIjtzOjU6IndpZHRoIjtzOjE6IjAiO30='),(776,'','2020-08-31 20:15:29','2020-08-31 20:15:29',NULL,'1',32,1,NULL),(777,'','2020-08-31 20:16:05','2020-08-31 20:16:05',NULL,'1',32,1,NULL),(778,'','2020-08-31 20:17:30','2020-08-31 20:17:30',NULL,'1',32,1,'TzozMjoiQ29uY3JldGVcQ29yZVxMZWdhY3lcQmxvY2tSZWNvcmQiOjg6e3M6MzoiYklEIjtzOjM6Ijc3OCI7czo5OiIAKgBfdGFibGUiO3M6NzoiYnRWaWRlbyI7czo3OiJ3ZWJtZklEIjtzOjM6IjE5MSI7czo2OiJvZ2dmSUQiO3M6MToiMCI7czo5OiJwb3N0ZXJmSUQiO3M6MzoiMjQ0IjtzOjY6Im1wNGZJRCI7czoxOiIwIjtzOjk6InZpZGVvU2l6ZSI7czoxOiIwIjtzOjU6IndpZHRoIjtzOjE6IjAiO30='),(779,'','2020-08-31 20:19:18','2020-08-31 20:19:18',NULL,'1',32,1,'TzozMjoiQ29uY3JldGVcQ29yZVxMZWdhY3lcQmxvY2tSZWNvcmQiOjg6e3M6MzoiYklEIjtzOjM6Ijc3OSI7czo5OiIAKgBfdGFibGUiO3M6NzoiYnRWaWRlbyI7czo3OiJ3ZWJtZklEIjtzOjM6IjE4NSI7czo2OiJvZ2dmSUQiO3M6MToiMCI7czo5OiJwb3N0ZXJmSUQiO3M6MzoiMjQ1IjtzOjY6Im1wNGZJRCI7czoxOiIwIjtzOjk6InZpZGVvU2l6ZSI7czoxOiIwIjtzOjU6IndpZHRoIjtzOjE6IjAiO30='),(780,'','2020-08-31 20:21:35','2020-08-31 20:21:35',NULL,'1',32,1,'TzozMjoiQ29uY3JldGVcQ29yZVxMZWdhY3lcQmxvY2tSZWNvcmQiOjg6e3M6MzoiYklEIjtzOjM6Ijc4MCI7czo5OiIAKgBfdGFibGUiO3M6NzoiYnRWaWRlbyI7czo3OiJ3ZWJtZklEIjtzOjM6IjE5MCI7czo2OiJvZ2dmSUQiO3M6MToiMCI7czo5OiJwb3N0ZXJmSUQiO3M6MzoiMjQ4IjtzOjY6Im1wNGZJRCI7czoxOiIwIjtzOjk6InZpZGVvU2l6ZSI7czoxOiIwIjtzOjU6IndpZHRoIjtzOjE6IjAiO30='),(781,'','2020-08-31 20:21:49','2020-08-31 20:21:49',NULL,'1',32,1,NULL),(782,'','2020-08-31 20:21:58','2020-08-31 20:21:58',NULL,'1',32,1,NULL),(783,'','2020-08-31 20:25:24','2020-08-31 20:25:24',NULL,'1',1,1,NULL),(784,'','2020-08-31 20:25:30','2020-08-31 20:25:30',NULL,'1',32,1,'TzozMjoiQ29uY3JldGVcQ29yZVxMZWdhY3lcQmxvY2tSZWNvcmQiOjg6e3M6MzoiYklEIjtzOjM6Ijc4NCI7czo5OiIAKgBfdGFibGUiO3M6NzoiYnRWaWRlbyI7czo3OiJ3ZWJtZklEIjtzOjM6IjE3OCI7czo2OiJvZ2dmSUQiO3M6MToiMCI7czo5OiJwb3N0ZXJmSUQiO3M6MzoiMjQ2IjtzOjY6Im1wNGZJRCI7czoxOiIwIjtzOjk6InZpZGVvU2l6ZSI7czoxOiIwIjtzOjU6IndpZHRoIjtzOjE6IjAiO30='),(785,'','2020-08-31 20:25:38','2020-08-31 20:25:38',NULL,'1',32,1,'TzozMjoiQ29uY3JldGVcQ29yZVxMZWdhY3lcQmxvY2tSZWNvcmQiOjg6e3M6MzoiYklEIjtzOjM6Ijc4NSI7czo5OiIAKgBfdGFibGUiO3M6NzoiYnRWaWRlbyI7czo3OiJ3ZWJtZklEIjtzOjM6IjE5MyI7czo2OiJvZ2dmSUQiO3M6MToiMCI7czo5OiJwb3N0ZXJmSUQiO3M6MzoiMjQ3IjtzOjY6Im1wNGZJRCI7czoxOiIwIjtzOjk6InZpZGVvU2l6ZSI7czoxOiIwIjtzOjU6IndpZHRoIjtzOjE6IjAiO30='),(786,'','2020-08-31 20:29:34','2020-08-31 20:31:10',NULL,'0',32,1,NULL),(787,'','2020-08-31 20:31:02','2020-08-31 20:31:02',NULL,'1',32,1,NULL),(788,'','2020-08-31 20:33:00','2020-08-31 20:33:00',NULL,'1',1,1,NULL),(789,'','2020-08-31 20:33:09','2020-08-31 20:33:09',NULL,'0',1,1,NULL),(790,'','2020-08-31 20:35:25','2020-08-31 20:35:25',NULL,'1',32,1,'TzozMjoiQ29uY3JldGVcQ29yZVxMZWdhY3lcQmxvY2tSZWNvcmQiOjg6e3M6MzoiYklEIjtzOjM6Ijc5MCI7czo5OiIAKgBfdGFibGUiO3M6NzoiYnRWaWRlbyI7czo3OiJ3ZWJtZklEIjtzOjM6IjE5MiI7czo2OiJvZ2dmSUQiO3M6MToiMCI7czo5OiJwb3N0ZXJmSUQiO3M6MzoiMjUwIjtzOjY6Im1wNGZJRCI7czoxOiIwIjtzOjk6InZpZGVvU2l6ZSI7czoxOiIwIjtzOjU6IndpZHRoIjtzOjE6IjAiO30='),(791,'','2020-08-31 20:35:37','2020-08-31 20:35:37',NULL,'1',32,1,NULL),(792,'','2020-08-31 20:36:23','2020-08-31 20:36:23',NULL,'1',32,1,'TzozMjoiQ29uY3JldGVcQ29yZVxMZWdhY3lcQmxvY2tSZWNvcmQiOjg6e3M6MzoiYklEIjtzOjM6Ijc5MiI7czo5OiIAKgBfdGFibGUiO3M6NzoiYnRWaWRlbyI7czo3OiJ3ZWJtZklEIjtzOjM6IjIwNCI7czo2OiJvZ2dmSUQiO3M6MToiMCI7czo5OiJwb3N0ZXJmSUQiO3M6MzoiMjQ5IjtzOjY6Im1wNGZJRCI7czoxOiIwIjtzOjk6InZpZGVvU2l6ZSI7czoxOiIwIjtzOjU6IndpZHRoIjtzOjE6IjAiO30='),(793,'','2020-08-31 20:38:15','2020-08-31 20:38:15',NULL,'1',32,1,'TzozMjoiQ29uY3JldGVcQ29yZVxMZWdhY3lcQmxvY2tSZWNvcmQiOjg6e3M6MzoiYklEIjtzOjM6Ijc5MyI7czo5OiIAKgBfdGFibGUiO3M6NzoiYnRWaWRlbyI7czo3OiJ3ZWJtZklEIjtzOjM6IjE4NiI7czo2OiJvZ2dmSUQiO3M6MToiMCI7czo5OiJwb3N0ZXJmSUQiO3M6MzoiMjUxIjtzOjY6Im1wNGZJRCI7czoxOiIwIjtzOjk6InZpZGVvU2l6ZSI7czoxOiIwIjtzOjU6IndpZHRoIjtzOjE6IjAiO30='),(794,'','2020-08-31 20:40:00','2020-08-31 20:40:00',NULL,'1',32,1,'TzozMjoiQ29uY3JldGVcQ29yZVxMZWdhY3lcQmxvY2tSZWNvcmQiOjg6e3M6MzoiYklEIjtzOjM6Ijc5NCI7czo5OiIAKgBfdGFibGUiO3M6NzoiYnRWaWRlbyI7czo3OiJ3ZWJtZklEIjtzOjM6IjE4NyI7czo2OiJvZ2dmSUQiO3M6MToiMCI7czo5OiJwb3N0ZXJmSUQiO3M6MzoiMjUyIjtzOjY6Im1wNGZJRCI7czoxOiIwIjtzOjk6InZpZGVvU2l6ZSI7czoxOiIwIjtzOjU6IndpZHRoIjtzOjE6IjAiO30='),(795,'','2020-08-31 20:42:45','2020-08-31 20:42:45',NULL,'1',32,1,'TzozMjoiQ29uY3JldGVcQ29yZVxMZWdhY3lcQmxvY2tSZWNvcmQiOjg6e3M6MzoiYklEIjtzOjM6Ijc5NSI7czo5OiIAKgBfdGFibGUiO3M6NzoiYnRWaWRlbyI7czo3OiJ3ZWJtZklEIjtzOjM6IjE4OSI7czo2OiJvZ2dmSUQiO3M6MToiMCI7czo5OiJwb3N0ZXJmSUQiO3M6MzoiMjU1IjtzOjY6Im1wNGZJRCI7czoxOiIwIjtzOjk6InZpZGVvU2l6ZSI7czoxOiIwIjtzOjU6IndpZHRoIjtzOjE6IjAiO30='),(796,'','2020-08-31 20:43:00','2020-08-31 20:43:00',NULL,'1',32,1,'TzozMjoiQ29uY3JldGVcQ29yZVxMZWdhY3lcQmxvY2tSZWNvcmQiOjg6e3M6MzoiYklEIjtzOjM6Ijc5NiI7czo5OiIAKgBfdGFibGUiO3M6NzoiYnRWaWRlbyI7czo3OiJ3ZWJtZklEIjtzOjM6IjE4NCI7czo2OiJvZ2dmSUQiO3M6MToiMCI7czo5OiJwb3N0ZXJmSUQiO3M6MzoiMjUzIjtzOjY6Im1wNGZJRCI7czoxOiIwIjtzOjk6InZpZGVvU2l6ZSI7czoxOiIwIjtzOjU6IndpZHRoIjtzOjE6IjAiO30='),(797,'','2020-08-31 20:43:11','2020-08-31 20:43:11',NULL,'1',32,1,'TzozMjoiQ29uY3JldGVcQ29yZVxMZWdhY3lcQmxvY2tSZWNvcmQiOjg6e3M6MzoiYklEIjtzOjM6Ijc5NyI7czo5OiIAKgBfdGFibGUiO3M6NzoiYnRWaWRlbyI7czo3OiJ3ZWJtZklEIjtzOjM6IjE5NCI7czo2OiJvZ2dmSUQiO3M6MToiMCI7czo5OiJwb3N0ZXJmSUQiO3M6MzoiMjU2IjtzOjY6Im1wNGZJRCI7czoxOiIwIjtzOjk6InZpZGVvU2l6ZSI7czoxOiIwIjtzOjU6IndpZHRoIjtzOjE6IjAiO30='),(798,'','2020-08-31 20:43:23','2020-08-31 20:43:23',NULL,'1',32,1,'TzozMjoiQ29uY3JldGVcQ29yZVxMZWdhY3lcQmxvY2tSZWNvcmQiOjg6e3M6MzoiYklEIjtzOjM6Ijc5OCI7czo5OiIAKgBfdGFibGUiO3M6NzoiYnRWaWRlbyI7czo3OiJ3ZWJtZklEIjtzOjM6IjE4MyI7czo2OiJvZ2dmSUQiO3M6MToiMCI7czo5OiJwb3N0ZXJmSUQiO3M6MzoiMjU0IjtzOjY6Im1wNGZJRCI7czoxOiIwIjtzOjk6InZpZGVvU2l6ZSI7czoxOiIwIjtzOjU6IndpZHRoIjtzOjE6IjAiO30='),(799,'','2020-08-31 20:45:33','2020-08-31 20:45:51',NULL,'1',32,1,'TzozMjoiQ29uY3JldGVcQ29yZVxMZWdhY3lcQmxvY2tSZWNvcmQiOjg6e3M6MzoiYklEIjtzOjM6Ijc5OSI7czo5OiIAKgBfdGFibGUiO3M6NzoiYnRWaWRlbyI7czo3OiJ3ZWJtZklEIjtzOjM6IjE4MiI7czo2OiJvZ2dmSUQiO3M6MToiMCI7czo5OiJwb3N0ZXJmSUQiO3M6MzoiMjU4IjtzOjY6Im1wNGZJRCI7czoxOiIwIjtzOjk6InZpZGVvU2l6ZSI7czoxOiIwIjtzOjU6IndpZHRoIjtzOjE6IjAiO30='),(800,'','2020-08-31 20:45:45','2020-08-31 20:45:57',NULL,'1',32,1,'TzozMjoiQ29uY3JldGVcQ29yZVxMZWdhY3lcQmxvY2tSZWNvcmQiOjg6e3M6MzoiYklEIjtzOjM6IjgwMCI7czo5OiIAKgBfdGFibGUiO3M6NzoiYnRWaWRlbyI7czo3OiJ3ZWJtZklEIjtzOjM6IjIyOSI7czo2OiJvZ2dmSUQiO3M6MToiMCI7czo5OiJwb3N0ZXJmSUQiO3M6MzoiMjU3IjtzOjY6Im1wNGZJRCI7czoxOiIwIjtzOjk6InZpZGVvU2l6ZSI7czoxOiIwIjtzOjU6IndpZHRoIjtzOjE6IjAiO30='),(801,'','2020-08-31 20:47:49','2020-08-31 20:47:49',NULL,'0',34,1,'TzozMjoiQ29uY3JldGVcQ29yZVxMZWdhY3lcQmxvY2tSZWNvcmQiOjE5OntzOjM6ImJJRCI7czozOiI4MDEiO3M6OToiACoAX3RhYmxlIjtzOjk6ImJ0WW91VHViZSI7czo1OiJ0aXRsZSI7czowOiIiO3M6ODoidmlkZW9VUkwiO3M6NDM6Imh0dHBzOi8vd3d3LnlvdXR1YmUuY29tL3dhdGNoP3Y9VkMwQkEtNmoyX0EiO3M6NzoidkhlaWdodCI7czowOiIiO3M6NjoidldpZHRoIjtzOjA6IiI7czo2OiJzaXppbmciO3M6NDoiMTY6OSI7czoxNjoic3RhcnRUaW1lRW5hYmxlZCI7czoxOiIwIjtzOjk6InN0YXJ0VGltZSI7czowOiIiO3M6ODoibm9Db29raWUiO3M6MToiMCI7czo4OiJhdXRvcGxheSI7czoxOiIwIjtzOjU6ImNvbG9yIjtzOjM6InJlZCI7czo4OiJjb250cm9scyI7czoxOiIxIjtzOjE0OiJpdl9sb2FkX3BvbGljeSI7czoxOiIxIjtzOjc6Imxvb3BFbmQiO3M6MToiMCI7czoxNDoibW9kZXN0YnJhbmRpbmciO3M6MToiMSI7czo4OiJsYXp5TG9hZCI7czoxOiIwIjtzOjM6InJlbCI7czoxOiIwIjtzOjEyOiJzaG93Q2FwdGlvbnMiO3M6MToiMCI7fQ=='),(802,'','2020-08-31 20:50:12','2020-08-31 20:50:12',NULL,'1',1,1,NULL),(803,'','2020-08-31 20:53:55','2020-08-31 20:53:55',NULL,'1',1,1,NULL),(804,'','2020-08-31 20:55:02','2020-08-31 20:55:35',NULL,'1',1,1,NULL),(805,'','2020-08-31 20:55:14','2020-08-31 20:55:14',NULL,'1',1,1,NULL),(806,'','2020-08-31 20:59:25','2020-08-31 20:59:25',NULL,'0',32,1,'TzozMjoiQ29uY3JldGVcQ29yZVxMZWdhY3lcQmxvY2tSZWNvcmQiOjg6e3M6MzoiYklEIjtzOjM6IjgwNiI7czo5OiIAKgBfdGFibGUiO3M6NzoiYnRWaWRlbyI7czo3OiJ3ZWJtZklEIjtzOjM6IjI1OSI7czo2OiJvZ2dmSUQiO3M6MToiMCI7czo5OiJwb3N0ZXJmSUQiO3M6MzoiMjYwIjtzOjY6Im1wNGZJRCI7czoxOiIwIjtzOjk6InZpZGVvU2l6ZSI7czoxOiIwIjtzOjU6IndpZHRoIjtzOjE6IjAiO30='),(807,'','2020-08-31 21:00:21','2020-08-31 21:00:21',NULL,'0',1,1,NULL),(808,'','2020-08-31 21:00:44','2020-08-31 21:00:44',NULL,'1',1,1,NULL),(809,'','2020-08-31 21:01:22','2020-08-31 21:01:22',NULL,'1',1,1,NULL),(818,'','2020-09-01 07:38:08','2020-09-01 07:38:08',NULL,'0',1,1,NULL),(819,'','2020-09-01 07:39:08','2020-09-01 07:39:08',NULL,'0',1,1,NULL),(820,'','2020-09-01 07:39:59','2020-09-01 07:39:59',NULL,'0',1,1,NULL),(821,'','2020-09-01 07:41:43','2020-09-01 07:41:43',NULL,'0',1,1,'TzozMjoiQ29uY3JldGVcQ29yZVxMZWdhY3lcQmxvY2tSZWNvcmQiOjM6e3M6MzoiYklEIjtzOjM6IjgyMSI7czo5OiIAKgBfdGFibGUiO3M6MTQ6ImJ0Q29udGVudExvY2FsIjtzOjc6ImNvbnRlbnQiO3M6NzgxOiI8cD7Qn9C+INC00LDQvdC90YvQvCDQvdCwINGP0L3QstCw0YDRjCAyMDIwINCz0L7QtNCwLCDQsiDQmNC90L3QvtC/0L7Qu9C40YHQtSDQv9C+0YHRgtC+0Y/QvdC90L4g0LbQuNCy0YPRgiA0MDUg0YfQtdC70L7QstC10LouINCSINCz0L7RgNC+0LTQtSDQstGB0LXQs9C+INC00LLQtSDRg9C70LjRhtGLICZuZGFzaDsg0KPQvdC40LLQtdGA0YHQuNGC0LXRgtGB0LrQsNGPINC4INCh0L/QvtGA0YLQuNCy0L3QsNGPLiDQldGB0YLRjCDQtNC10YLRgdC60LjQuSDRgdCw0LQsINGI0LrQvtC70LAsINGD0L3QuNCy0LXRgNGB0LjRgtC10YIsINGB0L/QvtGA0YLQuNCy0L3Ri9C5INC60L7QvNC/0LvQtdC60YEg0Lgg0L3QtdGB0LrQvtC70YzQutC+INC60LDRhNC1LiDQn9C10YDQtdC00LLQuNCz0LDRgtGM0YHRjyDQv9C+INCY0L3QvdC+0L/QvtC70LjRgdGDINC80L7QttC90L4g0L3QsCDQsdC10YHQv9C40LvQvtGC0L3Ri9GFINGC0LDQutGB0LguINCf0YDQsNC60YLQuNGH0LXRgdC60Lgg0LrQsNC20LTQvtC1INC30LTQsNC90LjQtSDQsiDQs9C+0YDQvtC00LUg0L3QtdC+0LHRi9GH0L3QvtC1LCDQsCDQv9C+0LTQt9C10LzQvdGL0Lkg0L/QtdGA0LXRhdC+0LQg0L/QvtGF0L7QtiDQvdCwINCw0Y3RgNC+0L/QvtGA0YIuPC9wPg0KDQo8cCBjbGFzcz0iY29udGVudC1lZGl0b3ItaW1hZ2UtY2VudGVyIj48Y29uY3JldGUtcGljdHVyZSBmSUQ9IjI2NCIgYWx0PSIyLjA4LjE5LTIxMS5qcGciIGhlaWdodD0iNDAwIiB3aWR0aD0iNjAwIiAvPjwvcD4NCg0KPHA+Jm5ic3A7PC9wPg0KIjt9'),(822,'','2020-09-01 07:42:19','2020-09-01 07:42:19',NULL,'1',1,1,NULL),(823,'','2020-09-01 14:06:04','2020-09-01 14:06:04','','1',1,1,NULL),(824,'','2020-09-01 14:29:05','2020-09-01 14:29:05',NULL,'1',1,1,'TzozMjoiQ29uY3JldGVcQ29yZVxMZWdhY3lcQmxvY2tSZWNvcmQiOjM6e3M6MzoiYklEIjtzOjM6IjgyNCI7czo5OiIAKgBfdGFibGUiO3M6MTQ6ImJ0Q29udGVudExvY2FsIjtzOjc6ImNvbnRlbnQiO3M6MzIzOiI8aDIgY2xhc3M9Im1hdC10aXRsZSI+PHNwYW4+0KHRgtCw0YLRjNC4ICZsYXF1bzvQkCDRgtGLINC30L3QsNC10YjRjCwg0YfRgtC+Li4uJnJhcXVvOzwvc3Bhbj48L2gyPg0KDQo8cCBzdHlsZT0idGV4dC1hbGlnbjogY2VudGVyOyI+PHNwYW4gc3R5bGU9ImJhY2tncm91bmQtY29sb3I6I2VjZjBmMTtwYWRkaW5nOjEwcHg7Ij7QmNC90YLQtdGA0LXRgdC90LDRjyDQuNC90YTQvtGA0LzQsNGG0LjRjywg0LTQvtC/0L7Qu9C90Y/RjtGJ0LDRjyDQutC90LjQs9GDICZsYXF1bzsxMDAg0LvQtdGCINC90LDRiNC10LzRgyDQtNC+0LzRgyZyYXF1bzsuPC9zcGFuPjwvcD4NCiI7fQ=='),(825,'','2020-09-01 14:30:01','2020-09-01 14:30:01',NULL,'1',1,1,'TzozMjoiQ29uY3JldGVcQ29yZVxMZWdhY3lcQmxvY2tSZWNvcmQiOjM6e3M6MzoiYklEIjtzOjM6IjgyNSI7czo5OiIAKgBfdGFibGUiO3M6MTQ6ImJ0Q29udGVudExvY2FsIjtzOjc6ImNvbnRlbnQiO3M6MjA4OiI8cCBzdHlsZT0idGV4dC1hbGlnbjogY2VudGVyOyI+PHNwYW4gc3R5bGU9ImJhY2tncm91bmQtY29sb3I6ICNmZmQ3OGI7cGFkZGluZzogMTBweDtwb3NpdGlvbjogcmVsYXRpdmU7Ym90dG9tOiAxMHB4OyI+0JLQtdGB0ZHQu9Cw0Y8g0L/QtdGB0L3RjyZuYnNwO9C+IDEwMC3Qu9C10YLQuNC4INCi0LDRgtCw0YDRgdC60L7QuSDQkNCh0KHQoC48L3NwYW4+PC9wPg0KIjt9'),(826,'','2020-09-01 14:31:46','2020-09-01 14:31:46','','1',1,1,NULL),(827,'','2020-09-01 14:32:36','2020-09-01 14:32:36','','1',1,1,NULL),(828,'','2020-09-01 14:37:04','2020-09-01 14:37:24','','0',4,1,NULL),(829,'','2020-09-01 14:38:27','2020-09-01 14:38:56','','1',4,1,NULL),(830,'','2020-09-01 14:39:41','2020-09-01 14:39:56','','1',50,1,'TzozMjoiQ29uY3JldGVcQ29yZVxMZWdhY3lcQmxvY2tSZWNvcmQiOjg6e3M6MzoiYklEIjtzOjM6IjgzMCI7czo5OiIAKgBfdGFibGUiO3M6MTE6ImJ0UGRmVmlld2VyIjtzOjg6InBkZl9maWxlIjtzOjI6IjYzIjtzOjEyOiJleHRlcm5hbF91cmwiO3M6MDoiIjtzOjU6IndpZHRoIjtzOjM6Ijg1MCI7czo2OiJoZWlnaHQiO3M6MzoiOTAwIjtzOjEwOiJ3aWR0aF9zaXplIjtzOjI6InB4IjtzOjExOiJoZWlnaHRfc2l6ZSI7czoyOiJweCI7fQ=='),(831,'','2020-09-01 14:42:08','2020-09-01 14:42:08','','1',1,1,NULL),(832,'','2020-09-01 14:45:18','2020-09-01 14:45:18',NULL,'1',1,1,'TzozMjoiQ29uY3JldGVcQ29yZVxMZWdhY3lcQmxvY2tSZWNvcmQiOjM6e3M6MzoiYklEIjtzOjM6IjgzMiI7czo5OiIAKgBfdGFibGUiO3M6MTQ6ImJ0Q29udGVudExvY2FsIjtzOjc6ImNvbnRlbnQiO3M6NDA5OiI8cD7Qn9GA0L7QtdC60YIgJmxhcXVvOzEwMCDQu9C10YIg0L3QsNGI0LXQvNGDINC00L7QvNGDJnJhcXVvOyDRgNCw0LfRgNCw0LHQvtGC0LDQvTo8L3A+DQoNCjxwPiZjb3B5OyDQkNCd0J4gJnF1b3Q70KLQkNCi0JDQoNCh0JrQntCVINCU0JXQotCh0JrQntCVINCY0JfQlNCQ0KLQldCb0KzQodCi0JLQniZxdW90OywmbmJzcDsyMDIwPC9wPg0KDQo8cD48YSBocmVmPSJodHRwOi8vdGRwcmVzcy5ydSIgdGFyZ2V0PSJfYmxhbmsiPjxjb25jcmV0ZS1waWN0dXJlIGZJRD0iMTU3IiBhbHQ9ItCi0JDQotCQ0KDQodCa0J7QlSDQlNCV0KLQodCa0J7QlSDQmNCX0JTQkNCi0JXQm9Cs0KHQotCS0J4iIGNsYXNzPSJjb250ZW50LWVkaXRvci1pbWFnZS1sZWZ0IiBoZWlnaHQ9IjEwMCIgd2lkdGg9IjEzNiIgLz48L2E+PC9wPg0KIjt9'),(833,'','2020-09-01 14:48:26','2020-09-01 14:56:26','','0',1,1,NULL),(834,'','2020-09-01 14:52:09','2020-09-01 14:52:09',NULL,'1',1,1,'TzozMjoiQ29uY3JldGVcQ29yZVxMZWdhY3lcQmxvY2tSZWNvcmQiOjM6e3M6MzoiYklEIjtzOjM6IjgzNCI7czo5OiIAKgBfdGFibGUiO3M6MTQ6ImJ0Q29udGVudExvY2FsIjtzOjc6ImNvbnRlbnQiO3M6MTE0NjoiPGgzPtCY0YHRgtC+0YDQuNGPINGB0L7Qt9C00LDQvdC40Y8g0LPQuNC80L3QsCDQoNC10YHQv9GD0LHQu9C40LrQuCDQotCw0YLQsNGA0YHRgtCw0L08L2gzPg0KDQo8cD7Qk9C40LzQvSAmbmRhc2g7INGN0YLQviDRgtC+0YDQttC10YHRgtCy0LXQvdC90LDRjyDQv9Cw0YLRgNC40L7RgtC40YfQtdGB0LrQsNGPINC/0LXRgdC90Y8sINC+0LTQuNC9INC40Lcg0LPQvtGB0YPQtNCw0YDRgdGC0LLQtdC90L3Ri9GFINGB0LjQvNCy0L7Qu9C+0LIuINCY0YHQv9C+0LvQvdGP0LXRgtGB0Y8g0L3QsCDRgNCw0LfQu9C40YfQvdGL0YUg0YLQvtGA0LbQtdGB0YLQstC10L3QvdGL0YUg0LzQtdGA0L7Qv9GA0LjRj9GC0LjRj9GFLjwvcD4NCg0KPHA+0JzRg9C30YvQutCwINCz0LjQvNC90LAg0KDQtdGB0L/Rg9Cx0LvQuNC60Lgg0KLQsNGC0LDRgNGB0YLQsNC9INGD0YLQstC10YDQttC00LXQvdCwIDE0INC40Y7Qu9GPIDE5OTMg0LPQvtC00LAuINCc0LXQu9C+0LTQuNGPINCx0YvQu9CwINC90LDQv9C40YHQsNC90LAg0YLQsNGC0LDRgNGB0LrQuNC8INC60L7QvNC/0L7Qt9C40YLQvtGA0L7QvCDQoNGD0YHRgtC10LzQvtC8INCv0YXQuNC90YvQvC4gMjAg0LvQtdGCINCz0LjQvNC9INGA0LXRgdC/0YPQsdC70LjQutC4INC40YHQv9C+0LvQvdGP0LvRgdGPINCx0LXQtyDRgdC70L7Qsi4g0J3QsNC60L7QvdC10YYg0LIgMjAxMyDQs9C+0LTRgyDQsdGL0Lsg0YPRgtCy0LXRgNC20LTRkdC9INGC0LXQutGB0YIuINCY0Lwg0YHRgtCw0LvQviDQtNC+0YDQsNCx0L7RgtCw0L3QvdC+0LUg0YHRgtC40YXQvtGC0LLQvtGA0LXQvdC40LUg0L/QvtGN0YLQsCDQoNCw0LzQsNC30LDQvdCwINCR0LDQudGC0LjQvNC10YDQvtCy0LAuINCi0LXQutGB0YIg0LPQuNC80L3QsCDRgdC+0YHRgtC+0LjRgiDQuNC3INCy0L7RgdGM0LzQuCDRgdGC0YDQvtC6INC90LAg0YLQsNGC0LDRgNGB0LrQvtC8INC4INCy0L7RgdGM0LzQuCDRgdGC0YDQvtC6INC90LAg0YDRg9GB0YHQutC+0Lwg0Y/Qt9GL0LrQtS4g0JDQstGC0L7RgNC+0Lwg0L/QtdGA0LXQstC+0LTQsCDRgtCw0YLQsNGA0YHQutC+0LPQviDQutGD0L/Qu9C10YLQsCDQvdCwINGA0YPRgdGB0LrQuNC5INGP0LfRi9C6INGB0YLQsNC7INCk0LjQu9C40L/QvyDQn9C40YDQsNC10LIuPC9wPg0KIjt9'),(835,'','2020-09-01 14:52:45','2020-09-01 14:52:46',NULL,'1',1,1,NULL),(836,'','2020-09-01 14:57:21','2020-09-01 14:57:41','','1',1,1,NULL),(838,'','2020-09-01 14:58:19','2020-09-01 14:58:19',NULL,'1',1,1,NULL),(839,'','2020-09-01 14:58:35','2020-09-01 14:58:50','','1',1,1,'TzozMjoiQ29uY3JldGVcQ29yZVxMZWdhY3lcQmxvY2tSZWNvcmQiOjM6e3M6MzoiYklEIjtzOjM6IjgzOSI7czo5OiIAKgBfdGFibGUiO3M6MTQ6ImJ0Q29udGVudExvY2FsIjtzOjc6ImNvbnRlbnQiO3M6MzM1OiI8cD48c3BhbiBzdHlsZT0iZm9udC1zaXplOjE4cHg7Ij48c3BhbiBzdHlsZT0iY29sb3I6I2MwMzkyYjsiPjEwMCDQm9C10YIg0J3QsNGI0LXQvNGDINCU0L7QvNGDIC0g0L3QsCDQsNC90LPQu9C40LnRgdC60L7QvCDRj9C30YvQutC1PC9zcGFuPjwvc3Bhbj48L3A+DQoNCjxwPjxhIGhyZWY9IntDQ006RklEX0RMXzI2NX0iIHRhcmdldD0iX2JsYW5rIj48c3BhbiBjbGFzcz0iYnRuIGJ0bi1wcmltYXJ5Ij48aSBhcmlhLWhpZGRlbj0idHJ1ZSIgY2xhc3M9ImZhIGZhLWZpbGUtdGV4dCBmYS0zIj4mbmJzcDsmbmJzcDsmbmJzcDs8L2k+0KHQutCw0YfQsNGC0Yw8L3NwYW4+PC9hPjwvcD4NCiI7fQ=='),(840,'','2020-09-01 14:59:58','2020-09-01 14:59:58',NULL,'1',1,1,NULL),(841,'','2020-09-01 15:07:46','2020-09-01 15:07:46',NULL,'1',1,1,'TzozMjoiQ29uY3JldGVcQ29yZVxMZWdhY3lcQmxvY2tSZWNvcmQiOjM6e3M6MzoiYklEIjtzOjM6Ijg0MSI7czo5OiIAKgBfdGFibGUiO3M6MTQ6ImJ0Q29udGVudExvY2FsIjtzOjc6ImNvbnRlbnQiO3M6OTY3OiI8cD7QoNCw0LzQsNC30LDQvSDQkdCw0LnRgtC40LzQtdGA0L7QsiAmbmRhc2g7INGC0LDRgtCw0YDRgdC60LjQuSDQv9C+0Y3Rgiwg0YDQvtC00LjQu9GB0Y8gNSDQsNC/0YDQtdC70Y8gMTkyMyZuYnNwO9Cz0L7QtNCwINCyINC00LXRgNC10LLQvdC1INCY0YHQvNCw0LPQuNC70L7QstC+ICjQkdCw0YjQutC+0YDRgtC+0YHRgtCw0L0pLiDQl9Cw0LrQvtC90YfQuNC7INCz0L7QtNC40YfQvdGL0LUg0LrRg9GA0YHRiyDRg9GH0LjRgtC10LvRjy4g0JLQviDQstGA0LXQvNGPINCS0LXQu9C40LrQvtC5INCe0YLQtdGH0LXRgdGC0LLQtdC90L3QvtC5INCy0L7QudC90Ysg0L3QsNGF0L7QtNC40LvRgdGPINCyINGA0Y/QtNCw0YUg0LTQtdC50YHRgtCy0YPRjtGJ0LXQuSDQsNGA0LzQuNC4LiDQn9C+0YHQu9C1INCy0L7QudC90Ysg0YPRh9C40LvRgdGPINCyINCa0LDQt9Cw0L3RgdC60L7QvCDRg9C90LjQstC10YDRgdC40YLQtdGC0LUuINCi0LLQvtGA0YfQtdGB0YLQstC+INCgLiDQkdCw0LnRgtC40LzQtdGA0L7QstCwINC/0L7RgdCy0Y/RidC10L3QviDRgdGD0LTRjNCx0LDQvCDQu9GO0LTQtdC5LCDRgNC+0LTQvdC+0Lkg0YDQtdGB0L/Rg9Cx0LvQuNC60LUsINGB0L7QsdGL0YLQuNGP0Lwg0JLQtdC70LjQutC+0Lkg0J7RgtC10YfQtdGB0YLQstC10L3QvdC+0Lkg0LLQvtC50L3Riy4g0JzQvdC+0LPQuNC1INC10LPQviDRgdGC0LjRhdC+0YLQstC+0YDQtdC90LjRjyDRgdGC0LDQu9C4INC/0L7Qv9GD0LvRj9GA0L3Ri9C80Lgg0L/QtdGB0L3Rj9C80LguINCi0LXQutGB0YIg0YHRgtC40YXQvtGC0LLQvtGA0LXQvdC40Y8gJmxhcXVvO9Ci0YPQs9Cw0L0g0Y/Qs9GL0LwmcmFxdW87ICgmbGFxdW870KDQvtC00L3QvtC5INC60YDQsNC5JnJhcXVvOykg0YHRgtCw0Lsg0L7RgdC90L7QstC+0Lkg0YHQvtCy0YDQtdC80LXQvdC90L7Qs9C+INCz0LjQvNC90LAg0KLQsNGC0LDRgNGB0YLQsNC90LAuPC9wPg0KIjt9'),(842,'','2020-09-01 15:08:15','2020-09-01 15:08:15',NULL,'1',1,1,NULL),(843,'','2020-09-01 15:08:49','2020-09-01 15:08:49',NULL,'1',1,1,'TzozMjoiQ29uY3JldGVcQ29yZVxMZWdhY3lcQmxvY2tSZWNvcmQiOjM6e3M6MzoiYklEIjtzOjM6Ijg0MyI7czo5OiIAKgBfdGFibGUiO3M6MTQ6ImJ0Q29udGVudExvY2FsIjtzOjc6ImNvbnRlbnQiO3M6OTk0OiI8aDM+0J3QvtGC0Ysg0JPQvtGB0YPQtNCw0YDRgdGC0LLQtdC90L3QvtCz0L4g0LPQuNC80L3QsCDQoNC10YHQv9GD0LHQu9C40LrQuCDQotCw0YLQsNGA0YHRgtCw0L08L2gzPg0KDQo8cCBhbGlnbj0iY2VudGVyIj48Yj7QnNGD0LfRi9C60LDQu9GM0L3QsNGPINGA0LXQtNCw0LrRhtC40Y8gPC9iPjwvcD4NCg0KPHAgYWxpZ249ImNlbnRlciI+PGI+0JPQvtGB0YPQtNCw0YDRgdGC0LLQtdC90L3QvtCz0L4g0LPQuNC80L3QsCDQoNC10YHQv9GD0LHQu9C40LrQuCDQotCw0YLQsNGA0YHRgtCw0L0gPC9iPjwvcD4NCg0KPHAgYWxpZ249ImNlbnRlciI+PGI+Jm5ic3A7KNC80YPQt9GL0LrQsCDQoNGD0YHRgtC10LzQsCDQr9GF0LjQvdCwKTwvYj48L3A+DQoNCjxwIGFsaWduPSJjZW50ZXIiPjxiPjxjb25jcmV0ZS1waWN0dXJlIGZJRD0iMjM1IiBhbHQ9IjEuanBnIiBoZWlnaHQ9Ijg3MCIgd2lkdGg9IjYwMCIgLz48L2I+PC9wPg0KDQo8cCBhbGlnbj0iY2VudGVyIj48Y29uY3JldGUtcGljdHVyZSBmSUQ9IjIzMiIgYWx0PSIyLmpwZyIgaGVpZ2h0PSI5MTEiIHdpZHRoPSI2MDAiIC8+PC9wPg0KDQo8cCBhbGlnbj0iY2VudGVyIj48Y29uY3JldGUtcGljdHVyZSBmSUQ9IjIzMSIgYWx0PSIzLmpwZyIgaGVpZ2h0PSI5MTgiIHdpZHRoPSI2MDAiIC8+PC9wPg0KDQo8cCBhbGlnbj0iY2VudGVyIj48Y29uY3JldGUtcGljdHVyZSBmSUQ9IjIzMCIgYWx0PSI0LmpwZyIgaGVpZ2h0PSI5MTUiIHdpZHRoPSI2MDAiIC8+PGNvbmNyZXRlLXBpY3R1cmUgZklEPSIyMzQiIGFsdD0iNS5qcGciIGhlaWdodD0iOTAzIiB3aWR0aD0iNjAwIiAvPjwvcD4NCg0KPHAgYWxpZ249ImNlbnRlciI+PGNvbmNyZXRlLXBpY3R1cmUgZklEPSIyMzMiIGFsdD0iNi5qcGciIGhlaWdodD0iOTE5IiB3aWR0aD0iNjAwIiAvPjwvcD4NCg0KPHAgYWxpZ249ImNlbnRlciI+Jm5ic3A7PC9wPg0KDQo8cD4mbmJzcDs8L3A+DQoNCjxwPiZuYnNwOzwvcD4NCg0KPHA+Jm5ic3A7PC9wPg0KIjt9'),(844,'','2020-09-01 15:09:06','2020-09-01 15:09:06',NULL,'1',1,1,'TzozMjoiQ29uY3JldGVcQ29yZVxMZWdhY3lcQmxvY2tSZWNvcmQiOjM6e3M6MzoiYklEIjtzOjM6Ijg0NCI7czo5OiIAKgBfdGFibGUiO3M6MTQ6ImJ0Q29udGVudExvY2FsIjtzOjc6ImNvbnRlbnQiO3M6MTc5OiI8cD48Y29uY3JldGUtcGljdHVyZSBmSUQ9IjIzOCIgYWx0PSLRj9GF0LjQvTIuanBnIiBoZWlnaHQ9IjMzOCIgd2lkdGg9IjYwMCIgLz48L3A+DQoNCjxwIHN0eWxlPSJ0ZXh0LWFsaWduOiBjZW50ZXI7Ij48c3BhbiBjbGFzcz0iaW1hZ2UtY2FwdGlvbiI+0KDRg9GB0YLQtdC8INCv0YXQuNC9PC9zcGFuPjwvcD4NCiI7fQ=='),(845,'','2020-09-01 15:09:37','2020-09-01 15:09:37',NULL,'1',1,1,'TzozMjoiQ29uY3JldGVcQ29yZVxMZWdhY3lcQmxvY2tSZWNvcmQiOjM6e3M6MzoiYklEIjtzOjM6Ijg0NSI7czo5OiIAKgBfdGFibGUiO3M6MTQ6ImJ0Q29udGVudExvY2FsIjtzOjc6ImNvbnRlbnQiO3M6MjA5OiI8cCBzdHlsZT0idGV4dC1hbGlnbjogY2VudGVyOyI+PHNwYW4gY2xhc3M9ImltYWdlLWNhcHRpb24iPtCe0YLRgNGL0LLQvtC6INC40Lcg0YTQuNC70YzQvNCwICZsYXF1bzvQoNGD0YHRgtC10Lwg0K/RhdC40L0uINCh0LXQvdGC0LjQvNC10L3RgtCw0LvRjNC90L7QtSDQv9GD0YLQtdGI0LXRgdGC0LLQuNC1JnJhcXVvOyAoMTk5MyDQs9C+0LQpPC9zcGFuPjwvcD4NCiI7fQ=='),(846,'','2020-09-01 15:09:49','2020-09-01 15:09:49',NULL,'1',1,1,'TzozMjoiQ29uY3JldGVcQ29yZVxMZWdhY3lcQmxvY2tSZWNvcmQiOjM6e3M6MzoiYklEIjtzOjM6Ijg0NiI7czo5OiIAKgBfdGFibGUiO3M6MTQ6ImJ0Q29udGVudExvY2FsIjtzOjc6ImNvbnRlbnQiO3M6MjA5OiI8cCBzdHlsZT0idGV4dC1hbGlnbjogY2VudGVyOyI+PHNwYW4gY2xhc3M9ImltYWdlLWNhcHRpb24iPtCe0YLRgNGL0LLQvtC6INC40Lcg0YTQuNC70YzQvNCwICZsYXF1bzvQoNGD0YHRgtC10Lwg0K/RhdC40L0uINCh0LXQvdGC0LjQvNC10L3RgtCw0LvRjNC90L7QtSDQv9GD0YLQtdGI0LXRgdGC0LLQuNC1JnJhcXVvOyAoMTk5MyDQs9C+0LQpPC9zcGFuPjwvcD4NCiI7fQ=='),(847,'','2020-09-01 15:10:28','2020-09-01 15:10:35',NULL,'1',1,1,'TzozMjoiQ29uY3JldGVcQ29yZVxMZWdhY3lcQmxvY2tSZWNvcmQiOjM6e3M6MzoiYklEIjtzOjM6Ijg0NyI7czo5OiIAKgBfdGFibGUiO3M6MTQ6ImJ0Q29udGVudExvY2FsIjtzOjc6ImNvbnRlbnQiO3M6MTA5MzoiPGgzPtCi0LXQutGB0YIg0LPQuNC80L3QsCDQoNC10YHQv9GD0LHQu9C40LrQuCDQotCw0YLQsNGA0YHRgtCw0L08L2gzPg0KDQo8cCBzdHlsZT0idGV4dC1hbGlnbjogY2VudGVyOyI+0JzTmdKj0LPQtSDRj9GI05ksINCz0LDQt9C40Lcg0JLQsNGC0LDQvdGL0LHRi9C3LDxiciAvPg0K0KXQsNC70LrRi9C8INGC0LXQu9C4INC40LfQs9C1INGC0LXQu9OZ0LrQu9OZ0YAhPGJyIC8+DQrQk9C+0LzQtdGA0LvQtdC60LrTmSDRj9C60YvQvSDRgtGD0LPQsNC9INCx0YPQu9GL0L88YnIgLz4NCtCv0YjQuCDQsdC10LfQtNOZINGC06nRgNC70LUg0LzQuNC70LvTmdGC0LvTmdGALjxiciAvPg0K0JrSr9C/INCz0LDRgdGL0YDQu9Cw0YAg0LrQuNGH0LrTmdC9INGH0LDQuyDRgtCw0YDQuNGF0LvRizxiciAvPg0K0JTQsNC90LvRiyDQuNC70LXQvCwg0q/Qt9C10qMg0LHQtdGAINC00LDRgdGC0LDQvSE8YnIgLz4NCtCh0LjQvdC005kg0LPQtdC905kg0LHQtdC30L3QtdKjINGP0LfQvNGL0YjRi9Cx0YvQtyw8YnIgLz4NCtCg0LXRgdC/0YPQsdC70LjQutCw0Lwg0LzQuNC90LXQvCwg0KLQsNGC0LDRgNGB0YLQsNC9ITwvcD4NCg0KPHAgc3R5bGU9InRleHQtYWxpZ246IGNlbnRlcjsiPtCm0LLQtdGC0LgsINGB0LLRj9GJ0LXQvdC90LDRjyDQt9C10LzQu9GPINC80L7Rjyw8YnIgLz4NCtCU0LAg0LHRg9C00LXRgiDQvNC40YDQvdGL0Lwg0YLQstC+0Lkg0L3QtdCx0L7RgdCy0L7QtCE8YnIgLz4NCtCV0LTQuNC90YvQuSDQtNC+0Lwg0YMg0L3QsNGBLCDQvtC00L3QsCDRgdC10LzRjNGPLDxiciAvPg0K0JbQuNCy0ZHRgiDQsiDRgdC+0LPQu9Cw0YHQuNC4INC90LDRiCDQvdCw0YDQvtC0LjxiciAvPg0K0JHQvtCz0LDRgtGL0Lkg0LzRg9C00YDQvtGB0YLRjNGOINGB0LXQtNGL0YUg0LLQtdC60L7Qsiw8YnIgLz4NCtCd0LDQtNC10LbQtNC+0LksINCy0LXRgNC+0Y4g0YLRiyDQvdCw0Lwg0YHRgtCw0LssPGJyIC8+DQrQmCDQv9GD0YHRgtGMINGF0YDQsNC90LjRgiDRgtC10LHRjyDQvNC+0Y8g0LvRjtCx0L7QstGMLDxiciAvPg0K0JzQvtGPINCg0LXRgdC/0YPQsdC70LjQutCwLCDQvNC+0Lkg0KLQsNGC0LDRgNGB0YLQsNC9ITwvcD4NCiI7fQ=='),(848,'','2020-09-01 15:11:15','2020-09-01 15:11:15',NULL,'1',1,1,'TzozMjoiQ29uY3JldGVcQ29yZVxMZWdhY3lcQmxvY2tSZWNvcmQiOjM6e3M6MzoiYklEIjtzOjM6Ijg0OCI7czo5OiIAKgBfdGFibGUiO3M6MTQ6ImJ0Q29udGVudExvY2FsIjtzOjc6ImNvbnRlbnQiO3M6MTA5NToiPGgzPtCY0L3QvdC+0L/QvtC70LjRgSAmbmRhc2g7INGB0LDQvNGL0Lkg0LzQvtC70L7QtNC+0Lkg0LPQvtGA0L7QtCDQsiDQoNC+0YHRgdC40Lg8L2gzPg0KDQo8cD7QmNC90L3QvtC/0L7Qu9C40YEg0L3QsNGF0L7QtNC40YLRgdGPINCyINCS0LXRgNGF0L3QtdGD0YHQu9C+0L3RgdC60L7QvCDRgNCw0LnQvtC90LUg0KDQtdGB0L/Rg9Cx0LvQuNC60Lgg0KLQsNGC0LDRgNGB0YLQsNC9LiDQmNC00LXRjyDQv9C+0YHRgtGA0L7QuNGC0Ywg0LPQvtGA0L7QtCDQvdC+0LLQvtCz0L4g0L/QvtC60L7Qu9C10L3QuNGPINC/0L7Rj9Cy0LjQu9Cw0YHRjCDQsiAyMDEwINCz0L7QtNGDLiDQodC90LDRh9Cw0LvQsCDQsdGL0LvQviDRgNC10YjQtdC90L4g0L/QvtGB0YLRgNC+0LjRgtGMINC90LXQsdC+0LvRjNGI0L7QuSDQvdCw0YHQtdC70ZHQvdC90YvQuSDQv9GD0L3QutGCINC00LvRjyDRgdC/0LXRhtC40LDQu9C40YHRgtC+0LIg0LIg0L7QsdC70LDRgdGC0Lgg0LjQvdGE0L7RgNC80LDRhtC40L7QvdC90YvRhSDRgtC10YXQvdC+0LvQvtCz0LjQuSDQuCDRh9C70LXQvdC+0LIg0LjRhSDRgdC10LzQtdC5LiDQl9Cw0YLQtdC8INC/0YDQvtC10LrRgiDQv9C+0LQg0L3QsNC30LLQsNC90LjQtdC8ICZsYXF1bztJVC3QtNC10YDQtdCy0L3RjyZyYXF1bzsg0LjQt9C80LXQvdC40LvQuCDQuCDRgNC10YjQuNC70Lgg0YHRgtGA0L7QuNGC0Ywg0LPQvtGA0L7QtCwg0LIg0LrQvtGC0L7RgNC+0Lwg0LzQvtCz0YPRgiDQv9GA0L7QttC40LLQsNGC0YwgMTUwINGC0YvRgdGP0Ycg0YfQtdC70L7QstC10LouINCf0YDQuNC80LXRgNC90L4g0YHRgtC+0LvRjNC60L4g0LbQtSDRh9C10LvQvtCy0LXQuiDRgdC10LnRh9Cw0YEg0LbQuNCy0ZHRgiDQsiDQkNC70YzQvNC10YLRjNC10LLRgdC60LUuPC9wPg0KDQo8cCBjbGFzcz0iY29udGVudC1lZGl0b3ItaW1hZ2UtY2VudGVyIj48Y29uY3JldGUtcGljdHVyZSBmSUQ9IjI2MSIgYWx0PSLQpdGN0YjRgtC10LMg0JjQvdC90L7Qv9C+0LvQuNGBINC/0LXRgNC10LQg0KLQtdGF0L3QvtC/0LDRgNC60L7QvC5qcGciIGhlaWdodD0iMzk5IiB3aWR0aD0iNjAwIiAvPjwvcD4NCg0KPHA+Jm5ic3A7PC9wPg0KIjt9'),(849,'','2020-09-01 15:11:44','2020-09-01 15:11:44',NULL,'1',1,1,'TzozMjoiQ29uY3JldGVcQ29yZVxMZWdhY3lcQmxvY2tSZWNvcmQiOjM6e3M6MzoiYklEIjtzOjM6Ijg0OSI7czo5OiIAKgBfdGFibGUiO3M6MTQ6ImJ0Q29udGVudExvY2FsIjtzOjc6ImNvbnRlbnQiO3M6OTI1OiI8cD45INC40Y7QvdGPIDIwMTIg0LPQvtC00LAg0L3QsCDRgdGC0LDRgNGC0L7QstC+0Lkg0L/Qu9C+0YnQsNC00LrQtSDRgdGC0YDQvtC40YLQtdC70YzRgdGC0LLQsCDQsdGL0LvQsCDQt9Cw0LvQvtC20LXQvdCwINC60LDQv9GB0YPQu9CwINGBJm5ic3A70L/QvtGB0LvQsNC90LjQtdC8INCx0YPQtNGD0YnQuNC8INC20LjRgtC10LvRj9C8LiDQn9C10YDQstGL0Lwg0L3QsNGH0LDQu9C4INGB0YLRgNC+0LjRgtGMINCj0L3QuNCy0LXRgNGB0LjRgtC10YIg0JjQvdC90L7Qv9C+0LvQuNGBLCDRgdGC0YPQtNC10L3Rh9C10YHQutC40LUg0L7QsdGJ0LXQttC40YLQuNGPINC4INGB0L/QvtGA0YLQutC+0LzQv9C70LXQutGBLiDQl9Cw0YLQtdC8INC/0YDQuNGB0YLRg9C/0LjQu9C4INC6INGB0YLRgNC+0LjRgtC10LvRjNGB0YLQstGDINGC0LXRhdC90L7Qv9Cw0YDQutCwINC4INC20LjQu9GL0YUg0LTQvtC80L7Qsi4gMSDRj9C90LLQsNGA0Y8gMjAxNSDQs9C+0LTQsCDQv9C+0YHRkdC70LrRgyAmbGFxdW870JjQvdC90L7Qv9C+0LvQuNGBJnJhcXVvOyDQv9GA0LjRgdCy0L7QuNC70Lgg0YHRgtCw0YLRg9GBINCz0L7RgNC+0LTQsC4gOSDQuNGO0L3RjyAyMDE1INCz0L7QtNCwINC90LAg0YLQvtGA0LbQtdGB0YLQstC10L3QvdC+0Lkg0YbQtdGA0LXQvNC+0L3QuNC4INC90LDQttCw0YLQuNC10Lwg0YHQuNC80LLQvtC70LjRh9C10YHQutC+0Lkg0LrQvdC+0L/QutC4INCY0L3QvdC+0L/QvtC70LjRgSDQsdGL0Lsg0L7RhNC40YbQuNCw0LvRjNC90L4g0L7RgtC60YDRi9GCLjwvcD4NCg0KPHAgY2xhc3M9ImNvbnRlbnQtZWRpdG9yLWltYWdlLWNlbnRlciI+PGNvbmNyZXRlLXBpY3R1cmUgZklEPSIyNjIiIGFsdD0iXzUxQTU5NDNfMS5qcGciIGhlaWdodD0iNDAwIiB3aWR0aD0iNjAwIiAvPjwvcD4NCg0KPHA+Jm5ic3A7PC9wPg0KIjt9'),(850,'','2020-09-01 15:12:58','2020-09-01 15:13:43',NULL,'1',1,1,NULL),(851,'','2020-09-01 15:15:14','2020-09-01 15:17:02',NULL,'1',1,1,NULL),(852,'','2020-09-01 15:24:14','2020-09-01 15:26:01',NULL,'1',1,1,NULL),(853,'','2020-09-01 15:27:08','2020-09-01 15:29:03',NULL,'1',1,1,NULL),(854,'','2020-09-01 15:27:14','2020-09-01 15:28:53',NULL,'1',1,1,NULL),(855,'','2020-09-01 15:30:09','2020-09-01 15:30:38',NULL,'1',1,1,NULL),(856,'','2020-09-01 15:38:09','2020-09-01 15:38:09',NULL,'1',1,1,'TzozMjoiQ29uY3JldGVcQ29yZVxMZWdhY3lcQmxvY2tSZWNvcmQiOjM6e3M6MzoiYklEIjtzOjM6Ijg1NiI7czo5OiIAKgBfdGFibGUiO3M6MTQ6ImJ0Q29udGVudExvY2FsIjtzOjc6ImNvbnRlbnQiO3M6NDcxOiI8cCBzdHlsZT0idGV4dC1hbGlnbjogY2VudGVyOyI+PHNwYW4gY2xhc3M9ImltYWdlLWNhcHRpb24iPiZsYXF1bzvQlNC20LDQu9C40LvRjCDQstGB0LXQs9C00LAg0YEg0L3QsNC80LgmcmFxdW87LiDQntGC0YDRi9Cy0L7QuiDQuNC3INC60LjQvdC+0LbRg9GA0L3QsNC70LAgJmxhcXVvO9Cd0LAg0JLQvtC70LPQtSDRiNC40YDQvtC60L7QuSZyYXF1bzsgKOKEliAxMSwgMTk4MyDQsy4pLjwvc3Bhbj48L3A+DQoNCjxwIHN0eWxlPSJ0ZXh0LWFsaWduOiBjZW50ZXI7Ij48c3BhbiBjbGFzcz0iaW1hZ2UtY2FwdGlvbiI+PHNwYW4gc3R5bGU9InRleHQtYWxpZ246IGNlbnRlcjsiPjwvc3Bhbj48L3NwYW4+PHNwYW4gY2xhc3M9ImltYWdlLWNhcHRpb24iPjwvc3Bhbj48c3BhbiBjbGFzcz0iaW1hZ2UtY2FwdGlvbiI+0J7RgtC60YDRi9GC0LjQtSDQvNGD0LfQtdGPINCc0YPRgdGLINCU0LbQsNC70LjQu9GPLjwvc3Bhbj48L3A+DQoiO30='),(858,'','2020-09-01 15:40:12','2020-09-01 15:46:55',NULL,'1',1,1,NULL),(859,'','2020-09-01 15:41:08','2020-09-01 15:41:08',NULL,'0',34,1,NULL),(864,'','2020-09-01 15:43:49','2020-09-01 15:46:52','','1',1,1,NULL),(870,'','2020-09-01 15:46:14','2020-09-01 15:46:28','','1',34,1,NULL),(871,'','2020-09-01 15:47:45','2020-09-01 15:47:45',NULL,'1',1,1,NULL),(872,'','2020-09-01 15:48:54','2020-09-01 15:49:19',NULL,'1',1,1,NULL),(873,'','2020-09-01 15:49:10','2020-09-01 15:49:10',NULL,'1',1,1,NULL),(874,'','2020-09-01 15:50:08','2020-09-01 15:50:09','','1',34,1,NULL),(875,'','2020-09-01 15:52:34','2020-09-01 15:52:34',NULL,'1',1,1,NULL),(876,'','2020-09-01 15:52:52','2020-09-01 15:52:52',NULL,'1',1,1,NULL),(877,'','2020-09-01 15:53:03','2020-09-01 15:53:03',NULL,'1',1,1,NULL),(878,'','2020-09-01 15:53:18','2020-09-01 15:53:18',NULL,'1',1,1,NULL),(879,'','2020-09-01 16:00:19','2020-09-01 16:05:54',NULL,'1',1,1,NULL),(880,'','2020-09-01 16:07:20','2020-09-01 16:07:20',NULL,'1',1,1,NULL),(881,'','2020-09-01 16:09:37','2020-09-01 16:09:57',NULL,'1',1,1,'[encoded data, 5316 characters]'),(882,'','2020-09-01 16:10:29','2020-09-01 16:11:10',NULL,'1',1,1,NULL),(883,'','2020-09-01 16:11:02','2020-09-01 16:13:39',NULL,'1',1,1,NULL),(884,'','2020-09-01 16:14:37','2020-09-01 16:14:37',NULL,'1',1,1,'TzozMjoiQ29uY3JldGVcQ29yZVxMZWdhY3lcQmxvY2tSZWNvcmQiOjM6e3M6MzoiYklEIjtzOjM6Ijg4NCI7czo5OiIAKgBfdGFibGUiO3M6MTQ6ImJ0Q29udGVudExvY2FsIjtzOjc6ImNvbnRlbnQiO3M6MTA5MzoiPGgzPtCY0YHRgtC+0YDQuNGPINC80LXRgtGA0L48L2gzPg0KDQo8cD7QmtCw0LfQsNC90YHQutC+0LUg0LzQtdGC0YDQviAmbmRhc2g7INGB0LDQvNC+0LUg0LzQvtC70L7QtNC+0LUg0LIg0KDQvtGB0YHQuNC4LiDQntC90L4g0L7RgtC60YDRi9C70L7RgdGMIDI3INCw0LLQs9GD0YHRgtCwIDIwMDUg0LPQvtC00LAsINCyINCz0L7QtCDQv9GA0LDQt9C00L3QvtCy0LDQvdC40Y8g0YLRi9GB0Y/Rh9C10LvQtdGC0LjRjyDQmtCw0LfQsNC90LguINCh0YLRgNC+0LjRgtC10LvRjNGB0YLQstC+INC90LDRh9Cw0LvQvtGB0Ywg0LXRidGRINCyIDE5OTcg0LPQvtC00YMuINCd0LAg0LzQvtC80LXQvdGCINC+0YLQutGA0YvRgtC40Y8g0LIg0LzQtdGC0YDQviDQsdGL0LvQviA1INGB0YLQsNC90YbQuNC5LiDQkiDQvdCw0YHRgtC+0Y/RidC10LUg0LLRgNC10LzRjyAoMjAyMCDQs9C+0LQpINGB0YLQsNC90YbQuNC5INGD0LbQtSAxMTog0JDQstC40LDRgdGC0YDQvtC40YLQtdC70YzQvdCw0Y8sINCh0LXQstC10YDQvdGL0Lkg0LLQvtC60LfQsNC7LCDQr9GI0YzQu9C10LosINCa0L7Qt9GM0Y8g0YHQu9C+0LHQvtC00LAsINCa0YDQtdC80LvRkdCy0YHQutCw0Y8sINCf0LvQvtGJ0LDQtNGMINCi0YPQutCw0Y8sINCh0YPQutC+0L3QvdCw0Y8g0YHQu9C+0LHQvtC00LAsINCQ0LzQtdGC0YzQtdCy0L4sINCT0L7RgNC60LgsINCf0YDQvtGB0L/QtdC60YIg0J/QvtCx0LXQtNGLLCDQlNGD0LHRgNCw0LLQvdCw0Y8uINCh0YLQsNC90YbQuNGPINCQ0LzQtdGC0YzQtdCy0L4gJm5kYXNoOyDQvdCw0LTQt9C10LzQvdCw0Y8sINC+0YHRgtCw0LvRjNC90YvQtSDRgdGC0LDQvdGG0LjQuCDQv9C+0LTQt9C10LzQvdGL0LUuINCh0LDQvNCw0Y8g0LPQu9GD0LHQvtC60LDRjyDQuNC3INC90LjRhSAmbmRhc2g7INCU0YPQsdGA0LDQstC90LDRjy4g0JIg0LzQtdGC0YDQvtC/0L7Qu9C40YLQtdC90LUg0LLRgdC1INGD0LrQsNC30LDRgtC10LvQuCDQvdCw0L/QuNGB0LDQvdGLINC90LAg0YLRgNGR0YUg0Y/Qt9GL0LrQsNGFOiDQvdCwINGA0YPRgdGB0LrQvtC8LCDRgtCw0YLQsNGA0YHQutC+0LwsINCw0L3Qs9C70LjQudGB0LrQvtC8LjwvcD4NCiI7fQ=='),(885,'','2020-09-01 16:14:38','2020-09-01 16:14:38',NULL,'0',32,1,NULL),(887,'','2020-09-01 16:15:22','2020-09-01 16:15:22',NULL,'1',1,1,NULL),(888,'','2020-09-01 16:15:38','2020-09-01 16:15:38','','1',1,1,NULL),(889,'','2020-09-01 16:15:39','2020-09-01 16:15:39',NULL,'1',1,1,'TzozMjoiQ29uY3JldGVcQ29yZVxMZWdhY3lcQmxvY2tSZWNvcmQiOjM6e3M6MzoiYklEIjtzOjM6Ijg4OSI7czo5OiIAKgBfdGFibGUiO3M6MTQ6ImJ0Q29udGVudExvY2FsIjtzOjc6ImNvbnRlbnQiO3M6NzY0OiI8aDM+0KjRg9Cz0YPRgNC+0LLRgdC60L7QtSDQvNC10YHRgtC+0YDQvtC20LTQtdC90LjQtTwvaDM+DQoNCjxwPtCSIDE5NDEg0LPQvtC00YMg0LIg0YDQtdGB0L/Rg9Cx0LvQuNC60LUg0L3QsNGH0LDQu9C4INGA0LDQt9Cy0LXQtNC+0YfQvdC+0LUg0LHRg9GA0LXQvdC40LUuIDI1INC40Y7Qu9GPIDE5NDMg0LPQvtC00LAg0LLQv9C10YDQstGL0LUg0LIg0KLQsNGC0LDRgNGB0YLQsNC90LUg0LfQsNCx0LjQuyDRhNC+0L3RgtCw0L0g0L3QtdGE0YLQuCDQuNC3INGB0LrQstCw0LbQuNC90Ysg4oSWIDEuINCe0L3QsCDQsdGL0LvQsCDQv9GA0L7QsdGD0YDQtdC90LAg0YDRj9C00L7QvCDRgSDRgdC10LvQvtC8INCo0YPQs9GD0YDQvtCy0L4gKNC90YvQvdC10YjQvdC40Lkg0JvQtdC90LjQvdC+0LPQvtGA0YHQutC40Lkg0YDQsNC50L7QvSkuINCj0LbQtSDRh9C10YDQtdC3INC90LXQtNC10LvRjiDQsdGL0LvQviDQt9Cw0Y/QstC70LXQvdC+INC+0LEg0L7RgtC60YDRi9GC0LjQuCDQv9C10YDQstC+0LPQviDQsiDRgNC10YHQv9GD0LHQu9C40LrQtSDQvdC10YTRgtGP0L3QvtCz0L4g0LzQtdGB0YLQvtGA0L7QttC00LXQvdC40Y8gJm1kYXNoOyDQqNGD0LPRg9GA0L7QstGB0LrQvtCz0L4uINCY0LzQtdC90L3QviDRgSDRjdGC0L7QuSDRgdC60LLQsNC20LjQvdGLINC90LDRh9Cw0LvQsNGB0Ywg0LjRgdGC0L7RgNC40Y8g0LHQvtC70YzRiNC+0Lkg0L3QtdGE0YLQuCDQotCw0YLQsNGA0YHRgtCw0L3QsC48L3A+DQoNCjxwPiZuYnNwOzwvcD4NCiI7fQ=='),(890,'','2020-09-01 16:16:22','2020-09-01 16:16:22',NULL,'1',1,1,'TzozMjoiQ29uY3JldGVcQ29yZVxMZWdhY3lcQmxvY2tSZWNvcmQiOjM6e3M6MzoiYklEIjtzOjM6Ijg5MCI7czo5OiIAKgBfdGFibGUiO3M6MTQ6ImJ0Q29udGVudExvY2FsIjtzOjc6ImNvbnRlbnQiO3M6MTI3NzoiPGgzPtCg0L7QvNCw0YjQutC40L3RgdC60L7QtSDQvNC10YHRgtC+0YDQvtC20LTQtdC90LjQtTwvaDM+DQoNCjxwPtCSIDE5NDYg0LPQvtC00YMg0LIgMjAg0LrQvCDQvtGCINCo0YPQs9GD0YDQvtCy0YHQutC+0LPQviDQvNC10YHRgtC+0YDQvtC20LTQtdC90LjRjyDRgyDRgdC10LvQsCDQoNC+0LzQsNGI0LrQuNC90L4g0L3QsNGH0LDQu9C+0YHRjCDRgdGC0YDQvtC40YLQtdC70YzRgdGC0LLQviDRgNCw0LfQstC10LTQvtGH0L3QvtC5INGB0LrQstCw0LbQuNC90Ysg4oSWIDMuINCSINC40Y7QvdC1IDE5NDgg0LPQvtC00LAg0LfQtNC10YHRjCDQt9Cw0LHQuNC7INGE0L7QvdGC0LDQvSDRgSDRgdGD0YLQvtGH0L3Ri9C8INC00LXQsdC40YLQvtC8IDEyMCDRgtC+0L3QvS4g0JLQvtC60YDRg9CzINGN0YLQvtC5INGB0LrQstCw0LbQuNC90Ysg0L3QsCDRgNCw0YHRgdGC0L7Rj9C90LjQuCDQvdC10YHQutC+0LvRjNC60LjRhSDQutC40LvQvtC80LXRgtGA0L7QsiDQsdGL0LvQuCDQv9GA0L7QsdGD0YDQtdC90Ysg0L3QvtCy0YvQtS4g0KLQsNC8INGC0L7QttC1INC30LDQsdC40LvQuCDRhNC+0L3RgtCw0L3Riy4g0KLQsNC6INC90LAg0Y7Qs9C+LdCy0L7RgdGC0L7QutC1INCi0LDRgtCw0YDRgdGC0LDQvdCwINCx0YvQu9C+INC+0YLQutGA0YvRgtC+INGD0L3QuNC60LDQu9GM0L3QvtC1INC90LXRhNGC0Y/QvdC+0LUg0LzQtdGB0YLQvtGA0L7QttC00LXQvdC40LUsINC60L7RgtC+0YDQvtC1INC4INGB0LXQs9C+0LTQvdGPJm5ic3A70LLRhdC+0LTQuNGCINCyINC00LXRgdGP0YLQutGDINC60YDRg9C/0L3QtdC50YjQuNGFINC80LXRgdGC0L7RgNC+0LbQtNC10L3QuNC5INC80LjRgNCwLjwvcD4NCg0KPHA+PGNvbmNyZXRlLXBpY3R1cmUgZklEPSIxNzciIGFsdD0iMjE3Nl8xLmpwZyIgaGVpZ2h0PSIzNzkiIHdpZHRoPSI2MDAiIC8+PC9wPg0KDQo8cCBzdHlsZT0idGV4dC1hbGlnbjogY2VudGVyOyI+PHNwYW4gY2xhc3M9ImltYWdlLWNhcHRpb24iPtCf0LXRgNC10LTQvtCy0LDRjyDQsdGA0LjQs9Cw0LTQsCDQvdC10YTRgtGP0L3QuNC60L7QsiDQoNC10YHQv9GD0LHQu9C40LrQuCDQotCw0YLQsNGA0YHRgtCw0L0g0L3QsCDQsdGD0YDQvtCy0L7QuS4mbmJzcDsoMjAwMSDQsy4sINC80LXRgdGC0L4g0L3QtdC40LfQstC10YHRgtC90L4sINCw0LLRgtC+0YAg0L3QtdC40LfQstC10YHRgtC10L0sINGA0LXQtNCw0LrRhtC40Y8g0LPQsNC30LXRgtGLICZsYXF1bzvQnNCw0LTQsNC90Lgg0LbQvtC80LPQsCZyYXF1bzsuKTwvc3Bhbj48L3A+DQoiO30='),(891,'','2020-09-01 16:17:05','2020-09-01 16:17:05',NULL,'1',1,1,NULL),(892,'','2020-09-01 16:19:22','2020-09-01 16:19:22',NULL,'1',32,1,'TzozMjoiQ29uY3JldGVcQ29yZVxMZWdhY3lcQmxvY2tSZWNvcmQiOjg6e3M6MzoiYklEIjtzOjM6Ijg5MiI7czo5OiIAKgBfdGFibGUiO3M6NzoiYnRWaWRlbyI7czo3OiJ3ZWJtZklEIjtzOjE6IjAiO3M6Njoib2dnZklEIjtzOjE6IjAiO3M6OToicG9zdGVyZklEIjtzOjM6IjI2NiI7czo2OiJtcDRmSUQiO3M6MzoiMjY3IjtzOjk6InZpZGVvU2l6ZSI7czoxOiIxIjtzOjU6IndpZHRoIjtzOjE6IjAiO30='),(893,'','2020-09-01 16:19:28','2020-09-01 16:19:28',NULL,'1',1,1,NULL),(894,'','2020-09-01 16:19:34','2020-09-01 16:19:34',NULL,'1',1,1,NULL),(895,'','2020-09-01 16:20:52','2020-09-01 16:20:52',NULL,'1',1,1,'TzozMjoiQ29uY3JldGVcQ29yZVxMZWdhY3lcQmxvY2tSZWNvcmQiOjM6e3M6MzoiYklEIjtzOjM6Ijg5NSI7czo5OiIAKgBfdGFibGUiO3M6MTQ6ImJ0Q29udGVudExvY2FsIjtzOjc6ImNvbnRlbnQiO3M6MTQzMDoiPGgzPtCn0YLQviDQv9GA0L7QuNC30LLQvtC00Y/RgiDQuNC3INC90LXRhNGC0Lg8L2gzPg0KDQo8cD7QkiAxOTcxINCz0L7QtNGDINCyINCi0LDRgtCw0YDRgdGC0LDQvdC1INCx0YvQuyDQtNC+0LHRi9GCINC/0LXRgNCy0YvQuSDQvNC40LvQu9C40LDRgNC0INGC0L7QvdC9INC90LXRhNGC0LguINCt0YLQviDRgdC70YPRh9C40LvQvtGB0Ywg0YfQtdGA0LXQtyAyOCDQu9C10YIg0YEg0L3QsNGH0LDQu9CwINGA0LDQt9GA0LDQsdC+0YLQutC4INC80LXRgdGC0L7RgNC+0LbQtNC10L3QuNC5INCyINGA0LXRgdC/0YPQsdC70LjQutC1LiDQkCDQsiAxOTgxINCz0L7QtNGDICZuZGFzaDsg0LLRgtC+0YDQvtC5INC80LjQu9C70LjQsNGA0LQg0YLQvtC90L0g0L3QtdGE0YLQuC4g0JHQvtC70YzRiNCw0Y8g0YfQsNGB0YLRjCDQtNC+0LHRi9Cy0LDQtdC80L7QuSDQvdC10YTRgtC4INC40YHQv9C+0LvRjNC30YPQtdGC0YHRjyDQtNC70Y8g0L/RgNC+0LjQt9Cy0L7QtNGB0YLQstCwINGA0LDQt9C70LjRh9C90YvRhSDQstC40LTQvtCyINGC0L7Qv9C70LjQstCwLiDQrdGC0L4g0LHQtdC90LfQuNC9LCDQutC10YDQvtGB0LjQvSwg0LTQuNC30LXQu9GM0L3QvtC1LCDRgdGD0LTQvtCy0L7QtSDQuCDQtNGA0YPQs9C40LUg0LLQuNC00Ysg0YLQvtC/0LvQuNCy0LAuINCi0LDQutC20LUg0L3QtdGE0YLRjCDQuNGB0L/QvtC70YzQt9GD0LXRgtGB0Y8g0LIg0L/RgNC+0LjQt9Cy0L7QtNGB0YLQstC1INGB0LjQvdGC0LXRgtC40YfQtdGB0LrQuNGFINGC0LrQsNC90LXQuSwg0L/Qu9Cw0YHRgtC80LDRgdGBINC4INGA0LXQt9C40L3Riy4g0J7RgdGC0LDRgtC60LgsINC60L7RgtC+0YDRi9C1INC+0YHRgtCw0Y7RgtGB0Y8g0L/QvtGB0LvQtSDQv9C10YDQtdGA0LDQsdC+0YLQutC4INC90LXRhNGC0LgsINC40LTRg9GCINC90LAg0L/RgNC+0LjQt9Cy0L7QtNGB0YLQstC+INGB0YLRgNC+0LjRgtC10LvRjNC90YvRhSDQvNCw0YLQtdGA0LjQsNC70L7QsiAmbmRhc2g7INCz0YPQtNGA0L7QvdCwINC4INCx0LjRgtGD0LzQsC4g0JXRgdC70Lgg0YHQvNC10YjQsNGC0Ywg0LHQuNGC0YPQvCDRgSDQvNC40L3QtdGA0LDQu9GM0L3Ri9C80Lgg0LLQtdGJ0LXRgdGC0LLQsNC80LgsINC/0L7Qu9GD0YfQsNC10YLRgdGPINCw0YHRhNCw0LvRjNGCLiDQmNC3INC90LXRhNGC0Lgg0LzQvtC20L3QviDQv9C+0LvRg9GH0LjRgtGMINCy0LXRidC10YHRgtCy0LAsINC60L7RgtC+0YDRi9C1INC/0YDQuNC80LXQvdGP0Y7RgtGB0Y8g0L/RgNC4INC/0YDQvtC40LfQstC+0LTRgdGC0LLQtSDRgdC80LDQt9C+0YfQvdGL0YUg0LLQtdGJ0LXRgdGC0LIsINGA0LDRgdGC0LLQvtGA0LjRgtC10LvQtdC5LCDQu9C10LrQsNGA0YHRgtCyLCDQutC+0YHQvNC10YLQuNGH0LXRgdC60LjRhSDRgdGA0LXQtNGB0YLQsiDQuCDQuNCz0YDRg9GI0LXQui48L3A+DQoiO30='),(896,'','2020-09-01 16:21:29','2020-09-01 16:21:29',NULL,'1',1,1,'TzozMjoiQ29uY3JldGVcQ29yZVxMZWdhY3lcQmxvY2tSZWNvcmQiOjM6e3M6MzoiYklEIjtzOjM6Ijg5NiI7czo5OiIAKgBfdGFibGUiO3M6MTQ6ImJ0Q29udGVudExvY2FsIjtzOjc6ImNvbnRlbnQiO3M6MTYyOiI8cCBzdHlsZT0idGV4dC1hbGlnbjogY2VudGVyOyI+PHNwYW4gY2xhc3M9ImltYWdlLWNhcHRpb24iPtCe0YLRgNGL0LLQvtC6INC40Lcg0YTQuNC70YzQvNCwICZsYXF1bzvQndC10YTRgtGP0L3QuNC60Lgg0KLQsNGC0LDRgNC40LgmbmJzcDsoMTk4MSDQsy4pLjwvc3Bhbj48L3A+DQoiO30='),(897,'','2020-09-01 16:21:36','2020-09-01 16:21:36',NULL,'1',1,1,'TzozMjoiQ29uY3JldGVcQ29yZVxMZWdhY3lcQmxvY2tSZWNvcmQiOjM6e3M6MzoiYklEIjtzOjM6Ijg5NyI7czo5OiIAKgBfdGFibGUiO3M6MTQ6ImJ0Q29udGVudExvY2FsIjtzOjc6ImNvbnRlbnQiO3M6MTYyOiI8cCBzdHlsZT0idGV4dC1hbGlnbjogY2VudGVyOyI+PHNwYW4gY2xhc3M9ImltYWdlLWNhcHRpb24iPtCe0YLRgNGL0LLQvtC6INC40Lcg0YTQuNC70YzQvNCwICZsYXF1bzvQndC10YTRgtGP0L3QuNC60Lgg0KLQsNGC0LDRgNC40LgmbmJzcDsoMTk4MSDQsy4pLjwvc3Bhbj48L3A+DQoiO30='),(898,'','2020-09-01 16:21:45','2020-09-01 16:21:45',NULL,'1',1,1,NULL),(899,'','2020-09-01 16:55:18','2020-09-01 16:55:18',NULL,'1',1,1,NULL),(900,'','2020-09-01 16:57:00','2020-09-01 16:57:00',NULL,'1',1,1,'TzozMjoiQ29uY3JldGVcQ29yZVxMZWdhY3lcQmxvY2tSZWNvcmQiOjM6e3M6MzoiYklEIjtzOjM6IjkwMCI7czo5OiIAKgBfdGFibGUiO3M6MTQ6ImJ0Q29udGVudExvY2FsIjtzOjc6ImNvbnRlbnQiO3M6NDM5OiI8cCBzdHlsZT0idGV4dC1hbGlnbjogY2VudGVyOyI+PHNwYW4gY2xhc3M9ImltYWdlLWNhcHRpb24iPjwvc3Bhbj48c3BhbiBjbGFzcz0iaW1hZ2UtY2FwdGlvbiI+JmxhcXVvO9CU0LbQsNC70LjQu9GMINCy0YHQtdCz0LTQsCDRgSDQvdCw0LzQuCZyYXF1bzsuINCe0YLRgNGL0LLQvtC6INC40Lcg0LrQuNC90L7QttGD0YDQvdCw0LvQsCAmbGFxdW870J3QsCDQktC+0LvQs9C1INGI0LjRgNC+0LrQvtC5JnJhcXVvOyAo4oSWIDExLCAxOTgzINCzKS4gPC9zcGFuPjwvcD4NCg0KPHAgc3R5bGU9InRleHQtYWxpZ246IGNlbnRlcjsiPjxzcGFuIGNsYXNzPSJpbWFnZS1jYXB0aW9uIj7QktC90YPRh9C60LAg0JzRg9GB0Ysg0JTQttCw0LvQuNC70Y8g0LIg0LzRg9C30LXQtSDRgdCy0L7QtdCz0L4g0LLQtdC70LjQutC+0LPQviDQtNC10LTRg9GI0LrQuC48L3NwYW4+PC9wPg0KIjt9'),(901,'','2020-09-01 17:02:40','2020-09-01 17:02:40',NULL,'1',1,1,NULL),(902,'','2020-09-01 17:08:14','2020-09-01 17:08:14',NULL,'1',1,1,NULL),(903,'','2020-09-01 17:09:33','2020-09-01 17:09:33',NULL,'1',1,1,NULL),(904,'','2020-09-01 17:19:44','2020-09-01 17:19:44',NULL,'0',56,1,NULL),(905,'','2020-09-01 17:20:50','2020-09-01 17:20:50',NULL,'1',56,1,NULL),(906,'','2020-09-01 17:21:18','2020-09-01 17:21:18',NULL,'1',56,1,NULL),(908,'','2020-09-01 17:24:04','2020-09-01 17:24:04',NULL,'0',80,1,NULL),(909,'','2020-09-01 17:31:00','2020-09-01 17:31:37','','1',80,1,'TzozMjoiQ29uY3JldGVcQ29yZVxMZWdhY3lcQmxvY2tSZWNvcmQiOjEzOntzOjM6ImJJRCI7czozOiI5MDkiO3M6OToiACoAX3RhYmxlIjtzOjExOiJidEplcm9DeWNsZSI7czo3OiJ0aW1lb3V0IjtzOjQ6IjQwMDAiO3M6NToic3BlZWQiO3M6MzoiNTAwIjtzOjY6ImVmZmVjdCI7czo4OiJmbGlwSG9yeiI7czo5OiJidXR0b25DU1MiO3M6MTU6ImJ0biBidG4tZGVmYXVsdCI7czo0OiJzeW5jIjtzOjE6IjAiO3M6OToibm9BbmltYXRlIjtzOjE6IjAiO3M6NToicGF1c2UiO3M6MToiMCI7czoxMToiZmFkZUNhcHRpb24iO3M6MToiMCI7czo1OiJzd2lwZSI7czoxOiIxIjtzOjE0OiJuYXZpZ2F0aW9uVHlwZSI7czoxOiIyIjtzOjQ6Im1heFoiO3M6MzoiMTAwIjt9'),(911,'','2020-09-01 20:52:57','2020-09-01 20:52:57',NULL,'0',16,1,NULL),(912,'','2020-09-01 22:48:55','2020-09-01 22:48:55',NULL,'1',1,1,NULL),(913,'','2020-09-01 22:54:47','2020-09-01 22:54:47',NULL,'1',1,1,NULL),(914,'','2020-09-01 22:58:14','2020-09-01 22:58:14','','1',1,1,NULL),(915,'','2020-09-01 23:00:41','2020-09-01 23:00:41',NULL,'1',32,1,'TzozMjoiQ29uY3JldGVcQ29yZVxMZWdhY3lcQmxvY2tSZWNvcmQiOjg6e3M6MzoiYklEIjtzOjM6IjkxNSI7czo5OiIAKgBfdGFibGUiO3M6NzoiYnRWaWRlbyI7czo3OiJ3ZWJtZklEIjtzOjE6IjAiO3M6Njoib2dnZklEIjtzOjE6IjAiO3M6OToicG9zdGVyZklEIjtzOjI6Ijc5IjtzOjY6Im1wNGZJRCI7czozOiIyNjkiO3M6OToidmlkZW9TaXplIjtzOjE6IjEiO3M6NToid2lkdGgiO3M6MToiMCI7fQ=='),(916,'','2020-09-02 09:39:00','2020-09-02 09:40:20',NULL,'1',1,1,NULL),(917,'','2020-09-02 09:40:47','2020-09-02 09:40:47',NULL,'1',1,1,NULL),(918,'','2020-09-02 09:40:53','2020-09-02 09:40:53',NULL,'1',1,1,NULL),(919,'','2020-09-02 09:50:25','2020-09-02 09:56:28',NULL,'1',1,1,NULL),(920,'','2020-09-02 10:01:57','2020-09-02 10:01:57',NULL,'1',1,1,NULL),(921,'','2020-09-02 10:02:05','2020-09-02 10:02:05',NULL,'1',1,1,NULL),(922,'','2020-09-02 10:02:13','2020-09-02 10:02:13',NULL,'1',1,1,NULL),(923,'','2020-09-02 10:03:10','2020-09-02 10:03:10',NULL,'1',1,1,NULL),(924,'','2020-09-02 10:03:44','2020-09-02 10:03:44',NULL,'1',1,1,'TzozMjoiQ29uY3JldGVcQ29yZVxMZWdhY3lcQmxvY2tSZWNvcmQiOjM6e3M6MzoiYklEIjtzOjM6IjkyNCI7czo5OiIAKgBfdGFibGUiO3M6MTQ6ImJ0Q29udGVudExvY2FsIjtzOjc6ImNvbnRlbnQiO3M6MTQ1NToiPGgzPtCc0LXQtNC40YbQuNC90LAg0KLQsNGC0LDRgNGB0YLQsNC90LAg0LLQviDQstGA0LXQvNGPINCS0LXQu9C40LrQvtC5INCe0YLQtdGH0LXRgdGC0LLQtdC90L3QvtC5INCy0L7QudC90Ys8L2gzPg0KDQo8cD7QkiDQs9C+0LTRiyDQktC10LvQuNC60L7QuSDQntGC0LXRh9C10YHRgtCy0LXQvdC90L7QuSDQstC+0LnQvdGLINCi0LDRgtCw0YDRgdGC0LDQvSDRgdGC0LDQuyDQvtC00L3QuNC8INC40Lcg0LrRgNGD0L/QvdC10LnRiNC40YUg0LvQtdGH0LXQsdC90YvRhSDRhtC10L3RgtGA0L7QsiDRgdGC0YDQsNC90YsuINCX0LTQtdGB0Ywg0LHRi9C70Lgg0YXQvtGA0L7RiNC+INC+0YHQvdCw0YnRkdC90L3Ri9C1INCx0L7Qu9GM0L3QuNGG0Ysg0Lgg0LLRi9GB0L7QutC+0LrQstCw0LvQuNGE0LjRhtC40YDQvtCy0LDQvdC90YvQtSDQstGA0LDRh9C4LiDQo9C20LUg0L3QsCAxNSDQtNC10L3RjCDQstC+0LnQvdGLINCa0LDQt9Cw0L3RjCDQv9GA0LjQvdGP0LvQsCDQv9C10YDQstGL0LUg0LPRgNGD0L/Qv9GLINGA0LDQvdC10L3Ri9GFLiDQmiDQutC+0L3RhtGDIDE5NDEg0LPQvtC00LAg0LIg0YDQtdGB0L/Rg9Cx0LvQuNC60LUg0LHRi9C70L4gNDAg0Y3QstCw0LrQvtCz0L7RgdC/0LjRgtCw0LvQtdC5INC90LAgMzAg0YLRi9GB0Y/RhyDQvNC10YHRgi4g0JvRg9GH0YjQuNC1INC30LTQsNC90LjRjyDQutC70LjQvdC40LosINC40L3RgdGC0LjRgtGD0YLQvtCyLCDRiNC60L7Quywg0LTQstC+0YDRhtC+0LIg0LrRg9C70YzRgtGD0YDRiywg0LrQu9GD0LHQvtCyLCDQvtCx0YnQtdC20LjRgtC40LksINCz0L7RgdGC0LjQvdC40YYsINGB0LDQvdCw0YLQvtGA0LjQtdCyINC4INC00L7QvNC+0LIg0L7RgtC00YvRhdCwINCx0YvQu9C4INC/0LXRgNC10L7QsdC+0YDRg9C00L7QstCw0L3RiyDQv9C+0LQg0LPQvtGB0L/QuNGC0LDQu9C4LiDQl9CwIDQg0LPQvtC00LAg0LLQvtC50L3RiyDQsdGL0LvQviDRgNCw0LfQstC10YDQvdGD0YLQviA4NyDQs9C+0YHQv9C40YLQsNC70LXQuS4g0KDQsNC90LXQvdGL0YUg0L/RgNC40LLQvtC30LjQu9C4INC90LUg0YLQvtC70YzQutC+INC/0L7QtdC30LTQsNC80LgsINC90L4g0Lgg0L/QviDQktC+0LvQs9C1INC4INCa0LDQvNC1INC90LAg0YDQtdGH0L3Ri9GFINGB0YPQtNCw0YUuINCSINCz0L7RgdC/0LjRgtCw0LvRj9GFINCi0JDQodCh0KAg0L/RgNC+0YjQu9C4INC60YPRgNGBINC70LXRh9C10L3QuNGPIDMzNCDRgtGL0YHRj9GH0Lgg0YDQsNC90LXQvdGL0YUg0Lgg0LHQvtC70YzQvdGL0YUg0LLQvtC40L3QvtCyLiDQntC60L7Qu9C+IDIwNyDRgtGL0YHRj9GHINC40Lcg0L3QuNGFINCx0YvQu9C4INCy0L7Qt9Cy0YDQsNGJ0LXQvdGLINCyINGB0YLRgNC+0Lkg0Lgg0L7QutC+0LvQviA2NyDRgtGL0YHRj9GHICZuZGFzaDsg0Log0YLRgNGD0LTQvtCy0L7QuSDQtNC10Y/RgtC10LvRjNC90L7RgdGC0LguPC9wPg0KIjt9'),(925,'','2020-09-02 10:26:32','2020-09-02 10:26:32',NULL,'1',1,1,NULL),(926,'','2020-09-02 10:26:47','2020-09-02 10:28:44',NULL,'1',1,1,'TzozMjoiQ29uY3JldGVcQ29yZVxMZWdhY3lcQmxvY2tSZWNvcmQiOjM6e3M6MzoiYklEIjtzOjM6IjkyNiI7czo5OiIAKgBfdGFibGUiO3M6MTQ6ImJ0Q29udGVudExvY2FsIjtzOjc6ImNvbnRlbnQiO3M6MjgwOToiPHA+Jm5ic3A7PC9wPg0KDQo8aDM+0JjRgdGC0L7RgNC40Y8g0LzQtdC00LjRhtC40L3RgdC60L7Qs9C+INGD0L3QuNCy0LXRgNGB0LjRgtC10YLQsDwvaDM+DQoNCjxwPjE1INC80LDRjyAxODE0INCz0L7QtNCwJm5ic3A70YHQvtGB0YLQvtGP0LvQvtGB0Ywg0YLQvtGA0LbQtdGB0YLQstC10L3QvdC+0LUg0L7RgtC60YDRi9GC0LjQtSDQvNC10LTQuNGG0LjQvdGB0LrQvtCz0L4g0YTQsNC60YPQu9GM0YLQtdGC0LAgKCZsYXF1bzvQstGA0LDRh9C10LHQvdC+0LUg0L7RgtC00LXQu9C10L3QuNC1INC40LvQuCDQvtGC0LTQtdC70LXQvdC40LUg0LzQtdC00LjRhtC40L3RgdC60LjRhSDQvdCw0YPQuiZyYXF1bzspINCY0LzQv9C10YDQsNGC0L7RgNGB0LrQvtCz0L4g0JrQsNC30LDQvdGB0LrQvtCz0L4g0YPQvdC40LLQtdGA0YHQuNGC0LXRgtCwLiDQnNC10LTQuNGG0LjQvdGB0LrQuNC5INGE0LDQutGD0LvRjNGC0LXRgiDQmtCw0LfQsNC90YHQutC+0LPQviDRg9C90LjQstC10YDRgdC40YLQtdGC0LAg0L/QtdGA0LXQttC40Lsg0LTQstC1INGA0LXQstC+0LvRjtGG0LjQuCAo0KTQtdCy0YDQsNC70YzRgdC60YPRjiDQuCDQntC60YLRj9Cx0YDRjNGB0LrRg9GOKSwg0JPRgNCw0LbQtNCw0L3RgdC60YPRjiDQstC+0LnQvdGDLCDQs9C+0LvQvtC0INC4INGA0LDQt9GA0YPRhdGDINC4INGB0L7RhdGA0LDQvdC40Lsg0LfQvdCw0YfQtdC90LjQtSDQvtC00L3QvtCz0L4g0LjQtyDQs9C70LDQstC90YvRhSDQvdCw0YPRh9C90YvRhSDQuCDRg9GH0LXQsdC90YvRhSDRhtC10L3RgtGA0L7QsiDQvdCw0YjQtdC5INGB0YLRgNCw0L3Riy4g0JHQvtC70YzRiNC1INGB0YLQsCDQu9C10YIg0L7QvSDQsdGL0Lsg0YbQtdC90YLRgNC+0Lwg0L/QvtC00LPQvtGC0L7QstC60Lgg0LLRgNCw0YfQtdC5INC00LvRjyDQo9GA0LDQu9CwLCDQn9C+0LLQvtC70LbRjNGPLCDQodC40LHQuNGA0LguINCQINCyIDE5MzAg0LPQvtC00YMg0L3QsCDQtdCz0L4g0L7RgdC90L7QstC1INCx0YvQuyDRgdC+0LfQtNCw0L0g0JrQsNC30LDQvdGB0LrQuNC5INC80LXQtNC40YbQuNC90YHQutC40Lkg0LjQvdGB0YLQuNGC0YPRgi4g0J/QvtGH0YLQuCA0MDAg0LLRi9C/0YPRgdC60L3QuNC60L7QsiDQuNC90YHRgtC40YLRg9GC0LAgNDAt0YUg0LPQvtC00L7QsiDQv9C+0LPQuNCx0LvQuCDQvdCwINGE0YDQvtC90YLQsNGFINCS0LXQu9C40LrQvtC5INCe0YLQtdGH0LXRgdGC0LLQtdC90L3QvtC5INCy0L7QudC90YsuINCf0YDQtdC/0L7QtNCw0LLQsNGC0LXQu9C4INC4INGB0YLRg9C00LXQvdGC0Ysg0JrQk9Cc0Jgg0YDQsNCx0L7RgtCw0LvQuCDQsiDQs9C+0YHQv9C40YLQsNC70Y/RhSwg0L3QsNGF0L7QtNGP0YnQuNGF0YHRjyDQsiDQmtCw0LfQsNC90LguINCc0L3QvtCz0LjQtSDQuNC3INC90LjRhSDQsdGL0LvQuCDQvdCw0LPRgNCw0LbQtNC10L3RiyDQvtGA0LTQtdC90LDQvNC4INC4INC80LXQtNCw0LvRj9C80LguINChIDI5INCw0L/RgNC10LvRjyAxOTk0INCz0L7QtNCwINCa0LDQt9Cw0L3RgdC60LjQuSDQs9C+0YHRg9C00LDRgNGB0YLQstC10L3QvdGL0Lkg0LzQtdC00LjRhtC40L3RgdC60LjQuSDQuNC90YHRgtC40YLRg9GCINC/0L7Qu9GD0YfQuNC7INGB0YLQsNGC0YPRgSDRg9C90LjQstC10YDRgdC40YLQtdGC0LAuPC9wPg0KDQo8aDM+0JrQsNC30LDQvdGB0LrQuNC5INCz0L7RgdGD0LTQsNGA0YHRgtCy0LXQvdC90YvQuSDQvNC10LTQuNGG0LjQvdGB0LrQuNC5INGD0L3QuNCy0LXRgNGB0LjRgtC10YI8L2gzPg0KDQo8cD7QodC10LPQvtC00L3RjyDQsiDQmtCw0LfQsNC90YHQutC+0Lwg0LPQvtGB0YPQtNCw0YDRgdGC0LLQtdC90L3QvtC8INC80LXQtNC40YbQuNC90YHQutC+0Lwg0YPQvdC40LLQtdGA0YHQuNGC0LXRgtC1INGD0YfQsNGC0YHRjyDRgdGC0YPQtNC10L3RgtGLLCDQutC+0YLQvtGA0YvQtSDQv9C+0YLQvtC8INGB0YLQsNC90YPRgiDRhdC+0YDQvtGI0LjQvNC4INCy0YDQsNGH0LDQvNC4LiDQkiDQvNC40YDQvtCy0L7QuSDQvNC10LTQuNGG0LjQvdC1INC90LXQvNCw0LvQviDQuNC80ZHQvSwg0L/RgNC+0YHQu9Cw0LLQuNCy0YjQuNGFINCi0LDRgtCw0YDRgdGC0LDQvS4g0K3RgtC+INC4INGF0LjRgNGD0YDQsyDQkNC70LXQutGB0LDQvdC00YAg0JLQuNGI0L3QtdCy0YHQutC40LkuINCV0LPQviDQt9C90LDQvNC10L3QuNGC0LDRjyDQvNCw0LfRjCDQstC+INCy0YDQtdC80Y8g0JLQtdC70LjQutC+0Lkg0J7RgtC10YfQtdGB0YLQstC10L3QvdC+0Lkg0LLQvtC50L3RiyDRgdC/0LDRgdC70LAg0L3QtdC80LDQu9C+INC20LjQt9C90LXQuS4g0K3RgtC+INC4INC/0YHQuNGF0L7QvdC10LLRgNC+0LvQvtCzINCS0LvQsNC00LjQvNC40YAg0JHQtdGF0YLQtdGA0LXQsi4g0JXQs9C+INGC0YDRg9C00Ysg0L/QviDQuNC30YPRh9C10L3QuNGOINC00LXRj9GC0LXQu9GM0L3QvtGB0YLQuCDQvNC+0LfQs9CwINC/0L7QvNC+0LPQsNGO0YIg0YHQvtCy0YDQtdC80LXQvdC90YvQvCDRg9GH0ZHQvdGL0LwuINCh0L/QuNGB0L7QuiDQvNC+0LbQvdC+INC/0YDQvtC00L7Qu9C20LDRgtGMINC+0YfQtdC90Ywg0LTQvtC70LPQvi4g0JIg0JrQsNC30LDQvdC4INGB0YTQvtGA0LzQuNGA0L7QstCw0LvQuNGB0Ywg0L3QsNGD0YfQvdGL0LUg0LzQtdC00LjRhtC40L3RgdC60LjQtSDRiNC60L7Qu9GLLCDQstC90ZHRgdGI0LjQtSDQvtCz0YDQvtC80L3Ri9C5INCy0LrQu9Cw0LQg0LIg0YDQsNC30LLQuNGC0LjQtSDQvNC10LTQuNGG0LjQvdGLINCyINC90LDRiNC10Lkg0YHRgtGA0LDQvdC1INC4INCy0L4g0LLRgdGR0Lwg0LzQuNGA0LUuICZuYnNwOzwvcD4NCiI7fQ=='),(927,'','2020-09-02 10:29:16','2020-09-02 10:29:16',NULL,'1',1,1,NULL),(928,'','2020-09-02 10:32:37','2020-09-02 10:32:37',NULL,'1',1,1,'TzozMjoiQ29uY3JldGVcQ29yZVxMZWdhY3lcQmxvY2tSZWNvcmQiOjM6e3M6MzoiYklEIjtzOjM6IjkyOCI7czo5OiIAKgBfdGFibGUiO3M6MTQ6ImJ0Q29udGVudExvY2FsIjtzOjc6ImNvbnRlbnQiO3M6MTE2OToiPGgzPtCg0LDQuNGE0YHQutC40Lkg0LTQtdC90LTRgNCw0YDQuNC5PC9oMz4NCg0KPHA+0KDQsNC40YTRgdC60LjQuSDQtNC10L3QtNGA0LDRgNC40Lkg0L/QvtGP0LLQuNC70YHRjyDQsiAxOTIxINCz0L7QtNGDLiDQodC90LDRh9Cw0LvQsCDQvtC9INC30LDQvdC40LzQsNC7INC90LXQsdC+0LvRjNGI0YPRjiDRgtC10YDRgNC40YLQvtGA0LjRji4g0KHQtdC50YfQsNGBINC10LPQviDQv9C70L7RidCw0LTRjCDRgNCw0LLQvdCwINC/0YDQuNC80LXRgNC90L4g0L/Qu9C+0YnQsNC00LggMzUg0YTRg9GC0LHQvtC70YzQvdGL0YUg0L/QvtC70LXQuS4g0JImbmJzcDsxOTYwINCz0L7QtNGDINC00LXQvdC00YDQsNGA0LjQuSDRgdGC0LDQuyDRh9Cw0YHRgtGM0Y4g0JLQvtC70LbRgdC60L4t0JrQsNC80YHQutC+0LPQviDQt9Cw0L/QvtCy0LXQtNC90LjQutCwLiDQoSDRjdGC0L7Qs9C+INCy0YDQtdC80LXQvdC4INC30LTQtdGB0Ywg0L/RgNC+0LLQvtC00Y/RgtGB0Y8g0Y3QutGB0LrRg9GA0YHQuNC4LiDQotC10YDRgNC40YLQvtGA0LjRjyDQtNC10L3QtNGA0LDRgNC40Y8g0YDQsNC30LTQtdC70LXQvdCwINC90LAg0YLRgNC4INGH0LDRgdGC0Lg6ICZsYXF1bzvQkNC80LXRgNC40LrQsCZyYXF1bzssICZsYXF1bzvQldCy0YDQvtC/0LAmcmFxdW87INC4ICZsYXF1bzvQkNC30LjRjyZyYXF1bzsuINCX0LTQtdGB0YwmbmJzcDvRgNCw0YHRgtGR0YIg0LHQvtC70LXQtSA1MDAg0LLQuNC00L7QsiDQtNC10YDQtdCy0YzQtdCyINC4INC60YPRgdGC0LDRgNC90LjQutC+0LIg0YEg0YLRgNGR0YUg0LrQvtC90YLQuNC90LXQvdGC0L7Qsi4g0JImbmJzcDsxOTc4INCz0L7QtNGDJm5ic3A70LTQtdC90LTRgNCw0YDQuNC5INCS0L7Qu9C20YHQutC+LdCa0LDQvNGB0LrQvtCz0L4g0LfQsNC/0L7QstC10LTQvdC40LrQsCDQsdGL0Lsg0L/RgNC40L3Rj9GCINCyINCh0L7QstC10YIg0LHQvtGC0LDQvdC40YfQtdGB0LrQuNGFINGB0LDQtNC+0LIg0L3QsNGI0LXQuSDRgdGC0YDQsNC90YsuLCDQsCDQsiAyMDAzINCz0L7QtNGDJm5ic3A70LLQvtGI0ZHQuyZuYnNwO9CyINCc0LXQttC00YPQvdCw0YDQvtC00L3Ri9C5INGB0L7QstC10YIg0LHQvtGC0LDQvdC40YfQtdGB0LrQuNGFINGB0LDQtNC+0LIg0L/QviDQvtGF0YDQsNC90LUg0YDQsNGB0YLQtdC90LjQuS48L3A+DQoiO30='),(929,'','2020-09-02 10:33:43','2020-09-02 10:33:43',NULL,'1',1,1,NULL),(930,'','2020-09-02 10:41:12','2020-09-02 10:41:47',NULL,'1',1,1,'TzozMjoiQ29uY3JldGVcQ29yZVxMZWdhY3lcQmxvY2tSZWNvcmQiOjM6e3M6MzoiYklEIjtzOjM6IjkzMCI7czo5OiIAKgBfdGFibGUiO3M6MTQ6ImJ0Q29udGVudExvY2FsIjtzOjc6ImNvbnRlbnQiO3M6MTcyNzoiPGgzPtCh0LXQu9GM0YHQutC+0LUg0YXQvtC30Y/QudGB0YLQstC+PC9oMz4NCg0KPHA+0J3QtdC60L7RgtC+0YDRi9C1INC/0YDQvtC00YPQutGC0Ysg0L/QuNGC0LDQvdC40Y8g0LvRjtC00Lgg0LTQvtCx0YvQstCw0Y7RgiDQsiDQu9C10YHRgyDQuNC70Lgg0LIg0LzQvtGA0LUuINCd0L4g0YPQttC1INCyINC90LXQt9Cw0L/QsNC80Y/RgtC90YvQtSDQstGA0LXQvNC10L3QsCDQu9GO0LTQuCDQvdC1INC/0YDQvtGB0YLQviDQvtGF0L7RgtC40LvQuNGB0Ywg0L3QsCDQttC40LLQvtGC0L3Ri9GFINC4INGB0L7QsdC40YDQsNC70Lgg0L/QvtC70LXQt9C90YvQtSDRgNCw0YHRgtC10L3QuNGPLCDQsCDQvdCw0YPRh9C40LvQuNGB0Ywg0YHQv9C10YbQuNCw0LvRjNC90L4g0YDQsNC30LLQvtC00LjRgtGMINC90LXQutC+0YLQvtGA0YvQtSDQuNC3INC90LjRhS4g0J3QsNC30YvQstCw0LXRgtGB0Y8g0YLQsNC60L7QtSDQt9Cw0L3Rj9GC0LjQtSDRgdC10LvRjNGB0LrQuNC8INGF0L7Qt9GP0LnRgdGC0LLQvtC8LiDQoNCw0LHQvtGC0L3QuNC60LDQvCDRgdC10LvRjNGB0LrQvtCz0L4g0YXQvtC30Y/QudGB0YLQstCwINC90YPQttC90L4g0LzQvdC+0LPQviDQt9C90LDRgtGMINC+INGA0LDRgdGC0LXQvdC40Y/RhSDQuCDQttC40LLQvtGC0L3Ri9GFLCDRg9C80LXRgtGMINC/0YDQsNCy0LjQu9GM0L3QviDQuNGFINCy0YvRgNCw0YnQuNCy0LDRgtGMINC4INGD0YXQsNC20LjQstCw0YLRjCDQt9CwINC90LjQvNC4LiDQkiDQvdCw0YjQuCDQtNC90Lgg0YDQsNCx0L7RgtC90LjQutCw0Lwg0YHQtdC70YzRgdC60L7Qs9C+INGF0L7Qt9GP0LnRgdGC0LLQsCDQv9C+0LzQvtCz0LDRjtGCINC80LDRiNC40L3Riy4g0KLRgNCw0LrRgtC+0YDRiywg0YHQtdGP0LvQutC4LCDQutC+0LzQsdCw0LnQvdGLLCDQv9C+0LvQuNCy0L7Rh9C90YvQtSDQvNCw0YjQuNC90YsuINCf0L7RjdGC0L7QvNGDINCx0LXQtyDQuNC90LbQtdC90LXRgNC+0LIg0LIg0YHQtdC70YzRgdC60L7QvCDRhdC+0LfRj9C50YHRgtCy0LUg0L3QtSDQvtCx0L7QudGC0LjRgdGMLCDRgtCw0Log0LbQtSDQutCw0Log0Lgg0LHQtdC3INGD0YfRkdC90YvRhS48L3A+DQoNCjxwPjxjb25jcmV0ZS1waWN0dXJlIGZJRD0iMjA4IiBhbHQ9IjQyOTUuanBnIiBoZWlnaHQ9IjQwMCIgd2lkdGg9IjYwMCIgLz48L3A+DQoNCjxwIHN0eWxlPSJ0ZXh0LWFsaWduOiBjZW50ZXI7Ij48c3BhbiBjbGFzcz0iaW1hZ2UtY2FwdGlvbiI+PC9zcGFuPjxzcGFuIGNsYXNzPSJpbWFnZS1jYXB0aW9uIj7QnNC10YXQsNC90LjRh9C10YHQutC+0LUg0LfQstC10L3QviDQntGC0LrRgNGL0YLQvtCz0L4g0LDQutGG0LjQvtC90LXRgNC90L7Qs9C+INC+0LHRidC10YHRgtCy0LAgJmxhcXVvO9Ch0LXRgNC/INC4INC80L7Qu9C+0YImcmFxdW87INCTLiZuYnNwO9CQ0LPQu9GD0LvQu9C40L3QsCDQstC10LTQtdGCINGD0LHQvtGA0LrRgyDQt9C10YDQvdC+0LLRi9GFLiAoMjAwMyDQs9C+0LQsINCS0YvRgdC+0LrQvtCz0L7RgNGB0LrQuNC5INGA0LDQudC+0L0g0KDQoiwg0LDQstGC0L7RgCDQmtGD0YDQsNC80YjQuNC9LCDRgNC10LTQsNC60YbQuNGPINCz0LDQt9C10YLRiyAmbGFxdW870KDQtdGB0L/Rg9Cx0LvQuNC60LAg0KLQsNGC0LDRgNGB0YLQsNC9JnJhcXVvOykuPC9zcGFuPjxzcGFuIGNsYXNzPSJpbWFnZS1jYXB0aW9uIj48c3BhbiBjbGFzcz0iaW1hZ2UtY2FwdGlvbiI+PC9zcGFuPjwvc3Bhbj48L3A+DQoiO30='),(931,'','2020-09-02 10:46:54','2020-09-02 10:46:54',NULL,'1',1,1,NULL),(932,'','2020-09-02 11:00:31','2020-09-02 11:00:31',NULL,'1',1,1,NULL),(933,'','2020-09-02 11:01:16','2020-09-02 11:01:16',NULL,'1',1,1,NULL),(934,'','2020-09-02 11:05:12','2020-09-02 11:05:12',NULL,'1',1,1,'TzozMjoiQ29uY3JldGVcQ29yZVxMZWdhY3lcQmxvY2tSZWNvcmQiOjM6e3M6MzoiYklEIjtzOjM6IjkzNCI7czo5OiIAKgBfdGFibGUiO3M6MTQ6ImJ0Q29udGVudExvY2FsIjtzOjc6ImNvbnRlbnQiO3M6MTQ0OiI8cD48c3BhbiBjbGFzcz0iaW1hZ2UtY2FwdGlvbiI+0J7RgtGA0YvQstC+0Log0LjQtyDRhNC40LvRjNC80LAmbmJzcDsmbGFxdW870KHQvtCy0LXRgtGB0LrQsNGPINCi0LDRgtCw0YDQuNGPJnJhcXVvOyAoMTk1NyDQs9C+0LQpLjwvc3Bhbj48L3A+DQoiO30='),(935,'','2020-09-02 11:06:57','2020-09-02 11:06:58',NULL,'1',1,1,'TzozMjoiQ29uY3JldGVcQ29yZVxMZWdhY3lcQmxvY2tSZWNvcmQiOjM6e3M6MzoiYklEIjtzOjM6IjkzNSI7czo5OiIAKgBfdGFibGUiO3M6MTQ6ImJ0Q29udGVudExvY2FsIjtzOjc6ImNvbnRlbnQiO3M6MTczNjoiPGgzPtCn0YLQviDRgtCw0LrQvtC1INC60YPQu9GM0YLRg9GA0LA/PC9oMz4NCg0KPHA+0JrRg9C70YzRgtGD0YDQsCDQv9C+0LLQtdC00LXQvdC40Y8sINGE0LjQt9C40YfQtdGB0LrQsNGPINC60YPQu9GM0YLRg9GA0LAsINC60YPQu9GM0YLRg9GA0LAg0YLQsNGC0LDRgNGB0LrQvtCz0L4g0L3QsNGA0L7QtNCwICZuZGFzaDsg0Y3RgtC4INGB0LvQvtCy0LAg0YfQsNGB0YLQviDQstGB0YLRgNC10YfQsNGO0YLRgdGPINCyINGA0LXRh9C4LiDQkCDRh9GC0L4g0LbQtSDRgtCw0LrQvtC1ICZsYXF1bzvQutGD0LvRjNGC0YPRgNCwJnJhcXVvOz8g0JfQvdCw0YfQtdC90LjQuSDRgyDRgdC70L7QstCwINC80L3QvtCz0L4uINCt0YLQviDQuCDQstC+0YHQv9C40YLQsNC90LjQtSwg0Lgg0L7QsdGA0LDQt9C+0LLQsNC90LjQtSwg0Lgg0YDQsNC30LLQuNGC0LjQtSDRh9C10LvQvtCy0LXQutCwLiDQnNC+0LbQvdC+INC00LDQttC1INGB0LrQsNC30LDRgtGMLCDRh9GC0L4g0LrRg9C70YzRgtGD0YDQsCAmbmRhc2g7INGN0YLQviDQstGB0ZEg0YLQviDRhdC+0YDQvtGI0LXQtSwg0YfRgtC+INGB0L7Qt9C00LDRjtGCINC70Y7QtNC4LjwvcD4NCg0KPHA+0JrRg9C70YzRgtGD0YDQsCDRgdC+0YHRgtC+0LjRgiDQuNC3INC80L3QvtCz0LjRhSDRjdC70LXQvNC10L3RgtC+0LIuINCY0YUg0LzQvtC20L3QviDRgNCw0LfQtNC10LvQuNGC0Ywg0L3QsCA0INCz0YDRg9C/0L/Rizo8L3A+DQoNCjxwPtCh0LjQvNCy0L7Qu9GLICZuZGFzaDsg0Y3RgtC+INGB0LvQvtCy0LAsINC/0YDQtdC00LzQtdGC0YssINC20LXRgdGC0YssINC80LDQvdC10YDQsCDQvtC00LXQstCw0YLRjNGB0Y8uINCS0YHRkSDRjdGC0L4g0YHQvtC+0YLQstC10YLRgdGC0LLRg9C10YIg0YLRgNCw0LTQuNGG0LjRj9C8INC90LDRgNC+0LTQsC4g0J3QsNC/0YDQuNC80LXRgCwg0YLQsNGC0LDRgNGB0LrQuNC1INC40YfQuNCz0Lgg0LjQu9C4INGC0Y7QsdC10YLQtdC50LrQsC48L3A+DQoNCjxwPtCT0LXRgNC+0LggJm5kYXNoOyDRgNC10LDQu9GM0L3Ri9C1INC70Y7QtNC4INC40LvQuCDQstGL0LzRi9GI0LvQtdC90L3Ri9C1INC/0LXRgNGB0L7QvdCw0LbQuCwg0LrQvtGC0L7RgNGL0LUg0YHQu9GD0LbQsNGCINC+0LHRgNCw0LfRhtC+0Lwg0LTQu9GPINC/0L7QtNGA0LDQttCw0L3QuNGPLiDQndCw0L/RgNC40LzQtdGALCDQstC+0LvQttGB0LrQuNC5INCx0L7Qs9Cw0YLRi9GA0Ywg0JrQsNC80YvRgC3QsdCw0YLRi9GALjwvcD4NCg0KPHA+0KDQuNGC0YPQsNC70YsgJm5kYXNoOyDQvtC/0YDQtdC00LXQu9GR0L3QvdGL0LUg0LTQtdC50YHRgtCy0LjRjywg0LrQvtGC0L7RgNGL0LUg0YHQvtCy0LXRgNGI0LDRjtGC0YHRjyDQsiDQv9C+0LLRgdC10LTQvdC10LLQvdC+0Lkg0LbQuNC30L3QuCAo0L3QsNC/0YDQuNC80LXRgCwg0YDRg9C60L7Qv9C+0LbQsNGC0LjQtSDQv9GA0Lgg0LLRgdGC0YDQtdGH0LUpINC4INCyINC/0YDQsNC30LTQvdC40LrQuCAo0L3QsNC/0YDQuNC80LXRgCwg0LHQtdCzINCyINC80LXRiNC60LDRhSDQvdCwINCh0LDQsdCw0L3RgtGD0LUpLjwvcD4NCg0KPHA+0KbQtdC90L3QvtGB0YLQuCAmbmRhc2g7INC/0YDQtdC00YHRgtCw0LLQu9C10L3QuNGPINC60LDQttC00L7Qs9C+INC90LDRgNC+0LTQsCDQviDQtNC+0LHRgNC1INC4INC30LvQtSwg0L4g0YHQv9GA0LDQstC10LTQu9C40LLQvtGB0YLQuCDQuCDQvdC10YHQv9GA0LDQstC10LTQu9C40LLQvtGB0YLQuC48L3A+DQoiO30='),(936,'','2020-09-02 11:11:21','2020-09-02 11:11:21',NULL,'1',1,1,NULL),(937,'','2020-09-02 11:12:08','2020-09-02 11:12:08',NULL,'1',1,1,NULL),(938,'','2020-09-02 11:13:55','2020-09-02 11:13:55','','1',1,1,'TzozMjoiQ29uY3JldGVcQ29yZVxMZWdhY3lcQmxvY2tSZWNvcmQiOjM6e3M6MzoiYklEIjtzOjM6IjkzOCI7czo5OiIAKgBfdGFibGUiO3M6MTQ6ImJ0Q29udGVudExvY2FsIjtzOjc6ImNvbnRlbnQiO3M6NTYxOiI8cD48YSBpZD0iYmxvY2stYm9vayIgbmFtZT0iYmxvY2stYm9vayI+PC9hPjwvcD4NCg0KPGgyPjxzcGFuIHN0eWxlPSJjb2xvcjojZWI0ODMyOyI+0JrQvdC40LPQsCAmbGFxdW87MTAwINC70LXRgiDQvdCw0YjQtdC80YMg0LTQvtC80YMmcmFxdW87PC9zcGFuPjwvaDI+DQoNCjxwIGNsYXNzPSJtYWluLXR4dC1ib29rIj7QmNC30LTQsNC90LjQtSDQv9C+0YHQstGP0YnQtdC90L4g0L/RgNCw0LfQtNC90L7QstCw0L3QuNGOIDEwMC3Qu9C10YLQuNGPINGB0L4g0LTQvdGPINC+0LHRgNCw0LfQvtCy0LDQvdC40Y8g0KLQsNGC0LDRgNGB0LrQvtC5INCQ0KHQodCgLiDQodC+0LTQtdGA0LbQuNGCINC40L3RgtC10YDQtdGB0L3Ri9C1INGE0LDQutGC0YssINCx0L7Qu9GM0YjQuNC1INGP0YDQutC40LUg0LjQu9C70Y7RgdGC0YDQsNGG0LjQuCwg0L7RgtGA0LXQt9C90YvQtSDRgdGC0YDQsNC90LjRhtGLINC00LvRjyDQv9C+0LTQtdC70L7QuiDRgdCy0L7QuNC80Lgg0YDRg9C60LDQvNC4LCDRg9Cy0LvQtdC60LDRgtC10LvRjNC90YvQtSDQt9Cw0LTQsNC90LjRjy3QuNCz0YDRiy48L3A+DQoiO30='),(939,'','2020-09-02 11:15:19','2020-09-02 11:15:19',NULL,'1',1,1,NULL),(940,'','2020-09-02 11:15:50','2020-09-02 11:15:50',NULL,'1',1,1,NULL),(941,'','2020-09-02 11:16:18','2020-09-02 11:16:18',NULL,'1',1,1,NULL),(942,'','2020-09-02 11:16:49','2020-09-02 11:16:49',NULL,'1',1,1,NULL),(943,'','2020-09-02 11:17:03','2020-09-02 11:17:03',NULL,'1',1,1,NULL),(944,'','2020-09-02 11:20:36','2020-09-02 11:20:36',NULL,'1',1,1,NULL),(945,'','2020-09-02 11:34:00','2020-09-02 11:34:00','','1',1,1,'TzozMjoiQ29uY3JldGVcQ29yZVxMZWdhY3lcQmxvY2tSZWNvcmQiOjM6e3M6MzoiYklEIjtzOjM6Ijk0NSI7czo5OiIAKgBfdGFibGUiO3M6MTQ6ImJ0Q29udGVudExvY2FsIjtzOjc6ImNvbnRlbnQiO3M6MTM5NzoiPHAgc3R5bGU9InRleHQtYWxpZ246IGNlbnRlciI+PHNwYW4gY2xhc3M9InRpdGxlLWNhcHMtYm9sZCI+0J/RgNC+0LXQutGCICZsYXF1bzsxMDAg0LvQtdGCINC90LDRiNC10LzRgyDQtNC+0LzRgyZyYXF1bzsg0L/QvtGB0LLRj9GJ0IHQvTwvc3Bhbj48YnIgLz4NCjxzcGFuIGNsYXNzPSJ0aXRsZS1jYXBzLWJvbGQiPiAxMDAt0LvQtdGC0LjRjiDQvtCx0YDQsNC30L7QstCw0L3QuNGPINCi0LDRgtCw0YDRgdC60L7QuSDQkNCh0KHQoC4gPC9zcGFuPjwvcD4NCg0KPHA+0J/RgNC+0LXQutGCINGA0LDRgdGB0LrQsNC30YvQstCw0LXRgiDQviDRgtC+0LwsINC60LDQuiDQuNC30LzQtdC90LjQu9Cw0YHRjCDRgNC10YHQv9GD0LHQu9C40LrQsCwg0L4g0YLQvtC8LCDQutCw0Log0YEg0LrQsNC20LTRi9C8INCz0L7QtNC+0Lwg0L7QvdCwINGB0YLQsNC90L7QstC40YLRgdGPINCy0YHRkSDQv9GA0LXQutGA0LDRgdC90LXQtS4mbmJzcDs8YnIgLz4NCtCd0LAg0L/QvtGA0YLQsNC70LUgMTAw0LvQtdGC0L3QsNGI0LXQvNGD0LTQvtC80YMu0YDRhCDQvNC+0LbQvdC+OjwvcD4NCg0KPHVsPg0KCTxsaT7Qv9C+0YHQu9GD0YjQsNGC0Ywg0Lgg0YHQv9C10YLRjCDQk9C+0YHRg9C00LDRgNGB0YLQstC10L3QvdGL0Lkg0LPQuNC80L0g0KDQtdGB0L/Rg9Cx0LvQuNC60Lgg0KLQsNGC0LDRgNGB0YLQsNC9OzwvbGk+DQoJPGxpPtGB0LrQsNGH0LDRgtGMINC80L7QsdC40LvRjNC90L7QtSDQv9GA0LjQu9C+0LbQtdC90LjQtSDRgSDQstC10YHRkdC70YvQvNC4INC4INC/0L7Qt9C90LDQstCw0YLQtdC70YzQvdGL0LzQuCDQuNCz0YDQsNC80LgsINC/0LXRgdC90Y/QvNC4INC+INC90LDRiNC10Lkg0YDQtdGB0L/Rg9Cx0LvQuNC60LUsINGE0LDQutGC0LDQvNC4INC40Lcg0LbQuNC30L3QuCDRgNC10YHQv9GD0LHQu9C40LrQuDs8L2xpPg0KCTxsaT7Rg9Cy0LjQtNC10YLRjCDQsNGA0YXQuNCy0L3QvtC1INGE0L7RgtC+INC4INCy0LjQtNC10L7QvNCw0YLQtdGA0LjQsNC70Ysg0L4g0KDQtdGB0L/Rg9Cx0LvQuNC60LUg0KLQsNGC0LDRgNGB0YLQsNC9OzwvbGk+DQoJPGxpPtC/0YDQvtGH0LXRgdGC0Ywg0LTQvtC/0L7Qu9C90LjRgtC10LvRjNC90YPRjiDQuNC90YTQvtGA0LzQsNGG0LjRjiDQviDQstCw0LbQvdC10LnRiNC40YUg0LLQtdGF0LDRhSDRgNCw0LfQstC40YLQuNGPINCg0LXRgdC/0YPQsdC70LjQutC4INCi0LDRgtCw0YDRgdGC0LDQvSAmbmRhc2g7INCyINC/0YDQvtC80YvRiNC70LXQvdC90L7RgdGC0LgsINC+0LHRgNCw0LfQvtCy0LDQvdC40LgsINC80LXQtNC40YbQuNC90LUg0Lgg0LTRgNGD0LPQuNGFINC+0YLRgNCw0YHQu9GP0YUuPC9saT4NCgk8bGk+0L/QvtC40LPRgNCw0YLRjCDQsiDQvtC90LvQsNC50L0g0LjQs9GA0YsuPC9saT4NCjwvdWw+DQoiO30='),(946,'','2020-09-02 11:34:47','2020-09-02 11:34:47',NULL,'1',31,1,NULL),(947,'','2020-09-02 11:38:48','2020-09-02 11:38:48',NULL,'1',1,1,'TzozMjoiQ29uY3JldGVcQ29yZVxMZWdhY3lcQmxvY2tSZWNvcmQiOjM6e3M6MzoiYklEIjtzOjM6Ijk0NyI7czo5OiIAKgBfdGFibGUiO3M6MTQ6ImJ0Q29udGVudExvY2FsIjtzOjc6ImNvbnRlbnQiO3M6NTIwOiI8cD4mbmJzcDs8Y29uY3JldGUtcGljdHVyZSBmSUQ9IjIxNCIgYWx0PSI0MjRfNy5qcGciIGhlaWdodD0iMzg1IiB3aWR0aD0iNjAwIiAvPjwvcD4NCg0KPHAgc3R5bGU9InRleHQtYWxpZ246IGNlbnRlcjsiPjxzcGFuIGNsYXNzPSJpbWFnZS1jYXB0aW9uIj7QntGA0LrQtdGB0YLRgCDQvdCw0YDQvtC00L3Ri9GFINC40L3RgdGC0YDRg9C80LXQvdGC0L7QsiDQoNC10YHQv9GD0LHQu9C40LrQuCDQotCw0YLQsNGA0YHRgtCw0L0g0LLQviDQstGA0LXQvNGPINCy0YvRgdGC0YPQv9C70LXQvdC40Y8uIDwvc3Bhbj48L3A+DQoNCjxwIHN0eWxlPSJ0ZXh0LWFsaWduOiBjZW50ZXI7Ij48c3BhbiBjbGFzcz0iaW1hZ2UtY2FwdGlvbiI+KDE5OTQg0LPQvtC0LCDQmtCw0LfQsNC90YwsINCw0LLRgtC+0YAg0JwuINCo0LDQutC40YDQt9GP0L3QvtCyLCDQu9C40YfQvdGL0Lkg0LDRgNGF0LjQsiDRhNC+0YLQvtC20YPRgNC90LDQu9C40YHRgtCwINCcLiDQpC4g0KjQsNC60LjRgNC30Y/QvdC+0LLQsCk8L3NwYW4+PC9wPg0KIjt9'),(948,'','2020-09-02 11:39:12','2020-09-02 11:39:12',NULL,'1',1,1,'TzozMjoiQ29uY3JldGVcQ29yZVxMZWdhY3lcQmxvY2tSZWNvcmQiOjM6e3M6MzoiYklEIjtzOjM6Ijk0OCI7czo5OiIAKgBfdGFibGUiO3M6MTQ6ImJ0Q29udGVudExvY2FsIjtzOjc6ImNvbnRlbnQiO3M6NDA3OiI8cCBzdHlsZT0idGV4dC1hbGlnbjogY2VudGVyOyI+PHNwYW4gY2xhc3M9ImltYWdlLWNhcHRpb24iPtCe0YLRgNGL0LLQvtC6INC40Lcg0LTQvtC60YPQvNC10L3RgtCw0LvRjNC90L7Qs9C+INGE0LjQu9GM0LzQsCAmbGFxdW870KHQvtCy0LXRgtGB0LrQuNC5INCi0LDRgtCw0YDRgdGC0LDQvSZyYXF1bzsgKDE5NDUg0LPQvtC0KS4gPC9zcGFuPjwvcD4NCg0KPHAgc3R5bGU9InRleHQtYWxpZ246IGNlbnRlcjsiPjxzcGFuIGNsYXNzPSJpbWFnZS1jYXB0aW9uIj7QndCw0YDQvtC00L3Ri9C5INCw0YDRgtC40YHRgiZuYnNwO9Ci0JDQodCh0KAg0KTQsNC50LfRg9C70LvQsCDQotGD0LjRiNC10LImbmJzcDvQstC+INCy0YDQtdC80Y8g0LjQs9GA0Ysg0L3QsCDQs9Cw0YDQvNC+0YjQutCw0YUuPC9zcGFuPjwvcD4NCiI7fQ=='),(949,'','2020-09-02 11:41:08','2020-09-02 11:41:08',NULL,'1',31,1,NULL),(950,'','2020-09-02 11:42:07','2020-09-02 11:42:07',NULL,'1',31,1,NULL),(951,'','2020-09-02 12:03:31','2020-09-02 12:03:31',NULL,'1',1,1,'[encoded data, 12528 characters]'),(952,'','2020-09-02 12:24:37','2020-09-02 12:24:37',NULL,'1',1,1,NULL),(953,'','2020-09-02 12:25:55','2020-09-02 12:25:55',NULL,'1',1,1,NULL),(954,'','2020-09-02 12:26:53','2020-09-02 12:26:53',NULL,'1',1,1,NULL),(955,'','2020-09-02 12:27:05','2020-09-02 12:27:38',NULL,'1',1,1,NULL),(956,'','2020-09-02 12:29:13','2020-09-02 12:29:13',NULL,'1',1,1,'TzozMjoiQ29uY3JldGVcQ29yZVxMZWdhY3lcQmxvY2tSZWNvcmQiOjM6e3M6MzoiYklEIjtzOjM6Ijk1NiI7czo5OiIAKgBfdGFibGUiO3M6MTQ6ImJ0Q29udGVudExvY2FsIjtzOjc6ImNvbnRlbnQiO3M6Mzc5OiI8cCBzdHlsZT0idGV4dC1hbGlnbjogY2VudGVyOyI+PHNwYW4gY2xhc3M9ImltYWdlLWNhcHRpb24iPtCY0L3RhNC+0YDQvNCw0YbQuNGPINCy0LfRj9GC0LAg0YEg0LrQsNC90LDQu9CwICZsYXF1bzvQn9GD0YLQtdGI0LXRgdGC0LLQuNGPINC/0L4g0YHQstC10YLRgyZyYXF1bzs8L3NwYW4+PC9wPg0KDQo8cCBzdHlsZT0idGV4dC1hbGlnbjogY2VudGVyOyI+PHNwYW4gY2xhc3M9ImltYWdlLWNhcHRpb24iPiZuYnNwOzxhIGhyZWY9Imh0dHBzOi8vd3d3LnlvdXR1YmUuY29tL2NoYW5uZWwvVUNwY3A2VXFSUEtkaVE3OGtDUWR0ZjZ3Ij5odHRwczovL3d3dy55b3V0dWJlLmNvbS9jaGFubmVsL1VDcGNwNlVxUlBLZGlRNzhrQ1FkdGY2dzwvYT48L3NwYW4+PC9wPg0KIjt9'),(957,'','2020-09-02 12:41:12','2020-09-02 12:41:12',NULL,'1',1,1,NULL),(958,'','2020-09-02 12:47:16','2020-09-02 12:48:08',NULL,'1',1,1,NULL),(959,'','2020-09-02 13:07:47','2020-09-02 13:07:47',NULL,'1',1,1,'TzozMjoiQ29uY3JldGVcQ29yZVxMZWdhY3lcQmxvY2tSZWNvcmQiOjM6e3M6MzoiYklEIjtzOjM6Ijk1OSI7czo5OiIAKgBfdGFibGUiO3M6MTQ6ImJ0Q29udGVudExvY2FsIjtzOjc6ImNvbnRlbnQiO3M6NjQzOiI8cCBzdHlsZT0idGV4dC1hbGlnbjogY2VudGVyOyI+PHNwYW4gY2xhc3M9ImltYWdlLWNhcHRpb24iPiZsYXF1bzvQl9C00YDQsNCy0YHRgtCy0YPQuSwg0KjRgtGD0YDQvNCw0L0t0LHQsNCx0LDQuSZyYXF1bzsuINCe0YLRgNGL0LLQvtC6INC40Lcg0LrQuNC90L7QttGD0YDQvdCw0LvQsCAmbGFxdW870J3QsCDQktC+0LvQs9C1INGI0LjRgNC+0LrQvtC5JnJhcXVvOyAo4oSWIDE4LCAxOTc1INCzLikuPC9zcGFuPjwvcD4NCg0KPHAgc3R5bGU9InRleHQtYWxpZ246IGNlbnRlcjsiPjxzcGFuIGNsYXNzPSJpbWFnZS1jYXB0aW9uIj7QkNC70LXQutGB0LDQvdC00YAg0JvQtdC+0L3RgtGM0LXQstC40Ycg0JrQsNGA0LzQuNC9ICZuZGFzaDsg0LLQvtC00LjRgtC10LvRjCDQv9C10YDQstC+0LPQviDQsNCy0YLQvtCx0YPRgdCwINCyINCa0LDQt9Cw0L3QuC4g0JLQviDQstGA0LXQvNGPINCS0LXQu9C40LrQvtC5INCe0YLQtdGH0LXRgdGC0LLQtdC90L3QvtC5INCy0L7QudC90Ysg0YHQsdC40LsgMTkg0YHQsNC80L7Qu9GR0YLQvtCyLiDQodCy0L7QuCDQsdC+0LXQstGL0LUg0L3QsNCz0YDQsNC00Ysg0JAuINCa0LDRgNC80LjQvSDQv9C10YDQtdC00LDQuyZuYnNwO9CyINC80YPQt9C10Lkg0KLQkNCh0KHQoC48L3NwYW4+PC9wPg0KIjt9'),(960,'','2020-09-02 13:08:10','2020-09-02 13:08:10',NULL,'1',1,1,'TzozMjoiQ29uY3JldGVcQ29yZVxMZWdhY3lcQmxvY2tSZWNvcmQiOjM6e3M6MzoiYklEIjtzOjM6Ijk2MCI7czo5OiIAKgBfdGFibGUiO3M6MTQ6ImJ0Q29udGVudExvY2FsIjtzOjc6ImNvbnRlbnQiO3M6ODE0OiI8cCBzdHlsZT0idGV4dC1hbGlnbjogY2VudGVyOyI+PHNwYW4gY2xhc3M9ImltYWdlLWNhcHRpb24iPjwvc3Bhbj48c3BhbiBjbGFzcz0iaW1hZ2UtY2FwdGlvbiI+0J7RgtGA0YvQstC+0Log0LjQtyDQutC40L3QvtC20YPRgNC90LDQu9CwJm5ic3A7JmxhcXVvO9Ci0LDRgtCw0YDRgdGC0LDQvSZyYXF1bzsmbmJzcDso4oSWIDEsJm5ic3A7MTk5NyDQs9C+0LQgKS4g0J/RgNC10LfQuNC00LXQvdGCINCg0KIg0JzQuNC90YLQuNC80LXRgCDQqNCw0LnQvNC40LXQsiwg0LPQu9Cw0LLQsCDQsNC00LzQuNC90LjRgdGC0YDQsNGG0LjQuCDQs9C+0YDQvtC00LAg0JrQsNC30LDQvdC4INCa0LDQvNC40LvRjCDQmNGB0YXQsNC60L7Qsiwg0JPQtdGA0L7QuSDQodC+0LLQtdGC0YHQutC+0LPQviDQodC+0Y7Qt9CwINCc0LjRhdCw0LjQuyDQlNC10LLRj9GC0LDQtdCyJm5ic3A70L3QsCDQv9C70L7RidCw0LTQuCDQotGD0LrQsNGPJm5ic3A70LfQsNC60LvQsNC00YvQstCw0Y7RgiDQutCw0L/RgdGD0LvRgyDQsiDRh9C10YHRgtGMINC90LDRh9Cw0LvQsCDRgdGC0YDQvtC40YLQtdC70YzRgdGC0LLQsCDQvNC10YLRgNC+INCyINCa0LDQt9Cw0L3QuC48Yj48aT48L2k+PC9iPjwvc3Bhbj48c3BhbiBjbGFzcz0iaW1hZ2UtY2FwdGlvbiI+PGI+PGk+PC9pPjwvYj48L3NwYW4+PGJyIC8+DQombmJzcDs8L3A+DQoNCjxwIHN0eWxlPSJ0ZXh0LWFsaWduOiBjZW50ZXI7Ij4mbmJzcDs8L3A+DQoNCjxwIHN0eWxlPSJ0ZXh0LWFsaWduOiBjZW50ZXI7Ij48c3BhbiBjbGFzcz0iaW1hZ2UtY2FwdGlvbiI+PC9zcGFuPjxiciAvPg0KJm5ic3A7PC9wPg0KIjt9'),(961,'','2020-09-02 13:09:10','2020-09-02 13:09:46',NULL,'1',1,1,NULL),(963,'','2020-09-02 13:19:09','2020-09-02 13:19:09',NULL,'1',1,1,NULL),(964,'','2020-09-02 13:20:52','2020-09-02 13:20:52',NULL,'1',1,1,NULL),(965,'','2020-09-02 13:22:50','2020-09-02 13:22:50',NULL,'1',1,1,NULL),(966,'','2020-09-02 13:23:14','2020-09-02 13:23:14',NULL,'1',1,1,'TzozMjoiQ29uY3JldGVcQ29yZVxMZWdhY3lcQmxvY2tSZWNvcmQiOjM6e3M6MzoiYklEIjtzOjM6Ijk2NiI7czo5OiIAKgBfdGFibGUiO3M6MTQ6ImJ0Q29udGVudExvY2FsIjtzOjc6ImNvbnRlbnQiO3M6MzI0OiI8cCBzdHlsZT0idGV4dC1hbGlnbjogY2VudGVyOyI+PHNwYW4gY2xhc3M9ImltYWdlLWNhcHRpb24iPtCe0YLRgNGL0LLQvtC6INC40Lcg0LTQvtC60YPQvNC10L3RgtCw0LvRjNC90L7Qs9C+INGE0LjQu9GM0LzQsCAmbGFxdW870KHQvtCy0LXRgtGB0LrQuNC5INCi0LDRgtCw0YDRgdGC0LDQvSZyYXF1bzsgKDE5NDUg0LPQvtC0KS4gJm5ic3A70KHRhtC10L3QsCDQuNC3INC+0L/QtdGA0Ysg0LrQvtC80L/QvtC30LjRgtC+0YDQsCDQndCw0LfQuNCx0LAg0JbQuNCz0LDQvdC+0LLQsCZuYnNwOyZsYXF1bzvQkNC70YLRi9C90YfQtdGHJnJhcXVvOzwvc3Bhbj48L3A+DQoiO30='),(967,'','2020-09-02 13:24:43','2020-09-02 13:24:43',NULL,'1',1,1,NULL),(968,'','2020-09-02 13:24:45','2020-09-02 13:24:45',NULL,'1',1,1,'TzozMjoiQ29uY3JldGVcQ29yZVxMZWdhY3lcQmxvY2tSZWNvcmQiOjM6e3M6MzoiYklEIjtzOjM6Ijk2OCI7czo5OiIAKgBfdGFibGUiO3M6MTQ6ImJ0Q29udGVudExvY2FsIjtzOjc6ImNvbnRlbnQiO3M6MTQxOiI8cCBzdHlsZT0idGV4dC1hbGlnbjogY2VudGVyOyI+PHNwYW4gY2xhc3M9ImltYWdlLWNhcHRpb24iPtCe0YLRgNGL0LLQvtC6INC40Lcg0YTQuNC70YzQvNCwICZxdW90O9Ci0YPQutCw0LkmcXVvdDsgKDE5Njkg0LPQvtC0KTwvc3Bhbj48L3A+DQoiO30='),(969,'','2020-09-02 13:25:09','2020-09-02 13:25:09',NULL,'1',1,1,NULL),(970,'','2020-09-02 13:25:37','2020-09-02 13:25:37',NULL,'1',1,1,NULL),(971,'','2020-09-02 13:25:47','2020-09-02 13:25:47',NULL,'1',1,1,NULL),(972,'','2020-09-02 13:26:35','2020-09-02 13:26:35',NULL,'1',1,1,NULL),(973,'','2020-09-02 13:30:59','2020-09-02 13:30:59',NULL,'1',1,1,NULL),(974,'','2020-09-02 13:32:39','2020-09-02 13:32:39',NULL,'1',1,1,NULL),(975,'','2020-09-02 13:33:20','2020-09-02 13:33:20',NULL,'1',1,1,NULL),(976,'','2020-09-02 13:34:11','2020-09-02 13:34:11',NULL,'1',1,1,NULL),(977,'','2020-09-02 13:38:59','2020-09-02 13:39:50',NULL,'1',1,1,NULL),(978,'','2020-09-02 13:49:47','2020-09-02 13:49:47',NULL,'1',1,1,NULL),(979,'','2020-09-02 13:50:33','2020-09-02 13:50:33',NULL,'1',1,1,NULL),(980,'','2020-09-02 13:56:09','2020-09-02 13:56:09',NULL,'1',1,1,NULL),(981,'','2020-09-02 14:01:56','2020-09-02 14:04:03',NULL,'1',1,1,NULL),(982,'','2020-09-02 14:03:52','2020-09-02 14:03:52',NULL,'1',1,1,NULL),(983,'','2020-09-02 14:05:05','2020-09-02 14:05:05',NULL,'1',1,1,NULL),(984,'','2020-09-02 14:05:46','2020-09-02 14:08:35',NULL,'1',1,1,NULL),(985,'','2020-09-02 14:26:04','2020-09-02 14:26:04',NULL,'1',1,1,NULL),(986,'','2020-09-02 14:28:53','2020-09-02 14:28:53',NULL,'1',1,1,NULL),(987,'','2020-09-02 14:51:23','2020-09-02 14:51:23',NULL,'1',1,1,NULL),(988,'','2020-09-02 14:52:13','2020-09-02 14:52:13',NULL,'1',1,1,NULL),(989,'','2020-09-02 14:53:41','2020-09-02 14:53:41',NULL,'1',1,1,NULL),(990,'','2020-09-02 14:55:49','2020-09-02 14:55:49',NULL,'1',1,1,NULL),(991,'','2020-09-02 14:57:08','2020-09-02 14:57:08',NULL,'1',1,1,NULL),(992,'','2020-09-02 15:01:35','2020-09-02 15:01:35',NULL,'1',1,1,NULL),(993,'','2020-09-02 15:02:13','2020-09-02 15:02:13',NULL,'1',1,1,NULL),(994,'','2020-09-02 15:04:10','2020-09-02 15:04:10',NULL,'1',1,1,NULL),(995,'','2020-09-02 15:05:09','2020-09-02 15:05:09',NULL,'1',1,1,NULL),(996,'','2020-09-02 15:05:53','2020-09-02 15:05:53',NULL,'1',1,1,NULL),(997,'','2020-09-02 15:06:31','2020-09-02 15:06:31',NULL,'1',1,1,NULL),(998,'','2020-09-02 15:09:37','2020-09-02 15:09:37',NULL,'1',1,1,NULL),(999,'','2020-09-02 15:10:24','2020-09-02 15:10:24',NULL,'1',1,1,NULL),(1000,'','2020-09-02 15:11:27','2020-09-02 15:11:27',NULL,'1',1,1,NULL),(1001,'','2020-09-02 15:11:49','2020-09-02 15:13:29',NULL,'1',1,1,NULL),(1002,'','2020-09-02 15:14:55','2020-09-02 15:14:55',NULL,'1',1,1,NULL),(1003,'','2020-09-02 15:15:26','2020-09-02 15:15:26',NULL,'1',1,1,NULL),(1004,'','2020-09-02 15:16:15','2020-09-02 15:16:15',NULL,'1',1,1,NULL),(1005,'','2020-09-02 15:19:43','2020-09-02 15:19:43',NULL,'1',1,1,NULL),(1006,'','2020-09-02 15:21:18','2020-09-02 15:21:18',NULL,'1',1,1,NULL),(1007,'','2020-09-02 16:35:19','2020-09-02 16:35:19',NULL,'1',1,1,NULL),(1008,'','2020-09-02 16:41:59','2020-09-02 16:48:09',NULL,'1',1,1,NULL),(1009,'','2020-09-02 19:32:25','2020-09-02 19:32:25',NULL,'0',79,1,NULL),(1010,'','2020-09-02 21:49:21','2020-09-02 21:49:21',NULL,'1',1,1,NULL),(1011,'','2020-09-02 21:49:21','2020-09-02 21:49:21','','1',1,1,NULL),(1012,'','2020-09-02 21:49:21','2020-09-02 21:49:21',NULL,'1',1,1,NULL),(1013,'','2020-09-02 21:49:21','2020-09-02 21:49:21',NULL,'1',1,1,NULL),(1014,'','2020-09-02 21:49:21','2020-09-02 21:49:21',NULL,'1',1,1,NULL),(1015,'','2020-09-02 21:49:21','2020-09-02 21:49:21','','1',1,1,NULL),(1016,'','2020-09-02 21:49:21','2020-09-02 21:49:21',NULL,'1',1,1,NULL),(1017,'','2020-09-02 21:49:21','2020-09-02 21:49:21','masonry_macy','1',10,1,'TzozMjoiQ29uY3JldGVcQ29yZVxMZWdhY3lcQmxvY2tSZWNvcmQiOjM0OntzOjM6ImJJRCI7czo0OiIxMDE3IjtzOjk6IgAqAF90YWJsZSI7czoxMDoiYnRQYWdlTGlzdCI7czozOiJudW0iO3M6MjoiMjAiO3M6Nzoib3JkZXJCeSI7czoxMToiZGlzcGxheV9hc2MiO3M6OToiY1BhcmVudElEIjtzOjM6IjMwMCI7czo1OiJjVGhpcyI7czoxOiIwIjtzOjExOiJjVGhpc1BhcmVudCI7czoxOiIwIjtzOjE2OiJ1c2VCdXR0b25Gb3JMaW5rIjtzOjE6IjAiO3M6MTQ6ImJ1dHRvbkxpbmtUZXh0IjtzOjA6IiI7czoxMzoicGFnZUxpc3RUaXRsZSI7czowOiIiO3M6MTU6ImZpbHRlckJ5UmVsYXRlZCI7czoxOiIwIjtzOjE5OiJmaWx0ZXJCeUN1c3RvbVRvcGljIjtzOjE6IjAiO3M6MTY6ImZpbHRlckRhdGVPcHRpb24iO3M6MDoiIjtzOjE0OiJmaWx0ZXJEYXRlRGF5cyI7czoxOiIwIjtzOjE1OiJmaWx0ZXJEYXRlU3RhcnQiO047czoxMzoiZmlsdGVyRGF0ZUVuZCI7TjtzOjMwOiJyZWxhdGVkVG9waWNBdHRyaWJ1dGVLZXlIYW5kbGUiO3M6MDoiIjtzOjI5OiJjdXN0b21Ub3BpY0F0dHJpYnV0ZUtleUhhbmRsZSI7czowOiIiO3M6MjE6ImN1c3RvbVRvcGljVHJlZU5vZGVJRCI7czoxOiIwIjtzOjExOiJpbmNsdWRlTmFtZSI7czoxOiIxIjtzOjE4OiJpbmNsdWRlRGVzY3JpcHRpb24iO3M6MToiMCI7czoxMToiaW5jbHVkZURhdGUiO3M6MToiMCI7czoyMToiaW5jbHVkZUFsbERlc2NlbmRlbnRzIjtzOjE6IjAiO3M6ODoicGFnaW5hdGUiO3M6MToiMSI7czoxNDoiZGlzcGxheUFsaWFzZXMiO3M6MToiMCI7czoxNzoiaWdub3JlUGVybWlzc2lvbnMiO3M6MToiMCI7czoyMzoiZW5hYmxlRXh0ZXJuYWxGaWx0ZXJpbmciO3M6MToiMCI7czo0OiJwdElEIjtzOjE6IjAiO3M6NDoicGZJRCI7czoxOiIwIjtzOjE3OiJ0cnVuY2F0ZVN1bW1hcmllcyI7czoxOiIwIjtzOjE5OiJkaXNwbGF5RmVhdHVyZWRPbmx5IjtzOjE6IjAiO3M6MTY6Im5vUmVzdWx0c01lc3NhZ2UiO3M6MDoiIjtzOjE2OiJkaXNwbGF5VGh1bWJuYWlsIjtzOjE6IjEiO3M6MTM6InRydW5jYXRlQ2hhcnMiO3M6MToiMCI7fQ=='),(1018,'','2020-09-02 21:49:21','2020-09-02 21:49:21','breadcrumb.php','1',7,1,'TzozMjoiQ29uY3JldGVcQ29yZVxMZWdhY3lcQmxvY2tSZWNvcmQiOjEwOntzOjM6ImJJRCI7czo0OiIxMDE4IjtzOjk6IgAqAF90YWJsZSI7czoxMjoiYnROYXZpZ2F0aW9uIjtzOjc6Im9yZGVyQnkiO3M6MTE6ImRpc3BsYXlfYXNjIjtzOjEyOiJkaXNwbGF5UGFnZXMiO3M6MzoidG9wIjtzOjE1OiJkaXNwbGF5UGFnZXNDSUQiO3M6MToiMCI7czoyMzoiZGlzcGxheVBhZ2VzSW5jbHVkZVNlbGYiO3M6MToiMCI7czoxNToiZGlzcGxheVN1YlBhZ2VzIjtzOjE5OiJyZWxldmFudF9icmVhZGNydW1iIjtzOjIwOiJkaXNwbGF5U3ViUGFnZUxldmVscyI7czo2OiJlbm91Z2giO3M6MjM6ImRpc3BsYXlTdWJQYWdlTGV2ZWxzTnVtIjtzOjE6IjAiO3M6MjM6ImRpc3BsYXlVbmF2YWlsYWJsZVBhZ2VzIjtzOjE6IjAiO30='),(1019,'','2020-09-02 21:49:22','2020-09-02 21:49:22','breadcrumb.php','1',7,1,'TzozMjoiQ29uY3JldGVcQ29yZVxMZWdhY3lcQmxvY2tSZWNvcmQiOjEwOntzOjM6ImJJRCI7czo0OiIxMDE5IjtzOjk6IgAqAF90YWJsZSI7czoxMjoiYnROYXZpZ2F0aW9uIjtzOjc6Im9yZGVyQnkiO3M6MTE6ImRpc3BsYXlfYXNjIjtzOjEyOiJkaXNwbGF5UGFnZXMiO3M6MzoidG9wIjtzOjE1OiJkaXNwbGF5UGFnZXNDSUQiO3M6MToiMCI7czoyMzoiZGlzcGxheVBhZ2VzSW5jbHVkZVNlbGYiO3M6MToiMCI7czoxNToiZGlzcGxheVN1YlBhZ2VzIjtzOjE5OiJyZWxldmFudF9icmVhZGNydW1iIjtzOjIwOiJkaXNwbGF5U3ViUGFnZUxldmVscyI7czo2OiJlbm91Z2giO3M6MjM6ImRpc3BsYXlTdWJQYWdlTGV2ZWxzTnVtIjtzOjE6IjAiO3M6MjM6ImRpc3BsYXlVbmF2YWlsYWJsZVBhZ2VzIjtzOjE6IjAiO30='),(1020,'','2020-09-02 21:49:22','2020-09-02 21:49:22',NULL,'1',1,1,'TzozMjoiQ29uY3JldGVcQ29yZVxMZWdhY3lcQmxvY2tSZWNvcmQiOjM6e3M6MzoiYklEIjtzOjQ6IjEwMjAiO3M6OToiACoAX3RhYmxlIjtzOjE0OiJidENvbnRlbnRMb2NhbCI7czo3OiJjb250ZW50IjtzOjY1OiI8aDM+0KLQsNGC0LDRgNGB0YLQsNC9INCg0LXRgdC/0YPQsdC70LjQutCw0YHRiyDQs9C40LzQvdGLPC9oMz4NCiI7fQ=='),(1021,'','2020-09-02 21:49:22','2020-09-02 21:49:22',NULL,'1',1,1,'TzozMjoiQ29uY3JldGVcQ29yZVxMZWdhY3lcQmxvY2tSZWNvcmQiOjM6e3M6MzoiYklEIjtzOjQ6IjEwMjEiO3M6OToiACoAX3RhYmxlIjtzOjE0OiJidENvbnRlbnRMb2NhbCI7czo3OiJjb250ZW50IjtzOjEwMDk6IjxoMz7Qk9C40LzQvdC90YvSoyDRgtCw0YDQuNGF0YsmbmJzcDs8L2gzPg0KDQo8cD7Qk9C40LzQvSAmbmRhc2g7INGC0LDQvdGC0LDQvdCw0LvRiywg0LTQsNC90LvQsNGD0YfRiyDSl9GL0YAuINCT0LjQvNC9ICZuZGFzaDsg0LTTmdKv0LvTmdGCINGB0LjQvNCy0L7Qu9C70LDRgNGL0L3Ri9KjINCx0LXRgNGB0LUuINCj0Lsg0YLTqdGA0LvQtSDRgtCw0L3RgtCw0L3QsNC70Ysg0YfQsNGA0LDQu9Cw0YDQtNCwINCx0LDRiNC60LDRgNGL0LvQsC4mbmJzcDs8YnIgLz4NCtCi0LDRgtCw0YDRgdGC0LDQvSDQs9C40LzQvdGL0L3Ri9KjINC80YPQt9GL0LrQsNGB0YsgMTk5MyDQtdC70L3Ri9KjIDE0INC40Y7Qu9C10L3QtNOZINGA0LDRgdC70LDQvdCwLiDQmtOp0LXQvSDRgtCw0YLQsNGAINC60L7QvNC/0L7Qt9C40YLQvtGA0Ysg0KDTqdGB0YLTmdC8INCv0YXQuNC9INGP0LfQsC4gMjAg0LXQuyDQtNOZ0LLQsNC80YvQvdC00LAg0LPQuNC80L0g0YHSr9C30LvTmdGA0YHQtdC3INCz0LXQvdOZINCx0LDRiNC60LDRgNGL0LvQsC4g0J3QuNK70LDRj9GC0YwsICZuYnNwOzIwMTMg0LXQu9C00LAg0LDQvdGL0qMg0YLQtdC60YHRgtGLINC60LDQsdGD0Lsg0LjRgtC10LvTmS4g0KDQsNC80LDQt9Cw0L0g0JHQsNC50YLQuNC80LXRgNC+0LLQvdGL0qMg0Y3RiNC605nRgNGC0LXQu9Cz05nQvSDRiNC40LPRi9GA0LUg0LPQuNC80L3QvdGL0qMg0YHSr9C30LvTmdGA0LUg0LjRgtC10L8g0YDQsNGB0LvQsNC90LAuICZuYnNwO9CT0LjQvNC90L3Ri9KjINGC0LXQutGB0YLRiyDRgtCw0YLQsNGAINGC0LXQu9C10L3QtNOZINGB0LjQs9C10Lcg0YjQuNCz0YrRgNC4INGO0LvQtNCw0L0g0rvTmdC8INGA0YPRgSDRgtC10LvQtdC90LTTmSDRgdC40LPQtdC3INGI0LjQs9GK0YDQuCDRjtC70LTQsNC9INGC0L7RgNCwLtCi0LDRgtCw0YAg0YjQuNCz0YvRgNC10L0g0YDRg9GBINGC0LXQu9C10L3TmSDQpNC40LvQuNC/0L8g0J/QuNGA0LDQtdCyINGC05nRgNKX0LXQvNOZINC40YLTmS48L3A+DQoiO30='),(1022,'','2020-09-02 21:49:22','2020-09-02 21:49:22',NULL,'1',1,1,'TzozMjoiQ29uY3JldGVcQ29yZVxMZWdhY3lcQmxvY2tSZWNvcmQiOjM6e3M6MzoiYklEIjtzOjQ6IjEwMjIiO3M6OToiACoAX3RhYmxlIjtzOjE0OiJidENvbnRlbnRMb2NhbCI7czo3OiJjb250ZW50IjtzOjEyMTg6IjxoMz7Qk9C40LzQvSDQsNCy0YLQvtGA0LvQsNGA0Ys8L2gzPg0KDQo8cD7QoNOp0YHRgtOZ0Lwg0K/RhdC40L0gJm5kYXNoOyDQsdOp0LXQuiDRgtCw0YLQsNGAINC60L7QvNC/0L7Qt9C40YLQvtGA0Ysg0rvTmdC8INC/0LjQsNC90LjRgdGC0YsuINCj0LsgMTkyMSDQtdC70L3Ri9KjIDE2INCw0LLQs9GD0YHRgtGL0L3QtNCwINCa0LDQt9Cw0L3QtNCwINGC0YPQsC4g0JzRg9C30YvQutCwINC805nQutGC05nQsdC10L0sICZuYnNwO9Cw0L3QvdCw0L0g0YHQvtKjINC80YPQt9GL0LrQsCDRg9GH0LjQu9C40YnQtdGB0YvQvSDRgtOZ0LzQsNC80LvRi9C5LiDQodC+0qPRgNCw0Log0JzTmdGB0LrTmdKvINC60L7QvdGB0LXRgNCy0LDRgtC+0YDQuNGP0YHQtdC905kg0YPQutGL0YDQs9CwINC60LXRgNOZLCDQu9OZ0LrQuNC9INCR06nQtdC6INCS0LDRgtCw0L0g0YHRg9Cz0YvRiNGLICZuYnNwO9Cx0LDRiNC70LDQvdCwLiDQodGD0LPRi9GIINC10LvQu9Cw0YDRi9C90LTQsCDQr9GF0LjQvSDQt9C10L3QuNGCLdCw0YDRgtC40LvQu9C10YDQuNGPINC00LjQstC40LfQuNGP0YHQtdC90LTTmSAmbmRhc2g7INGD0LrRh9GLLCDQsNC90L3QsNC9INGB0L7SoyDSl9GL0YAg0rvTmdC8INCx0LjRjiDQsNC90YHQsNC80LHQu9C10L3QtNOZINGF0LXQt9C805nRgiDQuNGC05kuINCh0YPQs9GL0YjRgtCw0L0g0YHQvtKjINC60L7QvNC/0L7Qt9C40YLQvtGAINGD0LrRg9GL0L0g0LTTmdCy0LDQvCDQuNGC05kg0rvTmdC8LCDQsNC90Ysg0YLTmdC80LDQvNC70LDQvywg0JrQsNC30LDQvdCz0LAg0LrQsNC50YLQsC4g0KPQuyDRgtCw0YLQsNGAINC80YPQt9GL0LrQsCDQtNOp0L3RjNGP0YHRi9C9INKv0YHRgtC10YDSr9Cz05kg0LPQsNGP0YLRjCDQt9GD0YAg06nQu9C10Ygg0LrQtdGA0YLTmS4g0JHQuNC6INC60q/QvyDSl9GL0YDQu9Cw0YAsINGA0L7QvNCw0L3RgdC70LDRgCwg0LjQvdGB0YLRgNGD0LzQtdC90YLQsNC70Ywg05nRgdOZ0YDQu9OZ0YAg0Y/Qt9CwLiDQoNOp0YHRgtOZ0Lwg0K/RhdC40L3QvdGL0qMgJmxhcXVvO9Ci0YPQs9Cw0L0g0Y/Qs9GL0LwmcmFxdW87INKX0YvRgNGL0L3QsCDRj9C30LPQsNC9INC606nQtSAmbmJzcDsxOTkzINC10LvQtNCwINCi0LDRgtCw0YDRgdGC0LDQvSDQoNC10YHQv9GD0LHQu9C40LrQsNGB0Ysg0LPQuNC80L3Ri9C90YvSoyDQvNGD0LfRi9C60LDRgdGLINC40YLQtdC/INGA0LDRgdC70LDQvdCwLjwvcD4NCiI7fQ=='),(1023,'','2020-09-02 21:49:22','2020-09-02 21:49:22',NULL,'1',1,1,'TzozMjoiQ29uY3JldGVcQ29yZVxMZWdhY3lcQmxvY2tSZWNvcmQiOjM6e3M6MzoiYklEIjtzOjQ6IjEwMjMiO3M6OToiACoAX3RhYmxlIjtzOjE0OiJidENvbnRlbnRMb2NhbCI7czo3OiJjb250ZW50IjtzOjIwOToiPHAgc3R5bGU9InRleHQtYWxpZ246IGNlbnRlcjsiPjxzcGFuIGNsYXNzPSJpbWFnZS1jYXB0aW9uIj7QntGC0YDRi9Cy0L7QuiDQuNC3INGE0LjQu9GM0LzQsCAmbGFxdW870KDRg9GB0YLQtdC8INCv0YXQuNC9LiDQodC10L3RgtC40LzQtdC90YLQsNC70YzQvdC+0LUg0L/Rg9GC0LXRiNC10YHRgtCy0LjQtSZyYXF1bzsgKDE5OTMg0LPQvtC0KTwvc3Bhbj48L3A+DQoiO30='),(1024,'','2020-09-02 21:49:22','2020-09-02 21:49:22',NULL,'1',1,1,'TzozMjoiQ29uY3JldGVcQ29yZVxMZWdhY3lcQmxvY2tSZWNvcmQiOjM6e3M6MzoiYklEIjtzOjQ6IjEwMjQiO3M6OToiACoAX3RhYmxlIjtzOjE0OiJidENvbnRlbnRMb2NhbCI7czo3OiJjb250ZW50IjtzOjIwOToiPHAgc3R5bGU9InRleHQtYWxpZ246IGNlbnRlcjsiPjxzcGFuIGNsYXNzPSJpbWFnZS1jYXB0aW9uIj7QntGC0YDRi9Cy0L7QuiDQuNC3INGE0LjQu9GM0LzQsCAmbGFxdW870KDRg9GB0YLQtdC8INCv0YXQuNC9LiDQodC10L3RgtC40LzQtdC90YLQsNC70YzQvdC+0LUg0L/Rg9GC0LXRiNC10YHRgtCy0LjQtSZyYXF1bzsgKDE5OTMg0LPQvtC0KTwvc3Bhbj48L3A+DQoiO30='),(1025,'','2020-09-02 21:49:22','2020-09-02 21:49:22',NULL,'1',1,1,'TzozMjoiQ29uY3JldGVcQ29yZVxMZWdhY3lcQmxvY2tSZWNvcmQiOjM6e3M6MzoiYklEIjtzOjQ6IjEwMjUiO3M6OToiACoAX3RhYmxlIjtzOjE0OiJidENvbnRlbnRMb2NhbCI7czo3OiJjb250ZW50IjtzOjEwNjk6IjxwPjxjb25jcmV0ZS1waWN0dXJlIGZpZD0iMjM2IiBhbHQ9ItCS0LjQtCDQv9Cw0LzRj9GC0L3QuNC60LAg0L3QsNGA0L7QtNC90L7QvNGDINCw0YDRgtC40YHRgtGDINCh0KHQodCgLCDQutC+0LzQv9C+0LfQuNGC0L7RgNGDLCDQv9C40LDQvdC40YHRgtGDLCDQsNCy0YLQvtGA0YMg0LzRg9C30YvQutC4INCT0L7RgdGD0LTQsNGA0YHRgtCy0LXQvdC90L7Qs9C+INCz0LjQvNC90LAg0KDQtdGB0L/Rg9Cx0LvQuNC60Lgg0KLQsNGC0LDRgNGB0YLQsNC9INCg0YPRgdGC0LXQvNGDINCv0YXQuNC90YMg0LIg0YHQutCy0LXRgNC1INC/0L4g0YPQu9C40YbQtSDQkdC+0LvRjNGI0LDRjyDQmtGA0LDRgdC90LDRjyDQvdCw0L/RgNC+0YLQuNCyINC30LTQsNC90LjRjyDQmtCw0LfQsNC90YHQutC+0Lkg0LPQvtGB0YPQtNCw0YDRgdGC0LLQtdC90L3QvtC5LmpwZyIgaGVpZ2h0PSI0MDAiIHdpZHRoPSI2MDAiIC8+PC9wPg0KDQo8cCBzdHlsZT0idGV4dC1hbGlnbjogY2VudGVyOyI+PHNwYW4gY2xhc3M9ImltYWdlLWNhcHRpb24iPtCf0LDQvNGP0YLQvdC40Log0L3QsNGA0L7QtNC90L7QvNGDINCw0YDRgtC40YHRgtGDINCh0KHQodCgLCDQutC+0LzQv9C+0LfQuNGC0L7RgNGDLCDQv9C40LDQvdC40YHRgtGDLCDQsNCy0YLQvtGA0YMg0LzRg9C30YvQutC4INCT0L7RgdGD0LTQsNGA0YHRgtCy0LXQvdC90L7Qs9C+INCz0LjQvNC90LAg0KDQtdGB0L/Rg9Cx0LvQuNC60Lgg0KLQsNGC0LDRgNGB0YLQsNC9INCg0YPRgdGC0LXQvNGDINCv0YXQuNC90YMg0LIg0YHQutCy0LXRgNC1INC/0L4g0YPQu9C40YbQtSDQkdC+0LvRjNGI0LDRjyDQmtGA0LDRgdC90LDRjyDQvdCw0L/RgNC+0YLQuNCyINC30LTQsNC90LjRjyDQmtCw0LfQsNC90YHQutC+0Lkg0LPQvtGB0YPQtNCw0YDRgdGC0LLQtdC90L3QvtC5INC60L7QvdGB0LXRgNCy0LDRgtC+0YDQuNC4INC40LzQtdC90Lgg0J0uINCTLiDQltC40LPQsNC90L7QstCwJm5ic3A7KDIwMTcg0LPQvtC0LCDQmtCw0LfQsNC90YwsINCw0LLRgtC+0YAg0JwuINCk0YDQvtC70L7Qsiwg0JDQv9C/0LDRgNCw0YIg0JrQnCDQoNCiKTwvc3Bhbj48L3A+DQoiO30='),(1026,'','2020-09-02 21:49:22','2020-09-02 21:49:22',NULL,'1',1,1,'TzozMjoiQ29uY3JldGVcQ29yZVxMZWdhY3lcQmxvY2tSZWNvcmQiOjM6e3M6MzoiYklEIjtzOjQ6IjEwMjYiO3M6OToiACoAX3RhYmxlIjtzOjE0OiJidENvbnRlbnRMb2NhbCI7czo3OiJjb250ZW50IjtzOjE3OToiPHA+PGNvbmNyZXRlLXBpY3R1cmUgZmlkPSIyMzgiIGFsdD0i0Y/RhdC40L0yLmpwZyIgaGVpZ2h0PSIzMzgiIHdpZHRoPSI2MDAiIC8+PC9wPg0KDQo8cCBzdHlsZT0idGV4dC1hbGlnbjogY2VudGVyOyI+PHNwYW4gY2xhc3M9ImltYWdlLWNhcHRpb24iPtCg0YPRgdGC0LXQvCDQr9GF0LjQvTwvc3Bhbj48L3A+DQoiO30='),(1027,'','2020-09-02 21:49:22','2020-09-02 21:49:22',NULL,'1',1,1,'TzozMjoiQ29uY3JldGVcQ29yZVxMZWdhY3lcQmxvY2tSZWNvcmQiOjM6e3M6MzoiYklEIjtzOjQ6IjEwMjciO3M6OToiACoAX3RhYmxlIjtzOjE0OiJidENvbnRlbnRMb2NhbCI7czo3OiJjb250ZW50IjtzOjg4MDoiPHA+0KDQsNC80LDQt9Cw0L0g0JHQsNC50YLQuNC80LXRgNC+0LIgJm5kYXNoOyDRgtCw0YLQsNGAINGI0LDQs9GL0LnRgNC1LiDQo9C7IDE5MjMg0LXQu9C90YvSoyA1INCw0L/RgNC10LvQtdC90LTTmSDQmNGB0LzTmdCz0YvQudC70Ywg0LDQstGL0LvRi9C90LTQsCAo0JHQsNGI0LrQvtGA0YLQvtGB0YLQsNC9KSDRgtGD0LAuINCR0LXRgCDQtdC70LvRi9C6INGD0LrRi9GC0YPRh9GL0LvQsNGAINC60YPRgNGB0YvQvSDRgtOZ0LzQsNC80LvRi9C5LiDQkdOp0LXQuiDQktCw0YLQsNC9INGB0YPQs9GL0YjRiyDQtdC70LvQsNGA0YvQvdC00LAg0YXTmdGA05nQutOZ0YLRgtOZ0LPQtSDQsNGA0LzQuNGPINGB0LDRhNC70LDRgNGL0L3QtNCwINGF0LXQt9C805nRgiDQuNGC05kuINCh0YPQs9GL0YjRgtCw0L0g0YHQvtKjINCa0LDQt9Cw0L0g0YPQvdC40LLQtdGA0YHQuNGC0LXRgtGL0L3QtNCwINCx0LXQu9C10Lwg0LDQu9CwLiDQkdCw0LnRgtC40LzQtdGA0L7QstC90YvSoyDQuNKX0LDRgtGLINC60LXRiNC10LvTmdGALCDRgtGD0LPQsNC9INGP0Log0Y/Qt9C80YvRiNGL0L3QsCwg0JHTqdC10Log0JLQsNGC0LDQvSDRgdGD0LPRi9GI0Ysg0LLQsNC60YvQudCz0LDQu9Cw0YDRi9C90LAg0LHQsNCz0YvRiNC70LDQvdCwLiDQkNC90YvSoyDQutKv0L8g0LrQtdC905kg0YjQuNCz0YvRgNGM0LvTmdGA0LUg0L/QvtC/0YPQu9GP0YAg0pfRi9GA0LvQsNGAINCx0YPQu9GL0L8g0LrQuNGC05kuICZsYXF1bzvQotGD0LPQsNC9INGP0LPRi9C8JnJhcXVvOyDRiNC40LPRi9GA0LUg0KLQsNGC0LDRgNGB0YLQsNC9INCg0LXRgdC/0YPQsdC70LjQutCw0YHRiyDQs9C40LzQvdGL0L3Ri9KjINC90LjQs9C10LfQtSDQuNGC0LXQvyDQsNC70YvQvdCwLjwvcD4NCiI7fQ=='),(1028,'','2020-09-02 21:49:22','2020-09-02 21:49:22',NULL,'1',1,1,NULL),(1029,'','2020-09-02 21:49:22','2020-09-02 21:49:22',NULL,'1',1,1,NULL),(1030,'','2020-09-02 21:49:22','2020-09-02 21:49:22','breadcrumb.php','1',7,1,'TzozMjoiQ29uY3JldGVcQ29yZVxMZWdhY3lcQmxvY2tSZWNvcmQiOjEwOntzOjM6ImJJRCI7czo0OiIxMDMwIjtzOjk6IgAqAF90YWJsZSI7czoxMjoiYnROYXZpZ2F0aW9uIjtzOjc6Im9yZGVyQnkiO3M6MTE6ImRpc3BsYXlfYXNjIjtzOjEyOiJkaXNwbGF5UGFnZXMiO3M6MzoidG9wIjtzOjE1OiJkaXNwbGF5UGFnZXNDSUQiO3M6MToiMCI7czoyMzoiZGlzcGxheVBhZ2VzSW5jbHVkZVNlbGYiO3M6MToiMCI7czoxNToiZGlzcGxheVN1YlBhZ2VzIjtzOjE5OiJyZWxldmFudF9icmVhZGNydW1iIjtzOjIwOiJkaXNwbGF5U3ViUGFnZUxldmVscyI7czo2OiJlbm91Z2giO3M6MjM6ImRpc3BsYXlTdWJQYWdlTGV2ZWxzTnVtIjtzOjE6IjAiO3M6MjM6ImRpc3BsYXlVbmF2YWlsYWJsZVBhZ2VzIjtzOjE6IjAiO30='),(1031,'','2020-09-02 21:49:22','2020-09-02 21:49:22','','1',3,1,'TzozMjoiQ29uY3JldGVcQ29yZVxMZWdhY3lcQmxvY2tSZWNvcmQiOjEzOntzOjM6ImJJRCI7czo0OiIxMDMxIjtzOjk6IgAqAF90YWJsZSI7czoxNDoiYnRDb250ZW50SW1hZ2UiO3M6MzoiZklEIjtzOjI6IjM4IjtzOjEwOiJmT25zdGF0ZUlEIjtzOjE6IjAiO3M6OToiY3JvcEltYWdlIjtzOjE6IjAiO3M6ODoibWF4V2lkdGgiO3M6MToiMCI7czo5OiJtYXhIZWlnaHQiO3M6MToiMCI7czoxMjoiZXh0ZXJuYWxMaW5rIjtzOjA6IiI7czoxNToiaW50ZXJuYWxMaW5rQ0lEIjtzOjE6IjAiO3M6MTA6ImZpbGVMaW5rSUQiO3M6MToiMCI7czoxOToib3BlbkxpbmtJbk5ld1dpbmRvdyI7czoxOiIwIjtzOjc6ImFsdFRleHQiO3M6MzI6IjEwMCDQu9C10YIg0L3QsNGI0LXQvNGDINC00L7QvNGDIjtzOjU6InRpdGxlIjtzOjA6IiI7fQ=='),(1032,'','2020-09-02 21:49:22','2020-09-02 21:49:22',NULL,'1',1,1,'TzozMjoiQ29uY3JldGVcQ29yZVxMZWdhY3lcQmxvY2tSZWNvcmQiOjM6e3M6MzoiYklEIjtzOjQ6IjEwMzIiO3M6OToiACoAX3RhYmxlIjtzOjE0OiJidENvbnRlbnRMb2NhbCI7czo3OiJjb250ZW50IjtzOjk5MToiPGgzPtCY0L3QvdC+0L/QvtC70LjRgSAmbmRhc2g7INCg0L7RgdGB0LjRj9C90LXSoyDQuNKjINGP0YjRjCDRiNOZ0rvTmdGA0LUuJm5ic3A7PC9oMz4NCg0KPHA+0JjQvdC90L7Qv9C+0LvQuNGBINCi0LDRgtCw0YDRgdGC0LDQvdC90YvSoyDQrtCz0LDRgNGLINCe0YHQu9Cw0L0g0YDQsNC50L7QvdGL0L3QtNCwINGD0YDQvdCw0YjQutCw0L0uICZuYnNwO9Cv0qPQsCDRgtOp0YDQu9C1INGI05nSu9OZ0YAg0YLTqdC30q8g0LjQtNC10Y/RgdC1IDIwMTAg0LXQu9C00LAg0YLRg9CwLiDQkdCw0YjRgtCwINC805nQs9GK0LvSr9C80LDRgtC4INGC0LXRhdC90L7Qu9C+0LPQuNGP0LvTmdGAINOp0LvQutOZ0YHQtSDQsdC10LvQs9C10YfQu9OZ0YDQtSDSu9OZ0Lwg0LDQu9Cw0YDQvdGL0qMg0LPQsNC40LvTmdC705nRgNC1INOp0YfQtdC9INC30YPRgCDQsdGD0LvQvNCw0LPQsNC9INGC0L7RgNCw0Log0L/Rg9C90LrRgiDRgtOp0LfQtdGA0LPTmSDQtNC40L8g0LrQsNGA0LDRgCDQutGL0LvRi9C90LAuINCQ0L3QvdCw0L0g0YHQvtKjICZsYXF1bztJVC3QsNCy0YvQuyZyYXF1bzsg0LjRgdC10LzQu9C1INC/0YDQvtC10LrRgtC90Ysg0q/Qt9Cz05nRgNGC05nQu9OZ0YAg0rvTmdC8IDE1MCDQvNC10qPQu9OZ0L8g0LrQtdGI0LUg0Y/RiNC4INCw0LvRi9GA0LvRi9C6INGI05nSu9OZ0YAg0YLTqdC30LXRgNCz05kg0LHRg9C70LDQu9Cw0YAuINCR0q/Qs9C10L0g05jQu9C805nRgiDRiNOZ0rvTmdGA0LXQvdC005kg0Y/QutGL0L3Rh9CwINGI0YPQu9C60LDQtNOZ0YAg0LrQtdGI0LUg0Y/RiNC4LjwvcD4NCg0KPHAgY2xhc3M9ImNvbnRlbnQtZWRpdG9yLWltYWdlLWNlbnRlciI+PGNvbmNyZXRlLXBpY3R1cmUgZmlkPSIyNjEiIGFsdD0i0KXRjdGI0YLQtdCzINCY0L3QvdC+0L/QvtC70LjRgSDQv9C10YDQtdC0INCi0LXRhdC90L7Qv9Cw0YDQutC+0LwuanBnIiBoZWlnaHQ9IjM5OSIgd2lkdGg9IjYwMCIgLz48L3A+DQoNCjxwPiZuYnNwOzwvcD4NCiI7fQ=='),(1033,'','2020-09-02 21:49:22','2020-09-02 21:49:22',NULL,'1',1,1,'TzozMjoiQ29uY3JldGVcQ29yZVxMZWdhY3lcQmxvY2tSZWNvcmQiOjM6e3M6MzoiYklEIjtzOjQ6IjEwMzMiO3M6OToiACoAX3RhYmxlIjtzOjE0OiJidENvbnRlbnRMb2NhbCI7czo3OiJjb250ZW50IjtzOjEwODM6IjxwPjIwMTLQtdC70L3Ri9KjIDkg0LjRjtC90LXQvdC005kg0YLTqdC30LXQu9C10Ygg0LzTmdC50LTQsNC90YfRi9Cz0YvQvdC00LAsINGI05nSu9OZ0YDQvdC10qMg0L3QuNCz0LXQt9C10L3TmSwg0LrQuNC705nRh9OZ0LrRgtOZINGP0YjTmdGP0YfTmdC6INC60LXRiNC10LvTmdGA0LPTmSDQsNGC0LDQu9Cz0LDQvSDRj9C30YPQu9GLINC60LDQv9GB0YPQu9CwINC60q/QvNC10LvTmS4g0JHQtdGA0LXQvdGH0LUg0LHRg9C70YvQvyDQmNC90L3QvtC/0L7Qu9C40YEg0YPQvdC40LLQtdGA0YHQuNGC0LXRgtGL0L0sINGB0YLRg9C00LXQvdGC0LvQsNGAINOp0YfQtdC9INGC0YPQu9Cw0Lkg0YLQvtGA0LDQuiDSu9OZ0Lwg0YHQv9C+0YDRgiDQutC+0LzQv9C70LXQutGB0YvQvSAmbmJzcDvRgtOp0LfQuCDQsdCw0YjQu9GL0LnQu9Cw0YAuICZuYnNwO9CQ0L3QvdCw0L0g0YHQvtKjINGC0LXRhdC90L7Qv9Cw0YDQuiDSu9OZ0Lwg0YLQvtGA0LDQuiDQudC+0YDRgtC70LDRgCDRgdCw0LvRg9Cz0LAg0LrQtdGA0LXRiNOZ0LvTmdGALiAmbmJzcDsyMDE1INC10LvQvdGL0qMgMSDQs9GL0LnQvdCy0LDRgNGL0L3QtNCwICZsYXF1bzvQmNC90L3QvtC/0L7Qu9C40YEmcmFxdW87INCx0LjRgdGC05nRgdC10L3TmSDRiNOZ0rvTmdGAINGB0YLQsNGC0YPRgdGLINCx0LjRgNC10LvTmS4gMjAxNSDQtdC70L3Ri9KjIDkg0LjRjtC90LXQvdC005kgJm5ic3A70YPQt9Cz0LDQvSDQsNGH0YvQu9GL0Ygg0YLQsNC90YLQsNC90LDRgdGL0L3QtNCwINGB0LjQvNCy0L7Qu9C40LogJmxhcXVvO9GC06nQudC805nQs9OZJnJhcXVvOyDQsdCw0YHQsNC70LDRgC4g0JHRgyDRiNGD0Lsg0LzQuNC30LPQtdC70LTTmdC9INCY0L3QvdC+0L/QvtC70LjRgSDRgNOZ0YHQvNC4INGC06nRgdGC05kg0LDRh9GL0LvQtNGLINC00LjQs9OZ0L3QvdC1INCw0qPQu9Cw0YLQsC4mbmJzcDs8L3A+DQoNCjxwIGNsYXNzPSJjb250ZW50LWVkaXRvci1pbWFnZS1jZW50ZXIiPjxjb25jcmV0ZS1waWN0dXJlIGZpZD0iMjYyIiBhbHQ9Il81MUE1OTQzXzEuanBnIiBoZWlnaHQ9IjQwMCIgd2lkdGg9IjYwMCIgLz48L3A+DQoNCjxwPiZuYnNwOzwvcD4NCiI7fQ=='),(1034,'','2020-09-02 21:49:22','2020-09-02 21:49:22',NULL,'1',1,1,'TzozMjoiQ29uY3JldGVcQ29yZVxMZWdhY3lcQmxvY2tSZWNvcmQiOjM6e3M6MzoiYklEIjtzOjQ6IjEwMzQiO3M6OToiACoAX3RhYmxlIjtzOjE0OiJidENvbnRlbnRMb2NhbCI7czo3OiJjb250ZW50IjtzOjg3MzoiPHA+0JjQvdC90L7Qv9C+0LvQuNGBINGD0L3QuNCy0LXRgNGB0LjRgtC10YLRiyAyMDEzINC10LvQtNCwINCw0YfRi9C70LAuINCl05nQt9C10YDQs9C1INCy0LDQutGL0YLRgtCwINCw0L3QtNCwINGC06nRgNC70LUg0LjQu9C705nRgNC005nQvSDQutC40LvQs9OZ0L0gODAwINCz05kg0Y/QutGL0L0g0YHRgtGD0LTQtdC90YIg0LHQtdC70LXQvCDQsNC70LAuINCj0L3QuNCy0LXRgNGB0LjRgtC10YLRgtCwIDE1INGE05nQvdC90Lgt0YLQuNC60YjQtdGA0LXQvdKvINC70LDQsdC+0YDQsNGC0L7RgNC40Y/RgdC1INGN0YjQu9C4LiDQkdC10LvQtdC8INC90LjQs9C10LfQtNOZINC40L3Qs9C70LjQtyDRgtC10LvQtdC90LTTmSDQsdC40YDQtdC705kuINCj0L3QuNCy0LXRgNGB0LjRgtC10YLQvdGL0qMg0q/Qt9C10L3QtdKjINC60YvQt9GL0LrQu9GLINC60LjRgtCw0L/RhdCw0L3TmdGB0LUg0LHQsNGALiDQkNC90LTQsCwg0LfRg9GAINGP0LfRgyDTqdGB0YLTmdC70LvTmdGA0LUsINC00LjQstCw0L3QvdCw0YAg0rvTmdC8INC605nQvdOZ0YTQuNC705nRgNC005nQvSDRgtGL0YgsINGC0LDQstGL0Ygg0LjRiNC10YLQtdC70LzQuCDRgtC+0YDQs9Cw0L0g0LzQsNGF0YHRg9GBINC60LDQv9GB0YPQu9Cw0LvQsNGAINC00LAg0YPRgNC90LDRiNGC0YvRgNGL0LvQs9Cw0L0uJm5ic3A7PC9wPg0KDQo8cCBjbGFzcz0iY29udGVudC1lZGl0b3ItaW1hZ2UtY2VudGVyIj48Y29uY3JldGUtcGljdHVyZSBmaWQ9IjI2MyIgYWx0PSLQktGL0L/Rg9GB0LrQvdC+0Lkg0LIg0KPQvdC40LLQtdGA0YHQuNGC0LXRgtC1INCY0L3QvdC+0L/QvtC70LjRgS5qcGciIGhlaWdodD0iMzk5IiB3aWR0aD0iNjAwIiAvPjwvcD4NCg0KPHA+Jm5ic3A7PC9wPg0KIjt9'),(1035,'','2020-09-02 21:49:22','2020-09-02 21:49:22',NULL,'1',1,1,'TzozMjoiQ29uY3JldGVcQ29yZVxMZWdhY3lcQmxvY2tSZWNvcmQiOjM6e3M6MzoiYklEIjtzOjQ6IjEwMzUiO3M6OToiACoAX3RhYmxlIjtzOjE0OiJidENvbnRlbnRMb2NhbCI7czo3OiJjb250ZW50IjtzOjgyMDoiPHA+MjAyMCDQtdC70L3Ri9KjINCz0YvQudC90LLQsNGA0Ysg0LzTmdCz0YrQu9Kv0LzQsNGC0LvQsNGA0YvQvdCwINC60LDRgNCw0LPQsNC90LTQsCwg0JjQvdC90L7Qv9C+0LvQuNGB0YLQsCDQtNCw0LjQvNC4INGA05nQstC10YjRgtOZIDQwNSDQutC10YjQtSDRj9GI0LguINCo05nSu9OZ0YDQtNOZINC40LrQtSDRg9GA0LDQvCDQsdCw0YAgJm5kYXNoOyDQo9C90LjQstC10YDRgdC40YLQtdGCINK705nQvCDQodC/0L7RgNGCINGD0YDQsNC80L3QsNGA0YsuINCR0LDQu9Cw0LvQsNGAINCx0LDQutGH0LDRgdGLLCDQvNOZ0LrRgtOZ0L8sINGD0L3QuNCy0LXRgNGB0LjRgtC10YIsINGB0L/QvtGA0YIg0LrQvtC80L/Qu9C10LrRgdGLINK705nQvCDQsdC10YDQvdC40YfTmSDQutCw0YTQtSDRjdGI0LvQuC4gJm5ic3A70JjQvdC90L7Qv9C+0LvQuNGBINCx0YPQudC70LDQvyDQv9C40LvQvtGC0YHRi9C3INGC0LDQutGB0LjQtNCwINC506nRgNC10YDQs9OZINC806nQvNC60LjQvS4g0KjTmdK705nRgNC005nQs9C1INK705nRgCDQsdC40L3QsCDQtNC40Y/RgNC70LXQuiDSr9C30LXQvdGH05nQu9C10LrQu9C1INC40YLQtdC/INGC06nQt9C10LvQs9OZ0L0uINOYINKX0LjRgCDQsNGB0YLRiyDQutC40YfSr9C1INCw0Y3RgNC+0L/QvtGA0YLQutCwINC+0YXRiNCw0LPQsNC9LiZuYnNwOzwvcD4NCg0KPHAgY2xhc3M9ImNvbnRlbnQtZWRpdG9yLWltYWdlLWNlbnRlciI+PGNvbmNyZXRlLXBpY3R1cmUgZmlkPSIyNjQiIGFsdD0iMi4wOC4xOS0yMTEuanBnIiBoZWlnaHQ9IjQwMCIgd2lkdGg9IjYwMCIgLz48L3A+DQoNCjxwPiZuYnNwOzwvcD4NCiI7fQ=='),(1036,'','2020-09-02 21:49:23','2020-09-02 21:49:23','breadcrumb.php','1',7,1,'TzozMjoiQ29uY3JldGVcQ29yZVxMZWdhY3lcQmxvY2tSZWNvcmQiOjEwOntzOjM6ImJJRCI7czo0OiIxMDM2IjtzOjk6IgAqAF90YWJsZSI7czoxMjoiYnROYXZpZ2F0aW9uIjtzOjc6Im9yZGVyQnkiO3M6MTE6ImRpc3BsYXlfYXNjIjtzOjEyOiJkaXNwbGF5UGFnZXMiO3M6MzoidG9wIjtzOjE1OiJkaXNwbGF5UGFnZXNDSUQiO3M6MToiMCI7czoyMzoiZGlzcGxheVBhZ2VzSW5jbHVkZVNlbGYiO3M6MToiMCI7czoxNToiZGlzcGxheVN1YlBhZ2VzIjtzOjE5OiJyZWxldmFudF9icmVhZGNydW1iIjtzOjIwOiJkaXNwbGF5U3ViUGFnZUxldmVscyI7czo2OiJlbm91Z2giO3M6MjM6ImRpc3BsYXlTdWJQYWdlTGV2ZWxzTnVtIjtzOjE6IjAiO3M6MjM6ImRpc3BsYXlVbmF2YWlsYWJsZVBhZ2VzIjtzOjE6IjAiO30='),(1037,'','2020-09-02 21:49:23','2020-09-02 21:49:23','','1',3,1,'TzozMjoiQ29uY3JldGVcQ29yZVxMZWdhY3lcQmxvY2tSZWNvcmQiOjEzOntzOjM6ImJJRCI7czo0OiIxMDM3IjtzOjk6IgAqAF90YWJsZSI7czoxNDoiYnRDb250ZW50SW1hZ2UiO3M6MzoiZklEIjtzOjI6IjIyIjtzOjEwOiJmT25zdGF0ZUlEIjtzOjE6IjAiO3M6OToiY3JvcEltYWdlIjtzOjE6IjAiO3M6ODoibWF4V2lkdGgiO3M6MToiMCI7czo5OiJtYXhIZWlnaHQiO3M6MToiMCI7czoxMjoiZXh0ZXJuYWxMaW5rIjtzOjA6IiI7czoxNToiaW50ZXJuYWxMaW5rQ0lEIjtzOjE6IjAiO3M6MTA6ImZpbGVMaW5rSUQiO3M6MToiMCI7czoxOToib3BlbkxpbmtJbk5ld1dpbmRvdyI7czoxOiIwIjtzOjc6ImFsdFRleHQiO3M6MDoiIjtzOjU6InRpdGxlIjtzOjA6IiI7fQ=='),(1038,'','2020-09-02 21:49:23','2020-09-02 21:49:23',NULL,'1',1,1,NULL),(1039,'','2020-09-02 21:49:23','2020-09-02 21:49:23',NULL,'1',1,1,'TzozMjoiQ29uY3JldGVcQ29yZVxMZWdhY3lcQmxvY2tSZWNvcmQiOjM6e3M6MzoiYklEIjtzOjQ6IjEwMzkiO3M6OToiACoAX3RhYmxlIjtzOjE0OiJidENvbnRlbnRMb2NhbCI7czo3OiJjb250ZW50IjtzOjQ3MToiPHAgc3R5bGU9InRleHQtYWxpZ246IGNlbnRlcjsiPjxzcGFuIGNsYXNzPSJpbWFnZS1jYXB0aW9uIj4mbGFxdW870JTQttCw0LvQuNC70Ywg0LLRgdC10LPQtNCwINGBINC90LDQvNC4JnJhcXVvOy4g0J7RgtGA0YvQstC+0Log0LjQtyDQutC40L3QvtC20YPRgNC90LDQu9CwICZsYXF1bzvQndCwINCS0L7Qu9Cz0LUg0YjQuNGA0L7QutC+0LkmcmFxdW87ICjihJYgMTEsIDE5ODMg0LMuKS48L3NwYW4+PC9wPg0KDQo8cCBzdHlsZT0idGV4dC1hbGlnbjogY2VudGVyOyI+PHNwYW4gY2xhc3M9ImltYWdlLWNhcHRpb24iPjxzcGFuIHN0eWxlPSJ0ZXh0LWFsaWduOiBjZW50ZXI7Ij48L3NwYW4+PC9zcGFuPjxzcGFuIGNsYXNzPSJpbWFnZS1jYXB0aW9uIj48L3NwYW4+PHNwYW4gY2xhc3M9ImltYWdlLWNhcHRpb24iPtCe0YLQutGA0YvRgtC40LUg0LzRg9C30LXRjyDQnNGD0YHRiyDQlNC20LDQu9C40LvRjy48L3NwYW4+PC9wPg0KIjt9'),(1040,'','2020-09-02 21:49:23','2020-09-02 21:49:23',NULL,'1',1,1,'TzozMjoiQ29uY3JldGVcQ29yZVxMZWdhY3lcQmxvY2tSZWNvcmQiOjM6e3M6MzoiYklEIjtzOjQ6IjEwNDAiO3M6OToiACoAX3RhYmxlIjtzOjE0OiJidENvbnRlbnRMb2NhbCI7czo3OiJjb250ZW50IjtzOjQzOToiPHAgc3R5bGU9InRleHQtYWxpZ246IGNlbnRlcjsiPjxzcGFuIGNsYXNzPSJpbWFnZS1jYXB0aW9uIj48L3NwYW4+PHNwYW4gY2xhc3M9ImltYWdlLWNhcHRpb24iPiZsYXF1bzvQlNC20LDQu9C40LvRjCDQstGB0LXQs9C00LAg0YEg0L3QsNC80LgmcmFxdW87LiDQntGC0YDRi9Cy0L7QuiDQuNC3INC60LjQvdC+0LbRg9GA0L3QsNC70LAgJmxhcXVvO9Cd0LAg0JLQvtC70LPQtSDRiNC40YDQvtC60L7QuSZyYXF1bzsgKOKEliAxMSwgMTk4MyDQsykuIDwvc3Bhbj48L3A+DQoNCjxwIHN0eWxlPSJ0ZXh0LWFsaWduOiBjZW50ZXI7Ij48c3BhbiBjbGFzcz0iaW1hZ2UtY2FwdGlvbiI+0JLQvdGD0YfQutCwINCc0YPRgdGLINCU0LbQsNC70LjQu9GPINCyINC80YPQt9C10LUg0YHQstC+0LXQs9C+INCy0LXQu9C40LrQvtCz0L4g0LTQtdC00YPRiNC60LguPC9zcGFuPjwvcD4NCiI7fQ=='),(1041,'','2020-09-02 21:49:23','2020-09-02 21:49:23','breadcrumb.php','1',7,1,'TzozMjoiQ29uY3JldGVcQ29yZVxMZWdhY3lcQmxvY2tSZWNvcmQiOjEwOntzOjM6ImJJRCI7czo0OiIxMDQxIjtzOjk6IgAqAF90YWJsZSI7czoxMjoiYnROYXZpZ2F0aW9uIjtzOjc6Im9yZGVyQnkiO3M6MTE6ImRpc3BsYXlfYXNjIjtzOjEyOiJkaXNwbGF5UGFnZXMiO3M6MzoidG9wIjtzOjE1OiJkaXNwbGF5UGFnZXNDSUQiO3M6MToiMCI7czoyMzoiZGlzcGxheVBhZ2VzSW5jbHVkZVNlbGYiO3M6MToiMCI7czoxNToiZGlzcGxheVN1YlBhZ2VzIjtzOjE5OiJyZWxldmFudF9icmVhZGNydW1iIjtzOjIwOiJkaXNwbGF5U3ViUGFnZUxldmVscyI7czo2OiJlbm91Z2giO3M6MjM6ImRpc3BsYXlTdWJQYWdlTGV2ZWxzTnVtIjtzOjE6IjAiO3M6MjM6ImRpc3BsYXlVbmF2YWlsYWJsZVBhZ2VzIjtzOjE6IjAiO30='),(1042,'','2020-09-02 21:49:23','2020-09-02 21:49:23','','1',3,1,'TzozMjoiQ29uY3JldGVcQ29yZVxMZWdhY3lcQmxvY2tSZWNvcmQiOjEzOntzOjM6ImJJRCI7czo0OiIxMDQyIjtzOjk6IgAqAF90YWJsZSI7czoxNDoiYnRDb250ZW50SW1hZ2UiO3M6MzoiZklEIjtzOjM6IjE2NyI7czoxMDoiZk9uc3RhdGVJRCI7czoxOiIwIjtzOjk6ImNyb3BJbWFnZSI7czoxOiIwIjtzOjg6Im1heFdpZHRoIjtzOjE6IjAiO3M6OToibWF4SGVpZ2h0IjtzOjE6IjAiO3M6MTI6ImV4dGVybmFsTGluayI7czowOiIiO3M6MTU6ImludGVybmFsTGlua0NJRCI7czoxOiIwIjtzOjEwOiJmaWxlTGlua0lEIjtzOjE6IjAiO3M6MTk6Im9wZW5MaW5rSW5OZXdXaW5kb3ciO3M6MToiMCI7czo3OiJhbHRUZXh0IjtzOjMyOiIxMDAg0LvQtdGCINC90LDRiNC10LzRgyDQtNC+0LzRgyI7czo1OiJ0aXRsZSI7czowOiIiO30='),(1043,'','2020-09-02 21:49:23','2020-09-02 21:49:23',NULL,'1',1,1,NULL),(1044,'','2020-09-02 21:49:23','2020-09-02 21:49:23',NULL,'1',1,1,'TzozMjoiQ29uY3JldGVcQ29yZVxMZWdhY3lcQmxvY2tSZWNvcmQiOjM6e3M6MzoiYklEIjtzOjQ6IjEwNDQiO3M6OToiACoAX3RhYmxlIjtzOjE0OiJidENvbnRlbnRMb2NhbCI7czo3OiJjb250ZW50IjtzOjY3ODoiPHAgc3R5bGU9InRleHQtYWxpZ246IGNlbnRlcjsiPjxzcGFuIGNsYXNzPSJpbWFnZS1jYXB0aW9uIj4mbGFxdW870JfQtNGA0LDQstGB0YLQstGD0LksINCo0YLRg9GA0LzQsNC9LdCx0LDQsdCw0LkmcmFxdW87LiDQntGC0YDRi9Cy0L7QuiDQuNC3INC60LjQvdC+0LbRg9GA0L3QsNC70LAgJmxhcXVvO9Cd0LAg0JLQvtC70LPQtSDRiNC40YDQvtC60L7QuSZyYXF1bzsgKOKEliAxOCwgMTk3NSDQsy4pLjwvc3Bhbj48L3A+DQoNCjxwIHN0eWxlPSJ0ZXh0LWFsaWduOiBjZW50ZXI7Ij48c3BhbiBjbGFzcz0iaW1hZ2UtY2FwdGlvbiI+0JDQu9C10LrRgdCw0L3QtNGAINCb0LXQvtC90YLRjNC10LLQuNGHINCa0LDRgNC80LjQvSAmbmRhc2g7INCy0L7QtNC40YLQtdC70Ywg0L/QtdGA0LLQvtCz0L4g0LDQstGC0L7QsdGD0YHQsCDQsiDQmtCw0LfQsNC90LguINCS0L4g0LLRgNC10LzRjyDQktC10LvQuNC60L7QuSDQntGC0LXRh9C10YHRgtCy0LXQvdC90L7QuSDQstC+0LnQvdGLINGB0LHQuNC7IDE5INGB0LDQvNC+0LvRkdGC0L7Qsi4g0KHQstC+0Lgg0LHQvtC10LLRi9C1INC90LDQs9GA0LDQtNGLINCQLiDQmtCw0YDQvNC40L0g0L/QtdGA0LXQtNCw0LsgPHM+0KDQtdGB0L/Rg9Cx0LvQuNC60LDQvdGB0LrQvtC80YM8L3M+INCyINC80YPQt9C10Lkg0KLQkNCh0KHQoC48L3NwYW4+PC9wPg0KIjt9'),(1045,'','2020-09-02 21:49:23','2020-09-02 21:49:23',NULL,'1',1,1,'TzozMjoiQ29uY3JldGVcQ29yZVxMZWdhY3lcQmxvY2tSZWNvcmQiOjM6e3M6MzoiYklEIjtzOjQ6IjEwNDUiO3M6OToiACoAX3RhYmxlIjtzOjE0OiJidENvbnRlbnRMb2NhbCI7czo3OiJjb250ZW50IjtzOjEwNzE6IjxoMz7QnNC10YLRgNC+INGC0LDRgNC40YXRizwvaDM+DQoNCjxwPtCa0LDQt9Cw0L0g0LzQtdGC0YDQvtGB0YsgJm5kYXNoOyDQoNC+0YHRgdC40Y/QtNOZINC40qMg0Y/RiNC1LiDQo9C7IDIwMDUg0LXQu9C90YvSoyAyNyDQsNCy0LPRg9GB0YLRi9C90LTQsCwg0JrQsNC30LDQvdC90YvSoyDQvNC10qPRjNC10LvQu9GL0LPRi9C9INCx05nQudGA05nQvCDQuNGC0LrTmdC9INC10LvQtNCwINCw0YfRi9C70LAuINOYINGC06nQt9C10LvQtdGI0LUgJm5ic3A7MTk5NyDQtdC70LTQsCDRg9C6INCx0LDRiNC70LDQvdCwLiDQnNC10YLRgNC+INCw0YfRi9C70YvRiCDQstCw0LrRi9GC0YvQvdC00LAgJm5ic3A7NSAmbmJzcDvRgdGC0LDQvdGG0LjRjyDQuNGB05nQv9C705nQvdOZLiDQpdOZ0LfQtdGA0LPQtSDQstCw0LrRi9GC0YLQsCAoMjAyMCDQtdC7KSAmbmJzcDvQuNC90LTQtSAxMSDRgdGC0LDQvdGG0LjRjyDRjdGI0LvQuDog0JDQstC40LDRgtOp0LfQtdC70LXRiCwg0KLTqdC90YzRj9C6INCy0L7QutC30LDQuywg0K/RiNGM0LvQtdC6LCDQmtOZ0pfTmSDQsdC40YHRgtOZ0YHQtSwg0JrRgNC10LzQu9GMLCDQky7QotGD0LrQsNC5INC805nQudC00LDQvdGLLCDQodGD0LrQvdC+INCx0LjRgdGC05nRgdC1LCDTmNC805nRgiwg0JPQvtGA0LrQuCwg0pbQuNKj0q8g0L/RgNC+0YHQv9C10LrRgtGLLCDQmNC805nQvdC70LXQui4g05jQvNOZ0YIg0YHRgtCw0L3RhtC40Y/RgdC1ICZuZGFzaDsg0pfQuNGAINOp0YHRgtC10L3QtNOZLCDQutCw0LvQs9Cw0L0g0YHRgtCw0L3RhtC40Y/Qu9OZ0YAg0pfQuNGAINCw0YHRgtGL0L3QtNCwLiDQkNC70LDRgCDQsNGA0LDRgdGL0L3QtNCwINC40qMg0YLQuNGA05nQvdC1ICZuZGFzaDsg0JjQvNOZ0L3Qu9C10Log0YHRgtCw0L3RhtC40Y/RgdC1LjxiciAvPg0K0JzQtdGC0YDQvtC/0L7Qu9C40YLQtdC90LTQsCDQsdOp0YLQtdC9INC60q/RgNGB05nRgtC60LXRh9C705nRgCDTqdGHINGC0LXQu9C005k6INGC0LDRgtCw0YAsINGA0YPRgSDSu9OZ0Lwg0LjQvdCz0LvQuNC3INGC0LXQu9C705nRgNC10L3QtNOZINGP0LfRi9C70LPQsNC9LjwvcD4NCiI7fQ=='),(1046,'','2020-09-02 21:49:23','2020-09-02 21:49:23',NULL,'1',1,1,'TzozMjoiQ29uY3JldGVcQ29yZVxMZWdhY3lcQmxvY2tSZWNvcmQiOjM6e3M6MzoiYklEIjtzOjQ6IjEwNDYiO3M6OToiACoAX3RhYmxlIjtzOjE0OiJidENvbnRlbnRMb2NhbCI7czo3OiJjb250ZW50IjtzOjgxNDoiPHAgc3R5bGU9InRleHQtYWxpZ246IGNlbnRlcjsiPjxzcGFuIGNsYXNzPSJpbWFnZS1jYXB0aW9uIj48L3NwYW4+PHNwYW4gY2xhc3M9ImltYWdlLWNhcHRpb24iPtCe0YLRgNGL0LLQvtC6INC40Lcg0LrQuNC90L7QttGD0YDQvdCw0LvQsCZuYnNwOyZsYXF1bzvQotCw0YLQsNGA0YHRgtCw0L0mcmFxdW87Jm5ic3A7KOKEliAxLCZuYnNwOzE5OTcg0LPQvtC0ICkuINCf0YDQtdC30LjQtNC10L3RgiDQoNCiINCc0LjQvdGC0LjQvNC10YAg0KjQsNC50LzQuNC10LIsINCz0LvQsNCy0LAg0LDQtNC80LjQvdC40YHRgtGA0LDRhtC40Lgg0LPQvtGA0L7QtNCwINCa0LDQt9Cw0L3QuCDQmtCw0LzQuNC70Ywg0JjRgdGF0LDQutC+0LIsINCT0LXRgNC+0Lkg0KHQvtCy0LXRgtGB0LrQvtCz0L4g0KHQvtGO0LfQsCDQnNC40YXQsNC40Lsg0JTQtdCy0Y/RgtCw0LXQsiZuYnNwO9C90LAg0L/Qu9C+0YnQsNC00Lgg0KLRg9C60LDRjyZuYnNwO9C30LDQutC70LDQtNGL0LLQsNGO0YIg0LrQsNC/0YHRg9C70YMg0LIg0YfQtdGB0YLRjCDQvdCw0YfQsNC70LAg0YHRgtGA0L7QuNGC0LXQu9GM0YHRgtCy0LAg0LzQtdGC0YDQviDQsiDQmtCw0LfQsNC90LguPGI+PGk+PC9pPjwvYj48L3NwYW4+PHNwYW4gY2xhc3M9ImltYWdlLWNhcHRpb24iPjxiPjxpPjwvaT48L2I+PC9zcGFuPjxiciAvPg0KJm5ic3A7PC9wPg0KDQo8cCBzdHlsZT0idGV4dC1hbGlnbjogY2VudGVyOyI+Jm5ic3A7PC9wPg0KDQo8cCBzdHlsZT0idGV4dC1hbGlnbjogY2VudGVyOyI+PHNwYW4gY2xhc3M9ImltYWdlLWNhcHRpb24iPjwvc3Bhbj48YnIgLz4NCiZuYnNwOzwvcD4NCiI7fQ=='),(1047,'','2020-09-02 21:49:23','2020-09-02 21:49:23','breadcrumb.php','1',7,1,'TzozMjoiQ29uY3JldGVcQ29yZVxMZWdhY3lcQmxvY2tSZWNvcmQiOjEwOntzOjM6ImJJRCI7czo0OiIxMDQ3IjtzOjk6IgAqAF90YWJsZSI7czoxMjoiYnROYXZpZ2F0aW9uIjtzOjc6Im9yZGVyQnkiO3M6MTE6ImRpc3BsYXlfYXNjIjtzOjEyOiJkaXNwbGF5UGFnZXMiO3M6MzoidG9wIjtzOjE1OiJkaXNwbGF5UGFnZXNDSUQiO3M6MToiMCI7czoyMzoiZGlzcGxheVBhZ2VzSW5jbHVkZVNlbGYiO3M6MToiMCI7czoxNToiZGlzcGxheVN1YlBhZ2VzIjtzOjE5OiJyZWxldmFudF9icmVhZGNydW1iIjtzOjIwOiJkaXNwbGF5U3ViUGFnZUxldmVscyI7czo2OiJlbm91Z2giO3M6MjM6ImRpc3BsYXlTdWJQYWdlTGV2ZWxzTnVtIjtzOjE6IjAiO3M6MjM6ImRpc3BsYXlVbmF2YWlsYWJsZVBhZ2VzIjtzOjE6IjAiO30='),(1048,'','2020-09-02 21:49:23','2020-09-02 21:49:23','','1',3,1,'TzozMjoiQ29uY3JldGVcQ29yZVxMZWdhY3lcQmxvY2tSZWNvcmQiOjEzOntzOjM6ImJJRCI7czo0OiIxMDQ4IjtzOjk6IgAqAF90YWJsZSI7czoxNDoiYnRDb250ZW50SW1hZ2UiO3M6MzoiZklEIjtzOjM6IjE1NiI7czoxMDoiZk9uc3RhdGVJRCI7czoxOiIwIjtzOjk6ImNyb3BJbWFnZSI7czoxOiIwIjtzOjg6Im1heFdpZHRoIjtzOjE6IjAiO3M6OToibWF4SGVpZ2h0IjtzOjE6IjAiO3M6MTI6ImV4dGVybmFsTGluayI7czowOiIiO3M6MTU6ImludGVybmFsTGlua0NJRCI7czoxOiIwIjtzOjEwOiJmaWxlTGlua0lEIjtzOjE6IjAiO3M6MTk6Im9wZW5MaW5rSW5OZXdXaW5kb3ciO3M6MToiMCI7czo3OiJhbHRUZXh0IjtzOjMyOiIxMDAg0LvQtdGCINC90LDRiNC10LzRgyDQtNC+0LzRgyI7czo1OiJ0aXRsZSI7czowOiIiO30='),(1049,'','2020-09-02 21:49:24','2020-09-02 21:49:24',NULL,'1',1,1,NULL),(1050,'','2020-09-02 21:49:24','2020-09-02 21:49:24',NULL,'1',1,1,'TzozMjoiQ29uY3JldGVcQ29yZVxMZWdhY3lcQmxvY2tSZWNvcmQiOjM6e3M6MzoiYklEIjtzOjQ6IjEwNTAiO3M6OToiACoAX3RhYmxlIjtzOjE0OiJidENvbnRlbnRMb2NhbCI7czo3OiJjb250ZW50IjtzOjcwNToiPHAgc3R5bGU9InRleHQtYWxpZ246IGNlbnRlcjsiPjxzcGFuIGNsYXNzPSJpbWFnZS1jYXB0aW9uIj4yNSDQu9C10YIg0L/QtdGA0LLQvtC80YMg0LDQstGC0L7QvNC+0LHQuNC70Y4gJmxhcXVvO9Ca0LDQvNCQ0JcmcmFxdW87LiDQntGC0YDRi9Cy0L7QuiDQuNC3INC60LjQvdC+0LbRg9GA0L3QsNC70LAgJmxhcXVvO9Ci0LDRgtCw0YDRgdGC0LDQvSZyYXF1bzsgKDIwMDEg0LPQvtC0LCDihJYgMjgpPC9zcGFuPjwvcD4NCg0KPHAgc3R5bGU9InRleHQtYWxpZ246IGNlbnRlcjsiPjxzcGFuIGNsYXNzPSJpbWFnZS1jYXB0aW9uIj48L3NwYW4+PHNwYW4gY2xhc3M9ImltYWdlLWNhcHRpb24iPtCf0YDQtdC30LjQtNC10L3RgiDQoNC10YHQv9GD0LHQu9C40LrQuCDQotCw0YLQsNGA0YHRgtCw0L0g0JzQuNC90YLQuNC80LXRgCDQqNCw0LnQvNC40LXQsiDQsiDRhtC10YXQtSDQt9Cw0LLQvtC00LAgJmxhcXVvO9Ca0LDQvNCQ0JcmcmFxdW87INC/0L7Qt9C00YDQsNCy0LvRj9C10YIg0YPRh9Cw0YHRgtC90LjQutC+0LIg0YHQsdC+0YDQutC4INC/0LXRgNCy0L7Qs9C+ICZsYXF1bzvQmtCw0LzQkNCX0LAmcmFxdW87INGBIDI1LdC70LXRgtC40LXQvCDQstGL0L/Rg9GB0LrQsCDQsNCy0YLQvtC80L7QsdC40LvRjyAmbGFxdW870JrQsNC80JDQlyZyYXF1bzsuPC9zcGFuPjxzcGFuIGNsYXNzPSJpbWFnZS1jYXB0aW9uIj48L3NwYW4+PC9wPg0KIjt9'),(1051,'','2020-09-02 21:49:24','2020-09-02 21:49:24','breadcrumb.php','1',7,1,'TzozMjoiQ29uY3JldGVcQ29yZVxMZWdhY3lcQmxvY2tSZWNvcmQiOjEwOntzOjM6ImJJRCI7czo0OiIxMDUxIjtzOjk6IgAqAF90YWJsZSI7czoxMjoiYnROYXZpZ2F0aW9uIjtzOjc6Im9yZGVyQnkiO3M6MTE6ImRpc3BsYXlfYXNjIjtzOjEyOiJkaXNwbGF5UGFnZXMiO3M6MzoidG9wIjtzOjE1OiJkaXNwbGF5UGFnZXNDSUQiO3M6MToiMCI7czoyMzoiZGlzcGxheVBhZ2VzSW5jbHVkZVNlbGYiO3M6MToiMCI7czoxNToiZGlzcGxheVN1YlBhZ2VzIjtzOjE5OiJyZWxldmFudF9icmVhZGNydW1iIjtzOjIwOiJkaXNwbGF5U3ViUGFnZUxldmVscyI7czo2OiJlbm91Z2giO3M6MjM6ImRpc3BsYXlTdWJQYWdlTGV2ZWxzTnVtIjtzOjE6IjAiO3M6MjM6ImRpc3BsYXlVbmF2YWlsYWJsZVBhZ2VzIjtzOjE6IjAiO30='),(1052,'','2020-09-02 21:49:24','2020-09-02 21:49:24','','1',3,1,'TzozMjoiQ29uY3JldGVcQ29yZVxMZWdhY3lcQmxvY2tSZWNvcmQiOjEzOntzOjM6ImJJRCI7czo0OiIxMDUyIjtzOjk6IgAqAF90YWJsZSI7czoxNDoiYnRDb250ZW50SW1hZ2UiO3M6MzoiZklEIjtzOjM6IjE1NSI7czoxMDoiZk9uc3RhdGVJRCI7czoxOiIwIjtzOjk6ImNyb3BJbWFnZSI7czoxOiIwIjtzOjg6Im1heFdpZHRoIjtzOjE6IjAiO3M6OToibWF4SGVpZ2h0IjtzOjE6IjAiO3M6MTI6ImV4dGVybmFsTGluayI7czowOiIiO3M6MTU6ImludGVybmFsTGlua0NJRCI7czoxOiIwIjtzOjEwOiJmaWxlTGlua0lEIjtzOjE6IjAiO3M6MTk6Im9wZW5MaW5rSW5OZXdXaW5kb3ciO3M6MToiMCI7czo3OiJhbHRUZXh0IjtzOjMyOiIxMDAg0LvQtdGCINC90LDRiNC10LzRgyDQtNC+0LzRgyI7czo1OiJ0aXRsZSI7czowOiIiO30='),(1053,'','2020-09-02 21:49:24','2020-09-02 21:49:24',NULL,'1',1,1,'TzozMjoiQ29uY3JldGVcQ29yZVxMZWdhY3lcQmxvY2tSZWNvcmQiOjM6e3M6MzoiYklEIjtzOjQ6IjEwNTMiO3M6OToiACoAX3RhYmxlIjtzOjE0OiJidENvbnRlbnRMb2NhbCI7czo3OiJjb250ZW50IjtzOjc3MDoiPGgzPtCo06nQs9C10YAg0L3QtdGE0YLRjCDRh9GL0LPQsNC90LDQs9GLPC9oMz4NCg0KPHA+MTk0MSDQtdC70LTQsCDRgNC10YHQv9GD0LHQu9C40LrQsNC00LAgJm5ic3A70L3QtdGE0YLRjCDRgtCw0LHRgyDQvNCw0LrRgdCw0YLRi9C90LTQsCDQsdC+0YDQsNGD0LvQsNGDINGN0YjQu9OZ0YDQtSDQsdCw0YjQu9Cw0L3QsC4gMTk0MyDQtdC70L3Ri9KjIDI1INC40Y7Qu9C10L3QtNOZICZuYnNwO9Ci0LDRgtCw0YDRgdGC0LDQvdC00LAgMSDQvdGH0LUg0L3QvtC80LXRgNC70Ysg0YHQutCy0LDQttC40L3QsNC00LDQvSDRgtOZ0q/Qs9C1INC90LXRhNGC0Ywg0YTQvtC90YLQsNC90Ysg0LDRgtCwLiDQodC60LLQsNC20LjQvdCwINCo06nQs9C10YAg0LDQstGL0LvRiyAo0LHSr9Cz0LXQvSAmbmRhc2g7INCb0LXQvdC40L3QvtCz0L7RgNGB0Log0YDQsNC50L7QvdGLKSDRj9C90YvQvdC00LAg0LHQvtGA0LDRg9C70LDQvdCwLiDQkdC10YAg0LDRgtC90LDQtNCw0L0g0YHQvtKjINGA0LXRgdC/0YPQsdC70LjQutCw0LTQsCDQqNOp0LPQtdGAINC90LXRhNGC0Ywg0YfRi9Cz0LDQvdCw0LPRiyDQsNGH0YvQu9GD0Ysg0YLRg9GA0YvQvdC00LAg0YXTmdCx05nRgCDQuNGC05nQu9OZ0YAuINCd05nQutGKINC80LXQvdOZINGI0YPRiNGLINGB0LrQstCw0LbQuNC90LDQtNCw0L0g0KLQsNGC0LDRgNGB0YLQsNC90L3Ri9KjINC30YPRgCDQvdC10YTRgtC1INGC0LDRgNC40YXRiyDQsdCw0YjQu9Cw0L3QsCZuYnNwO9C00LAuPC9wPg0KDQo8cD4mbmJzcDs8L3A+DQoiO30='),(1054,'','2020-09-02 21:49:24','2020-09-02 21:49:24',NULL,'1',1,1,'TzozMjoiQ29uY3JldGVcQ29yZVxMZWdhY3lcQmxvY2tSZWNvcmQiOjM6e3M6MzoiYklEIjtzOjQ6IjEwNTQiO3M6OToiACoAX3RhYmxlIjtzOjE0OiJidENvbnRlbnRMb2NhbCI7czo3OiJjb250ZW50IjtzOjE2MjoiPHAgc3R5bGU9InRleHQtYWxpZ246IGNlbnRlcjsiPjxzcGFuIGNsYXNzPSJpbWFnZS1jYXB0aW9uIj7QntGC0YDRi9Cy0L7QuiDQuNC3INGE0LjQu9GM0LzQsCAmbGFxdW870J3QtdGE0YLRj9C90LjQutC4INCi0LDRgtCw0YDQuNC4Jm5ic3A7KDE5ODEg0LMuKS48L3NwYW4+PC9wPg0KIjt9'),(1055,'','2020-09-02 21:49:24','2020-09-02 21:49:24',NULL,'1',1,1,'TzozMjoiQ29uY3JldGVcQ29yZVxMZWdhY3lcQmxvY2tSZWNvcmQiOjM6e3M6MzoiYklEIjtzOjQ6IjEwNTUiO3M6OToiACoAX3RhYmxlIjtzOjE0OiJidENvbnRlbnRMb2NhbCI7czo3OiJjb250ZW50IjtzOjEzMjE6IjxoMz7QoNC+0LzQsNGI0LrQuNC90L4g0L3QtdGE0YLRjCDRh9GL0LPQsNC90LDQs9GLPC9oMz4NCg0KPHA+MTk0NiDQtdC70LTQsCDQqNOp0LPQtdGAINGH0YvQs9Cw0L3QsNCz0YvQvdC90LDQvSAyMCDQutC8INC10YDQsNC60LvRi9C60YLQsCwgJm5ic3A70KDQvtC80LDRiNC60LjQvdC+INCw0LLRi9C70Ysg0Y/QvdGL0L3QtNCwLCAzINC90YfQtSDQvdC+0LzQtdGA0LvRiyDRgNCw0LfQstC10LTQutCwICZuYnNwO9GB0LrQstCw0LbQuNC90LDRgdGLINGC06nQt9C10LvQtdGI0LUg0LHQsNGI0LvQsNC90LAuIDE5NDgg0LXQu9C90YvSoyAmbmJzcDvQuNGO0L3QtdC90LTTmSDRgtOZ0q/Qu9C10LPQtdC905kgMTIwINGC0L7QvdC90LAg0L3QtdGE0YLRjCDRh9GL0LPQsNGA0YvRgNCz0LAg0YHTmdC705nRgtC70LUg0YTQvtC90YLQsNC9INCw0YLQsCDQsdCw0YjQu9GL0LkuINOY0LvQtdCz0LUg0L3QtdGE0YLRjCDRgdC60LLQsNC20LjQvdCw0YHRiyDTmdC50LvTmdC905nRgdC10L3QtNOZLCDQsdC10YDQvdC40YfTmSDQutC40LvQvtC80LXRgtGAINC10YDQsNC60LvRi9C60YLQsCDRj9Kj0LDQu9Cw0YDRiyDQsdC+0YDQsNGD0LvQsNC90LAuINCQ0L3QtNCwINC00LAg0L3QtdGE0YLRjCDRhNC+0L3RgtCw0L3QvdCw0YDRiyDQsNGC0LAuINCo0YPQu9Cw0Lkg0LjRgtC10L8g0KLQsNGC0LDRgNGB0YLQsNC90L3Ri9KjINC606nQvdGM0Y/Qui3QutOp0L3Rh9GL0LPRi9GI0YvQvdC00LAg0YPQvdC40LrQsNC70Ywg0KDQvtC80LDRiNC60LjQvdC+INC90LXRhNGC0Ywg0YfRi9Cz0LDQvdCw0LPRiyDQsNGH0YvQu9CwLiDQo9C7INC006nQvdGM0Y/QtNCw0LPRiyDQuNKjINGN0YDQtSDRg9C9INGH0YvQs9Cw0L3QsNC6INC40YHTmdCx0LXQvdOZINC60LXRgNOZLiZuYnNwOzwvcD4NCg0KPHA+PGNvbmNyZXRlLXBpY3R1cmUgZmlkPSIxNzciIGFsdD0iMjE3Nl8xLmpwZyIgaGVpZ2h0PSIzNzkiIHdpZHRoPSI2MDAiIC8+PC9wPg0KDQo8cCBzdHlsZT0idGV4dC1hbGlnbjogY2VudGVyOyI+PHNwYW4gY2xhc3M9ImltYWdlLWNhcHRpb24iPtCf0LXRgNC10LTQvtCy0LDRjyDQsdGA0LjQs9Cw0LTQsCDQvdC10YTRgtGP0L3QuNC60L7QsiDQoNC10YHQv9GD0LHQu9C40LrQuCDQotCw0YLQsNGA0YHRgtCw0L0g0L3QsCDQsdGD0YDQvtCy0L7QuS4mbmJzcDsoMjAwMSDQsy4sINC80LXRgdGC0L4g0L3QtdC40LfQstC10YHRgtC90L4sINCw0LLRgtC+0YAg0L3QtdC40LfQstC10YHRgtC10L0sINGA0LXQtNCw0LrRhtC40Y8g0LPQsNC30LXRgtGLICZsYXF1bzvQnNCw0LTQsNC90Lgg0LbQvtC80LPQsCZyYXF1bzsuKTwvc3Bhbj48L3A+DQoiO30='),(1056,'','2020-09-02 21:49:24','2020-09-02 21:49:24',NULL,'1',1,1,'TzozMjoiQ29uY3JldGVcQ29yZVxMZWdhY3lcQmxvY2tSZWNvcmQiOjM6e3M6MzoiYklEIjtzOjQ6IjEwNTYiO3M6OToiACoAX3RhYmxlIjtzOjE0OiJidENvbnRlbnRMb2NhbCI7czo3OiJjb250ZW50IjtzOjEzMjQ6IjxoMz7QndC10YTRgtGM0YLTmdC9INC905nRgNGB05nQu9OZ0YAg0Y/RgdGL0LnQu9Cw0YA8L2gzPg0KDQo8cD4xOTcxINC10LvQtNCwINCi0LDRgtCw0YDRgdGC0LDQvdC00LAg0LHQtdGA0LXQvdGH0LUg0LzQuNC70LvQuNCw0YDQtCDRgtC+0L3QvdCwINC90LXRhNGC0Ywg0YfRi9Cz0LDRgNGL0LvQsC4g0JHRgyDRgNC10YHQv9GD0LHQu9C40LrQsNC00LAg0LHQtdGA0LXQvdGH0LUg0YfRi9Cz0LDQvdCw0Log0LDRh9GL0LvQs9Cw0L3QvdCw0L0g0YHQvtKjIDI4INC10Lsg0q/RgtC605nRhyDQsdGD0LvQsC4g05ggMTk4MSDQtdC70LTQsCDQuNC60LXQvdGH0LUg0LzQuNC70LvQuNCw0YDQtCDRgtC+0L3QvdCwINC90LXRhNGC0Ywg0YLQsNCx0YvQu9CwLiDQotCw0LHRi9C70LPQsNC9INC90LXRhNGC0YzQvdC10qMg0LfRg9GAINOp0LvQtdGI0LUg0YLTqdGA0LvQtSDRj9Cz0YPQu9GL0LrQu9Cw0YAg0pfQuNGC0LXRiNGC0LXRgNKv0LPTmSDQutC40YLTmS4g0JzTmdGB05nQu9OZ0L0sINCx0LXQvdC30LjQvSwg0LrQtdGA0L7RgdC40L0sINC00LjQt9C10LvRjCDRj9Cz0YPQu9GL0LPRiywg0YHRg9C00L3QvtC70LDRgCDTqdGH0LXQvSDRj9Cz0YPQu9GL0Log0rvTmdC8INCx0LDRiNC60LDQu9Cw0YAuINCo0YPQu9Cw0Lkg0YPQuiDQvdC10YTRgtGMINGB0LjQvdGC0LXRgtC40Log0YLRg9C60YvQvNCw0LvQsNGALCDQv9C70LDRgdGC0LzQsNGB0YHQsCDSu9OZ0Lwg0YDQtdC30LjQvdCwINKX0LjRgtC10YjRgtC10YDSr9C005kg0LTTmSDQutGD0LvQu9Cw0L3Ri9C70LAuJm5ic3A70J3QtdGE0YLRjNC90LUg0Y3RiNC605nRgNGC0LrTmdC90L3TmdC9INGB0L7SoyDQutCw0LvQs9Cw0L0g0LrQsNC70LTRi9C60LvQsNGAINGC06nQt9C10LvQtdGIINC80LDRgtC10YDQuNCw0LvQu9Cw0YDRiyAmbmRhc2g7INCz0YPQtNGA0L7QvSDSu9OZ0Lwg0LHQuNGC0YPQvCDRj9GB0LDRgyDTqdGH0LXQvSDRhNCw0LnQtNCw0LvQsNC90YvQu9CwLiDTmCDQsdC40YLRg9C80LPQsCDQvNC40L3QtdGA0LDQu9GMINC80LDRgtC005nQu9OZ0YAg0LHQtdC705nQvSDQutGD0YjRi9C/ICZuYnNwO9Cw0YHRhNCw0LvRjNGCINGP0YHRi9C50LvQsNGALiDQndC10YTRgtGM0YLTmdC9INC80LDQudC70LDRgyDQvNCw0YLQtNOZ0LvTmdGA0LUsINGN0YDQtdGC0LrQtdGH0LvTmdGALCDQtNCw0YDRg9C70LDRgCwg0LrQvtGB0LzQtdGC0LjQutCwINK705nQvCDRg9C10L3Rh9GL0LrQu9Cw0YAgJm5ic3A70pfQuNGC0LXRiNGC0LXRgNKv0LTTmSDQutGD0LvQu9Cw0L3Ri9C70LAg0YLQvtGA0LPQsNC9INC80LDRgtC005nQu9OZ0YAg0LDQu9GL0L3QsC48L3A+DQoiO30='),(1057,'','2020-09-02 21:49:24','2020-09-02 21:49:24',NULL,'1',1,1,'TzozMjoiQ29uY3JldGVcQ29yZVxMZWdhY3lcQmxvY2tSZWNvcmQiOjM6e3M6MzoiYklEIjtzOjQ6IjEwNTciO3M6OToiACoAX3RhYmxlIjtzOjE0OiJidENvbnRlbnRMb2NhbCI7czo3OiJjb250ZW50IjtzOjE2MjoiPHAgc3R5bGU9InRleHQtYWxpZ246IGNlbnRlcjsiPjxzcGFuIGNsYXNzPSJpbWFnZS1jYXB0aW9uIj7QntGC0YDRi9Cy0L7QuiDQuNC3INGE0LjQu9GM0LzQsCAmbGFxdW870J3QtdGE0YLRj9C90LjQutC4INCi0LDRgtCw0YDQuNC4Jm5ic3A7KDE5ODEg0LMuKS48L3NwYW4+PC9wPg0KIjt9'),(1058,'','2020-09-02 21:49:24','2020-09-02 21:49:24',NULL,'1',1,1,'TzozMjoiQ29uY3JldGVcQ29yZVxMZWdhY3lcQmxvY2tSZWNvcmQiOjM6e3M6MzoiYklEIjtzOjQ6IjEwNTgiO3M6OToiACoAX3RhYmxlIjtzOjE0OiJidENvbnRlbnRMb2NhbCI7czo3OiJjb250ZW50IjtzOjgyODoiPGgzPtCd0LXRhNGC0Ywg0LzRg9C30LXQudC70LDRgNGLPC9oMz4NCg0KPHA+0JjQu9C005kg0LHQtdGA0LXQvdGH0LUg0J3QtdGE0YLRjCDQvNGD0LfQtdC1IDE5Njgg0LXQu9C00LAg0JvQtdC90LjQvdC+0LPQvtGA0YHQutC40LTQsCDQsNGH0YvQu9CwLiDQnNGD0LfQtdC50LTQsCDQotCw0YLQsNGA0YHRgtCw0L0g0L3QtdGE0YLQtSDRgtCw0YDQuNGF0Ysg0LHQtdC705nQvSDRgtCw0L3Ri9GI0YvRgNCz0LAg0LzTqdC80LrQuNC9LiDQl9Cw0LvQu9Cw0YDQtNCwINGN0LrRgdC/0L7QvdCw0YLQu9Cw0YAsINC80LDQutC10YLQu9Cw0YAsINCw0YDRhdC40LIg0LTQvtC60YPQvNC10L3RgtC70LDRgNGLINGD0YDQvdCw0YjRgtGL0YDRi9C70LPQsNC9LiDQrdC60YHQutGD0YDRgdC40Y/Qu9OZ0YDQvdC1INC60YvQt9GL0LrQu9GL0YDQsNC6INC40YLSryDTqdGH0LXQvSDQt9Cw0LzQsNC90YfQsCDQvNGD0LfQtdC5INGC0LXRhdC90L7Qu9C+0LPQuNGP0LvTmdGA0LUg0LTTmSDQutGD0LvQu9Cw0L3Ri9C70LAuJm5ic3A7PGJyIC8+DQombmJzcDsyMDE1INC10LvQtNCwINCd0LXRhNGC0Ywg0LzRg9C30LXQtSDQutC40qPTmdC50YLQtdC705kuINCo06nQs9C10YDQtNOZINCx0LjRgtGD0Lwg0LfQsNCy0L7QtNGLINGD0YDRi9C90YvQvdC00LAg0LDRh9GL0Log0rvQsNCy0LAg0LDRgdGC0YvQvdC00LDQs9GLINC80YPQt9C10Lkg0LDRh9GL0LvQsC4g0JzQvtC90LTQsCAmbmJzcDvRiNGC0L7Qu9GM0L3Rj9C90YssINGN0YDQtdGC0q8sINC90LXRhNGC0Ywg0LrRg9C00YvRgNGDINGG0LXRhdC70LDRgNGL0L0g0LrQsNGA0LDRgNCz0LAg0LHRg9C70LAuPC9wPg0KIjt9'),(1059,'','2020-09-02 21:49:24','2020-09-02 21:49:24',NULL,'1',1,1,'TzozMjoiQ29uY3JldGVcQ29yZVxMZWdhY3lcQmxvY2tSZWNvcmQiOjM6e3M6MzoiYklEIjtzOjQ6IjEwNTkiO3M6OToiACoAX3RhYmxlIjtzOjE0OiJidENvbnRlbnRMb2NhbCI7czo3OiJjb250ZW50IjtzOjE2MjoiPHAgc3R5bGU9InRleHQtYWxpZ246IGNlbnRlcjsiPjxzcGFuIGNsYXNzPSJpbWFnZS1jYXB0aW9uIj7QntGC0YDRi9Cy0L7QuiDQuNC3INGE0LjQu9GM0LzQsCAmbGFxdW870J3QtdGE0YLRj9C90LjQutC4INCi0LDRgtCw0YDQuNC4Jm5ic3A7KDE5ODEg0LMuKS48L3NwYW4+PC9wPg0KIjt9'),(1060,'','2020-09-02 21:49:24','2020-09-02 21:49:24','breadcrumb.php','1',7,1,'TzozMjoiQ29uY3JldGVcQ29yZVxMZWdhY3lcQmxvY2tSZWNvcmQiOjEwOntzOjM6ImJJRCI7czo0OiIxMDYwIjtzOjk6IgAqAF90YWJsZSI7czoxMjoiYnROYXZpZ2F0aW9uIjtzOjc6Im9yZGVyQnkiO3M6MTE6ImRpc3BsYXlfYXNjIjtzOjEyOiJkaXNwbGF5UGFnZXMiO3M6MzoidG9wIjtzOjE1OiJkaXNwbGF5UGFnZXNDSUQiO3M6MToiMCI7czoyMzoiZGlzcGxheVBhZ2VzSW5jbHVkZVNlbGYiO3M6MToiMCI7czoxNToiZGlzcGxheVN1YlBhZ2VzIjtzOjE5OiJyZWxldmFudF9icmVhZGNydW1iIjtzOjIwOiJkaXNwbGF5U3ViUGFnZUxldmVscyI7czo2OiJlbm91Z2giO3M6MjM6ImRpc3BsYXlTdWJQYWdlTGV2ZWxzTnVtIjtzOjE6IjAiO3M6MjM6ImRpc3BsYXlVbmF2YWlsYWJsZVBhZ2VzIjtzOjE6IjAiO30='),(1061,'','2020-09-02 21:49:24','2020-09-02 21:49:24','','1',3,1,'TzozMjoiQ29uY3JldGVcQ29yZVxMZWdhY3lcQmxvY2tSZWNvcmQiOjEzOntzOjM6ImJJRCI7czo0OiIxMDYxIjtzOjk6IgAqAF90YWJsZSI7czoxNDoiYnRDb250ZW50SW1hZ2UiO3M6MzoiZklEIjtzOjM6IjIxNyI7czoxMDoiZk9uc3RhdGVJRCI7czoxOiIwIjtzOjk6ImNyb3BJbWFnZSI7czoxOiIwIjtzOjg6Im1heFdpZHRoIjtzOjE6IjAiO3M6OToibWF4SGVpZ2h0IjtzOjE6IjAiO3M6MTI6ImV4dGVybmFsTGluayI7czowOiIiO3M6MTU6ImludGVybmFsTGlua0NJRCI7czoxOiIwIjtzOjEwOiJmaWxlTGlua0lEIjtzOjE6IjAiO3M6MTk6Im9wZW5MaW5rSW5OZXdXaW5kb3ciO3M6MToiMCI7czo3OiJhbHRUZXh0IjtzOjMyOiIxMDAg0LvQtdGCINC90LDRiNC10LzRgyDQtNC+0LzRgyI7czo1OiJ0aXRsZSI7czowOiIiO30='),(1062,'','2020-09-02 21:49:24','2020-09-02 21:49:24',NULL,'1',1,1,NULL),(1063,'','2020-09-02 21:49:24','2020-09-02 21:49:24',NULL,'1',1,1,'TzozMjoiQ29uY3JldGVcQ29yZVxMZWdhY3lcQmxvY2tSZWNvcmQiOjM6e3M6MzoiYklEIjtzOjQ6IjEwNjMiO3M6OToiACoAX3RhYmxlIjtzOjE0OiJidENvbnRlbnRMb2NhbCI7czo3OiJjb250ZW50IjtzOjE3MzoiPHA+PHNwYW4gY2xhc3M9ImltYWdlLWNhcHRpb24iPtCe0YLRgNGL0LLQvtC6INC40Lcg0LTQvtC60YPQvNC10L3RgtCw0LvRjNC90L7Qs9C+INGE0LjQu9GM0LzQsCAmbGFxdW870KHQvtCy0LXRgtGB0LrQuNC5INCi0LDRgtCw0YDRgdGC0LDQvSZyYXF1bzsgKDE5NDUg0LPQvtC0KTwvc3Bhbj48L3A+DQoiO30='),(1064,'','2020-09-02 21:49:25','2020-09-02 21:49:25',NULL,'1',1,1,'TzozMjoiQ29uY3JldGVcQ29yZVxMZWdhY3lcQmxvY2tSZWNvcmQiOjM6e3M6MzoiYklEIjtzOjQ6IjEwNjQiO3M6OToiACoAX3RhYmxlIjtzOjE0OiJidENvbnRlbnRMb2NhbCI7czo3OiJjb250ZW50IjtzOjE3MzoiPHA+PHNwYW4gY2xhc3M9ImltYWdlLWNhcHRpb24iPtCe0YLRgNGL0LLQvtC6INC40Lcg0LTQvtC60YPQvNC10L3RgtCw0LvRjNC90L7Qs9C+INGE0LjQu9GM0LzQsCAmbGFxdW870KHQvtCy0LXRgtGB0LrQuNC5INCi0LDRgtCw0YDRgdGC0LDQvSZyYXF1bzsgKDE5NDUg0LPQvtC0KTwvc3Bhbj48L3A+DQoiO30='),(1065,'','2020-09-02 21:49:25','2020-09-02 21:49:25','breadcrumb.php','1',7,1,'TzozMjoiQ29uY3JldGVcQ29yZVxMZWdhY3lcQmxvY2tSZWNvcmQiOjEwOntzOjM6ImJJRCI7czo0OiIxMDY1IjtzOjk6IgAqAF90YWJsZSI7czoxMjoiYnROYXZpZ2F0aW9uIjtzOjc6Im9yZGVyQnkiO3M6MTE6ImRpc3BsYXlfYXNjIjtzOjEyOiJkaXNwbGF5UGFnZXMiO3M6MzoidG9wIjtzOjE1OiJkaXNwbGF5UGFnZXNDSUQiO3M6MToiMCI7czoyMzoiZGlzcGxheVBhZ2VzSW5jbHVkZVNlbGYiO3M6MToiMCI7czoxNToiZGlzcGxheVN1YlBhZ2VzIjtzOjE5OiJyZWxldmFudF9icmVhZGNydW1iIjtzOjIwOiJkaXNwbGF5U3ViUGFnZUxldmVscyI7czo2OiJlbm91Z2giO3M6MjM6ImRpc3BsYXlTdWJQYWdlTGV2ZWxzTnVtIjtzOjE6IjAiO3M6MjM6ImRpc3BsYXlVbmF2YWlsYWJsZVBhZ2VzIjtzOjE6IjAiO30='),(1066,'','2020-09-02 21:49:25','2020-09-02 21:49:25','','1',3,1,'TzozMjoiQ29uY3JldGVcQ29yZVxMZWdhY3lcQmxvY2tSZWNvcmQiOjEzOntzOjM6ImJJRCI7czo0OiIxMDY2IjtzOjk6IgAqAF90YWJsZSI7czoxNDoiYnRDb250ZW50SW1hZ2UiO3M6MzoiZklEIjtzOjM6IjIxOCI7czoxMDoiZk9uc3RhdGVJRCI7czoxOiIwIjtzOjk6ImNyb3BJbWFnZSI7czoxOiIwIjtzOjg6Im1heFdpZHRoIjtzOjE6IjAiO3M6OToibWF4SGVpZ2h0IjtzOjE6IjAiO3M6MTI6ImV4dGVybmFsTGluayI7czowOiIiO3M6MTU6ImludGVybmFsTGlua0NJRCI7czoxOiIwIjtzOjEwOiJmaWxlTGlua0lEIjtzOjE6IjAiO3M6MTk6Im9wZW5MaW5rSW5OZXdXaW5kb3ciO3M6MToiMCI7czo3OiJhbHRUZXh0IjtzOjMyOiIxMDAg0LvQtdGCINC90LDRiNC10LzRgyDQtNC+0LzRgyI7czo1OiJ0aXRsZSI7czowOiIiO30='),(1067,'','2020-09-02 21:49:26','2020-09-02 21:49:26',NULL,'1',1,1,'TzozMjoiQ29uY3JldGVcQ29yZVxMZWdhY3lcQmxvY2tSZWNvcmQiOjM6e3M6MzoiYklEIjtzOjQ6IjEwNjciO3M6OToiACoAX3RhYmxlIjtzOjE0OiJidENvbnRlbnRMb2NhbCI7czo3OiJjb250ZW50IjtzOjIzNDM6IjxoMz7QotCw0YLQsNGA0YHRgtCw0L3QtNCwINC80LXQtNC40YbQuNC90LA8L2gzPg0KDQo8cD7QoNC10YHQv9GD0LHQu9C40LrQsNC00LAg0LzQtdC00LjRhtC40L3QsCDQutOp0YfQu9C1INCw0LTRi9C80L3QsNGAINGP0YHRi9C5LiDQotCw0YLQsNGA0YHRgtCw0L0g0YLQsNCx0LjQsdC70LDRgNGLINCw0LLRi9GA0YPQu9Cw0YDQvdGLINKX0LjSo9C10L8g0LrQtdC905kg0LrQsNC70LzRi9C5LCDQsNC70LDRgNC90Ysg0LrQuNGB05nRgtKvINCx0LXQu9OZ0L0g0LTTmSDRiNOp0LPRi9C70YzQu9OZ0L3TmS4g0KLQsNCx0LjQsdC70LDRgCAmbmJzcDvQutCw0LnQsdC10YAg0L7Rh9GA0LDQutC70LDRgNC00LAg0LzQvtCz0pfQuNC30LDQs9CwINGC0LjSoyDRg9C90LjQutCw0LvRjCDQvtC/0LXRgNCw0YbQuNGP0LvTmdGAINGP0YHQsNGA0LPQsCDTqdC50YDTmdC90LTQtdC705nRgC4g0KLQsNGC0LDRgNGB0YLQsNC90L3Ri9KjINOZ0LnQtNOZ0L8g0LHQsNGA0YPRh9GLINC80LXQtNC40YbQuNC90LAg0q/Qt9OZ0LrQu9OZ0YDQtSDQoNC+0YHRgdC40Y/QtNOZINCz0LXQvdOZINGC0q/Qs9C10LssINGH0LjRgiDQuNC70LvTmdGA0LTTmSDQtNOZINGC0LDQvdGL0LvRgyDQsNC70LAuINOY0LnRgtC40LosICZuYnNwO9Cg0LXRgdC/0YPQsdC70LjQutCwINC60LvQuNC90LjQuiDRhdCw0YHRgtCw0YXQsNC905nRgdC1LCDQkdCw0LvQsNC70LDRgCDRgNC10YHQv9GD0LHQu9C40LrQsCDQutC70LjQvdC40Log0YXQsNGB0YLQsNGF0LDQvdOZ0YHQtSwg0KLTqdCx05nQutCw0YDQsCDQutC70LjQvdC40LrQsC3QtNC40LDQs9C90L7RgdGC0LjQutCwINKv0LfTmdCz0LUg0rvTmdC8INCi0YDQsNCy0LzQsNGC0L7Qu9C+0LPQuNGPINK705nQvCDQvtGA0YLQvtC/0LXQtNC40Y8g0YTTmdC90L3QuC3RgtC40LrRiNC10YDQtdC90q8g0q/Qt9OZ0LPQtS4g0KDQtdGB0L/Rg9Cx0LvQuNC60LAg0YjTmdK705nRgNC705nRgNC10L3QtNOZINK705nQvCDRhdOZ0YLRgtCwINC30YPRgCDQsdGD0LvQvNCw0LPQsNC9INCx0LjRgdGC05nQu9OZ0YDQtNOZINC005kgJm5ic3A70YXQsNGB0YLQsNGF0LDQvdOZ0LvTmdGALCDRhNC10LvRjNC00YjQtdGA0LvRi9C6INC/0YPQvdC60YLQu9Cw0YDRiyDRjdGI0LvQuC48L3A+DQoNCjxwPjxjb25jcmV0ZS1waWN0dXJlIGZpZD0iMjAyIiBhbHQ9IjIyMDYuanBnIiBoZWlnaHQ9IjQ1OCIgd2lkdGg9IjYwMCIgLz48L3A+DQoNCjxwPjxzcGFuIGNsYXNzPSJpbWFnZS1jYXB0aW9uIj48L3NwYW4+PHNwYW4gY2xhc3M9ImltYWdlLWNhcHRpb24iPtCS0YDQsNGHINCT0LDQu9GP0LvQtdGC0LTQuNC90L7QsiDQndCw0YHQuNGFINCy0LXQtNC10YIg0L/RgNC40LXQvCDQsdC+0LvRjNC90YvRhSDQsiDRg9GH0LDRgdGC0LrQvtCy0L7QuSDQsdC+0LvRjNC90LjRhtC1INGB0LXQu9CwINCc0L7RgNGC0YsgKDIwMDEg0LPQvtC0LCDQodCw0YDQvNCw0L3QvtCy0YHQutC40Lkg0YDQsNC50L7QvSDQoNCiLCDQsNCy0YLQvtGAINCo0LDQutC40YDQt9GP0L3QvtCyLCDRgNC10LTQsNC60YbQuNGPINCz0LDQt9C10YLRiyAmbGFxdW870KDQtdGB0L/Rg9Cx0LvQuNC60LAg0KLQsNGC0LDRgNGB0YLQsNC9JnJhcXVvOyk8L3NwYW4+PHNwYW4gY2xhc3M9ImltYWdlLWNhcHRpb24iPjwvc3Bhbj48L3A+DQoNCjxwPjxjb25jcmV0ZS1waWN0dXJlIGZpZD0iMjAzIiBhbHQ9Ijg4ODBfMTAuSlBHIiBoZWlnaHQ9IjQwMCIgd2lkdGg9IjYwMCIgLz48L3A+DQoNCjxwPjxzcGFuIGNsYXNzPSJpbWFnZS1jYXB0aW9uIj7Qn9Cw0YbQuNC10L3RgtGLINC+0L3QutC+0LPQtdC80LDRgtC+0LvQvtCz0LjRh9C10YHQutC+0LPQviDQvtGC0LTQtdC70LXQvdC40Y8g0JPQvtGB0YPQtNCw0YDRgdGC0LLQtdC90L3QvtCz0L4g0LDQstGC0L7QvdC+0LzQvdC+0LPQviDRg9GH0YDQtdC20LTQtdC90LjRjyDQt9C00YDQsNCy0L7QvtGF0YDQsNC90LXQvdC40Y8gJmxhcXVvO9CU0LXRgtGB0LrQsNGPINGA0LXRgdC/0YPQsdC70LjQutCw0L3RgdC60LDRjyDQutC70LjQvdC40YfQtdGB0LrQsNGPINCx0L7Qu9GM0L3QuNGG0LAg0JzQuNC90LjRgdGC0LXRgNGB0YLQstCwINC30LTRgNCw0LLQvtC+0YXRgNCw0L3QtdC90LjRjyDQoNC10YHQv9GD0LHQu9C40LrQuCDQotCw0YLQsNGA0YHRgtCw0L0mcmFxdW87INCy0L4g0LLRgNC10LzRjyDQv9GA0LDQt9C00L3QuNC60LAg0LIg0L/QsNC70LDRgtC1LiZuYnNwOyAoMjAxMSDQs9C+0LQsINCzLtCa0LDQt9Cw0L3RjCwg0LDQstGC0L7RgCDQpdCw0YTQuNC30L7QsiDQky4g0KDQtdC00LDQutGG0LjRjyDQttGD0YDQvdCw0LvQsCAmbGFxdW870KHRjtGO0LzQsdC40LrQtSZyYXF1bzspPC9zcGFuPjwvcD4NCiI7fQ=='),(1068,'','2020-09-02 21:49:26','2020-09-02 21:49:26',NULL,'1',1,1,'TzozMjoiQ29uY3JldGVcQ29yZVxMZWdhY3lcQmxvY2tSZWNvcmQiOjM6e3M6MzoiYklEIjtzOjQ6IjEwNjgiO3M6OToiACoAX3RhYmxlIjtzOjE0OiJidENvbnRlbnRMb2NhbCI7czo3OiJjb250ZW50IjtzOjE1NzU6IjxoMz7QkdOp0LXQuiDQktCw0YLQsNC9INGB0YPQs9GL0YjRiyDQtdC70LvQsNGA0YvQvdC00LAg0KLQsNGC0LDRgNGB0YLQsNC9INC80LXQtNC40YbQuNC90LDRgdGLPC9oMz4NCg0KPHA+0JHTqdC10Log0JLQsNGC0LDQvSDRgdGD0LPRi9GI0Ysg0LXQu9C70LDRgNGL0L3QtNCwINCi0LDRgtCw0YDRgdGC0LDQvSDQuNC70L3QtdKjINC40qMgJm5ic3A70Y3RgNC1INC005nQstCw0LvQsNGDINKv0LfTmdC60LvTmdGA0LXQvdC10qMg0LHQtdGA0YHQtdC905kg05nQstC10YDQtdC705kuINCR0LjRgNC10LTTmSDRj9GF0YjRiyDSl9C40rvQsNC30LvQsNC90LTRi9GA0YvQu9Cz0LDQvSDRhdCw0YHRgtCw0YXQsNC905nQu9OZ0YAg0rvTmdC8INGO0LPQsNGA0Ysg0LrQstCw0LvQuNGE0LjQutCw0YbQuNGP0LvQtSDRgtCw0LHQuNCx0LvQsNGAINGN0YjQu9C4LiDQodGD0LPRi9GI0L3Ri9KjIDE1INC90YfQtSDQutOp0L3QtdC90LTTmSDSr9C6INCa0LDQt9Cw0L0g0LHQtdGA0LXQvdGH0LUg0YLTqdGA0LrQtdC8INGP0YDQsNC70YvQu9Cw0YDQvdGLINC60LDQsdGD0Lsg0LjRgtOZLiAxOTQxINC10Lsg0LDRhdGL0YDRi9C90LAg0YDQtdGB0L/Rg9Cx0LvQuNC60LDQtNCwIDMwINC80LXSoyDRg9GA0YvQvdCz0LAg0LjRgdOZ0L/Qu9OZ0L3Qs9OZ0L0gNDAg0Y3QstCw0LrQvtCz0L7RgdC/0LjRgtCw0LvRjCDRjdGI0LvQuC4g0JrQu9C40L3QuNC60LDQu9Cw0YDQvdGL0qMsINC40L3RgdGC0LjRgtGD0YLQu9Cw0YDQvdGL0qMsINC805nQutGC05nQv9C705nRgNC90LXSoywg0LzTmdC005nQvdC40Y/RgiDRgdCw0YDQsNC50LvQsNGA0YvQvdGL0qMsINC60LvRg9Cx0LvQsNGA0L3Ri9KjLCDRgtGD0LvQsNC5INGC0L7RgNCw0LrQu9Cw0YDQvdGL0qMsINC60YPQvdCw0LrRhdCw0L3TmdC705nRgNC90LXSoywg0YjQuNGE0LDRhdCw0L3TmdC705nRgNC90LXSoyDSu9OZ0Lwg0Y/QuyDQudC+0YDRgtC70LDRgNGL0L3Ri9KjINC40qMg0Y/RhdGI0Ysg0LHQuNC90LDQu9Cw0YDRiyDQs9C+0YHQv9C40YLQsNC70YzQu9OZ0YAg0LjRgtC10L8g0pfQuNK70LDQt9C70LDQvdC00YvRgNGL0LvQsC4g0KHRg9Cz0YvRiNC90YvSoyA0INC10LvRiyDRjdGH0LXQvdC005kgNTAg0LPQvtGB0L/QuNGC0LDQu9GMINC+0LXRiNGC0YvRgNGL0LvQsC4g0K/RgNCw0LvRi9C70LDRgNC90Ysg0L/QvtC10LfQtNC70LDRgNC00LAgJm5ic3A70LPRi9C90LAg0YLSr9Cz0LXQuywg0JjQtNC10Lsg0rvTmdC8INCn0YPQu9C80LDQvSDQtdC70LPQsNC70LDRgNGLINCx0YPQudC70LDQvyDRgdGD0LTQvdC+0LvQsNGA0LTQsCDQtNCwINGC0LDRiNGL0LnQu9Cw0YAuINCi0JDQodCh0KAg0LPQvtGB0L/QuNGC0LDQu9GM0LvTmdGA0LXQvdC005kgMzM0INC80LXSoyDRj9GA0LDQu9GLINK705nQvCDQsNCy0YvRgNGDINGB0YPQs9GL0YjRh9GLINC005nQstCw0LvQsNC90YvQvyDRh9GL0LPQsC4g0JDQu9Cw0YDQvdGL0qMgMjA3INC80LXSo9C1INGP0qPQsNC00LDQvSDRhNGA0L7QvdGC0LrQsCDQutC40YLTmSDSu9OZ0LwgNjcg0LzQtdKj0LUg0YLRi9C70LTQsCDRhdC10LfQvNOZ0YIg0LjRgtOZLiZuYnNwOzwvcD4NCiI7fQ=='),(1069,'','2020-09-02 21:49:26','2020-09-02 21:49:26',NULL,'1',1,1,'TzozMjoiQ29uY3JldGVcQ29yZVxMZWdhY3lcQmxvY2tSZWNvcmQiOjM6e3M6MzoiYklEIjtzOjQ6IjEwNjkiO3M6OToiACoAX3RhYmxlIjtzOjE0OiJidENvbnRlbnRMb2NhbCI7czo3OiJjb250ZW50IjtzOjMzNToiPHA+PHNwYW4gY2xhc3M9ImltYWdlLWNhcHRpb24iPtCe0YLRgNGL0LLQvtC6INC40Lcg0LrQuNC90L7QttGD0YDQvdCw0LvQsCAmcXVvdDvQndCwINCS0L7Qu9Cz0LUg0KjQuNGA0L7QutC+0LkgKOKEliAyOCwgMTk3MCDQs9C+0LQpLiDQn9GA0L7QuNC30LLQvtC00YHRgtCy0L4g0L3QuNGC0Lgg0LTQu9GPINC30LDRiNC40LLQsNC90LjRjyDRgNCw0L0g0L/QvtGB0LvQtSDRhdC40YDRg9GA0LPQuNGH0LXRgdC60LjRhSDQvtC/0LXRgNCw0YbQuNC5IC0g0LrQtdGC0LPRg9GC0LAg0L3QsCDQvtC00L3QvtC8INC40Lcg0LfQsNCy0L7QtNC+0LIg0JrQsNC30LDQvdC4Ljwvc3Bhbj48L3A+DQoiO30='),(1070,'','2020-09-02 21:49:26','2020-09-02 21:49:26',NULL,'1',1,1,'TzozMjoiQ29uY3JldGVcQ29yZVxMZWdhY3lcQmxvY2tSZWNvcmQiOjM6e3M6MzoiYklEIjtzOjQ6IjEwNzAiO3M6OToiACoAX3RhYmxlIjtzOjE0OiJidENvbnRlbnRMb2NhbCI7czo3OiJjb250ZW50IjtzOjI4ODI6IjxwPiZuYnNwOzwvcD4NCg0KPGgzPtCc0LXQtNC40YbQuNC90LAg0YPQvdC40LLQtdGA0YHQuNGC0LXRgtGLINGC0LDRgNC40YXRizwvaDM+DQoNCjxwPjE4MTQg0LXQu9C90YvSoyAxNSDQvNCw0LXQvdC00LAg0JjQvNC/0LXRgNCw0YLQvtGAINCa0LDQt9Cw0L0g0YPQvdC40LLQtdGA0YHQuNGC0LXRgtGL0L3QtNCwINC80LXQtNC40YbQuNC90LAg0YTQsNC60YPQu9GM0YLQtdGC0YvQvdGL0qMgKCZsYXF1bzvRgtCw0LHQuNCx0LvQsNGAINCx0q/Qu9C10LPQtSwg0Y/QuNGB05kg0LzQtdC00LjRhtC40L3QsCDRhNOZ0L3QvdOZ0YDQtSDQsdKv0LvQtdCz0LUmcmFxdW87KSDRgtCw0L3RgtCw0L3QsNC70Ysg0LDRh9GL0LvRi9GI0Ysg0q/RgtOZLiDQmtCw0LfQsNC9INGD0L3QuNCy0LXRgNGB0LjRgtC10YLRi9C90YvSoyDQvNC10LTQuNGG0LjQvdCwINGE0LDQutGD0LvRjNGC0LXRgtGLINC40LrQtSDRgNC10LLQvtC70Y7RhtC40Y/QvdC1ICjQpNC10LLRgNCw0LvRjCDSu9OZ0Lwg0J7QutGC0Y/QsdGA0YwpLCDQk9GA0LDQttC00LDQvdC90LDRgCDRgdGD0LPRi9GI0YvQvSwg0LDRh9C70YvQutC90Ysg0rvTmdC8INKX0LjQvNC10YDQtdC60LvQtdC60LvTmdGA0L3QtSDQutC40YfQtdGA05kg0rvTmdC8INC40LvQtdCx0LXQt9C90LXSoyDRgtOp0L8g0YTTmdC90L3QuCDSu9OZ0Lwg0LHQtdC70LXQvCDQsdC40YDSryDSr9C305nQutC705nRgNC10L3QtdKjINCx0LXRgNGB0LUg0LHRg9C70LDRgNCw0Log05nSu9OZ0LzQuNGP0YLQtdC9INGB0LDQutC70LDQvyDQutCw0LvQsC4g0JnTqdC3INC10LvQtNCw0L0g0LDRgNGC0YvQuiDRg9C7INCj0YDQsNC7LCDQmNC00LXQuyDQsdGD0LUsINCh0LXQsdC10YAg06nRh9C10L0g0YLQsNCx0LjQsdC70LDRgCDTmdC30LXRgNC705nSryDSr9C305nQs9C1INCx0YPQu9GL0L8g0YLQvtGA0LAuINOYIDE5MzAg0LXQu9C00LAg05nQu9C10LPQtSDRhNCw0LrRg9C70YzRgtC10YIg0L3QuNCz0LXQt9C10L3QtNOZINCa0LDQt9Cw0L0g0LzQtdC00LjRhtC40L3QsCDQuNC90YHRgtC40YLRg9GC0Ysg0L7QtdGI0YLRi9GA0YvQu9CwLiAxOTQwINC90YfRiyDQtdC70LvQsNGAINGH0YvQs9Cw0YDRi9C70YvRiNGL0L3QvdCw0L0gNDAwINCz05kg0Y/QutGL0L0g0LrQtdGI0LUg0JHTqdC10Log0JLQsNGC0LDQvSDRgdGD0LPRi9GI0Ysg0YTRgNC+0L3RgtC70LDRgNGL0L3QtNCwINK705nQu9Cw0Log0LHRg9C70LAuICZuYnNwO9Ca0JTQnNCYINGD0LrRi9GC0YPRh9GL0LvQsNGA0Ysg0rvTmdC8INGB0YLRg9C00LXQvdGC0LvQsNGA0Ysg0JrQsNC30LDQvdC00LAg0YPRgNC90LDRiNC60LDQvSDQs9C+0YHQv9C40YLQsNC70YzQu9OZ0YDQtNOZINGN0YjQu9C4LiDQkNC70LDRgNC90YvSoyDQutKv0L/Qu9OZ0YDQtSDQvtGA0LTQtdC90L3QsNGAINK705nQvCDQvNC10LTQsNC70YzQu9OZ0YAg0LHQtdC705nQvSDQsdKv0LvTmdC60LvTmdC905kuIDE5OTQg0LXQu9C90YvSoyAyOSDQsNC/0YDQtdC70LXQvdC905nQvSDQmtCw0LfQsNC9INC005nSr9C705nRgiDQvNC10LTQuNGG0LjQvdCwINC40L3RgdGC0LjRgtGD0YLRiyDRg9C90LjQstC10YDRgdC40YLQtdGCINGB0YLQsNGC0YPRgdGL0L0g0LDQu9CwLiZuYnNwOzwvcD4NCg0KPGgzPtCa0LDQt9Cw0L0g0LTTmdKv0LvTmdGCINC80LXQtNC40YbQuNC90LAg0YPQvdC40LLQtdGA0YHQuNGC0LXRgtGLPC9oMz4NCg0KPHA+MTgxNCDQtdC70L3Ri9KjIDE0INC80LDQtdC90LTQsCDQmtCw0LfQsNC9INGD0L3QuNCy0LXRgNGB0LjRgtC10YLRi9C90LTQsCDQvNC10LTQuNGG0LjQvdCwINGE0LDQutGD0LvRjNGC0LXRgtGLINCw0YfRi9C70LAuINOYINCx0q/Qs9C10L0g0KLQsNGC0LDRgNGB0YLQsNC90LTQsCDQmtCw0LfQsNC9INC005nSr9C705nRgiDQvNC10LTQuNGG0LjQvdCwINGD0L3QuNCy0LXRgNGB0LjRgtC10YLRiyDRjdGI0LvQuC4g0JDQvdC00LAg0LrQuNC705nRh9OZ0LrRgtOZINGP0YXRiNGLINGC0LDQsdC40LHQu9Cw0YAg0LHRg9C70LDRh9Cw0Log0YHRgtGD0LTQtdC90YLQu9Cw0YAg0LHQtdC70LXQvCDQsNC70LAuINCU06nQvdGM0Y8g0LzQtdC00LjRhtC40L3QsNGB0YvQvdC00LAg0KLQsNGC0LDRgNGB0YLQsNC90LPQsCDQtNCw0L0g0LrQuNGC0LXRgNCz05nQvSDQuNGB0LXQvNC905nRgCDQtNOZINGI0LDQutGC0YvQuS4g0JzTmdGB05nQu9OZ0L0sICZuYnNwO9GF0LjRgNGD0YDQsyDQkNC70LXQutGB0LDQvdC00YAg0JLQuNGI0L3QtdCy0YHQutC40LkuINCQ0L3Ri9KjINCw0YLQsNC60LvRiyDQvNCw0LfQtSDQkdOp0LXQuiDQktCw0YLQsNC9INGB0YPQs9GL0YjRiyDQtdC70LvQsNGA0YvQvdC00LAg0LrSr9C/0LzQtSDQutC10YjQtdC90LXSoyDQs9C+0LzQtdGA0LXQvSDRgdCw0LrQu9Cw0L8g0LrQsNC70LAuINCf0YHQuNGF0L7QvdC10LLRgNC+0LvQvtCzINCS0LvQsNC00LjQvNC40YAg0JHQtdGF0YLQtdGA0LXQsi4g0JDQvdGL0qMg0LHQsNGIINC80LjQtSDRjdGI0YfTmdC90LvQtdCz0LXQvSDTqdC50YDTmdC90q/Qs9OZINC60LDRgNCw0LPQsNC9INGF0LXQt9C805nRgtC705nRgNC1INCx0q/Qs9C10L0g0LTTmSDQs9Cw0LvQuNC80L3TmdGA0LPTmSDRj9GA0LTTmdC8INC40YLTmS4g05jQu9C10LPQtSDQuNGB0LXQvNC70LXQutC90LUg0YLQsNCz0YvQvSDQtNCwINC005nQstCw0Lwg0LjRgtC10L8g0LHRg9C70YvRgCDQuNC00LUuINCa0LDQt9Cw0L3QtNCwINKv0Lcg0YXQtdC30LzTmdGC0LvTmdGA0LUg0LHQtdC705nQvSAmbmJzcDvQuNC70LXQsdC10Lcg0LzQtdC00LjRhtC40L3QsNGB0YvQvSDQtNCw0L3Qu9Cw0LPQsNC9INGE05nQvdC90Lgg0LzQtdC00LjRhtC40L3QsCDQvNOZ0LrRgtOZ0L/Qu9OZ0YDQtSDRhNC+0YDQvNCw0LvQsNGI0LAuJm5ic3A7PC9wPg0KIjt9'),(1071,'','2020-09-02 21:49:26','2020-09-02 21:49:26','breadcrumb.php','1',7,1,'TzozMjoiQ29uY3JldGVcQ29yZVxMZWdhY3lcQmxvY2tSZWNvcmQiOjEwOntzOjM6ImJJRCI7czo0OiIxMDcxIjtzOjk6IgAqAF90YWJsZSI7czoxMjoiYnROYXZpZ2F0aW9uIjtzOjc6Im9yZGVyQnkiO3M6MTE6ImRpc3BsYXlfYXNjIjtzOjEyOiJkaXNwbGF5UGFnZXMiO3M6MzoidG9wIjtzOjE1OiJkaXNwbGF5UGFnZXNDSUQiO3M6MToiMCI7czoyMzoiZGlzcGxheVBhZ2VzSW5jbHVkZVNlbGYiO3M6MToiMCI7czoxNToiZGlzcGxheVN1YlBhZ2VzIjtzOjE5OiJyZWxldmFudF9icmVhZGNydW1iIjtzOjIwOiJkaXNwbGF5U3ViUGFnZUxldmVscyI7czo2OiJlbm91Z2giO3M6MjM6ImRpc3BsYXlTdWJQYWdlTGV2ZWxzTnVtIjtzOjE6IjAiO3M6MjM6ImRpc3BsYXlVbmF2YWlsYWJsZVBhZ2VzIjtzOjE6IjAiO30='),(1072,'','2020-09-02 21:49:26','2020-09-02 21:49:26','','1',3,1,'TzozMjoiQ29uY3JldGVcQ29yZVxMZWdhY3lcQmxvY2tSZWNvcmQiOjEzOntzOjM6ImJJRCI7czo0OiIxMDcyIjtzOjk6IgAqAF90YWJsZSI7czoxNDoiYnRDb250ZW50SW1hZ2UiO3M6MzoiZklEIjtzOjM6IjIxOSI7czoxMDoiZk9uc3RhdGVJRCI7czoxOiIwIjtzOjk6ImNyb3BJbWFnZSI7czoxOiIwIjtzOjg6Im1heFdpZHRoIjtzOjE6IjAiO3M6OToibWF4SGVpZ2h0IjtzOjE6IjAiO3M6MTI6ImV4dGVybmFsTGluayI7czowOiIiO3M6MTU6ImludGVybmFsTGlua0NJRCI7czoxOiIwIjtzOjEwOiJmaWxlTGlua0lEIjtzOjE6IjAiO3M6MTk6Im9wZW5MaW5rSW5OZXdXaW5kb3ciO3M6MToiMCI7czo3OiJhbHRUZXh0IjtzOjMyOiIxMDAg0LvQtdGCINC90LDRiNC10LzRgyDQtNC+0LzRgyI7czo1OiJ0aXRsZSI7czowOiIiO30='),(1073,'','2020-09-02 21:49:26','2020-09-02 21:49:26',NULL,'1',1,1,NULL),(1074,'','2020-09-02 21:49:26','2020-09-02 21:49:26',NULL,'1',1,1,'TzozMjoiQ29uY3JldGVcQ29yZVxMZWdhY3lcQmxvY2tSZWNvcmQiOjM6e3M6MzoiYklEIjtzOjQ6IjEwNzQiO3M6OToiACoAX3RhYmxlIjtzOjE0OiJidENvbnRlbnRMb2NhbCI7czo3OiJjb250ZW50IjtzOjE0MDM6IjxoMz48c3Ryb25nPtCY0LTQtdC7LdCa0LDQvNCwINGC0LDQsdC40LPQsNGC0Ywg0YLRi9GO0LvRi9Cz0YsgPC9zdHJvbmc+PC9oMz4NCg0KPHA+0JjQtNC10Lst0JrQsNC80LAg0LTTmdKv0LvTmdGCINGC0LDQsdC40LPQsNGC0Ywg0LHQuNC+0YHRhNC10YDQsCDRgtGL0Y7Qu9GL0LPRiyAxOTYwINC10LvQtNCwINC+0LXRiNGC0YvRgNGL0LvQsC4g0JHRgyAmbmRhc2g7INCi0LDRgtCw0YDRgdGC0LDQvdC00LAg0LHQtdGA0LTTmdC90LHQtdGAINGI0YPQvdC00YvQuSDRgtGL0Y7Qu9GL0LouINCj0Lsg0LjQutC1INGD0YfQsNGB0YLQvtC60YLQsNC9INGC0L7RgNCwOiDQoNCw0LjRhNCwINGD0YfQsNGB0YLQvtCz0Ysg0K/RiNC10Lsg0q7Qt9OZ0L0g0YDQsNC50L7QvdGL0L3QtNCwLCDQmtCw0LfQsNC90L3QsNC9IDI1INC60LjQu9C+0LzQtdGC0YAg0LXRgNCw0LrQu9GL0LrRgtCwINGD0YDQvdCw0YjQutCw0L0uICZuYnNwO9CR0YMg0YfQvtC60YvRgNC70LDRgNGLINK705nQvCDRgdCw0LfQu9GL0LrQu9Cw0YDRiyDQtNCwINCx0YPQu9Cz0LDQvSwg05nQvNC80LAg0L3QuNCz0LXQt9C005kg0YLQuNCz0LXQt9C70LXQutC70LUgJm5ic3A70YPRh9Cw0YHRgtC+0LouINCh0LDRgNCw0LvRiyDRg9GH0LDRgdGC0L7Qs9GLINCb0LDQtdGIINGA0LDQudC+0L3Ri9C90LTQsCwg0KLQsNGC0LDRgNGB0YLQsNC9INCx0LDRiNC60LDQu9Cw0YHRi9C90L3QsNC9IDYwINC60LjQu9C+0LzQtdGC0YAg0LXRgNCw0LrQu9GL0LrRgtCwLCDQmtGD0LnQsdGL0YjQtdCyINGB0YPRgdCw0LrQu9Cw0LPRi9GH0Ysg0Y/RgNC70LDRgNGL0L3QtNCwINGD0YDQvdCw0YjQutCw0L0uINOY0LvQtdCz0LUg0YPRh9Cw0YHRgtC+0LrRgtCwINCx0LjQtdC60LvQtdC60LvTmdGA0L3QtdKjINGC06nRgNC70LXQu9C10LPQtSDQvtGH0YDRi9C5LiZuYnNwOzxiciAvPg0K0KLRi9GO0LvRi9C60L3Ri9KjIDkwINC/0YDQvtGG0LXQvdGC0YvQvSDRg9GA0LzQsNC90L3QsNGAINCw0LvRi9C/INGC0L7RgNCwLiDQnNC+0L3QtNCwINC40LzTmdC90L3TmdGALCDQvdCw0YDQsNGC0LvQsNGALCDQutCw0LXQvdC90LDRgCwg0Y7QutOZ0LvTmdGALCDQt9C40YDQtdC60LvTmdGAINKv0YHTmS4g0JrQsNC50LHQtdGAINKv0YHQtdC80LvQtdC60LvTmdGAINCi0LDRgtCw0YDRgdGC0LDQvdC90YvSoyDQmtGL0LfRi9C7INC60LjRgtCw0LHRi9C90LAg0LrQtdGA0YLQtdC70LPTmdC9LiDQnNOZ0YHTmdC705nQvSwg0YHQsNGA0LDQvdCwINC70LDQu9OZLjxiciAvPg0K0KLRi9GO0LvRi9C60YLQsCDQuNC80LXQt9Kv0YfQtdC705nRgNC90LXSoyA1MNC005nQvSDQsNGA0YLRi9C6INGC06nRgNC1INK705nQvCDQutC+0YjQu9Cw0YDQvdGL0qMgMjAw0LPTmSDRj9C60YvQvSDRgtOp0YDQtSDRj9GI0LguJm5ic3A7PC9wPg0KIjt9'),(1075,'','2020-09-02 21:49:26','2020-09-02 21:49:26',NULL,'1',1,1,'TzozMjoiQ29uY3JldGVcQ29yZVxMZWdhY3lcQmxvY2tSZWNvcmQiOjM6e3M6MzoiYklEIjtzOjQ6IjEwNzUiO3M6OToiACoAX3RhYmxlIjtzOjE0OiJidENvbnRlbnRMb2NhbCI7czo3OiJjb250ZW50IjtzOjExNDk6IjxoMz7QoNCw0LjRhNCwINC00LXQvdC00YDQsNGA0LjQtTwvaDM+DQoNCjxwPtCg0LDQuNGE0LAg0LTQtdC90LTRgNCw0YDQuNC1IDE5MjEg0LXQu9C00LAg0L/TmdC50LTQsCDQsdGD0LvQsC4g0KPQuyDQsdCw0YjRgtCw0YDQsNC6INC30YPRgCDQsdGD0LvQvNCw0LPQsNC9INGC0LXRgNGA0LjRgtC+0YDQuNGP0L3QtSDQsdC40LvTmdC/INGC0L7RgNCwLiDQpdOZ0LfQtdGAINCw0L3Ri9KjINC805nQudC00LDQvdGLINGP0LrRi9C90YfQsCAzNSDRhNGD0YLQsdC+0Lsg0LrRi9GA0YvQvSDRgdGL0LnQtNGL0YDQsC4gMTk2MCDQtdC70LTQsCDQtNC10L3QtNGA0LDRgNC40Lkg0JjQtNC10Lst0JrQsNC80LAg0YLRi9GO0LvRi9Cz0YvQvdGL0qMg0LHQtdGAINOp0LvQtdGI0LUg0LHRg9C70YvQvyDQuNGB05nQv9C705nQvdOZINCx0LDRiNC70YvQuS4g0KjRg9C7INCy0LDQutGL0YLRgtCw0L0g0LHQsNGI0LvQsNC/INCx0LjRgNC10LTTmSDRjdC60YHQutGD0YDRgdC40Y/Qu9OZ0YAg0L7QtdGI0YLRi9GA0YvQu9CwLiZuYnNwOzxiciAvPg0K0JTQtdC90LTRgNCw0YDQuNC5INGC0LXRgNGA0LjRgtC+0YDQuNGP0YHQtSDTqdGHINOp0LvQtdGI0LrTmSDQsdKv0LvQtdC905k6ICZsYXF1bzvQkNC80LXRgNC40LrQsCZyYXF1bzssICZsYXF1bzvQldCy0YDQvtC/0LAmcmFxdW87LCAmbGFxdW870JDQt9C40Y8mcmFxdW87LiDQkNC90LTQsCDTqdGHINC60L7QvdGC0LjQvdC10L3RgtC60LAg0YXQsNGBIDUwMCDQtNOZ0L0g0LDRgNGC0YvQuiDRgtOp0YDQtNOZ0LPQtSDQutGD0LDQuiDSu9OZ0Lwg0LDQs9Cw0Ycg0q/RgdOZLiZuYnNwOzxiciAvPg0KMTk3OCDQtdC70LTQsCDQmNC00LXQuy3QmtCw0LzQsCDRgtGL0Y7Qu9GL0LPRiyDQtNC10L3QtNGA0LDRgNC40LUg0LjQu9C10LHQtdC30L3QtdKjINCR0L7RgtCw0L3QuNC60LAg0LHQsNC60YfQsNC70LDRgNGLINGB0L7QstC10YLRi9C90LAg0LrQsNCx0YPQuyDQuNGC0LXQu9OZLiDTmCAyMDAzICZuYnNwO9C10LvQtNCwINGD0Lsg0q7RgdC10LzQu9C10LrQu9OZ0YDQvdC1INGB0LDQutC70LDRgyDQsdGD0LXQvdGH0LAg0YXQsNC70YvQutCw0YDQsCDQsdC+0YLQsNC90LjQutCwINCx0LDQutGH0LDQu9Cw0YDRiyDRgdC+0LLQtdGC0YvQvdCwINC60LXRgNOZLiZuYnNwOzwvcD4NCiI7fQ=='),(1076,'','2020-09-02 21:49:26','2020-09-02 21:49:26',NULL,'1',1,1,'TzozMjoiQ29uY3JldGVcQ29yZVxMZWdhY3lcQmxvY2tSZWNvcmQiOjM6e3M6MzoiYklEIjtzOjQ6IjEwNzYiO3M6OToiACoAX3RhYmxlIjtzOjE0OiJidENvbnRlbnRMb2NhbCI7czo3OiJjb250ZW50IjtzOjE4MTk6IjxoMz7QoNCw0LjRhNCwINC00LXQvdC00YDQsNGA0LjQtdC90LTQsNCz0Ysg0q/RgdC10LzQu9C10LrQu9OZ0YAmbmJzcDs8L2gzPg0KDQo8cD7QoNCw0LjRhNCwINC00LXQvdC00YDQsNGA0LjQtdC90LTQsCDSr9GB05kg0YLQvtGA0LPQsNC9INKv0YHQtdC80LvQtdC60LvTmdGAINCz0LXQvtCz0YDQsNGE0LjQuiDQv9GA0LjQvdGG0LjQvyDQsdC10LvTmdC9INGD0YLRi9GA0YLRi9C70LPQsNC9INK705nQvCDTqdGHINGB0LXQutGC0L7RgNC00LAg0YPRgNC90LDRiNGC0YvRgNGL0LvQs9Cw0L0uINCQ0LfQuNGPINCx0q/Qu9C10LPQtdC90LTTmSA2NSDRgtOZ0L0g0LDRgNGC0YvQuiDRgtOp0YDQtNOZ0LPQtSDSr9GB0LXQvNC70LXQutC90LUg0L7Rh9GA0LDRgtGL0YDQs9CwINCx0YPQu9CwLiDQnNOZ0YHTmdC705nQvSwg0LDQvNGD0YAg0LHTmdGA0YXQtdGC0LUg0LDQs9Cw0YfRiy4g0JHRgyDQsNCz0LDRhyDQsdC+0LfQu9GL0Log0YfQvtGA0YvQvdCwINC60LDQtNOZ0YAg0q/RgdC605nQvSDRgNC10LvQuNC60YIg0q/RgdC10LzQu9C10LrQu9OZ0YDQs9OZINC60LXRgNOZLiDQkNC80YPRgCDQsdOZ0YDRhdC10YLQtSDQsdC40LPRgNOZ0Log0YLTmSDQsdC10YDQtdC90YfQtSDQutGL0YDQsNGD0LvQsNGA0LTQsNC9INGB0L7SoyDQvNCw0YLRg9GAINCx0YPQu9CwLiDQkNC90YvSoyDQsNC70YLRi9C90YHRgyDRj9Cx0LDQu9C00LDRiNGLINC60LDRgNCwINGN0YDQtSDSl9C40LvTmdC6INGC05nQu9Cz05nRiNC705nRgNC1INCx0LXQu9OZ0L0g0LHQuNC305nQu9OZLiDQkNC70LDRgCDRjdC90pfQtSDQsdOp0YDRgtC10LrQu9OZ0YDQtdC9INGF05nRgtC10YDQu9OZ0YLTmS4mbmJzcDs8YnIgLz4NCiZsYXF1bzvQldCy0YDQvtC/0LAmcmFxdW87INGB0LXQutGG0LjRj9GB0LXQvdC005kg0q/RgdC10LzQu9C10LrQu9OZ0YDQvdC10qMgNjAwINCz05kg0Y/QutGL0L0g0YLTqdGA0LUg0q/RgdOZLiDQnNOZ0YHTmdC705nQvSwg0YLQsNGC0LDRgCDQt9C10LvQv9C10YHQtS4g0KPQuyDQsdC40Log0LzQsNGC0YPRgCDQtNC10LrQvtGA0LDRgtC40LIg0LrRg9Cw0LouINKW0LjQvNC10YjQu9OZ0YDQtSDQutC10YjQtSDQsNGI0LDRgCDTqdGH0LXQvSDRj9GA0LDQutC70Ysg0YLSr9Cz0LXQuywg05nQvNC80LAg0LrQvtGI0LvQsNGAINGP0YDQsNGC0YvQvyDQsNGI0YvQuS48YnIgLz4NCiZsYXF1bzvQkNC80LXRgNC40LrQsCZyYXF1bzsg0LHSr9C70LXQs9C10L3QtNOZINKv0YHQtdC80LvQtdC60LvTmdGA0L3QtdKjIDQ1INGC05nQvSDQsNGA0YLRi9C6INGC06nRgNC1INKv0YHTmS4g05jQu9C10LPQtSDRgdC10LrRhtC40Y8g0LjSoyDQutGL0LfRi9C60LvRi9GB0Ysg0YHQsNC90LDQu9CwLiDQnNC+0L3QtNCw0LPRiyDQutKv0L8g0LrQtdC905kg0LDQs9Cw0YfQu9Cw0YAg0Y3Qu9C10Log0KDQvtGB0YHQuNGPINOp0YfQtdC9INGN0LrQt9C+0YLQuNC6INC40YHTmdC/0LvTmdC90LPTmdC9LiDQnNOZ0YHTmdC705nQvSwg0YjQuNC605nRgCDTqdGA05nSo9Cz0LXRgdC1LiDQkdGDINCw0LPQsNGHIDIwMCZuZGFzaDszMDAg0LXQuyDRj9GI0LguINCQ0LzQtdGA0LjQutCw0LTQsCDSu9OZ0Lwg0JrQsNC90LDQtNCw0LTQsCDQutGL0Ygg0LHQtdGC0LrTmdC90LTTmSDRj9C40YHTmSDQuNGA0YLTmSDRj9C30LTQsCDQsNKj0LDRgNC00LDQvSDTqdGA05nSo9Cz0LUg0YHQvtCz0Ysg0pfRi9GP0LvQsNGALiDQkNKj0LDRgNC00LDQvSDQutGD0LvQuNC90LDRgNC40Y/QtNOZINC60YPQu9C70LDQvdGL0LvQsCDRgtC+0YDQs9Cw0L0g06nRgNOZ0qPQs9C1INGB0LjRgNC+0LHRiyDRj9GB0YvQudC70LDRgC48L3A+DQoiO30='),(1077,'','2020-09-02 21:49:26','2020-09-02 21:49:26','breadcrumb.php','1',7,1,'TzozMjoiQ29uY3JldGVcQ29yZVxMZWdhY3lcQmxvY2tSZWNvcmQiOjEwOntzOjM6ImJJRCI7czo0OiIxMDc3IjtzOjk6IgAqAF90YWJsZSI7czoxMjoiYnROYXZpZ2F0aW9uIjtzOjc6Im9yZGVyQnkiO3M6MTE6ImRpc3BsYXlfYXNjIjtzOjEyOiJkaXNwbGF5UGFnZXMiO3M6MzoidG9wIjtzOjE1OiJkaXNwbGF5UGFnZXNDSUQiO3M6MToiMCI7czoyMzoiZGlzcGxheVBhZ2VzSW5jbHVkZVNlbGYiO3M6MToiMCI7czoxNToiZGlzcGxheVN1YlBhZ2VzIjtzOjE5OiJyZWxldmFudF9icmVhZGNydW1iIjtzOjIwOiJkaXNwbGF5U3ViUGFnZUxldmVscyI7czo2OiJlbm91Z2giO3M6MjM6ImRpc3BsYXlTdWJQYWdlTGV2ZWxzTnVtIjtzOjE6IjAiO3M6MjM6ImRpc3BsYXlVbmF2YWlsYWJsZVBhZ2VzIjtzOjE6IjAiO30='),(1078,'','2020-09-02 21:49:26','2020-09-02 21:49:26','','1',3,1,'TzozMjoiQ29uY3JldGVcQ29yZVxMZWdhY3lcQmxvY2tSZWNvcmQiOjEzOntzOjM6ImJJRCI7czo0OiIxMDc4IjtzOjk6IgAqAF90YWJsZSI7czoxNDoiYnRDb250ZW50SW1hZ2UiO3M6MzoiZklEIjtzOjM6IjIyMCI7czoxMDoiZk9uc3RhdGVJRCI7czoxOiIwIjtzOjk6ImNyb3BJbWFnZSI7czoxOiIwIjtzOjg6Im1heFdpZHRoIjtzOjE6IjAiO3M6OToibWF4SGVpZ2h0IjtzOjE6IjAiO3M6MTI6ImV4dGVybmFsTGluayI7czowOiIiO3M6MTU6ImludGVybmFsTGlua0NJRCI7czoxOiIwIjtzOjEwOiJmaWxlTGlua0lEIjtzOjE6IjAiO3M6MTk6Im9wZW5MaW5rSW5OZXdXaW5kb3ciO3M6MToiMCI7czo3OiJhbHRUZXh0IjtzOjMyOiIxMDAg0LvQtdGCINC90LDRiNC10LzRgyDQtNC+0LzRgyI7czo1OiJ0aXRsZSI7czowOiIiO30='),(1079,'','2020-09-02 21:49:26','2020-09-02 21:49:26',NULL,'1',1,1,'TzozMjoiQ29uY3JldGVcQ29yZVxMZWdhY3lcQmxvY2tSZWNvcmQiOjM6e3M6MzoiYklEIjtzOjQ6IjEwNzkiO3M6OToiACoAX3RhYmxlIjtzOjE0OiJidENvbnRlbnRMb2NhbCI7czo3OiJjb250ZW50IjtzOjE3NjQ6IjxoMz7QkNCy0YvQuyDRhdGD0pfQsNC70YvQs9GLINGC0YPRgNGL0L3QtNCwINCz0L7QvNGD0LzQuCDQvNOZ0LPRitC70q/QvNCw0YI8L2gzPg0KDQo8cD7QmtCw0LnQsdC10YAg0LDQt9GL0Lot0YLTqdC70LXQuiDQv9GA0L7QtNGD0LrRgtC70LDRgNGL0L0g0LrQtdGI0LXQu9OZ0YAg0YPRgNC80LDQvdC00LAg0Y/QuNGB05kg0LTQuNKj0LPQtdC30LTTmSDRgtCw0LHQsNC70LDRgC4g0JvTmdC60LjQvSDQsdC+0YDRi9C90LPRiyDQt9Cw0LzQsNC90L3QsNGA0LTQsCDRg9C6INC60LXRiNC10LvTmdGAINGF0LDQudCy0LDQvdC90LDRgNC90Ysg0LDRg9C70LDRgyDSu9OZ0Lwg0YTQsNC50LTQsNC70Ysg0q/RgdC10LzQu9C10LrQu9OZ0YDQvdC1INKX0YvRjiDQsdC10LvTmdC9INCz0LXQvdOZINGI06nQs9GL0LvRjNC705nQvdC805nQs9OZ0L3QvdOZ0YAsINCx05nQu9C60Lgg0LDQu9Cw0YDQvdGL0qMg0LrQsNC50LHQtdGA0LvTmdGA0LXQvSDQvNCw0YXRgdGD0YEg0YDTmdCy0LXRiNGC05kg0q/RgNGH0LXRgtC10YDQs9OZINC005kg06nQudGA05nQvdCz05nQvdC905nRgC4g0JzQvtC90LTRi9C5INGI06nQs9GL0LvRjCDQsNCy0YvQuyDRhdGD0pfQsNC70YvQs9GLINC00LjQvyDQsNGC0LDQu9CwLiDQkNCy0YvQuyDRhdGD0pfQsNC70YvQs9GL0L3QtNCwINGN0YjQu9OZ0q/Rh9C10LvTmdGA0LPTmSDSr9GB0LXQvNC70LXQutC705nRgCDSu9OZ0Lwg0YXQsNC50LLQsNC90L3QsNGAINGC0YPRgNGL0L3QtNCwINC805nQs9GK0LvSr9C80LDRgtC70Ysg0LHRg9C70YvRgNCz0LAsINCw0LvQsNGA0L3RiyDQtNOp0YDQtdGBINC40YLQtdC/INKv0YHRgtC10YDTmSDSu9OZ0Lwg0LrQsNGA0YvQuSDQsdC10LvQtdGA0LPTmSDTqdC50YDTmdC90LXRgNCz05kg0LrQuNGA05nQui4g0JHQtdC30L3QtdKjINC606nQvdC905nRgNC005kg0LDQstGL0Lsg0YXRg9KX0LDQu9GL0LPRi9C90LTQsCDRjdGI0LvTmdKv0YfQtdC705nRgNCz05kg0LzQsNGI0LjQvdCw0LvQsNGAINGP0YDQtNOZ0Lwg0LjRgtOZOiDRgtGA0LDQutGC0L7RgNC70LDRgCwg0YfTmdGH0LrQtdGH0LvTmdGALCDQutC+0LzQsdCw0LnQvdC90LDRgCwg0YHRgyDRgdC40L/RgtC10YDSryDQvNCw0YjQuNC90LDQu9Cw0YDRiy4g0KjRg9Kj0LAg0LrSr9GA05kg0LDQstGL0Lsg0YXRg9KX0LDQu9GL0LPRi9C90LTQsCDQuNC90LbQtdC90LXRgNC70LDRgNGB0YvQtyDQtNCwLCDQs9Cw0LvQuNC80L3TmdGA0YHQtdC3INC005kg0LHRg9C70LzRi9C5LjwvcD4NCg0KPHA+PGNvbmNyZXRlLXBpY3R1cmUgZmlkPSIyMDgiIGFsdD0iNDI5NS5qcGciIGhlaWdodD0iNDAwIiB3aWR0aD0iNjAwIiAvPjwvcD4NCg0KPHAgYWxpZ249ImxlZnQiPjxzcGFuIGNsYXNzPSJpbWFnZS1jYXB0aW9uIj7QnNC10YXQsNC90LjRh9C10YHQutC+0LUg0LfQstC10L3QviDQntGC0LrRgNGL0YLQvtCz0L4g0LDQutGG0LjQvtC90LXRgNC90L7Qs9C+INC+0LHRidC10YHRgtCy0LAgJmxhcXVvO9Ch0LXRgNC/INC4INC80L7Qu9C+0YImcmFxdW87INCQ0LPQu9GD0LvQu9C40L3QsCDQky4g0LLQtdC00LXRgiDRg9Cx0L7RgNC60YMg0LfQtdGA0L3QvtCy0YvRhS4gKDIwMDMg0LPQvtC0LCDQktGL0YHQvtC60L7Qs9C+0YDRgdC60LjQuSDRgNCw0LnQvtC9INCg0KIsINCw0LLRgtC+0YAg0JrRg9GA0LDQvNGI0LjQvSwg0YDQtdC00LDQutGG0LjRjyDQs9Cw0LfQtdGC0YsgJmxhcXVvO9Cg0LXRgdC/0YPQsdC70LjQutCwINCi0LDRgtCw0YDRgdGC0LDQvSZyYXF1bzspPC9zcGFuPjwvcD4NCiI7fQ=='),(1080,'','2020-09-02 21:49:27','2020-09-02 21:49:27',NULL,'1',1,1,'TzozMjoiQ29uY3JldGVcQ29yZVxMZWdhY3lcQmxvY2tSZWNvcmQiOjM6e3M6MzoiYklEIjtzOjQ6IjEwODAiO3M6OToiACoAX3RhYmxlIjtzOjE0OiJidENvbnRlbnRMb2NhbCI7czo3OiJjb250ZW50IjtzOjEyMTM6IjxoMz7QotCw0YLQsNGA0YHRgtCw0L3QvdGL0qMg0LDQstGL0Lsg0YXRg9KX0LDQu9GL0LPRizwvaDM+DQoNCjxwPtCi0LDRgtCw0YDRgdGC0LDQvdC00LAg0LDQstGL0Lsg0YXRg9KX0LDQu9GL0LPRiyDQsNC70LPQsCDQutC40YLQutOZ0L0uINCg0LXRgdC/0YPQsdC70LjQutCw0LTQsCDRjdGA0LUg0LDQstGL0Lsg0YXRg9KX0LDQu9GL0LPRiyDQv9GA0LXQtNC/0YDQuNGP0YLQuNC10LvTmdGA0LUg0LTTmSwg0LfRg9GAINCx0YPQu9C80LDQs9Cw0L0g0YTQtdGA0LzQtdGAINGF0YPSl9Cw0LvRi9C60LvQsNGA0Ysg0LTQsCDQsdCw0YAuINCi0LDRgtCw0YDRgdGC0LDQvdC00LAg0LHTqdGA0YLQtdC60LvQtSDQutGD0LvRjNGC0YPRgNCw0LvQsNGALCDRiNC40LrTmdGAINGH06nQs9C10L3QtNC10YDQtSDSu9OZ0Lwg0LHTmdGA05nSo9Cz0LUg0LjQs9C10LvTmS4g0JjRgiwg0YHTqdGCLCDQudC+0LzRi9GA0LrQsCDSl9C40YLQtdGI0YLQtdGA0LXQu9OZLiDQotCw0YLQsNGA0YHRgtCw0L3QvdGL0qMg05nQudC005nQvyDQsdCw0YDRg9GH0Ysg0LDQstGL0Lsg0YXRg9KX0LDQu9GL0LPRiyDRgtCw0YDQvNCw0LPRiyDQsdGD0LvRi9C/INGC0LXRgNC70LXQutGH0LXQu9C10Log0YHQsNC90LDQu9CwLiDQoNC10YHQv9GD0LHQu9C40LrQsNC00LAg0YjRg9C70LDQuSDRg9C6INC60L7RiNGH0YvQu9GL0LosINCw0YLQu9Cw0YAg0LDRgdGA0LDRgywg0LrRg9GP0L3QvdCw0YAsINCx0LDQu9GL0LrQu9Cw0YAg0rvTmdC8INCx0LDQuyDQutC+0YDRgtC70LDRgNGLINKv0YDRh9C10YLSryDQsdC10LvTmdC9INGI06nQs9GL0LvRjNC705nQvdOZ0LvTmdGALiZuYnNwOzwvcD4NCg0KPHA+PGNvbmNyZXRlLXBpY3R1cmUgZmlkPSIyMDYiIGFsdD0iMzExMy5qcGciIGhlaWdodD0iMzkzIiB3aWR0aD0iNjAwIiAvPjwvcD4NCg0KPHA+PHNwYW4gY2xhc3M9ImltYWdlLWNhcHRpb24iPtCt0LrRgdC/0LXRgNC40LzQtdC90YLQsNC70YzQvdGL0Lkg0LLQsNGA0LjQsNC90YIg0L/QvtGB0LXQstCwINC30LXRgNC90L7QstGL0YUg0LrRg9C70YzRgtGD0YAg0L3QsCDQv9C+0LvRj9GFINCi0Y7Qu9GP0YfQuNC90YHQutC+0LPQviDRgNCw0LnQvtC90LAuICjQk9C+0LQg0L3QtdC40LfQstC10YHRgtC10L0sINCi0Y7Qu9GP0YfQuNC90YHQutC40Lkg0YDQsNC50L7QvSDQoNCiLCDQsNCy0YLQvtGAINC90LXQuNC30LLQtdGB0YLQtdC9KTwvc3Bhbj48L3A+DQoiO30='),(1081,'','2020-09-02 21:49:27','2020-09-02 21:49:27',NULL,'1',1,1,'TzozMjoiQ29uY3JldGVcQ29yZVxMZWdhY3lcQmxvY2tSZWNvcmQiOjM6e3M6MzoiYklEIjtzOjQ6IjEwODEiO3M6OToiACoAX3RhYmxlIjtzOjE0OiJidENvbnRlbnRMb2NhbCI7czo3OiJjb250ZW50IjtzOjE4NDg6IjxoMz7QmtC10Lwg0YPQuyDQsNCz0YDQvtC90L7QvD88L2gzPg0KDQo8cD7QkNCy0YvQuyDRhdGD0pfQsNC70YvQs9GL0L3QtNCwINC40qMg0YLTqdC/INC/0YDQvtGE0LXRgdGB0LjRj9C705nRgNC90LXSoyDQsdC10YDRgdC1ICZuZGFzaDsg0LDQs9GA0L7QvdC+0LwuINCQ0LPRgNC+0L3QvtC8INKv0YHQtdC80LvQtdC60LvTmdGAINKv0YHQtdGI0LUg06nRh9C10L0g0YjQsNGA0YLQu9Cw0YAg0YLRg9C00YvRgNCwLCDRgdGDLCDRj9C60YLRi9C70YvQui3Sl9GL0LvRi9C70YvQuiDSu9OZ0Lwg0YLRg9C60LvQsNC90LTRi9GA0YMg0YDQtdC20LjQvNC90LDRgNGL0L0g0LrTqdC50LvQuC4g0KPQuyDRgtGD0YTRgNCw0LrQutCwINCw0YjQu9Cw0LzQsCDQutC10YDRgtKv0L3QtdKjINC60q/Qu9OZ0LzQtdC9LCDQstCw0LrRi9GC0YvQvSwg0YvRgdGD0LvQu9Cw0YDRi9C9INCx0LjQu9Cz0LXQu9C4LiDQkNCz0YDQvtC90L7QvCDSl9C40YLTmdC60YfQtdC70LXQs9C10L3QtNOZINGP0qPQsCDRgdC+0YDRgtC70LDRgNGLINKv0YDRh9C10YLQtdC705ksINC+0YDQu9GL0LrQvdGL0qMg0YjRi9GC0YPRh9Cw0L3Qu9GL0LPRiyDSu9OZ0Lwg0LHQsNGI0LrQsCDRh9OZ0YfSr9C70LXQuiDRgdGL0LnRhNCw0YLQu9Cw0YDRiyDRgtC40LrRiNC10YDQtdC705ksINCw0LvQsNGA0L3RiyDRh9OZ0YfSr9Cz05kg05nQt9C10YDQu9OZ0q8g0Y3RiNC705nRgNC1INCw0LvRi9C/INCx0LDRgNGL0LvQsC4g0JDQs9GA0L7QvdC+0Lwg0LHQsNGA0LvRi9C6INGH05nRh9Kv0LvQtdC6INGN0YjQu9OZ0YDQtdC90LXSoyDRgdGL0LnRhNCw0YLRi9C90LAg0LrQvtC90YLRgNC+0LvRjNC70LXQuiDQuNGC05ksINGD0YDRi9C/LdKX0YvRjiDQstCw0LrRi9GC0YvQvSDSu9OZ0Lwg0YfQuNGA0LDRgtGL0L0g0LHQuNC70LPQtdC70LguINCh0LDQutC70LDRgyDRh9C+0YDRi9C90LTQsCDQsdOp0YDRgtC10LrQu9C10LvTmdGA0L3QtdKjINGC0L7RgNGL0YjRi9C9ICZuYnNwO9C60q/Qt9OZ0YLTmSwg0YLQtdC80L/QtdGA0LDRgtGD0YDQsCDRgNC10LbQuNC80YvQvSDQutOp0LnQu9C4LiDQkNCz0YDQvtC90L7QvCDRgtOp0L8g0LDQstGL0Lsg0YXRg9KX0LDQu9GL0LPRiyDRgtC10YXQvdC40LrQsNGB0YvQvSDQsdC10LvQtdGA0LPTmSDRgtC40LXRiC4g0KPQuyDQsNCy0YvQuyDRhdGD0pfQsNC70YvQs9GLINC60YPQu9GM0YLRg9GA0LDQu9Cw0YDRi9C90LAg0Y/QvdCw0LPQsNC9INGC06nRgNC70LUg0LDQstGL0YDRg9C70LDRgNC90Ysg0rvTmdC8INC60L7RgNGC0LrRi9GH0LvQsNGA0L3Riywg0LDQu9Cw0YAg0LHQtdC705nQvSDQutOp0YDTmdGI0q8g0YvRgdGD0LvQu9Cw0YDRi9C9INOp0LnRgNOZ0L3TmS48L3A+DQoNCjxwPjxjb25jcmV0ZS1waWN0dXJlIGZpZD0iMjA3IiBhbHQ9IjE5OTFfMTMuanBnIiBoZWlnaHQ9IjQwMCIgd2lkdGg9IjYwMCIgLz48L3A+DQoNCjxwPjxzcGFuIGNsYXNzPSJpbWFnZS1jYXB0aW9uIj7QktC40LQg0L/QvtC70Y8g0YHQsNGF0LDRgNC90L7QuSDRgdCy0LXQutC70Ysg0J7QsdGJ0LXRgdGC0LLQsCDRgSDQvtCz0YDQsNC90LjRh9C10L3QvdC+0Lkg0L7RgtCy0LXRgtGB0YLQstC10L3QvdC+0YHRgtGM0Y4gJmxhcXVvO9Ca0L7Qu9C+0YEmcmFxdW87INCyINCi0LXRgtGO0YjRgdC60L7QvCDQvNGD0L3QuNGG0LjQv9Cw0LvRjNC90L7QvCDRgNCw0LnQvtC90LUg0KDQtdGB0L/Rg9Cx0LvQuNC60Lgg0KLQsNGC0LDRgNGB0YLQsNC9LiAoMjAxNyDQs9C+0LQsINCi0LXRgtGO0YjRgdC60LjQuSDRgC4g0KDQoiwg0LDQstGC0L7RgCDQkdCw0LTRi9C60YjQuNC9LCDQkNC/0L/QsNGA0LDRgiDQmtCcKTwvc3Bhbj48L3A+DQoNCjxwPiZuYnNwOzwvcD4NCiI7fQ=='),(1082,'','2020-09-02 21:49:27','2020-09-02 21:49:27',NULL,'1',1,1,'TzozMjoiQ29uY3JldGVcQ29yZVxMZWdhY3lcQmxvY2tSZWNvcmQiOjM6e3M6MzoiYklEIjtzOjQ6IjEwODIiO3M6OToiACoAX3RhYmxlIjtzOjE0OiJidENvbnRlbnRMb2NhbCI7czo3OiJjb250ZW50IjtzOjEzMDQ6IjxoMz7Qr9GF0YjRiyDRg9Kj0YvRiCDQsdGD0LvRgdGL0L0g06nRh9C10L08L2gzPg0KDQo8cD7Qr9GF0YjRiyDRg9Kj0YvRiCDQsdGD0LvRgdGL0L0g06nRh9C10L0sINCw0L3Ri9KjINGC0YPRgNGL0L3QtNCwINC60YvRiNGL0L3QvdCw0L0g0YPQuiDQutCw0LnQs9GL0YDRgtCwINCx0LDRiNC70LDRgNCz0LAg0LrQuNGA05nQui4g0JrRi9GA0LvQsNGA0LTQsCDQutCw0YAg0YLRg9C/0LvQsNGA0LPQsCwg0L7RgNC70YvQutC70LDRgNC90Ysg0LDQu9C00LDQvSDRg9C6INGH05nRh9Kv0LPTmSDTmdC30LXRgNC705nRgNCz05kuINCn05nRh9KvINCy0LDQutGL0YLRi9C9INGC06nQs9OZ0Lsg0YHQsNC50LvQsNGDINOp0YfQtdC9LCDRj9C30YvQvSDQutOp0L0g0YHQsNC10L0gJm5ic3A70YLRg9GE0YDQsNC60L3RiyDRgtC40LrRiNC10YDQtdC/INGC0L7RgNGL0YDQs9CwINC60LjRgNOZ0LouINCl0LDQu9GL0LrRgtCwINGO0LrQutCwINCz0YvQvdCwINGP0LfQs9GLINCx0LXRgCDQutOp0L0g0LXQuyDRgtGD0LnQtNGL0YDQsCDQtNC40LzTmdCz05nQvdC905nRgCEg0pbTmdC10L0g0YfSr9C/INKv0LvTmdC90L3TmdGA0LUg0LHQtdC705nQvSDQutOp0YDTmdGI0L3QtSDQstCw0LrRi9GC0YvQvdC00LAg0L7QtdGI0YLRi9GA0YMg0LzTqdK70LjQvC4g0JDQvdC90LDQvSDRgdC+0qMg0YPSo9GL0YjQvdGL0qMg06nQu9Cz0LXRgNKv0LXQvSDQutKv0LfTmdGC0LXQvyDRgtC+0YDRi9GA0LPQsCDSu9OZ0Lwg0LrRi9GA0LvQsNGA0LTQsNC9INCy0LDQutGL0YLRi9C90LTQsCDSl9GL0LXQvyDQsNC70YvRgNCz0LAuINCj0qPRi9GI0L3RiyDSl9GL0LXQvyDQsNC70LPQsNC90L3QsNC9INGB0L7Soywg0LDQvdGLINOZ0LvQtSDRjdGI0LrTmdGA0YLQtdGA0LPTmSDQutC40YDTmdC6LiDQnNC+0L3Ri9KjINOp0YfQtdC9INGN0YjRh9C10LvTmdGAINK705nQvCDQuNC90LbQtdC90LXRgNC70LDRgCDRhdC10LfQvNOZ0YIg0LjRgtC605nQvSDQsdC40Log0LrSr9C/INC30LDQstC+0LTQu9Cw0YAg0rvTmdC8INGE0LDQsdGA0LjQutCw0LvQsNGAINCx0LDRgC4gJm5ic3A70JDQvdC00LAg0YjQuNC605nRgCwg0L7QvSwg0LrRg9C10YDRgtGL0LvQs9Cw0L0g0YHTqdGCLCDRgdGL0YAg0Y/RgdGL0LnQu9Cw0YAuINK605nQvCDQsNCy0YvQuyDRhdGD0pfQsNC70YvQs9GLINC/0YDQvtC00YPQutGC0LvQsNGA0YvQvdC90LDQvSDRgtCw0LPRi9C9INCx0LjQuiDQutKv0L8g0YLTmdC80LvQtSDSu9OZ0Lwg0YTQsNC50LTQsNC70Ysg0YDQuNC30YvQutC70LDRgCDSl9C40YLQtdGI0YLQtdGA05nQu9OZ0YAuPC9wPg0KIjt9'),(1083,'','2020-09-02 21:49:27','2020-09-02 21:49:27',NULL,'1',1,1,'TzozMjoiQ29uY3JldGVcQ29yZVxMZWdhY3lcQmxvY2tSZWNvcmQiOjM6e3M6MzoiYklEIjtzOjQ6IjEwODMiO3M6OToiACoAX3RhYmxlIjtzOjE0OiJidENvbnRlbnRMb2NhbCI7czo3OiJjb250ZW50IjtzOjE0MzoiPHA+PHNwYW4gY2xhc3M9ImltYWdlLWNhcHRpb24iPtCe0YLRgNGL0LLQvtC6INC40Lcg0YTQuNC70YzQvNCwJm5ic3A7JmxhcXVvO9Ch0L7QstC10YLRgdC60LDRjyDQotCw0YLQsNGA0LjRjyZyYXF1bzsgKDE5NTcg0LPQvtC0KTwvc3Bhbj48L3A+DQoiO30='),(1084,'','2020-09-02 21:49:27','2020-09-02 21:49:27','breadcrumb.php','1',7,1,'TzozMjoiQ29uY3JldGVcQ29yZVxMZWdhY3lcQmxvY2tSZWNvcmQiOjEwOntzOjM6ImJJRCI7czo0OiIxMDg0IjtzOjk6IgAqAF90YWJsZSI7czoxMjoiYnROYXZpZ2F0aW9uIjtzOjc6Im9yZGVyQnkiO3M6MTE6ImRpc3BsYXlfYXNjIjtzOjEyOiJkaXNwbGF5UGFnZXMiO3M6MzoidG9wIjtzOjE1OiJkaXNwbGF5UGFnZXNDSUQiO3M6MToiMCI7czoyMzoiZGlzcGxheVBhZ2VzSW5jbHVkZVNlbGYiO3M6MToiMCI7czoxNToiZGlzcGxheVN1YlBhZ2VzIjtzOjE5OiJyZWxldmFudF9icmVhZGNydW1iIjtzOjIwOiJkaXNwbGF5U3ViUGFnZUxldmVscyI7czo2OiJlbm91Z2giO3M6MjM6ImRpc3BsYXlTdWJQYWdlTGV2ZWxzTnVtIjtzOjE6IjAiO3M6MjM6ImRpc3BsYXlVbmF2YWlsYWJsZVBhZ2VzIjtzOjE6IjAiO30='),(1085,'','2020-09-02 21:49:27','2020-09-02 21:49:27','','1',3,1,'TzozMjoiQ29uY3JldGVcQ29yZVxMZWdhY3lcQmxvY2tSZWNvcmQiOjEzOntzOjM6ImJJRCI7czo0OiIxMDg1IjtzOjk6IgAqAF90YWJsZSI7czoxNDoiYnRDb250ZW50SW1hZ2UiO3M6MzoiZklEIjtzOjM6IjIyMSI7czoxMDoiZk9uc3RhdGVJRCI7czoxOiIwIjtzOjk6ImNyb3BJbWFnZSI7czoxOiIwIjtzOjg6Im1heFdpZHRoIjtzOjE6IjAiO3M6OToibWF4SGVpZ2h0IjtzOjE6IjAiO3M6MTI6ImV4dGVybmFsTGluayI7czowOiIiO3M6MTU6ImludGVybmFsTGlua0NJRCI7czoxOiIwIjtzOjEwOiJmaWxlTGlua0lEIjtzOjE6IjAiO3M6MTk6Im9wZW5MaW5rSW5OZXdXaW5kb3ciO3M6MToiMCI7czo3OiJhbHRUZXh0IjtzOjMyOiIxMDAg0LvQtdGCINC90LDRiNC10LzRgyDQtNC+0LzRgyI7czo1OiJ0aXRsZSI7czowOiIiO30='),(1086,'','2020-09-02 21:49:27','2020-09-02 21:49:27',NULL,'1',1,1,NULL),(1087,'','2020-09-02 21:49:27','2020-09-02 21:49:27',NULL,'1',1,1,'TzozMjoiQ29uY3JldGVcQ29yZVxMZWdhY3lcQmxvY2tSZWNvcmQiOjM6e3M6MzoiYklEIjtzOjQ6IjEwODciO3M6OToiACoAX3RhYmxlIjtzOjE0OiJidENvbnRlbnRMb2NhbCI7czo3OiJjb250ZW50IjtzOjEwMDk6IjxwPjxzcGFuIGNsYXNzPSJpbWFnZS1jYXB0aW9uIj7QntGC0YDRi9Cy0L7QuiDQuNC3INC00L7QutGD0LzQtdC90YLQsNC70YzQvdC+0LPQviDRhNC40LvRjNC80LAgJmxhcXVvO9Ch0L7QstC10YLRgdC60LjQuSDQotCw0YLQsNGA0YHRgtCw0L0mcmFxdW87ICgxOTQ1INCz0L7QtCk8L3NwYW4+PC9wPg0KDQo8cD48c3BhbiBjbGFzcz0iaW1hZ2UtY2FwdGlvbiI+0KHQutGD0LvRjNC/0YLQvtGAINCh0LDQtNGA0Lgg0JDRhdGD0L0g0LLQviDQstGA0LXQvNGPINGA0LDQsdC+0YLRiyDQvdCw0LQg0LHRjtGB0YLQvtC8INC30LDRgdC70YPQttC10L3QvdC+0LPQviDQtNC10Y/RgtC10LvRjyDQuNGB0LrRg9GB0YHRgtCyINC60L7QvNC/0L7Qt9C40YLQvtGA0LAg0KHQsNC50LTQsNGI0LXQstCwINCh0LDQu9C40YXQsC4gPC9zcGFuPjwvcD4NCg0KPHA+PHNwYW4gY2xhc3M9ImltYWdlLWNhcHRpb24iPtCa0L7QvNC/0L7Qt9C40YLQvtGALCDQt9Cw0YHQu9GD0LbQtdC90L3Ri9C5INC00LXRj9GC0LXQu9GMINC40YHQutGD0YHRgdGC0LIg0KDQodCk0KHQoCDQltC40LPQsNC90L7QsiDQndCw0LfQuNCxINCy0L4g0LLRgNC10LzRjyDRgNCw0LHQvtGC0Ysg0L3QsNC0INGB0LjQvNGE0L7QvdC40YfQtdGB0LrQvtC5INC/0L7RjdC80L7QuSAmbGFxdW870JrRi9GA0LvQsNC5JnJhcXVvOy48L3NwYW4+PC9wPg0KDQo8cD48c3BhbiBjbGFzcz0iaW1hZ2UtY2FwdGlvbiI+0JrQvtC80L/QvtC30LjRgtC+0YDRiyDQnNGD0LfQt9Cw0YTQsNGA0L7Qsiwg0KTQsNC50LfQuCwg0L/QvtGN0YIg0JXRgNC40LrQtdC5INCQ0YXQvNC10YIsINC00YDQsNC80LDRgtGD0YDQsyDQk9C40LfQt9Cw0YIg0KLQsNC30LgsINC/0LjRgdCw0YLQtdC70Ywg0J3QsNC00LbQvNC4INCa0LDQstC4INCy0L4g0LLRgNC10LzRjyDQv9GA0L7RgdC70YPRiNC40LLQsNC90LjRjyDRgdC40LzRhNC+0L3QuNGH0LXRgdC60L7QuSDQv9C+0Y3QvNGLICZsYXF1bzvQmtGL0YDQu9Cw0LkmcmFxdW87Ljwvc3Bhbj48L3A+DQoiO30='),(1088,'','2020-09-02 21:49:27','2020-09-02 21:49:27',NULL,'1',1,1,'TzozMjoiQ29uY3JldGVcQ29yZVxMZWdhY3lcQmxvY2tSZWNvcmQiOjM6e3M6MzoiYklEIjtzOjQ6IjEwODgiO3M6OToiACoAX3RhYmxlIjtzOjE0OiJidENvbnRlbnRMb2NhbCI7czo3OiJjb250ZW50IjtzOjU4MzoiPHA+Jm5ic3A7PGNvbmNyZXRlLXBpY3R1cmUgZmlkPSIyMTQiIGFsdD0iNDI0XzcuanBnIiBoZWlnaHQ9IjM4NSIgd2lkdGg9IjYwMCIgLz48L3A+DQoNCjxwPjxzcGFuIGNsYXNzPSJpbWFnZS1jYXB0aW9uIj7QntGA0LrQtdGB0YLRgCDQvdCw0YDQvtC00L3Ri9GFINC40L3RgdGC0YDRg9C80LXQvdGC0L7QsiDQoNC10YHQv9GD0LHQu9C40LrQuCDQotCw0YLQsNGA0YHRgtCw0L0g0LLQviDQstGA0LXQvNGPINCy0YvRgdGC0YPQv9C70LXQvdC40Y8uINCSINGG0LXQvdGC0YDQtSDQt9Cw0YHQu9GD0LbQtdC90L3Ri9C5INC00LXRj9GC0LXQu9GMINC40YHQutGD0YHRgdGC0LIg0KLQsNGC0LDRgNGB0YLQsNC90LAsINGA0YPQutC+0LLQvtC00LjRgtC10LvRjCDQsNC90YHQsNC80LHQu9GPINCd0LjQs9C80LXRgtC30Y/QvdC+0LIg0KXQsNGA0LjRgS4gKDE5OTQg0LPQvtC0LCDQmtCw0LfQsNC90YwsINCw0LLRgtC+0YAg0KjQsNC60LjRgNC30Y/QvdC+0LIsINC70LjRh9C90YvQuSDQsNGA0YXQuNCyINGE0L7RgtC+0LbRg9GA0L3QsNC70LjRgdGC0LAg0KjQsNC60LjRgNC30Y/QvdC+0LLQsCDQnC7QpC4pPC9zcGFuPjwvcD4NCiI7fQ=='),(1089,'','2020-09-02 21:49:27','2020-09-02 21:49:27',NULL,'1',1,1,'TzozMjoiQ29uY3JldGVcQ29yZVxMZWdhY3lcQmxvY2tSZWNvcmQiOjM6e3M6MzoiYklEIjtzOjQ6IjEwODkiO3M6OToiACoAX3RhYmxlIjtzOjE0OiJidENvbnRlbnRMb2NhbCI7czo3OiJjb250ZW50IjtzOjExMDg6IjxoMz7QotCw0YLQsNGA0YHRgtCw0L3QvdGL0qMg0LzTmdC005nQvdC40Y/RgtC1PC9oMz4NCg0KPHA+0JHQtdC30L3QtdKjINGA0LXRgdC/0YPQsdC70LjQutCw0LTQsCDRgtOp0YDQu9C1INC80LjQu9C705nRgiDQstOZ0LrQuNC70LvTmdGA0LUg0Y/RiNC4LiDQkNC70LDRgNC90YvSoyDSu9OZ0YDQsdC10YDRgdC10L3QtdKjINKv0Lcg0LzTmdC005nQvdC40Y/RgtC1LCDSr9C3INGC0YDQsNC00LjRhtC40Y/Qu9OZ0YDQtSwg0q/QtyDQsdOZ0LnRgNOZ0LzQvdOZ0YDQtSDQsdCw0YAuINCc05nRgdOZ0LvTmdC9LCDRgNGD0YHQu9Cw0YDQvdGL0qMgJmxhcXVvO9Ca0LDRgNCw0LLQvtC9JnJhcXVvOyDQsdOZ0LnRgNOZ0LzQtSwg0YLQsNGC0LDRgNC70LDRgNC90YvSoyAmbGFxdW870KHQsNCx0LDQvdGC0YPQtSZyYXF1bzssINC80L7RgNC00LLQsNC70LDRgNC90YvSoyAmbGFxdW870JHQsNC70YLQsNC5JnJhcXVvOywg0YfRg9Cy0LDRiNC70LDRgNC90YvSoyAmbGFxdW870KPRj9CyJnJhcXVvOywg0LzQsNGA0LjQu9Cw0YDQvdGL0qMgJmxhcXVvO9Ch0LXQvNGL0LomcmFxdW87LCDRg9C00LzRg9GA0YLQu9Cw0YDQvdGL0qMgJmxhcXVvO9CT0YvRgNC+0L0g0LHRi9C00YLQvtC9JnJhcXVvOyDQsdOZ0LnRgNOZ0LzQvdOZ0YDQtSDQtNOZINCx0YPQu9GL0YDQs9CwINC806nQvNC60LjQvS4g0KLQsNGC0LDRgNGB0YLQsNC90L3Ri9KjINC805nQtNOZ0L3QuCDRgtC+0YDQvNGL0YjRiyDRgtOp0YDQu9C1LiDQoNC10YHQv9GD0LHQu9C40LrQsNC00LAg0LrSr9C/INC80YPQt9C10LnQu9Cw0YAsINGC0LXQsNGC0YDQu9Cw0YAsINC60LjRgtCw0L/RhdCw0L3TmdC705nRgC4g0LrQu9GD0LHQu9Cw0YAsINC60LjQvdC+0YLQtdCw0YLRgNC70LDRgCDRjdGI0LvQuC4g0KLQsNGC0LDRgNGB0YLQsNC9INGC0LXRgNGA0LjRgtC+0YDQuNGP0YHQtdC90LTTmSAmbmJzcDvQtNOp0L3RjNGP0LrSr9C705nQvCDTmdK705nQvNC40Y/RgtC605kg0LjRjyDQsdC10YDQvdC40YfTmSDQvNOZ0LTTmdC90LjRj9GCINK705nQudC605nQu9C1INCx0LDRgC4gJm5ic3A70JDQu9Cw0YAg0K7QndCV0KHQmtCeINGB0LDQs9GL0L3QsCDQsNC70YvQvdCz0LDQvS4mbmJzcDs8L3A+DQoiO30='),(1090,'','2020-09-02 21:49:27','2020-09-02 21:49:27',NULL,'1',1,1,'TzozMjoiQ29uY3JldGVcQ29yZVxMZWdhY3lcQmxvY2tSZWNvcmQiOjM6e3M6MzoiYklEIjtzOjQ6IjEwOTAiO3M6OToiACoAX3RhYmxlIjtzOjE0OiJidENvbnRlbnRMb2NhbCI7czo3OiJjb250ZW50IjtzOjI3MDoiPHA+0J7RgtGA0YvQstC+0Log0LjQtyDQtNC+0LrRg9C80LXQvdGC0LDQu9GM0L3QvtCz0L4g0YTQuNC70YzQvNCwICZsYXF1bzvQodC+0LLQtdGC0YHQutC40Lkg0KLQsNGC0LDRgNGB0YLQsNC9JnJhcXVvOyAoMTk0NSDQs9C+0LQpLiDQndCw0YDQvtC00L3Ri9C5INCw0YDRgtC40YHRgiZuYnNwO9Ci0JDQodCh0KAmbmJzcDvQotGD0LjRiNC10LIg0KTQsNC50LfRg9C70LvQsCDQstC+INCy0YDQtdC80Y8g0LjQs9GA0Ysg0L3QsCDQs9Cw0YDQvNC+0YjQutCw0YUuPC9wPg0KIjt9'),(1091,'','2020-09-02 21:49:27','2020-09-02 21:49:27',NULL,'1',1,1,'TzozMjoiQ29uY3JldGVcQ29yZVxMZWdhY3lcQmxvY2tSZWNvcmQiOjM6e3M6MzoiYklEIjtzOjQ6IjEwOTEiO3M6OToiACoAX3RhYmxlIjtzOjE0OiJidENvbnRlbnRMb2NhbCI7czo3OiJjb250ZW50IjtzOjk1NjoiPGgzPtCi0LDRgtCw0YDRgdGC0LDQvSDRgtC10LDRgtGA0LvQsNGA0Ys8L2gzPg0KDQo8cD7QotC10LDRgtGAICZuZGFzaDsgJm5ic3A70LPQsNKX05nQtdC/INGD0YDRi9C9LCDRgtGL0LvRgdGL0LzQs9CwINC40Y8g0YPRgNGL0L0uINOY0LrQuNGP0YIg0LPQtdGA0L7QudC70LDRgNGLINKX0LDQvdC70LDQvdCwINGC0L7RgNCz0LDQvSDRg9GA0YvQvS4g0KLQsNGC0LDRgNGB0YLQsNC90LTQsCDSu9OZ0YDQutC10Lwg0q/QtyDQutKv0qPQtdC70LXQvdOZINGF0YPRiCDQutC40LvQtdGA0LvQtdC6INGC0LXQsNGC0YDQvdGLINGC0LDQsdCwINCw0LvQsDog0LHQtdC30LTTmSDQutGD0YDRh9Cw0LosINC80YPQt9GL0LrQsNC70YwsINC00YDQsNC80LAsINC+0L/QtdGA0LAg0rvTmdC8INCx0LDQu9C10YIg0YLQtdCw0YLRgNC70LDRgNGLINCx0LDRgC4g0JzTmdGB05nQu9OZ0L0sINGA0LXRgdC/0YPQsdC70LjQutCw0LHRi9C30L3Ri9KjINOY0YLQvdOZINGA0LDQudC+0L3Ri9C90LTQsCDQoNC+0YHRgdC40Y/QtNOZINCx0LXRgNC005nQvdCx0LXRgCDQsNCy0YvQuyDQtNOZ0q/Qu9OZ0YIg0YLQtdCw0YLRgNGLINGD0YDQvdCw0YjQutCw0L0uINOYINCa0LDQt9Cw0L3QtNCwINC+0L/QtdGA0LAg0rvTmdC8INCx0LDQu9C10YIg0YLQtdCw0YLRgNGL0L3QsCDQsdCw0YDRi9GA0LPQsCDQsdGD0LvQsC4g0JDQvdC00LAg0LXQuyDRgdCw0LXQvSAyINGF0LDQu9GL0LrQsNGA0LAg0YTQtdGB0YLQuNCy0LDQu9GMINKv0YLQutOZ0YDQtdC705kuICZuYnNwO9Ck0ZHQtNC+0YAg0KjQsNC70Y/Qv9C40L0g0LjRgdC10LzQtdC90LTTmdCz0LUg0L7Qv9C10YDQsCDRhNC10YHRgtC40LLQsNC70LUg0rvTmdC8INCg0YPQtNC+0LvRjNGEINCd0YPRgNC40LXQsiDQuNGB0LXQvNC10L3QtNOZ0LPQtSDQutC70LDRgdGB0LjQuiDQsdCw0LvQtdGCINGE0LXRgdGC0LjQstCw0LvQtS4mbmJzcDs8L3A+DQoiO30='),(1092,'','2020-09-02 21:49:27','2020-09-02 21:49:27',NULL,'1',1,1,'TzozMjoiQ29uY3JldGVcQ29yZVxMZWdhY3lcQmxvY2tSZWNvcmQiOjM6e3M6MzoiYklEIjtzOjQ6IjEwOTIiO3M6OToiACoAX3RhYmxlIjtzOjE0OiJidENvbnRlbnRMb2NhbCI7czo3OiJjb250ZW50IjtzOjI2MToiPHA+PHNwYW4gY2xhc3M9ImltYWdlLWNhcHRpb24iPtCe0YLRgNGL0LLQvtC6INC40Lcg0LTQvtC60YPQvNC10L3RgtCw0LvRjNC90L7Qs9C+INGE0LjQu9GM0LzQsCAmbGFxdW870KHQvtCy0LXRgtGB0LrQuNC5INCi0LDRgtCw0YDRgdGC0LDQvSZyYXF1bzsgKDE5NDUg0LPQvtC0KS4g0KHRhtC10L3QsCDQuNC3INCx0LDQu9C10YLQsCDQr9GA0YPQu9C70LjQvdCwINCk0LDQvdC40YHQsCAmbGFxdW870KjRg9GA0LDQu9C1JnJhcXVvOy48L3NwYW4+PC9wPg0KIjt9'),(1093,'','2020-09-02 21:49:27','2020-09-02 21:49:27',NULL,'1',1,1,'TzozMjoiQ29uY3JldGVcQ29yZVxMZWdhY3lcQmxvY2tSZWNvcmQiOjM6e3M6MzoiYklEIjtzOjQ6IjEwOTMiO3M6OToiACoAX3RhYmxlIjtzOjE0OiJidENvbnRlbnRMb2NhbCI7czo3OiJjb250ZW50IjtzOjYxMjoiPHA+Jm5ic3A7PC9wPg0KDQo8cD48Y29uY3JldGUtcGljdHVyZSBmaWQ9IjIxNSIgYWx0PSI4MzNfMTAuanBnIiBoZWlnaHQ9IjQzNCIgd2lkdGg9IjYwMCIgLz48L3A+DQoNCjxwPjxzcGFuIGNsYXNzPSJpbWFnZS1jYXB0aW9uIj7Qk9C+0YHRg9C00LDRgNGB0YLQstC10L3QvdGL0Lkg0LDQvdGB0LDQvNCx0LvRjCDQv9C10YHQvdC4INC4INGC0LDQvdGG0LAg0KDQtdGB0L/Rg9Cx0LvQuNC60Lgg0KLQsNGC0LDRgNGB0YLQsNC9LCDQu9Cw0YPRgNC10LDRgtGLINCT0L7RgdGD0LTQsNGA0YHRgtCy0LXQvdC90L7QuSDQv9GA0LXQvNC40Lgg0LjQvNC10L3QuCDQky4g0KLRg9C60LDRjyDQuCDQvtGA0LTQtdC90LAg0JTRgNGD0LbQsdGLINCd0LDRgNC+0LTQvtCyJm5ic3A7INCy0L4g0LLRgNC10LzRjyDQstGL0YHRgtGD0L/Qu9C10L3QuNGPINC90LAg0LPQsNGB0YLRgNC+0LvRj9GFLiAo0JPQvtC0INC90LXQuNC30LLQtdGB0YLQtdC9LCDQvNC10YHRgtC+INC90LXQuNC30LLQtdGB0YLQvdC+LCDQsNCy0YLQvtGAINC90LXQuNC30LLQtdGB0YLQtdC9LCDRgNC10LTQsNC60YbQuNGPINC20YPRgNC90LDQu9CwICZsYXF1bzvQodGN0YXQvdGNJnJhcXVvOyk8L3NwYW4+PC9wPg0KIjt9'),(1094,'','2020-09-02 21:49:27','2020-09-02 21:49:27',NULL,'1',1,1,'TzozMjoiQ29uY3JldGVcQ29yZVxMZWdhY3lcQmxvY2tSZWNvcmQiOjM6e3M6MzoiYklEIjtzOjQ6IjEwOTQiO3M6OToiACoAX3RhYmxlIjtzOjE0OiJidENvbnRlbnRMb2NhbCI7czo3OiJjb250ZW50IjtzOjE4NTE6IjxoMz7QmtCw0LfQsNC9INGG0LjRgNC60Ys8L2gzPg0KDQo8cD7QmtCw0LfQsNC90LTQsCDQsdC10YDQtdC90YfQtSDRgdGC0LDRhtC40L7QvdCw0YAg0YbQuNGA0LogMTg5MCDQtdC70LTQsCDRgtOp0LfQtdC705kuINCQ0qPQsCDQsdC10YDRgtGD0LPQsNC9INCd0LjQutC40YLQuNC90L3QsNGAINC90LjQs9C10Lcg0YHQsNC70LAuINCT0LDQsdC00YPQu9C70LAg0KLRg9C60LDQuSDSr9C30LXQvdC10qMgJmxhcXVvO9Cf0LXRh9OZ0L0g0LHQsNC30LDRgNGLLCDRj9GF0YPQtCDQr9Kj0LAg0JrQuNGB0LXQutCx0LDRiCZyYXF1bzsg0L/QvtGN0LzQsNGB0YvQvdC00LAg05nQu9C10LPQtSDRhtC40YDQutC60LAg0LHQtdGA0L3QuNGH05kg0YjQuNCz0YrRgNC4INGO0LvRi9C9INCx0LDQs9GL0YjQu9GL0LkuJm5ic3A7PC9wPg0KDQo8cD48YnIgLz4NCiZsYXF1bzvQkNC70LTRi9C80YvQt9C00LAg0LDRgiDQutOZ0LzQuNGC0LXQvSDQutKv0YDTmdC70LXQvDxiciAvPg0K0rrTmdC8INCc0LjQutC40YLQuNC9INKX05nQvNCz0LDRgtC10L3TmSDQuNGA05nQu9C10LwuPC9wPg0KDQo8cD7QkdGDINCa0LDQt9Cw0L3QtNCwINGF0YPQvy3RhdGD0L8g0Y3RiNC705nRgCDQutKv0L8g0YLQvtGA0YvRgCw8YnIgLz4NCtK60LjRhyDQvNC+0L3Ri9KjINGC0LjQuiDQsdC10YDQuCDRgtOZ0LrRi9C5INGO0Log0YLQvtGA0YvRgC48L3A+DQoNCjxwPtCl0LDQuiDQotOZ0LPQsNC705kg0L3TmdGA0YHTmSDQutGL0LnQu9GB0LAg0LjRgNC60LUg0LHQsNGALCAmbmJzcDsmbmJzcDs8YnIgLz4NCtCg0YPRgSDQnNC40LrQuNGC0LjQvdC90LXSoyDQmtCw0LfQsNC90LTQsCDRhtC40YDQutGLINCx0LDRgC48L3A+DQoNCjxwPtCo0YPQvdC00LAg0LHQsNGA0LTRi9GAINCx0LXRgCDQvNOp0YHQtdC70LzQsNC9INC/05nSu9C70LXQstCw0L0gJm5ic3A7Jm5kYXNoOzxiciAvPg0K0JHQuNC6INC+0LfRi9C9LCDQsdC40Log0LrTqdGH0LvQtSwg0LPQsNC50YDTmdGC0LvQtSDSl9C40LLQsNC9LjwvcD4NCg0KPHA+0KjTmdC/INCx0LDRgtGL0YA6INCX05nRgNC60YPQvCDQutC10LHQuCwg0KHQsNC70YHQsNC7INC60LXQsdC4OzxiciAvPg0K0KXTmdC50LvTmdCz05kg0L7RgdGC0LAsINCh05nQtdGCLdCR0LDRgtGC0LDQuyDQutC10LHQuCZyYXF1bzsuPGJyIC8+DQombmJzcDvQptC40YDQuiDQsdC40L3QsNGB0Ysg0LDQs9Cw0YfRgtCw0L0g0Y3RiNC705nQvdCz05nQvSDQsdGD0LvQsCDSu9OZ0Lwg0LrRi9GA0YvQuiDQtdC70LPQsCDRj9C60YvQvSDRhdC10LfQvNOZ0YIg0LjRgtOZLiDQkNC90L3QsNC9INGB0L7SoyDRj9Kj0LAg0LDQs9Cw0Ycg0LHQuNC90LAg0LrQvtGA0YvQu9CwLiDQo9GC0YvQtyDQtdC70LTQsNC9INGB0L7SoyDQsNC90Ysg0Y/QvdCz0YvQvSDRjtC6INC40YLTmS4gMTk2NyDQtdC70LTQsCDQsdC10YAg0LrQvtC70L7QvdC90LDRgdGLINC00LAg0LHRg9C70LzQsNCz0LDQvSDRg9C90LjQutCw0LvRjCDRhtC40YDQuiDQsdC40L3QsNGB0Ysg0LHQsNGA0LvRi9C60LrQsCDQutC40LvTmSwg0YPQuyDQvtGH0LAg0YLQvtGA0LPQsNC9INGC05nQu9C40L3QutOZ0L3QtSDRhdOZ0YLQtdGA0LvTmdGC05kuINCQ0L3Ri9KjINC00LjQsNC80LXRgtGA0YsgJm5kYXNoOyA2NSDQvNC10YLRgCwg0LHQuNC10LrQu9C10LPQtSAyMyDQvNC10YLRgCDQsdGD0LvQsC4g0JrSr9C/INC10LvQu9Cw0YAg0q/RgtOZLiAyMDE4INC10LvQtNCwINCx0LjQvdCw0L3RiyDRj9Kj0LDRgNGC0LDQu9Cw0YAuINCm0LjRgNC6INK705nRgNCy0LDQutGL0YIg0LrRg9C90LDQutC70LDRgNC90Ysg0YjQsNGC0LvQsNC90YvQvyDQutCw0YDRiNGLINCw0LvQsC48YnIgLz4NCiZuYnNwOzwvcD4NCiI7fQ=='),(1095,'','2020-09-02 21:49:27','2020-09-02 21:49:27',NULL,'1',1,1,'TzozMjoiQ29uY3JldGVcQ29yZVxMZWdhY3lcQmxvY2tSZWNvcmQiOjM6e3M6MzoiYklEIjtzOjQ6IjEwOTUiO3M6OToiACoAX3RhYmxlIjtzOjE0OiJidENvbnRlbnRMb2NhbCI7czo3OiJjb250ZW50IjtzOjI5NjoiPHA+PHNwYW4gY2xhc3M9ImltYWdlLWNhcHRpb24iPtCe0YLRgNGL0LLQvtC6INC40Lcg0LTQvtC60YPQvNC10L3RgtCw0LvRjNC90L7Qs9C+INGE0LjQu9GM0LzQsCAmbGFxdW870KHQvtCy0LXRgtGB0LrQuNC5INCi0LDRgtCw0YDRgdGC0LDQvSZyYXF1bzsgKDE5NDUg0LPQvtC0KS4gJm5ic3A70KHRhtC10L3QsCDQuNC3INC+0L/QtdGA0Ysg0LrQvtC80L/QvtC30LjRgtC+0YDQsCDQltC40LPQsNC90L7QstCwINCd0LAmc2h5O9C30LjQsdCwICZsYXF1bzvQkNC70YLRi9C90YfQtdGHJnJhcXVvOzwvc3Bhbj48L3A+DQoiO30='),(1096,'','2020-09-02 21:49:27','2020-09-02 21:49:27','breadcrumb.php','1',7,1,'TzozMjoiQ29uY3JldGVcQ29yZVxMZWdhY3lcQmxvY2tSZWNvcmQiOjEwOntzOjM6ImJJRCI7czo0OiIxMDk2IjtzOjk6IgAqAF90YWJsZSI7czoxMjoiYnROYXZpZ2F0aW9uIjtzOjc6Im9yZGVyQnkiO3M6MTE6ImRpc3BsYXlfYXNjIjtzOjEyOiJkaXNwbGF5UGFnZXMiO3M6MzoidG9wIjtzOjE1OiJkaXNwbGF5UGFnZXNDSUQiO3M6MToiMCI7czoyMzoiZGlzcGxheVBhZ2VzSW5jbHVkZVNlbGYiO3M6MToiMCI7czoxNToiZGlzcGxheVN1YlBhZ2VzIjtzOjE5OiJyZWxldmFudF9icmVhZGNydW1iIjtzOjIwOiJkaXNwbGF5U3ViUGFnZUxldmVscyI7czo2OiJlbm91Z2giO3M6MjM6ImRpc3BsYXlTdWJQYWdlTGV2ZWxzTnVtIjtzOjE6IjAiO3M6MjM6ImRpc3BsYXlVbmF2YWlsYWJsZVBhZ2VzIjtzOjE6IjAiO30='),(1097,'','2020-09-02 21:49:27','2020-09-02 21:49:27','','1',3,1,'TzozMjoiQ29uY3JldGVcQ29yZVxMZWdhY3lcQmxvY2tSZWNvcmQiOjEzOntzOjM6ImJJRCI7czo0OiIxMDk3IjtzOjk6IgAqAF90YWJsZSI7czoxNDoiYnRDb250ZW50SW1hZ2UiO3M6MzoiZklEIjtzOjM6IjIyMiI7czoxMDoiZk9uc3RhdGVJRCI7czoxOiIwIjtzOjk6ImNyb3BJbWFnZSI7czoxOiIwIjtzOjg6Im1heFdpZHRoIjtzOjE6IjAiO3M6OToibWF4SGVpZ2h0IjtzOjE6IjAiO3M6MTI6ImV4dGVybmFsTGluayI7czowOiIiO3M6MTU6ImludGVybmFsTGlua0NJRCI7czoxOiIwIjtzOjEwOiJmaWxlTGlua0lEIjtzOjE6IjAiO3M6MTk6Im9wZW5MaW5rSW5OZXdXaW5kb3ciO3M6MToiMCI7czo3OiJhbHRUZXh0IjtzOjMyOiIxMDAg0LvQtdGCINC90LDRiNC10LzRgyDQtNC+0LzRgyI7czo1OiJ0aXRsZSI7czowOiIiO30='),(1098,'','2020-09-02 21:49:28','2020-09-02 21:49:28',NULL,'1',1,1,'TzozMjoiQ29uY3JldGVcQ29yZVxMZWdhY3lcQmxvY2tSZWNvcmQiOjM6e3M6MzoiYklEIjtzOjQ6IjEwOTgiO3M6OToiACoAX3RhYmxlIjtzOjE0OiJidENvbnRlbnRMb2NhbCI7czo3OiJjb250ZW50IjtzOjEzMDA6IjxoMz7QkdC40L7Qs9GA0LDRhNC40Y88L2gzPg0KDQo8cD7Qk9Cw0LHQtNGD0LvQu9CwINCi0YPQutCw0LkgJm5kYXNoOyDQsdOp0LXQuiDRgtCw0YLQsNGAINGI0LDQs9GL0LnRgNC1INK705nQvCDQv9GA0L7Qt9Cw0LjQs9GLLCAmbmJzcDvRgtOZ0L3QutGL0LnRgtGM0YfQtSDSu9OZ0Lwg0YLTmdGA0pfQtdC805nRh9C1LiDQkNC90Ysg0YXTmdGC0YLQsCAmbGFxdW870YLQsNGC0LDRgCDQn9GD0YjQutC40L3RiyZyYXF1bzsg0LTQuNC/INGC05kg0LDRgtGL0LnQu9Cw0YAuINCv0LrRgtGLLCDTmdC80LzQsCDQutGL0YHQutCwINCz0L7QvNC10YAg0LrQuNGH0LXRgNCz05nQvSDQk9Cw0LHQtNGD0LvQu9CwINCi0YPQutCw0Lkg0YXTmdC30LXRgNCz0LUg0LfQsNC80LDQvSDRgtCw0YLQsNGAINOZ0LTTmdCx0Lgg0YLQtdC70LXQvdOZINK705nQvCDTmdC005nQsdC40Y/RgtGL0L3QsCAmbmJzcDvRgtOp0L8g0L3QuNCz0LXQt9C90LUg0YHQsNC70LAuIDE5INGP0YjQtdC90LTTmSDQotGD0LrQsNC5INGA0YPRgdGH0LDQtNCw0L0g0YLQsNGC0LDRgNGH0LDQs9CwINCx0LXRgNC10L3Rh9C1INGC05nRgNKX0LXQvNOZ0LvTmdGA0LXQvSDRj9GB0YvQuS4g0KPQuyDRgtOZ0YDSl9C10LzTmSDQuNGC0LrTmdC9INOZ0YHTmdGA0LvTmdGAINCY0LLQsNC9INCa0YDRi9C70L7QstC90YvSoyDQvNOZ0YHTmdC70LvTmdGA0LUg0LHRg9C70LAuMTkwNCDQtdC70LTQsCDQotGD0LrQsNC50L3Ri9KjINGN0YjQu9OZ0YDQtSAmbGFxdW870K/So9CwINCz0LDRgdGL0YAmcmFxdW87INC20YPRgNC90LDQu9GL0L3QtNCwINCx0LDRgdGL0LvQsC4g0JHQsNGI0YLQsNGA0LDQuiDQotGD0LrQsNC5INC/0L7RjdC30LjRj9GB0LXQvdC005kgJm5ic3A70LPQsNGA05nQvy3RhNCw0YDRgdGLINGC0YDQsNC00LjRhtC40Y/Qu9OZ0YDQtdC905kg0LjRj9GA0q8g0LrSr9C305nRgtC10LvTmSwg0LvTmdC60LjQvSDRgNGD0YEg05nQtNOZ0LHQuNGP0YLRiyDQtNCwINCw0L3Ri9KjINOZ0YHTmdGA0LvTmdGA0LXQvdOZINKv0Lcg0LnQvtCz0YvQvdGC0YvRgdGL0L0g0Y/RgdCw0LzRi9C5INC60LDQu9C80YvQuS4g0JDQstGL0YAg0LHQsNC70LDRh9Cw0LPRi9C90LAg0LTQsCDQutCw0YDQsNC80LDRgdGC0LDQvSwg0JPQsNCx0LTRg9C70LvQsCDQotGD0LrQsNC5INKv0LfQtdC9INCx05nRhdC10YLQu9C1INGB0LDQvdGL0Lkg0rvTmdC8INOZ0YHTmdGA0LvTmdGA0LXQvdOZINC005kg0LjSoyDRg9Kj0LDQuSDSu9OZ0Lwg0YXQuNGB0YHQuNGP0YLQu9C1INC80L7RgtC40LLQu9Cw0YAg0LrQtdGA0YLTmS4mbmJzcDs8L3A+DQoiO30='),(1099,'','2020-09-02 21:49:28','2020-09-02 21:49:28',NULL,'1',1,1,'TzozMjoiQ29uY3JldGVcQ29yZVxMZWdhY3lcQmxvY2tSZWNvcmQiOjM6e3M6MzoiYklEIjtzOjQ6IjEwOTkiO3M6OToiACoAX3RhYmxlIjtzOjE0OiJidENvbnRlbnRMb2NhbCI7czo3OiJjb250ZW50IjtzOjE2NjQ6IjxoMz7QkdCw0LvQsNGH0LDQuiZuYnNwO9K705nQvCDRj9GI0YzQu9C10Lo8L2gzPg0KDQo8cD4xODg2INC10LvQvdGL0qMgMjYg0LDQv9GA0LXQu9C10L3QtNOZINC00LjQvdC4INGC0LDRgtCw0YAg0LPQsNC40LvTmdGB0LXQvdC005kg0LHQtdGAINC80LDQu9Cw0Lkg0YLRg9CwLCDQsNKj0LAg0JPQsNCx0LTRg9C70LvQsCDQtNC40L8g0LjRgdC10Lwg0LrRg9GI0LDQu9Cw0YAuINCT0LDQsdC00YPQu9C70LDQvdGL0qMg05nRgtC40YHQtSDQvNGD0LvQu9CwINCx0YPQu9CwLiDQo9C7INCx0LjQuiDQuNGA0YLTmSwg0JPQsNCx0LTRg9C70LvQsNCz0LAg0Y/RgNGC0Ysg0Y/RiNGMINGC0YPQu9GL0L8g0LrQuNC70LPTmdC90LTTmSDSr9C70LXQvyDQutC40YLTmS4g0JrRg9C70YvQvdC00LAg0Y/RiNGMINCx0LDQu9CwINCx0LXQu9OZ0L0g0LrQsNC70LPQsNC9INOZ0L3QuNGB0LUg0LTTmSDQtNOp0L3RjNGP0LTQsNC9INCx0LjQuiDQuNGA0YLTmSDQutC40YLTmS4g0KLRg9C60LDQudC90YvSoyDQsdCw0LvQsNGH0LDQuiDQtdC70LvQsNGA0Ysg0YLRg9Cz0LDQvSDQsNCy0YvQu9GLICZuZGFzaDsg0JrQsNC30LDQvSDQs9GD0LHQtdGA0L3QsNGB0YvQvdGL0qMg0JrRg9GI0LvQsNCy0YvRhyDQsNCy0YvQu9GL0L3QtNCwINGD0LfQsC48YnIgLz4NCtCT0LDQsdC00YPQu9C70LAg0LTSr9GA0YIg0Y/RiNC10L3QtNOZINGC0YPQu9GLINGP0YLQuNC8INC60LDQu9CwLCDSu9OZ0Lwg0LDQvdGL0qMg05nQu9C1INCx0LXRgCwg05nQu9C1INC40LrQtdC90YfQtSDQs9Cw0LjQu9OZ0LTTmSDRgtOZ0YDQsdC40Y/Qu9OZ0L3SryDRh9C+0YDRiyDQsdCw0YjQu9Cw0L3QsC4g0KPQuyDSr9C30LXQvdOZINC60LDRgNCw0YLQsCDQuNCz0YrRgtC40LHQsNGA0L3RiyDSu9OZ0Lwg0LrQsNC50LPRi9GA0YLRg9GH0LDQvdC70YvQutC90Ysg0LDQtyDQutKv0YDTmSwg0LXRiCDQsNCy0YvRgNGL0Lkg0YLQvtGA0LPQsNC9INCx0LDQu9CwINCx0YPQu9GL0L8g0q/RgdOZLiDSltCw0LXQuiAo0KPRgNCw0LvRjNGB0LopINGI05nSu9OZ0YDQtdC90LTTmdCz0LUg0YHTmdKv0LTTmdCz05nRgCDQo9GB0LzQsNC90L7QstC70LDRgCDQs9Cw0LjQu9OZ0YHQtdC90LTTmSDQsNKj0LAg0LHQsNGA0YvQvdC90LDQvSDQtNCwINOZ0LnQsdOZ0YLRgNOZ0Log0LHRg9C70LAuINCc0L7QvdC00LAg0LDQvdGLINC805nQtNGA05nRgdOZ0LPTmSDRg9C60YvRgNCz0LAg0LHQuNGA05nQu9OZ0YAuINCj0LrRgyDQstCw0LrRi9GC0YvQvdC00LAg0JPQsNCx0LTRg9C70LvQsCDSr9C30LXQvSDQsdC40Log0YHTmdC705nRgtC70LUg0LHQsNC70LAg0LjRgtC10L8g0LrSr9GA0YHTmdGC05kuINCg0YPRgSDQutC70LDRgdGB0YvQvdCwINC506nRgNC4INCx0LDRiNC70YvQuSwg0LDQvdC00LAg0YPQuyDQsdC40Log0YLQtdC705nQvyDRgNGD0YEg05nQtNOZ0LHQuNGP0YLRi9C9INOp0LnRgNOZ0L3TmS4g0JDQvdGLINCx0LjQs9GA05nQuiDRgtOZINCb0LXRgNC80L7QvdGC0L7QsiDSu9OZ0Lwg0J/Rg9GI0LrQuNC9INC/0L7RjdC30LjRj9GB0LUg0pfTmdC70LXQvyDQuNGC05kuIDE2INGP0YjQtdC90LTTmSAmbmJzcDvQk9Cw0LHQtNGD0LvQu9CwINCi0YPQutCw0Lkg0q/Qt9C1INC005kg0YjQuNCz0YvRgNGM0LvTmdGAINGP0LfQsCDQsdCw0YjQu9GL0LkuJm5ic3A7PC9wPg0KIjt9'),(1100,'','2020-09-02 21:49:28','2020-09-02 21:49:28',NULL,'1',1,1,'TzozMjoiQ29uY3JldGVcQ29yZVxMZWdhY3lcQmxvY2tSZWNvcmQiOjM6e3M6MzoiYklEIjtzOjQ6IjExMDAiO3M6OToiACoAX3RhYmxlIjtzOjE0OiJidENvbnRlbnRMb2NhbCI7czo3OiJjb250ZW50IjtzOjEwNDM6IjxoMz7QmNKX0LDRgjwvaDM+DQoNCjxwPjE5MDUg0LXQu9C00LAg0JPQsNCx0LTRg9C70LvQsCDQotGD0LrQsNC5INC805nQtNGA05nRgdOZ0L3QtSDRgtOZ0LzQsNC80LvRi9C5LiDQotC40LfQtNOZ0L0g0YPQuyDQmtCw0LfQsNC90LPQsCDQutCw0LnRgtCwINK705nQvCDQsNC70YLRiyDQtdC7INC005nQstCw0LzRi9C90LTQsCDQuNKX0LDRgiDQsdC10LvTmdC9INCw0LrRgtC40LIg0YjTqdCz0YvQu9GM0LvTmdC905kuINCv0YjRjCDRiNCw0LPRi9C50YDRjNC90LXSoyDQsdOp0YLQtdC9INOZ0YHTmdGA0LvTmdGA0LXQvdC005kg0q/QtyDRhdCw0LvQutGLINGP0LfQvNGL0YjRiywg0L3QsNC80YPRgdGLINOp0YfQtdC9INCx0L7RgNGH0YvQu9GDINGH0LDQs9GL0LvQsC4g0KLRg9C60LDQuSDQsdCw0LvQsNC70LDRgCDTqdGH0LXQvSDQtNOZINC60q/QvyDRj9C30LA6ICZsYXF1bzvQqNKv0YDTmdC70LUmcmFxdW87LCAmbGFxdW870K3RiNC605kg06nQvdC005nSryZyYXF1bzssICZsYXF1bzvQodGDINCw0L3QsNGB0YsmcmFxdW87LiAmbmJzcDvQotGD0LrQsNC5INCx0LjQuiDRhNOZ0LrRi9C50YDRjCDRj9GI0Lgg0rvTmdC8INKv0LfQtdC90LXSoyDQsdC+0LvQsNC5INC00LAg0L3Ri9C6INCx0YPQu9C80LDQs9Cw0L0g0YHTmdC70LDQvNOZ0YLQu9C10LPQtdC9INGC0LDQs9GL0L0g0LTQsCDQutCw0LrRiNCw0YLQsC4g0JPQsNCx0LTRg9C70LvQsCDTqdC50LvTmdC90LXRgNCz05kg06nQu9Cz0LXRgNC80LgsINCw0L3Ri9KjINCx0LDQu9Cw0LvQsNGA0Ysg0Y7Qui4g0KPQuyDSr9C3INCz0L7QvNC10YDQtdC9INGC0YPQu9GL0YHRi9C90YfQsCDRgtGD0LPQsNC9INGF0LDQu9C60YvQvdCwINGF0LXQt9C805nRgiDQuNGC0q/Qs9OZINCx0LDQs9GL0YjQu9GL0LkuINCv0YjRjCDRiNCw0LPRi9C50YDRjCAxOTEzINC10LvQvdGL0qMgMiDQsNC/0YDQtdC70LXQvdC005ksIDI30YHQtSDRgtGD0LvQsNGA0LPQsCDQsNC3INCz0YvQvdCwINCy0LDQutGL0YIg0LrQsNC70LPQsNGHINCy0LDRhNCw0YIg0LHRg9C70LAuJm5ic3A7PC9wPg0KIjt9'),(1101,'','2020-09-02 21:49:28','2020-09-02 21:49:28',NULL,'1',1,1,'TzozMjoiQ29uY3JldGVcQ29yZVxMZWdhY3lcQmxvY2tSZWNvcmQiOjM6e3M6MzoiYklEIjtzOjQ6IjExMDEiO3M6OToiACoAX3RhYmxlIjtzOjE0OiJidENvbnRlbnRMb2NhbCI7czo3OiJjb250ZW50IjtzOjc4OiI8cD7QntGC0YDRi9Cy0L7QuiDQuNC3INGE0LjQu9GM0LzQsCAmcXVvdDvQotGD0LrQsNC5JnF1b3Q7ICgxOTY5INCz0L7QtCk8L3A+DQoiO30='),(1102,'','2020-09-02 21:49:28','2020-09-02 21:49:28',NULL,'1',1,1,'TzozMjoiQ29uY3JldGVcQ29yZVxMZWdhY3lcQmxvY2tSZWNvcmQiOjM6e3M6MzoiYklEIjtzOjQ6IjExMDIiO3M6OToiACoAX3RhYmxlIjtzOjE0OiJidENvbnRlbnRMb2NhbCI7czo3OiJjb250ZW50IjtzOjEzMDoiPHA+PHNwYW4gY2xhc3M9ImltYWdlLWNhcHRpb24iPtCe0YLRgNGL0LLQvtC6INC40Lcg0YTQuNC70YzQvNCwICZxdW90O9CT0LDQsdC00YPQu9C70LAg0KLRg9C60LDQuSZxdW90OyAoMTk4NiDQs9C+0LQpPC9zcGFuPjwvcD4NCiI7fQ=='),(1103,'','2020-09-02 21:49:28','2020-09-02 21:49:28',NULL,'1',1,1,'[encoded data, 4816 characters]'),(1104,'','2020-09-02 21:49:28','2020-09-02 21:49:28','breadcrumb.php','1',7,1,'TzozMjoiQ29uY3JldGVcQ29yZVxMZWdhY3lcQmxvY2tSZWNvcmQiOjEwOntzOjM6ImJJRCI7czo0OiIxMTA0IjtzOjk6IgAqAF90YWJsZSI7czoxMjoiYnROYXZpZ2F0aW9uIjtzOjc6Im9yZGVyQnkiO3M6MTE6ImRpc3BsYXlfYXNjIjtzOjEyOiJkaXNwbGF5UGFnZXMiO3M6MzoidG9wIjtzOjE1OiJkaXNwbGF5UGFnZXNDSUQiO3M6MToiMCI7czoyMzoiZGlzcGxheVBhZ2VzSW5jbHVkZVNlbGYiO3M6MToiMCI7czoxNToiZGlzcGxheVN1YlBhZ2VzIjtzOjE5OiJyZWxldmFudF9icmVhZGNydW1iIjtzOjIwOiJkaXNwbGF5U3ViUGFnZUxldmVscyI7czo2OiJlbm91Z2giO3M6MjM6ImRpc3BsYXlTdWJQYWdlTGV2ZWxzTnVtIjtzOjE6IjAiO3M6MjM6ImRpc3BsYXlVbmF2YWlsYWJsZVBhZ2VzIjtzOjE6IjAiO30='),(1105,'','2020-09-02 21:49:28','2020-09-02 21:49:28','','1',3,1,'TzozMjoiQ29uY3JldGVcQ29yZVxMZWdhY3lcQmxvY2tSZWNvcmQiOjEzOntzOjM6ImJJRCI7czo0OiIxMTA1IjtzOjk6IgAqAF90YWJsZSI7czoxNDoiYnRDb250ZW50SW1hZ2UiO3M6MzoiZklEIjtzOjM6IjIyMyI7czoxMDoiZk9uc3RhdGVJRCI7czoxOiIwIjtzOjk6ImNyb3BJbWFnZSI7czoxOiIwIjtzOjg6Im1heFdpZHRoIjtzOjE6IjAiO3M6OToibWF4SGVpZ2h0IjtzOjE6IjAiO3M6MTI6ImV4dGVybmFsTGluayI7czowOiIiO3M6MTU6ImludGVybmFsTGlua0NJRCI7czoxOiIwIjtzOjEwOiJmaWxlTGlua0lEIjtzOjE6IjAiO3M6MTk6Im9wZW5MaW5rSW5OZXdXaW5kb3ciO3M6MToiMCI7czo3OiJhbHRUZXh0IjtzOjMyOiIxMDAg0LvQtdGCINC90LDRiNC10LzRgyDQtNC+0LzRgyI7czo1OiJ0aXRsZSI7czowOiIiO30='),(1106,'','2020-09-02 21:49:28','2020-09-02 21:49:28','breadcrumb.php','1',7,1,'TzozMjoiQ29uY3JldGVcQ29yZVxMZWdhY3lcQmxvY2tSZWNvcmQiOjEwOntzOjM6ImJJRCI7czo0OiIxMTA2IjtzOjk6IgAqAF90YWJsZSI7czoxMjoiYnROYXZpZ2F0aW9uIjtzOjc6Im9yZGVyQnkiO3M6MTE6ImRpc3BsYXlfYXNjIjtzOjEyOiJkaXNwbGF5UGFnZXMiO3M6MzoidG9wIjtzOjE1OiJkaXNwbGF5UGFnZXNDSUQiO3M6MToiMCI7czoyMzoiZGlzcGxheVBhZ2VzSW5jbHVkZVNlbGYiO3M6MToiMCI7czoxNToiZGlzcGxheVN1YlBhZ2VzIjtzOjE5OiJyZWxldmFudF9icmVhZGNydW1iIjtzOjIwOiJkaXNwbGF5U3ViUGFnZUxldmVscyI7czo2OiJlbm91Z2giO3M6MjM6ImRpc3BsYXlTdWJQYWdlTGV2ZWxzTnVtIjtzOjE6IjAiO3M6MjM6ImRpc3BsYXlVbmF2YWlsYWJsZVBhZ2VzIjtzOjE6IjAiO30='),(1107,'','2020-09-02 21:49:28','2020-09-02 21:49:28','','1',3,1,'TzozMjoiQ29uY3JldGVcQ29yZVxMZWdhY3lcQmxvY2tSZWNvcmQiOjEzOntzOjM6ImJJRCI7czo0OiIxMTA3IjtzOjk6IgAqAF90YWJsZSI7czoxNDoiYnRDb250ZW50SW1hZ2UiO3M6MzoiZklEIjtzOjM6IjIyNCI7czoxMDoiZk9uc3RhdGVJRCI7czoxOiIwIjtzOjk6ImNyb3BJbWFnZSI7czoxOiIwIjtzOjg6Im1heFdpZHRoIjtzOjE6IjAiO3M6OToibWF4SGVpZ2h0IjtzOjE6IjAiO3M6MTI6ImV4dGVybmFsTGluayI7czowOiIiO3M6MTU6ImludGVybmFsTGlua0NJRCI7czoxOiIwIjtzOjEwOiJmaWxlTGlua0lEIjtzOjE6IjAiO3M6MTk6Im9wZW5MaW5rSW5OZXdXaW5kb3ciO3M6MToiMCI7czo3OiJhbHRUZXh0IjtzOjMyOiIxMDAg0LvQtdGCINC90LDRiNC10LzRgyDQtNC+0LzRgyI7czo1OiJ0aXRsZSI7czowOiIiO30='),(1108,'','2020-09-02 21:49:29','2020-09-02 21:49:29',NULL,'1',1,1,'TzozMjoiQ29uY3JldGVcQ29yZVxMZWdhY3lcQmxvY2tSZWNvcmQiOjM6e3M6MzoiYklEIjtzOjQ6IjExMDgiO3M6OToiACoAX3RhYmxlIjtzOjE0OiJidENvbnRlbnRMb2NhbCI7czo3OiJjb250ZW50IjtzOjI4NDoiPHA+PHNwYW4gY2xhc3M9ImltYWdlLWNhcHRpb24iPtCa0LDQvdCw0LsgJnF1b3Q70J/Rg9GC0LXRiNC10YHRgtCy0LjRjyDQv9C+INGB0LLQtdGC0YMmcXVvdDs8L3NwYW4+PC9wPg0KDQo8cD48c3BhbiBjbGFzcz0iaW1hZ2UtY2FwdGlvbiI+Jm5ic3A7PGEgaHJlZj0iaHR0cHM6Ly93d3cueW91dHViZS5jb20vY2hhbm5lbC9VQ3BjcDZVcVJQS2RpUTc4a0NRZHRmNnciPmh0dHBzOi8vd3d3LnlvdXR1YmUuY29tL2NoYW5uZWwvVUNwY3A2VXFSUEtkaVE3OGtDUWR0ZjZ3PC9hPjwvc3Bhbj48L3A+DQoiO30='),(1109,'','2020-09-02 21:49:29','2020-09-02 21:49:29','breadcrumb.php','1',7,1,'TzozMjoiQ29uY3JldGVcQ29yZVxMZWdhY3lcQmxvY2tSZWNvcmQiOjEwOntzOjM6ImJJRCI7czo0OiIxMTA5IjtzOjk6IgAqAF90YWJsZSI7czoxMjoiYnROYXZpZ2F0aW9uIjtzOjc6Im9yZGVyQnkiO3M6MTE6ImRpc3BsYXlfYXNjIjtzOjEyOiJkaXNwbGF5UGFnZXMiO3M6MzoidG9wIjtzOjE1OiJkaXNwbGF5UGFnZXNDSUQiO3M6MToiMCI7czoyMzoiZGlzcGxheVBhZ2VzSW5jbHVkZVNlbGYiO3M6MToiMCI7czoxNToiZGlzcGxheVN1YlBhZ2VzIjtzOjE5OiJyZWxldmFudF9icmVhZGNydW1iIjtzOjIwOiJkaXNwbGF5U3ViUGFnZUxldmVscyI7czo2OiJlbm91Z2giO3M6MjM6ImRpc3BsYXlTdWJQYWdlTGV2ZWxzTnVtIjtzOjE6IjAiO3M6MjM6ImRpc3BsYXlVbmF2YWlsYWJsZVBhZ2VzIjtzOjE6IjAiO30='),(1110,'','2020-09-02 21:49:29','2020-09-02 21:49:29','','1',3,1,'TzozMjoiQ29uY3JldGVcQ29yZVxMZWdhY3lcQmxvY2tSZWNvcmQiOjEzOntzOjM6ImJJRCI7czo0OiIxMTEwIjtzOjk6IgAqAF90YWJsZSI7czoxNDoiYnRDb250ZW50SW1hZ2UiO3M6MzoiZklEIjtzOjM6IjIyNSI7czoxMDoiZk9uc3RhdGVJRCI7czoxOiIwIjtzOjk6ImNyb3BJbWFnZSI7czoxOiIwIjtzOjg6Im1heFdpZHRoIjtzOjE6IjAiO3M6OToibWF4SGVpZ2h0IjtzOjE6IjAiO3M6MTI6ImV4dGVybmFsTGluayI7czowOiIiO3M6MTU6ImludGVybmFsTGlua0NJRCI7czoxOiIwIjtzOjEwOiJmaWxlTGlua0lEIjtzOjE6IjAiO3M6MTk6Im9wZW5MaW5rSW5OZXdXaW5kb3ciO3M6MToiMCI7czo3OiJhbHRUZXh0IjtzOjMyOiIxMDAg0LvQtdGCINC90LDRiNC10LzRgyDQtNC+0LzRgyI7czo1OiJ0aXRsZSI7czowOiIiO30='),(1111,'','2020-09-02 21:49:29','2020-09-02 21:49:29','','1',1,1,'TzozMjoiQ29uY3JldGVcQ29yZVxMZWdhY3lcQmxvY2tSZWNvcmQiOjM6e3M6MzoiYklEIjtzOjQ6IjExMTEiO3M6OToiACoAX3RhYmxlIjtzOjE0OiJidENvbnRlbnRMb2NhbCI7czo3OiJjb250ZW50IjtzOjMzNToiPHA+PHNwYW4gc3R5bGU9ImZvbnQtc2l6ZToxOHB4OyI+PHNwYW4gc3R5bGU9ImNvbG9yOiNjMDM5MmI7Ij4xMDAg0JvQtdGCINCd0LDRiNC10LzRgyDQlNC+0LzRgyAtINC90LAg0LDQvdCz0LvQuNC50YHQutC+0Lwg0Y/Qt9GL0LrQtTwvc3Bhbj48L3NwYW4+PC9wPg0KDQo8cD48YSBocmVmPSJ7Q0NNOkZJRF9ETF8yNjV9IiB0YXJnZXQ9Il9ibGFuayI+PHNwYW4gY2xhc3M9ImJ0biBidG4tcHJpbWFyeSI+PGkgYXJpYS1oaWRkZW49InRydWUiIGNsYXNzPSJmYSBmYS1maWxlLXRleHQgZmEtMyI+Jm5ic3A7Jm5ic3A7Jm5ic3A7PC9pPtCh0LrQsNGH0LDRgtGMPC9zcGFuPjwvYT48L3A+DQoiO30='),(1112,'','2020-09-02 21:49:29','2020-09-02 21:49:29',NULL,'1',1,1,'TzozMjoiQ29uY3JldGVcQ29yZVxMZWdhY3lcQmxvY2tSZWNvcmQiOjM6e3M6MzoiYklEIjtzOjQ6IjExMTIiO3M6OToiACoAX3RhYmxlIjtzOjE0OiJidENvbnRlbnRMb2NhbCI7czo3OiJjb250ZW50IjtzOjI3NDk6IjxwPiZsYXF1bzvQkdC10LfQvdC10qMg0LnQvtGA0YLRi9Cx0YvQt9Cz0LAgMTAwINC10LsmcmFxdW87INC/0YDQvtC10LrRgtGLINCi0JDQodCh0KAg0L7QtdGI0YPQs9CwIDEwMCDQtdC7INGC0YPQu9GD0LPQsCDQsdCw0LPRi9GI0LvQsNC90LPQsNC9LiAxOTIwINC10LvQtNCwINCi0JDQodCh0KAg0L7QtdGI0YMg0YLRg9GA0YvQvdC00LDQs9GLINCU0LXQutGA0LXRgtC90Ysg0JIu0JguINCb0LXQvdC40L0sINCR06nRgtC10L3RgNC+0YHRgdC40Y8g0q7Qt9OZ0Log0JHQsNGI0LrQsNGA0LzQsCDQutC+0LzQuNGC0LXRgtGLINGA05nQuNGB0LUg0JwuINCYLiDQmtCw0LvQuNC90LjQvSDSu9OZ0Lwg0JHTqdGC0LXQvdGA0L7RgdGB0LjRjyDSrtC305nQuiDQkdCw0YjQutCw0YDQvNCwINC60L7QvNC40YLQtdGC0Ysg0YHQtdC60YDQtdGC0LDRgNC1INCQLiDQoS4g0JXQvdGD0LrQuNC00LfQtSDQuNC80LfQsNC70YvQuS48L3A+DQoNCjxwPtCR0YMg0LXQu9C70LDRgCDQtNOZ0LLQsNC80YvQvdC00LAg0LHQtdC30L3QtdKjINGA0LXRgdC/0YPQsdC70LjQutCwINKv0YHRgtC1LCDQsdCw0YDQu9GL0Log0Y7QvdOZ0LvQtdGI0LvTmdGA0LTTmSDQtNOZINKv0YHQtdGIINCw0LvQtNGLLiAmbGFxdW870JHQtdC30L3QtdKjINC50L7RgNGC0YvQsdGL0LfQs9CwIDEwMCDQtdC7JnJhcXVvOyDQv9GA0L7QtdC60YLRiyDRgNC10YHQv9GD0LHQu9C40LrQsNCx0YvQt9C90YvSoyDQvdC40YfQtdC6INKv0LfQs9OZ0YDSr9C1LCDQsNC90YvSoyDQtdC70LTQsNC9LdC10Lsg0LzQsNGC0YPRgNCw0Y8g0LHQsNGA0YPRiyDRgtGD0YDRi9C90LTQsCDRgdOp0LnQu9C4LjwvcD4NCg0KPHA+0J/RgNC+0LXQutGCINC605nQs9Cw0LfRjCDQsdCw0YHQvNCw0LTQsNC9LCDQvNC+0LHQuNC70Ywg0YPQtdC90L3QsNGA0LTQsNC9INK705nQvCDQv9C+0YDRgtCw0LvQtNCw0L0g0YLQvtGA0LAuINCf0YDQvtC10LrRgtC90YvSoyDQsdCw0YDQu9GL0Log06nQu9C10YjQu9OZ0YDQtSDQtNOZINKv0LfQsNGA0LAg0LHTmdC50LvTmdC90LPTmdC9INK705nQvCDRgNC10YHQv9GD0LHQu9C40LrQsNCx0YvQt9C90YvSoyAxMDAg0LXQu9C70YvQuiDRgtCw0YDQuNGF0Ysg0LHQtdC705nQvSDQsdOZ0LnQu9C1LjwvcD4NCg0KPHA+JmxhcXVvO9CR0LXQt9C90LXSoyDQudC+0YDRgtGL0LHRi9C30LPQsCAxMDAg0LXQuyZyYXF1bzsg0L3TmdGE0LjRgSDQsdCw0YHQvNCw0YHRiyAxMyDQsdKv0LvQtdC60YLTmdC9INGC0L7RgNCwLCDQsNC90LTQsCDRgNC10YHQv9GD0LHQu9C40LrQsNCx0YvQt9C90YvSoyAxMDAg0LXQuyDRjdGH0LXQvdC005kg0L3QuNGH0LXQuiDRj9GI05nQstC1INGC0YPRgNGL0L3QtNCwINC805nQs9GK0LvSr9C80LDRgiDSu9OZ0Lwg0YTQsNC60YLQu9Cw0YAg0YPRgNC90LDRiNGC0YvRgNGL0LvQs9Cw0L0uINCR0q/Qu9C10LrQu9OZ0YAg0LDRhdGL0YDRi9C90LTQsCDQuNKX0LDQtNC4INK705nQvCDQv9GA0LDQutGC0LjQuiDQsdC40YDQtdC80L3TmdGAINCx0LDRgC4g0KjRg9C70LDQuSDRg9C6INC60LjRgtCw0L8g0LHQuNGC0LvTmdGA0LXQvdC005kg0LzQsNGF0YHRg9GBIFFSLdC60L7QtNC70LDRgCDQsdCw0YAuINCQ0LvQsNGA0L3RiyDQvNC+0LHQuNC70Ywg0pfQsNC50LvQsNC90LzQsNC90YvSoyDQutCw0LzQtdGA0LDRgdGLINGP0YDQtNOZ0LzQtdC90LTTmSDQsNGH0YvQvywg0LzQsNGF0YHRg9GBINC/0YDQvtCz0YDQsNC80LzQsCDQudOp0LrQu9OZ0YDQs9OZINK705nQvCAxMDDQu9C10YLQvdCw0YjQtdC80YPQtNC+0LzRgy7RgNGELiDQv9C+0YDRgtCw0LvRi9C90LAg0LrSr9GH05nRgNCz05kg0LzTqdC80LrQuNC9LjwvcD4NCg0KPHA+MTAw0LvQtdGC0L3QsNGI0LXQvNGD0LTQvtC80YMu0YDRhCDQv9C+0YDRgtCw0LvRi9C90LTQsCDQvNOp0LzQutC40L06Jm5ic3A7PC9wPg0KDQo8dWw+DQoJPGxpPtCi0LDRgtCw0YDRgdGC0LDQvSDQoNC10YHQv9GD0LHQu9C40LrQsNGB0Ysg0JTTmdKv0LvTmdGCINCz0LjQvNC90Ysg0YLRi9Kj0LvQsNGA0LPQsCDSu9OZ0Lwg0pfRi9GA0LvQsNGA0LPQsDs8L2xpPg0KCTxsaT7QsdC10LfQvdC10qMg0YDQtdGB0L/Rg9Cx0LvQuNC60LAg0YLRg9GA0YvQvdC00LAg0LrRi9C30YvQutC70YsgJm5ic3A70YPQtdC90L3QsNGALCDSl9GL0YDQu9Cw0YAsINGA0LXRgdC/0YPQsdC70LjQutCw0LPQsCDQutCw0LPRi9C70YvRiNC70Ysg0YTQsNC60YLQu9Cw0YAg0LHQtdC705nQvSDRgtGD0LvRi9C70LDQvdC00YvRgNGL0LvQs9Cw0L0g0LzQvtCx0LjQu9GMINC60YPRiNGL0LzRgtCw0L3RiyDQudOp0LrQu9OZ0YDQs9OZOyZuYnNwOzwvbGk+DQoJPGxpPtCi0LDRgtCw0YDRgdGC0LDQvSDQoNC10YHQv9GD0LHQu9C40LrQsNGB0Ysg0YLRg9GA0YvQvdC00LAg0LDRgNGF0LjQsiDRhNC+0YLQvtC70LDRgNGL0L0g0rvTmdC8INCy0LjQtNC10L7QvNCw0YLQtdGA0LjQsNC70LvQsNGA0YvQvSDQutKv0YDQtdGA0LPTmTs8L2xpPg0KCTxsaT7QotCw0YLQsNGA0YHRgtCw0L0g0KDQtdGB0L/Rg9Cx0LvQuNC60LDRgdGLINKv0YHQtdGI0LXQvdC10qMg0LzTqdK70LjQvCDRjtC70LvQsNGA0YsgJm5kYXNoOyDRgdOZ0L3TmdCz0LDRgtGMLCDQvNOZ0LPQsNGA0LjRhCwg0LzQtdC00LjRhtC40L3QsCDSu9OZ0Lwg0LHQsNGI0LrQsCDRgtCw0YDQvNCw0LrQu9Cw0YAg0YLRg9GA0YvQvdC00LAg06nRgdGC05nQvNOZINC805nQs9GK0LvSr9C80LDRgtC90Ysg0YPQutGL0L8g0YfRi9Cz0LDRgNCz0LAuPC9saT4NCjwvdWw+DQoiO30='),(1113,'','2020-09-02 21:49:30','2020-09-02 21:49:30',NULL,'1',17,1,'TzozMjoiQ29uY3JldGVcQ29yZVxMZWdhY3lcQmxvY2tSZWNvcmQiOjEzOntzOjM6ImJJRCI7czo0OiIxMTEzIjtzOjk6IgAqAF90YWJsZSI7czoxMzoiYnRFeHByZXNzRm9ybSI7czo4OiJleEZvcm1JRCI7czozNjoiZWEyZDlmZDMtZWI3MC0xMWVhLWFjNTQtZmRjOGVmNTllZDk5IjtzOjExOiJzdWJtaXRMYWJlbCI7czoxODoi0J7RgtC/0YDQsNCy0LjRgtGMIjtzOjExOiJ0aGFua3lvdU1zZyI7czo2Mjoi0KHQv9Cw0YHQuNCx0L4hINCS0LDRiNC1INC+0LHRgNCw0YnQtdC90LjQtSDQsiDQv9GA0LjQvdGP0YLQvi4iO3M6MjA6Im5vdGlmeU1lT25TdWJtaXNzaW9uIjtzOjE6IjEiO3M6MTQ6InJlY2lwaWVudEVtYWlsIjtzOjI5OiJkYW1pci04MkBiay5ydSwwMDMwMDNAbWFpbC5ydSI7czoxNDoiZGlzcGxheUNhcHRjaGEiO3M6MToiMSI7czoxOToic3RvcmVGb3JtU3VibWlzc2lvbiI7czoxOiIxIjtzOjExOiJyZWRpcmVjdENJRCI7czozOiIyOTkiO3M6MjE6InJlcGx5VG9FbWFpbENvbnRyb2xJRCI7czozNjoiOTc0Zjg4MjUtZWI3MC0xMWVhLWFjNTQtZmRjOGVmNTllZDk5IjtzOjEzOiJhZGRGaWxlc1RvU2V0IjtzOjE6IjAiO3M6MTY6ImFkZEZpbGVzVG9Gb2xkZXIiO3M6MToiNyI7fQ=='),(1114,'','2020-09-02 21:49:30','2020-09-02 21:49:30','breadcrumb.php','1',7,1,'TzozMjoiQ29uY3JldGVcQ29yZVxMZWdhY3lcQmxvY2tSZWNvcmQiOjEwOntzOjM6ImJJRCI7czo0OiIxMTE0IjtzOjk6IgAqAF90YWJsZSI7czoxMjoiYnROYXZpZ2F0aW9uIjtzOjc6Im9yZGVyQnkiO3M6MTE6ImRpc3BsYXlfYXNjIjtzOjEyOiJkaXNwbGF5UGFnZXMiO3M6MzoidG9wIjtzOjE1OiJkaXNwbGF5UGFnZXNDSUQiO3M6MToiMCI7czoyMzoiZGlzcGxheVBhZ2VzSW5jbHVkZVNlbGYiO3M6MToiMCI7czoxNToiZGlzcGxheVN1YlBhZ2VzIjtzOjE5OiJyZWxldmFudF9icmVhZGNydW1iIjtzOjIwOiJkaXNwbGF5U3ViUGFnZUxldmVscyI7czo2OiJlbm91Z2giO3M6MjM6ImRpc3BsYXlTdWJQYWdlTGV2ZWxzTnVtIjtzOjE6IjAiO3M6MjM6ImRpc3BsYXlVbmF2YWlsYWJsZVBhZ2VzIjtzOjE6IjAiO30='),(1115,'','2020-09-02 21:49:31','2020-09-02 21:49:31','','1',1,1,'TzozMjoiQ29uY3JldGVcQ29yZVxMZWdhY3lcQmxvY2tSZWNvcmQiOjM6e3M6MzoiYklEIjtzOjQ6IjExMTUiO3M6OToiACoAX3RhYmxlIjtzOjE0OiJidENvbnRlbnRMb2NhbCI7czo3OiJjb250ZW50IjtzOjQwNzoiPHAgc3R5bGU9InRleHQtYWxpZ246Y2VudGVyOyI+PGEgaHJlZj0iaHR0cHM6Ly9wbGF5Lmdvb2dsZS5jb20vc3RvcmUvYXBwcy9kZXRhaWxzP2lkPXJ1LnRhdGFybXVsdGZpbG0ubW95dGF0YXJzdGFuJmFtcDt1dG1fc291cmNlPWZyb20tc2l0ZSZhbXA7dXRtX2NhbXBhaWduPXJlbGVhc2UmYW1wO3BjYW1wYWlnbmlkPXBjYW1wYWlnbmlkTUtULU90aGVyLWdsb2JhbC1hbGwtY28tcHJ0bnItcHktUGFydEJhZGdlLU1hcjI1MTUtMSI+PGltZyBhbHQ9ItCU0L7RgdGC0YPQv9C90L4g0LIgR29vZ2xlIFBsYXkiIHNyYz0iaHR0cHM6Ly9wbGF5Lmdvb2dsZS5jb20vaW50bC9lbl91cy9iYWRnZXMvc3RhdGljL2ltYWdlcy9iYWRnZXMvcnVfYmFkZ2Vfd2ViX2dlbmVyaWMucG5nIiB3aWR0aD0iMjUwIiAvPjwvYT48L3A+DQoiO30='),(1116,'','2020-09-02 21:49:31','2020-09-02 21:49:31','','1',1,1,'TzozMjoiQ29uY3JldGVcQ29yZVxMZWdhY3lcQmxvY2tSZWNvcmQiOjM6e3M6MzoiYklEIjtzOjQ6IjExMTYiO3M6OToiACoAX3RhYmxlIjtzOjE0OiJidENvbnRlbnRMb2NhbCI7czo3OiJjb250ZW50IjtzOjE4NToiPHAgc3R5bGU9InRleHQtYWxpZ246Y2VudGVyOyI+PGEgaHJlZj0iaHR0cHM6Ly9hcHBzLmFwcGxlLmNvbS91cy9hcHAvaWQxNTI4OTEyMzYzIiB0YXJnZXQ9Il9ibGFuayI+PGNvbmNyZXRlLXBpY3R1cmUgZmlkPSI2OCIgYWx0PSLQlNC+0YHRgtGD0L/QvdC+INCyIEFwcFN0b3JlIiB3aWR0aD0iMjE1IiAvPjwvYT48L3A+DQoiO30='),(1117,'','2020-09-02 21:49:31','2020-09-02 21:49:31','breadcrumb.php','1',7,1,'TzozMjoiQ29uY3JldGVcQ29yZVxMZWdhY3lcQmxvY2tSZWNvcmQiOjEwOntzOjM6ImJJRCI7czo0OiIxMTE3IjtzOjk6IgAqAF90YWJsZSI7czoxMjoiYnROYXZpZ2F0aW9uIjtzOjc6Im9yZGVyQnkiO3M6MTE6ImRpc3BsYXlfYXNjIjtzOjEyOiJkaXNwbGF5UGFnZXMiO3M6MzoidG9wIjtzOjE1OiJkaXNwbGF5UGFnZXNDSUQiO3M6MToiMCI7czoyMzoiZGlzcGxheVBhZ2VzSW5jbHVkZVNlbGYiO3M6MToiMCI7czoxNToiZGlzcGxheVN1YlBhZ2VzIjtzOjE5OiJyZWxldmFudF9icmVhZGNydW1iIjtzOjIwOiJkaXNwbGF5U3ViUGFnZUxldmVscyI7czo2OiJlbm91Z2giO3M6MjM6ImRpc3BsYXlTdWJQYWdlTGV2ZWxzTnVtIjtzOjE6IjAiO3M6MjM6ImRpc3BsYXlVbmF2YWlsYWJsZVBhZ2VzIjtzOjE6IjAiO30='),(1118,'','2020-09-02 21:58:58','2020-09-02 21:58:58','','1',79,1,'TzozMjoiQ29uY3JldGVcQ29yZVxMZWdhY3lcQmxvY2tSZWNvcmQiOjM6e3M6MzoiYklEIjtzOjQ6IjExMTgiO3M6OToiACoAX3RhYmxlIjtzOjE2OiJidFdoYWxlTWFudWFsTmF2IjtzOjg6Im5hdkl0ZW1zIjtzOjE0NzoiW3siaXRlbU5hbWUiOiLRgNGD0YHRgdC60LjQuSIsIml0ZW1VcmxOZXdXaW5kb3ciOiIxIiwiaXRlbVVybFR5cGUiOiJpbnRlcm5hbCIsIml0ZW1VcmxJbnRlcm5hbCI6IjEiLCJpdGVtVXJsRXh0ZXJuYWwiOiIiLCJpdGVtVXJsRmlsZSI6IjAiLCJpZCI6MX1dIjt9'),(1119,'','2020-09-02 22:17:10','2020-09-02 22:17:10',NULL,'0',46,1,NULL),(1120,'','2020-09-02 22:17:23','2020-09-02 22:17:23',NULL,'0',46,1,NULL),(1121,'','2020-09-02 22:17:31','2020-09-02 22:17:31',NULL,'0',46,1,'TzozMjoiQ29uY3JldGVcQ29yZVxMZWdhY3lcQmxvY2tSZWNvcmQiOjM6e3M6MzoiYklEIjtzOjQ6IjExMjEiO3M6OToiACoAX3RhYmxlIjtzOjIyOiJidENvcmVTY3JhcGJvb2tEaXNwbGF5IjtzOjExOiJiT3JpZ2luYWxJRCI7czozOiI4OTIiO30='),(1122,'','2020-09-02 22:21:14','2020-09-02 22:21:14',NULL,'0',46,1,NULL),(1123,'','2020-09-02 22:21:36','2020-09-02 22:21:36',NULL,'0',46,1,NULL),(1124,'','2020-09-02 22:23:01','2020-09-02 22:23:01',NULL,'0',46,1,NULL),(1125,'','2020-09-02 22:24:00','2020-09-02 22:24:00',NULL,'0',44,1,NULL),(1127,'','2020-09-02 22:27:45','2020-09-02 22:27:45',NULL,'0',44,1,NULL),(1128,'','2020-09-02 22:29:24','2020-09-02 22:29:24',NULL,'0',44,1,'TzozMjoiQ29uY3JldGVcQ29yZVxMZWdhY3lcQmxvY2tSZWNvcmQiOjM6e3M6MzoiYklEIjtzOjQ6IjExMjgiO3M6OToiACoAX3RhYmxlIjtzOjE2OiJidENvcmVBcmVhTGF5b3V0IjtzOjEwOiJhckxheW91dElEIjtzOjI6IjYyIjt9'),(1130,'','2020-09-02 22:31:06','2020-09-02 22:31:06',NULL,'0',46,1,'TzozMjoiQ29uY3JldGVcQ29yZVxMZWdhY3lcQmxvY2tSZWNvcmQiOjM6e3M6MzoiYklEIjtzOjQ6IjExMzAiO3M6OToiACoAX3RhYmxlIjtzOjIyOiJidENvcmVTY3JhcGJvb2tEaXNwbGF5IjtzOjExOiJiT3JpZ2luYWxJRCI7czozOiI0MzYiO30='),(1132,'','2020-09-02 22:31:24','2020-09-02 22:31:24',NULL,'0',46,1,'TzozMjoiQ29uY3JldGVcQ29yZVxMZWdhY3lcQmxvY2tSZWNvcmQiOjM6e3M6MzoiYklEIjtzOjQ6IjExMzIiO3M6OToiACoAX3RhYmxlIjtzOjIyOiJidENvcmVTY3JhcGJvb2tEaXNwbGF5IjtzOjExOiJiT3JpZ2luYWxJRCI7czozOiIzNTUiO30='),(1133,'','2020-09-02 22:31:37','2020-09-02 22:31:37',NULL,'0',46,1,'TzozMjoiQ29uY3JldGVcQ29yZVxMZWdhY3lcQmxvY2tSZWNvcmQiOjM6e3M6MzoiYklEIjtzOjQ6IjExMzMiO3M6OToiACoAX3RhYmxlIjtzOjIyOiJidENvcmVTY3JhcGJvb2tEaXNwbGF5IjtzOjExOiJiT3JpZ2luYWxJRCI7czozOiIzNTYiO30='),(1134,'','2020-09-03 08:58:36','2020-09-03 08:58:37',NULL,'1',1,1,'TzozMjoiQ29uY3JldGVcQ29yZVxMZWdhY3lcQmxvY2tSZWNvcmQiOjM6e3M6MzoiYklEIjtzOjQ6IjExMzQiO3M6OToiACoAX3RhYmxlIjtzOjE0OiJidENvbnRlbnRMb2NhbCI7czo3OiJjb250ZW50IjtzOjE2MjoiPHA+PGEgaHJlZj0iaHR0cDovL3huLS0xMDAtOGNkdWViOWJtYmdxMGNzZDdlLnhuLS1wMWFpLyI+PGNvbmNyZXRlLXBpY3R1cmUgZklEPSI0MCIgYWx0PSIxMDDQu9C10YLQvdCw0YjQtdC80YPQtNC+0LzRgy7RgNGEIiBoZWlnaHQ9IjEwMCIgd2lkdGg9IjI3NiIgLz48L2E+PC9wPg0KIjt9'),(1135,'','2020-09-03 09:01:16','2020-09-03 09:01:25',NULL,'1',31,1,'TzozMjoiQ29uY3JldGVcQ29yZVxMZWdhY3lcQmxvY2tSZWNvcmQiOjg6e3M6MzoiYklEIjtzOjQ6IjExMzUiO3M6OToiACoAX3RhYmxlIjtzOjEzOiJidEltYWdlU2xpZGVyIjtzOjE0OiJuYXZpZ2F0aW9uVHlwZSI7czoxOiIxIjtzOjc6InRpbWVvdXQiO3M6NDoiNDAwMCI7czo1OiJzcGVlZCI7czozOiI1MDAiO3M6OToibm9BbmltYXRlIjtzOjE6IjAiO3M6NToicGF1c2UiO3M6MToiMSI7czo4OiJtYXhXaWR0aCI7czoxOiIwIjt9'),(1136,'','2020-09-03 09:20:38','2020-09-03 09:20:38',NULL,'1',1,1,'TzozMjoiQ29uY3JldGVcQ29yZVxMZWdhY3lcQmxvY2tSZWNvcmQiOjM6e3M6MzoiYklEIjtzOjQ6IjExMzYiO3M6OToiACoAX3RhYmxlIjtzOjE0OiJidENvbnRlbnRMb2NhbCI7czo3OiJjb250ZW50IjtzOjI3NzA6IjxwPtCf0YDQvtC10LrRgiAmbGFxdW87MTAwINC70LXRgiDQvdCw0YjQtdC80YMg0LTQvtC80YMmcmFxdW87INC/0L7RgdCy0Y/RidC10L0gMTAwLdC70LXRgtC40Y4g0L7QsdGA0LDQt9C+0LLQsNC90LjRjyDQotCw0YLQsNGA0YHQutC+0Lkg0JDQodCh0KAuINCSIDE5MjAg0LPQvtC00YMg0LTQtdC60YDQtdGCINC+0LEg0L7QsdGA0LDQt9C+0LLQsNC90LjQuCDQotCQ0KHQodCgINCx0YvQuyDQv9C+0LTQv9C40YHQsNC9INC/0YDQtdC00YHQtdC00LDRgtC10LvQtdC8INCh0L7QstC90LDRgNC60L7QvNCwINCSLiDQmC4g0JvQtdC90LjQvdGL0LwsINC/0YDQtdC00YHQtdC00LDRgtC10LvQtdC8INCS0YHQtdGA0L7RgdGB0LjQudGB0LrQvtCz0L4g0KbQtdC90YLRgNCw0LvRjNC90L7Qs9C+INCY0YHQv9C+0LvQvdC40YLQtdC70YzQvdC+0LPQviDQutC+0LzQuNGC0LXRgtCwINCcLiDQmC4g0JrQsNC70LjQvdC40L3Ri9C8INC4INGB0LXQutGA0LXRgtCw0YDQtdC8INCS0KbQmNCaINCQLtChLiDQldC90YPQutC40LTQt9C1LjwvcD4NCg0KPHA+0JLRgdC1INGN0YLQuCDQs9C+0LTRiyDQvdCw0YjQsCDRgNC10YHQv9GD0LHQu9C40LrQsCDRgNC+0YHQu9CwLCDRgNCw0LfQstC40LLQsNC70LDRgdGMINCy0L4g0LLRgdC10YUg0L3QsNC/0YDQsNCy0LvQtdC90LjRj9GFLiDQn9GA0L7QtdC60YIgJmxhcXVvOzEwMCDQu9C10YIg0L3QsNGI0LXQvNGDINC00L7QvNGDJnJhcXVvOyDRgNCw0YHRgdC60LDQt9GL0LLQsNC10YIg0L4g0YLQvtC8LCDQutCw0Log0LjQt9C80LXQvdC40LvQsNGB0Ywg0YDQtdGB0L/Rg9Cx0LvQuNC60LAsINC+INGC0L7QvCwg0LrQsNC6INGBINC60LDQttC00YvQvCDQs9C+0LTQvtC8INC+0L3QsCDRgdGC0LDQvdC+0LLQuNGC0YHRjyDQstGB0ZEg0L/RgNC10LrRgNCw0YHQvdC10LUuPC9wPg0KDQo8cD7Qn9GA0L7QtdC60YIg0YHQvtGB0YLQvtC40YIg0LjQtyDQv9C10YfQsNGC0L3QvtCz0L4g0LjQt9C00LDQvdC40Y8sINC80L7QsdC40LvRjNC90YvRhSDQuNCz0YAg0Lgg0L/QvtGA0YLQsNC70LAuINCS0YHQtSDRh9Cw0YHRgtC4INC/0YDQvtC10LrRgtCwINCy0LfQsNC40LzQvtGB0LLRj9C30LDQvdGLINC4INC40LzQtdGO0YIg0L7RgtC90L7RiNC10L3QuNC1INC6IDEwMC3Qu9C10YLQvdC10Lkg0LjRgdGC0L7RgNC40Lgg0YDQsNC30LLQuNGC0LjRjyDQvdCw0YjQtdC5INGA0LXRgdC/0YPQsdC70LjQutC4LjwvcD4NCg0KPHA+0KXRg9C00L7QttC10YHRgtCy0LXQvdC90L7QtSDQuNC30LTQsNC90LjQtSAmbGFxdW87MTAwINC70LXRgiDQvdCw0YjQtdC80YMg0LTQvtC80YMmcmFxdW87INGB0L7RgdGC0L7QuNGCINC40LcgMTMg0LPQu9Cw0LIsINCz0LTQtSDRgNCw0LfQvNC10YnQtdC90Ysg0LjQvdGE0L7RgNC80LDRhtC40Y8g0Lgg0YTQsNC60YLRiyDQviDRgtC+0LwsINC60LDQuiDQttC40LvQsCDQvdCw0YjQsCDRgNC10YHQv9GD0LHQu9C40LrQsCDRjdGC0LggMTAwINC70LXRgi4g0JIg0LrQvtC90YbQtSDQs9C70LDQsiDQtdGB0YLRjCDRgtCy0L7RgNGH0LXRgdC60LjQtSDQuCDQv9GA0LDQutGC0LjRh9C10YHQutC40LUg0LfQsNC00LDQvdC40Y8uINCQINC10YnRkSDQvdCwINGB0YLRgNCw0L3QuNGG0LDRhSDQutC90LjQs9C4INC40LzQtdGO0YLRgdGPINGB0L/QtdGG0LjQsNC70YzQvdGL0LUgUVIt0LrQvtC00YsuINCd0LDQstC10LTRjyDQvdCwINC90LjRhSDQutCw0LzQtdGA0YMg0LzQvtCx0LjQu9GM0L3QvtCz0L4g0YPRgdGC0YDQvtC50YHRgtCy0LAsINC80L7QttC90L4g0YHQutCw0YfQsNGC0Ywg0YHQv9C10YbQuNCw0LvRjNC90YPRjiDQv9GA0L7Qs9GA0LDQvNC80YMg0Lgg0L/QtdGA0LXQudGC0Lgg0L3QsCDQv9C+0YDRgtCw0LsgMTAw0LvQtdGC0L3QsNGI0LXQvNGD0LTQvtC80YMu0YDRhC48L3A+DQoNCjxwPtCd0LAg0L/QvtGA0YLQsNC70LUgMTAw0LvQtdGC0L3QsNGI0LXQvNGD0LTQvtC80YMu0YDRhCDQvNC+0LbQvdC+OjwvcD4NCg0KPHVsPg0KCTxsaT7Qv9C+0YHQu9GD0YjQsNGC0Ywg0Lgg0YHQv9C10YLRjCDQk9C+0YHRg9C00LDRgNGB0YLQstC10L3QvdGL0Lkg0JPQuNC80L0g0KDQtdGB0L/Rg9Cx0LvQuNC60Lgg0KLQsNGC0LDRgNGB0YLQsNC9OzwvbGk+DQoJPGxpPtGB0LrQsNGH0LDRgtGMINC80L7QsdC40LvRjNC90L7QtSDQv9GA0LjQu9C+0LbQtdC90LjQtSDRgSDQstC10YHRkdC70YvQvNC4INC4INC/0L7Qt9C90LDQstCw0YLQtdC70YzQvdGL0LzQuCDQuNCz0YDQsNC80LgsINC/0LXRgdC90Y/QvNC4INC+INC90LDRiNC10Lkg0YDQtdGB0L/Rg9Cx0LvQuNC60LUsINGE0LDQutGC0LDQvNC4INC40Lcg0LbQuNC30L3QuCDRgNC10YHQv9GD0LHQu9C40LrQuDs8L2xpPg0KCTxsaT7Rg9Cy0LjQtNC10YLRjCDQsNGA0YXQuNCy0L3QvtC1INGE0L7RgtC+INC4INCy0LjQtNC10L7QvNCw0YLQtdGA0LjQsNC70Ysg0L4g0KDQtdGB0L/Rg9Cx0LvQuNC60LUg0KLQsNGC0LDRgNGB0YLQsNC9OzwvbGk+DQoJPGxpPtC/0YDQvtGH0LXRgdGC0Ywg0LTQvtC/0L7Qu9C90LjRgtC10LvRjNC90YPRjiDQuNC90YTQvtGA0LzQsNGG0LjRjiDQviDQstCw0LbQvdC10LnRiNC40YUg0LLQtdGF0LDRhSDRgNCw0LfQstC40YLQuNGPINCg0LXRgdC/0YPQsdC70LjQutC4INCi0LDRgtCw0YDRgdGC0LDQvSAmbmRhc2g7INCyINC/0YDQvtC80YvRiNC70LXQvdC90L7RgdGC0LgsINC+0LHRgNCw0LfQvtCy0LDQvdC40LgsINC80LXQtNC40YbQuNC90LUg0Lgg0LTRgNGD0LPQuNGFINC+0YLRgNCw0YHQu9GP0YUuPC9saT4NCjwvdWw+DQoiO30='),(1137,'','2020-09-03 09:47:13','2020-09-03 09:47:13',NULL,'1',1,1,'TzozMjoiQ29uY3JldGVcQ29yZVxMZWdhY3lcQmxvY2tSZWNvcmQiOjM6e3M6MzoiYklEIjtzOjQ6IjExMzciO3M6OToiACoAX3RhYmxlIjtzOjE0OiJidENvbnRlbnRMb2NhbCI7czo3OiJjb250ZW50IjtzOjEyOTY6IjxoMz7QkNCy0YLQvtGA0Ysg0LPQuNC80L3QsCDQoNC10YHQv9GD0LHQu9C40LrQuCDQotCw0YLQsNGA0YHRgtCw0L08L2gzPg0KDQo8cD7QoNGD0YHRgtC10Lwg0K/RhdC40L0gJm5kYXNoOyDQstC10LvQuNC60LjQuSDRgtCw0YLQsNGA0YHQutC40Lkg0LrQvtC80L/QvtC30LjRgtC+0YAg0Lgg0L/QuNCw0L3QuNGB0YIuINCe0L0g0YDQvtC00LjQu9GB0Y8gMTYg0LDQstCz0YPRgdGC0LAgMTkyMSDQs9C+0LTQsCDQsiDQmtCw0LfQsNC90LguINCX0LDQutC+0L3Rh9C40Lsg0LzRg9C30YvQutCw0LvRjNC90YPRjiDRiNC60L7Qu9GDLCDQvNGD0LfRi9C60LDQu9GM0L3QvtC1INGD0YfQuNC70LjRidC1LiDQn9C+0YHRgtGD0L/QuNC7INCyINCc0L7RgdC60L7QstGB0LrRg9GOINC60L7QvdGB0LXRgNCy0LDRgtC+0YDQuNGOLCDQvdC+INC90LDRh9Cw0LvQsNGB0Ywg0JLQtdC70LjQutCw0Y8g0J7RgtC10YfQtdGB0YLQstC10L3QvdCw0Y8g0LLQvtC50L3QsC4g0JIg0LPQvtC00Ysg0LLQvtC50L3RiyDQr9GF0LjQvSDQsdGL0Lsg0YHRgtGA0LXQu9C60L7QvCDQsiDQt9C10L3QuNGC0L3Qvi3QsNGA0YLQuNC70LvQtdGA0LjQudGB0LrQvtC5INC00LjQstC40LfQuNC4LCDQt9Cw0YLQtdC8INGB0LvRg9C20LjQuyDQsiDQsNC90YHQsNC80LHQu9C1INC/0LXRgdC90Lgg0Lgg0L/Qu9GP0YHQutC4INCc0L7RgdC60L7QstGB0LrQvtCz0L4g0YTRgNC+0L3RgtCwINCf0JLQni4g0J/QvtGB0LvQtSDQstC+0LnQvdGLINC+0L0g0LfQsNC60L7QvdGH0LjQuyDRg9GH0ZHQsdGDINC4INCy0LXRgNC90YPQu9GB0Y8g0LIg0JrQsNC30LDQvdGMLiDQoNGD0YHRgtC10Lwg0K/RhdC40L0g0LLQvdGR0YEg0L7Qs9GA0L7QvNC90YvQuSDQstC60LvQsNC0Jm5ic3A70LIg0YDQsNC30LLQuNGC0LjQtSDQvdCw0YbQuNC+0L3QsNC70YzQvdC+0LkmbmJzcDvRgtCw0YLQsNGA0YHQutC+0Lkg0LzRg9C30YvQutC4LiDQndCw0L/QuNGB0LDQuyDQvNC90L7QttC10YHRgtCy0L4g0L/QtdGB0LXQvSwg0YDQvtC80LDQvdGB0L7Qsiwg0LjQvdGB0YLRgNGD0LzQtdC90YLQsNC70YzQvdGL0YUg0L/RgNC+0LjQt9Cy0LXQtNC10L3QuNC5LiDQnNGD0LfRi9C60LAg0KDRg9GB0YLQtdC80LAg0K/RhdC40L3QsCDQuiDQv9C10YHQvdC1ICZsYXF1bzvQotGD0LPQsNC9INGP0LPRi9C8JnJhcXVvOyAoJmxhcXVvO9Cg0L7QtNC90L7QuSDQutGA0LDQuSZyYXF1bzspINCyIDE5OTMg0LPQvtC00YMg0YHRgtCw0LvQsCDQs9C40LzQvdC+0Lwg0KDQtdGB0L/Rg9Cx0LvQuNC60Lgg0KLQsNGC0LDRgNGB0YLQsNC9LjwvcD4NCiI7fQ=='),(1138,'','2020-09-03 09:48:37','2020-09-03 09:48:37',NULL,'1',1,1,'TzozMjoiQ29uY3JldGVcQ29yZVxMZWdhY3lcQmxvY2tSZWNvcmQiOjM6e3M6MzoiYklEIjtzOjQ6IjExMzgiO3M6OToiACoAX3RhYmxlIjtzOjE0OiJidENvbnRlbnRMb2NhbCI7czo3OiJjb250ZW50IjtzOjEwNzE6IjxwPjxjb25jcmV0ZS1waWN0dXJlIGZJRD0iMjM2IiBhbHQ9ItCS0LjQtCDQv9Cw0LzRj9GC0L3QuNC60LAg0L3QsNGA0L7QtNC90L7QvNGDINCw0YDRgtC40YHRgtGDINCh0KHQodCgLCDQutC+0LzQv9C+0LfQuNGC0L7RgNGDLCDQv9C40LDQvdC40YHRgtGDLCDQsNCy0YLQvtGA0YMg0LzRg9C30YvQutC4INCT0L7RgdGD0LTQsNGA0YHRgtCy0LXQvdC90L7Qs9C+INCz0LjQvNC90LAg0KDQtdGB0L/Rg9Cx0LvQuNC60Lgg0KLQsNGC0LDRgNGB0YLQsNC9INCg0YPRgdGC0LXQvNGDINCv0YXQuNC90YMg0LIg0YHQutCy0LXRgNC1INC/0L4g0YPQu9C40YbQtSDQkdC+0LvRjNGI0LDRjyDQmtGA0LDRgdC90LDRjyDQvdCw0L/RgNC+0YLQuNCyINC30LTQsNC90LjRjyDQmtCw0LfQsNC90YHQutC+0Lkg0LPQvtGB0YPQtNCw0YDRgdGC0LLQtdC90L3QvtC5LmpwZyIgaGVpZ2h0PSI0MDAiIHdpZHRoPSI2MDAiIC8+PC9wPg0KDQo8cCBzdHlsZT0idGV4dC1hbGlnbjogY2VudGVyOyI+PHNwYW4gY2xhc3M9ImltYWdlLWNhcHRpb24iPtCf0LDQvNGP0YLQvdC40Log0L3QsNGA0L7QtNC90L7QvNGDINCw0YDRgtC40YHRgtGDINCh0KHQodCgLCDQutC+0LzQv9C+0LfQuNGC0L7RgNGDLCDQv9C40LDQvdC40YHRgtGDLCDQsNCy0YLQvtGA0YMg0LzRg9C30YvQutC4INCT0L7RgdGD0LTQsNGA0YHRgtCy0LXQvdC90L7Qs9C+INCz0LjQvNC90LAg0KDQtdGB0L/Rg9Cx0LvQuNC60Lgg0KLQsNGC0LDRgNGB0YLQsNC9INCg0YPRgdGC0LXQvNGDINCv0YXQuNC90YMg0LIg0YHQutCy0LXRgNC1INC/0L4g0YPQu9C40YbQtSDQkdC+0LvRjNGI0LDRjyDQmtGA0LDRgdC90LDRjywg0L3QsNC/0YDQvtGC0LjQsiDQt9C00LDQvdC40Y8g0JrQsNC30LDQvdGB0LrQvtC5INCz0L7RgdGD0LTQsNGA0YHRgtCy0LXQvdC90L7QuSDQutC+0L3RgdC10YDQstCw0YLQvtGA0LjQuCDQuNC80LXQvdC4INCdLiDQky4g0JbQuNCz0LDQvdC+0LLQsCZuYnNwOygyMDE3INCz0L7QtCwg0JrQsNC30LDQvdGMLCDQsNCy0YLQvtGAINCcLiDQpNGA0L7Qu9C+0LIsINCQ0L/Qv9Cw0YDQsNGCINCa0Jwg0KDQoikuPC9zcGFuPjwvcD4NCiI7fQ=='),(1139,'','2020-09-03 09:50:07','2020-09-03 09:50:07',NULL,'1',1,1,'TzozMjoiQ29uY3JldGVcQ29yZVxMZWdhY3lcQmxvY2tSZWNvcmQiOjM6e3M6MzoiYklEIjtzOjQ6IjExMzkiO3M6OToiACoAX3RhYmxlIjtzOjE0OiJidENvbnRlbnRMb2NhbCI7czo3OiJjb250ZW50IjtzOjg2NToiPHA+0KPQvdC40LLQtdGA0YHQuNGC0LXRgiDQmNC90L3QvtC/0L7Qu9C40YEmbmJzcDvQtNC10LnRgdGC0LLRg9C10YIg0YEmbmJzcDsyMDEzINCz0L7QtNCwLiDQkiDQvdCw0YHRgtC+0Y/RidC10LUg0LLRgNC10LzRjyDQsiDQvdGR0Lwg0YPRh9C40YLRgdGPINC/0L7Rh9GC0LggODAwINGB0YLRg9C00LXQvdGC0L7QsiDQuNC3INGA0LDQt9C90YvRhSDRgdGC0YDQsNC9LiDQkiDRg9C90LjQstC10YDRgdC40YLQtdGC0LUg0L7RgtC60YDRi9GC0YsgMTUg0L3QsNGD0YfQvdC+LdC40YHRgdC70LXQtNC+0LLQsNGC0LXQu9GM0YHQutC40YUg0LvQsNCx0L7RgNCw0YLQvtGA0LjQuS4g0J/RgNC10L/QvtC00LDQstCw0L3QuNC1INCy0LXQtNGR0YLRgdGPINCyINC+0YHQvdC+0LLQvdC+0Lwg0L3QsCDQsNC90LPQu9C40LnRgdC60L7QvCDRj9C30YvQutC1LiDQkiDQvtCz0YDQvtC80L3QvtC5INGD0L3QuNCy0LXRgNGB0LjRgtC10YLRgdC60L7QuSDQsdC40LHQu9C40L7RgtC10LrQtSDQutGA0L7QvNC1INC/0LjRgdGM0LzQtdC90L3Ri9GFINGB0YLQvtC70L7Qsiwg0LTQuNCy0LDQvdC+0LIg0Lgg0LrRgNC10YHQtdC7INGA0LDQt9C80LXRidC10L3RiyDRgdC/0LXRhtC40LDQu9GM0L3Ri9C1INC60LDQv9GB0YPQu9GLINGBINGI0YPQvNC+0LjQt9C+0LvRj9GG0LjQtdC5LjwvcD4NCg0KPHAgY2xhc3M9ImNvbnRlbnQtZWRpdG9yLWltYWdlLWNlbnRlciI+PGNvbmNyZXRlLXBpY3R1cmUgZklEPSIyNjMiIGFsdD0i0JLRi9C/0YPRgdC60L3QvtC5INCyINCj0L3QuNCy0LXRgNGB0LjRgtC10YLQtSDQmNC90L3QvtC/0L7Qu9C40YEuanBnIiBoZWlnaHQ9IjM5OSIgd2lkdGg9IjYwMCIgLz48L3A+DQoNCjxwPiZuYnNwOzwvcD4NCiI7fQ=='),(1140,'','2020-09-03 09:54:31','2020-09-03 09:54:31',NULL,'1',1,1,'[encoded data, 10392 characters]'),(1141,'','2020-09-03 09:57:09','2020-09-03 09:57:09',NULL,'1',1,1,'TzozMjoiQ29uY3JldGVcQ29yZVxMZWdhY3lcQmxvY2tSZWNvcmQiOjM6e3M6MzoiYklEIjtzOjQ6IjExNDEiO3M6OToiACoAX3RhYmxlIjtzOjE0OiJidENvbnRlbnRMb2NhbCI7czo3OiJjb250ZW50IjtzOjcwNjoiPHAgc3R5bGU9InRleHQtYWxpZ246IGNlbnRlcjsiPjxzcGFuIGNsYXNzPSJpbWFnZS1jYXB0aW9uIj4yNSDQu9C10YIg0L/QtdGA0LLQvtC80YMg0LDQstGC0L7QvNC+0LHQuNC70Y4gJmxhcXVvO9Ca0LDQvNCQ0JcmcmFxdW87LiDQntGC0YDRi9Cy0L7QuiDQuNC3INC60LjQvdC+0LbRg9GA0L3QsNC70LAgJmxhcXVvO9Ci0LDRgtCw0YDRgdGC0LDQvSZyYXF1bzsgKDIwMDEg0LPQvtC0LCDihJYgMjgpLjwvc3Bhbj48L3A+DQoNCjxwIHN0eWxlPSJ0ZXh0LWFsaWduOiBjZW50ZXI7Ij48c3BhbiBjbGFzcz0iaW1hZ2UtY2FwdGlvbiI+PC9zcGFuPjxzcGFuIGNsYXNzPSJpbWFnZS1jYXB0aW9uIj7Qn9GA0LXQt9C40LTQtdC90YIg0KDQtdGB0L/Rg9Cx0LvQuNC60Lgg0KLQsNGC0LDRgNGB0YLQsNC9INCc0LjQvdGC0LjQvNC10YAg0KjQsNC50LzQuNC10LIg0LIg0YbQtdGF0LUg0LfQsNCy0L7QtNCwICZsYXF1bzvQmtCw0LzQkNCXJnJhcXVvOyDQv9C+0LfQtNGA0LDQstC70Y/QtdGCINGD0YfQsNGB0YLQvdC40LrQvtCyINGB0LHQvtGA0LrQuCDQv9C10YDQstC+0LPQviAmbGFxdW870JrQsNC80JDQl9CwJnJhcXVvOyDRgSAyNS3Qu9C10YLQuNC10Lwg0LLRi9C/0YPRgdC60LAg0LDQstGC0L7QvNC+0LHQuNC70Y8gJmxhcXVvO9Ca0LDQvNCQ0JcmcmFxdW87Ljwvc3Bhbj48c3BhbiBjbGFzcz0iaW1hZ2UtY2FwdGlvbiI+PC9zcGFuPjwvcD4NCiI7fQ=='),(1142,'','2020-09-03 09:59:02','2020-09-03 09:59:02',NULL,'1',1,1,'TzozMjoiQ29uY3JldGVcQ29yZVxMZWdhY3lcQmxvY2tSZWNvcmQiOjM6e3M6MzoiYklEIjtzOjQ6IjExNDIiO3M6OToiACoAX3RhYmxlIjtzOjE0OiJidENvbnRlbnRMb2NhbCI7czo3OiJjb250ZW50IjtzOjE2OToiPHAgc3R5bGU9InRleHQtYWxpZ246IGNlbnRlcjsiPjxzcGFuIGNsYXNzPSJpbWFnZS1jYXB0aW9uIj7QntGC0YDRi9Cy0L7QuiDQuNC3INGE0LjQu9GM0LzQsCAmbGFxdW870J3QtdGE0YLRj9C90LjQutC4INCi0LDRgtCw0YDQuNC4JnJhcXVvOyZuYnNwOygxOTgxINCzLikuPC9zcGFuPjwvcD4NCiI7fQ=='),(1143,'','2020-09-03 10:15:17','2020-09-03 10:15:17',NULL,'1',1,1,NULL),(1144,'','2020-09-03 10:15:41','2020-09-03 10:15:41',NULL,'1',1,1,'TzozMjoiQ29uY3JldGVcQ29yZVxMZWdhY3lcQmxvY2tSZWNvcmQiOjM6e3M6MzoiYklEIjtzOjQ6IjExNDQiO3M6OToiACoAX3RhYmxlIjtzOjE0OiJidENvbnRlbnRMb2NhbCI7czo3OiJjb250ZW50IjtzOjIwMToiPHAgc3R5bGU9InRleHQtYWxpZ246IGNlbnRlcjsiPjxzcGFuIGNsYXNzPSJpbWFnZS1jYXB0aW9uIj7QntGC0YDRi9Cy0L7QuiDQuNC3INC00L7QutGD0LzQtdC90YLQsNC70YzQvdC+0LPQviDRhNC40LvRjNC80LAgJmxhcXVvO9Ch0L7QstC10YLRgdC60LjQuSDQotCw0YLQsNGA0YHRgtCw0L0mcmFxdW87ICgxOTQ1INCz0L7QtCk8L3NwYW4+PC9wPg0KIjt9'),(1145,'','2020-09-03 10:15:52','2020-09-03 10:15:52',NULL,'1',1,1,'TzozMjoiQ29uY3JldGVcQ29yZVxMZWdhY3lcQmxvY2tSZWNvcmQiOjM6e3M6MzoiYklEIjtzOjQ6IjExNDUiO3M6OToiACoAX3RhYmxlIjtzOjE0OiJidENvbnRlbnRMb2NhbCI7czo3OiJjb250ZW50IjtzOjIwMToiPHAgc3R5bGU9InRleHQtYWxpZ246IGNlbnRlcjsiPjxzcGFuIGNsYXNzPSJpbWFnZS1jYXB0aW9uIj7QntGC0YDRi9Cy0L7QuiDQuNC3INC00L7QutGD0LzQtdC90YLQsNC70YzQvdC+0LPQviDRhNC40LvRjNC80LAgJmxhcXVvO9Ch0L7QstC10YLRgdC60LjQuSDQotCw0YLQsNGA0YHRgtCw0L0mcmFxdW87ICgxOTQ1INCz0L7QtCk8L3NwYW4+PC9wPg0KIjt9'),(1146,'','2020-09-03 10:18:02','2020-09-03 10:18:02',NULL,'1',1,1,'TzozMjoiQ29uY3JldGVcQ29yZVxMZWdhY3lcQmxvY2tSZWNvcmQiOjM6e3M6MzoiYklEIjtzOjQ6IjExNDYiO3M6OToiACoAX3RhYmxlIjtzOjE0OiJidENvbnRlbnRMb2NhbCI7czo3OiJjb250ZW50IjtzOjIzNzA6IjxoMz7QnNC10LTQuNGG0LjQvdCwINCi0LDRgtCw0YDRgdGC0LDQvdCwPC9oMz4NCg0KPHA+0JzQtdC00LjRhtC40L3QsCDRgNC10YHQv9GD0LHQu9C40LrQuCDRiNCw0LPQvdGD0LvQsCDQtNCw0LvQtdC60L4g0LLQv9C10YDRkdC0LiDQotCw0YLQsNGA0YHRgtCw0L3RgdC60LjQtSDQstGA0LDRh9C4INC90LUg0YLQvtC70YzQutC+INC70LXRh9Cw0YIg0LHQvtC70LXQt9C90LgsINC90L4g0Lgg0LfQsNC90LjQvNCw0Y7RgtGB0Y8g0LjRhSDQv9GA0L7RhNC40LvQsNC60YLQuNC60L7QuS4mbmJzcDsg0JTQvtC60YLQvtGA0LAg0L3QsNGD0YfQuNC70LjRgdGMINC00LXQu9Cw0YLRjCDRg9C90LjQutCw0LvRjNC90YvQtSDQvtC/0LXRgNCw0YbQuNC4LCDQutC+0YLQvtGA0YvQtSDQv9C+0YDQvtC5INGB0YDQsNCy0L3QuNC80Ysg0YEg0YfRg9C00L7QvC4g0JLQtdC00YPRidC40LUg0LzQtdC00LjRhtC40L3RgdC60LjQtSDRhtC10L3RgtGA0Ysg0KLQsNGC0LDRgNGB0YLQsNC90LAg0LjQt9Cy0LXRgdGC0L3RiyDQvdC1INGC0L7Qu9GM0LrQviDQsiDQoNC+0YHRgdC40LgsINC90L4g0Lgg0LfQsCDRgNGD0LHQtdC20L7QvC4g0K3RgtC+INCg0LXRgdC/0YPQsdC70LjQutCw0L3RgdC60LDRjyDQutC70LjQvdC40YfQtdGB0LrQsNGPINCx0L7Qu9GM0L3QuNGG0LAsINCU0LXRgtGB0LrQsNGPINGA0LXRgdC/0YPQsdC70LjQutCw0L3RgdC60LDRjyDQutC70LjQvdC40YfQtdGB0LrQsNGPINCx0L7Qu9GM0L3QuNGG0LAsINCc0LXQttGA0LXQs9C40L7QvdCw0LvRjNC90YvQuSDQutC70LjQvdC40LrQvi3QtNC40LDQs9C90L7RgdGC0LjRh9C10YHQutC40Lkg0YbQtdC90YLRgCDQuCDQndCw0YPRh9C90L4t0LjRgdGB0LvQtdC00L7QstCw0YLQtdC70YzRgdC60LjQuSDRhtC10L3RgtGAINGC0YDQsNCy0LzQsNGC0L7Qu9C+0LPQuNC4INC4INC+0YDRgtC+0L/QtdC00LjQuC4g0JIg0LPQvtGA0L7QtNCw0YUg0Lgg0LTQsNC20LUg0L3QtdCx0L7Qu9GM0YjQuNGFINC/0L7RgdGR0LvQutCw0YUg0YDQtdGB0L/Rg9Cx0LvQuNC60Lgg0LXRgdGC0Ywg0LHQvtC70YzQvdC40YbRiywg0YTQtdC70YzQtNGI0LXRgNGB0LrQuNC1INC/0YPQvdC60YLRiy48L3A+DQoNCjxwPjxjb25jcmV0ZS1waWN0dXJlIGZJRD0iMjAyIiBhbHQ9IjIyMDYuanBnIiBoZWlnaHQ9IjQ1OCIgd2lkdGg9IjYwMCIgLz48L3A+DQoNCjxwIHN0eWxlPSJ0ZXh0LWFsaWduOiBjZW50ZXI7Ij48c3BhbiBjbGFzcz0iaW1hZ2UtY2FwdGlvbiI+PC9zcGFuPjxzcGFuIGNsYXNzPSJpbWFnZS1jYXB0aW9uIj7QktGA0LDRhyDQk9Cw0LvRj9C70LXRgtC00LjQvdC+0LIg0J3QsNGB0LjRhSDQstC10LTRkdGCINC/0YDQuNGR0Lwg0LHQvtC70YzQvdGL0YUg0LIg0YPRh9Cw0YHRgtC60L7QstC+0Lkg0LHQvtC70YzQvdC40YbQtSDRgdC10LvQsCDQnNC+0YDRgtGLICgyMDAxINCz0L7QtCwg0KHQsNGA0LzQsNC90L7QstGB0LrQuNC5INGA0LDQudC+0L0g0KDQoiwg0LDQstGC0L7RgCDQqNCw0LrQuNGA0LfRj9C90L7Qsiwg0YDQtdC00LDQutGG0LjRjyDQs9Cw0LfQtdGC0YsgJmxhcXVvO9Cg0LXRgdC/0YPQsdC70LjQutCwINCi0LDRgtCw0YDRgdGC0LDQvSZyYXF1bzspPC9zcGFuPjxzcGFuIGNsYXNzPSJpbWFnZS1jYXB0aW9uIj48L3NwYW4+PC9wPg0KDQo8cD48Y29uY3JldGUtcGljdHVyZSBmSUQ9IjIwMyIgYWx0PSI4ODgwXzEwLkpQRyIgaGVpZ2h0PSI0MDAiIHdpZHRoPSI2MDAiIC8+PC9wPg0KDQo8cCBzdHlsZT0idGV4dC1hbGlnbjogY2VudGVyOyI+PHNwYW4gY2xhc3M9ImltYWdlLWNhcHRpb24iPtCf0LDRhtC40LXQvdGC0Ysg0L7QvdC60L7Qs9C10LzQsNGC0L7Qu9C+0LPQuNGH0LXRgdC60L7Qs9C+INC+0YLQtNC10LvQtdC90LjRjyDQk9C+0YHRg9C00LDRgNGB0YLQstC10L3QvdC+0LPQviDQsNCy0YLQvtC90L7QvNC90L7Qs9C+INGD0YfRgNC10LbQtNC10L3QuNGPINC30LTRgNCw0LLQvtC+0YXRgNCw0L3QtdC90LjRjyAmbGFxdW870JTQtdGC0YHQutCw0Y8g0YDQtdGB0L/Rg9Cx0LvQuNC60LDQvdGB0LrQsNGPINC60LvQuNC90LjRh9C10YHQutCw0Y8g0LHQvtC70YzQvdC40YbQsCDQnNC40L3QuNGB0YLQtdGA0YHRgtCy0LAg0LfQtNGA0LDQstC+0L7RhdGA0LDQvdC10L3QuNGPINCg0LXRgdC/0YPQsdC70LjQutC4INCi0LDRgtCw0YDRgdGC0LDQvSZyYXF1bzsg0LLQviDQstGA0LXQvNGPINC/0YDQsNC30LTQvdC40LrQsCDQsiDQv9Cw0LvQsNGC0LUuJm5ic3A7ICgyMDExINCz0L7QtCwg0LMuINCa0LDQt9Cw0L3RjCwg0LDQstGC0L7RgCDQpdCw0YTQuNC30L7QsiDQky4g0KDQtdC00LDQutGG0LjRjyDQttGD0YDQvdCw0LvQsCAmbGFxdW870KHRjtGO0LzQsdC40LrQtSZyYXF1bzspPC9zcGFuPjwvcD4NCiI7fQ=='),(1147,'','2020-09-03 10:18:47','2020-09-03 10:18:47',NULL,'1',1,1,'TzozMjoiQ29uY3JldGVcQ29yZVxMZWdhY3lcQmxvY2tSZWNvcmQiOjM6e3M6MzoiYklEIjtzOjQ6IjExNDciO3M6OToiACoAX3RhYmxlIjtzOjE0OiJidENvbnRlbnRMb2NhbCI7czo3OiJjb250ZW50IjtzOjM3NzoiPHAgc3R5bGU9InRleHQtYWxpZ246IGNlbnRlcjsiPjxzcGFuIGNsYXNzPSJpbWFnZS1jYXB0aW9uIj7QntGC0YDRi9Cy0L7QuiDQuNC3INC60LjQvdC+0LbRg9GA0L3QsNC70LAgJmxhcXVvO9Cd0LAg0JLQvtC70LPQtSDQqNC40YDQvtC60L7QuSZyYXF1bzsgKOKEliAyOCwgMTk3MCDQs9C+0LQpLiDQn9GA0L7QuNC30LLQvtC00YHRgtCy0L4g0L3QuNGC0Lgg0LTQu9GPINC30LDRiNC40LLQsNC90LjRjyDRgNCw0L0g0L/QvtGB0LvQtSDRhdC40YDRg9GA0LPQuNGH0LXRgdC60LjRhSDQvtC/0LXRgNCw0YbQuNC5ICZuZGFzaDsg0LrQtdGC0LPRg9GC0LAg0L3QsCDQvtC00L3QvtC8INC40Lcg0LfQsNCy0L7QtNC+0LIg0JrQsNC30LDQvdC4Ljwvc3Bhbj48L3A+DQoiO30='),(1148,'','2020-09-03 11:31:22','2020-09-03 11:31:22',NULL,'1',1,1,'TzozMjoiQ29uY3JldGVcQ29yZVxMZWdhY3lcQmxvY2tSZWNvcmQiOjM6e3M6MzoiYklEIjtzOjQ6IjExNDgiO3M6OToiACoAX3RhYmxlIjtzOjE0OiJidENvbnRlbnRMb2NhbCI7czo3OiJjb250ZW50IjtzOjE4NTQ6IjxoMz7QoNCw0YHRgtC10LvRjNC90YvQuSDQvNC40YAg0KDQsNC40YTRgdC60L7Qs9C+INC00LXQvdC00YDQsNGA0LjRjzwvaDM+DQoNCjxwPtCg0LDRgdGC0LXQvdC40Y8g0LIg0KDQsNC40YTRgdC60L7QvCDQtNC10L3QtNGA0LDRgNC40Lgg0L/QvtGB0LDQttC10L3RiyDQv9C+INCz0LXQvtCz0YDQsNGE0LjRh9C10YHQutC+0LzRgyDQv9GA0LjQvdGG0LjQv9GDINC4INGA0LDQt9C80LXRidC10L3RiyDQv9C+INGC0YDRkdC8INGB0LXQutGC0L7RgNCw0LwuINCSINCQ0LfQuNCw0YLRgdC60L7QvCDQvtGC0LTQtdC70LUg0LzQvtC20L3QviDRg9Cy0LjQtNC10YLRjCDQsdC+0LvQtdC1IDY1INGA0LDQt9C70LjRh9C90YvRhSDQstC40LTQvtCyINGA0LDRgdGC0LXQvdC40LkuINCd0LDQv9GA0LjQvNC10YAsINCx0LDRgNGF0LDRgiDQsNC80YPRgNGB0LrQuNC5LiDQrdGC0L4g0LTQtdGA0LXQstC+INC+0YLQvdC+0YHQuNGC0YHRjyDQuiDRgNC10LvQuNC60YLQvtCy0YvQvCDRgNCw0YHRgtC10L3QuNGP0LwsINC60L7RgtC+0YDRi9C1INC/0YDQvtC40LfRgNCw0YHRgtCw0LvQuCDQtNC+INC+0LvQtdC00LXQvdC10L3QuNGPLiDQntGB0L7QsdC10L3QvdC+INC60YDQsNGB0LjQsiDQsNC80YPRgNGB0LrQuNC5INCx0LDRgNGF0LDRgiDQv9C+0YHQu9C1INC/0LXRgNCy0YvRhSDQt9Cw0LzQvtGA0L7Qt9C60L7Qsi4g0JXQs9C+INC30L7Qu9C+0YLQuNGB0YLQsNGPINC60YDQvtC90LAg0YPQutGA0LDRiNC10L3QsCDQs9GA0L7Qt9C00YzRj9C80Lgg0YfQtdGA0L3Ri9GFINC60YDRg9C/0L3Ri9GFINGP0LPQvtC0LCDQvdCw0L/QvtC80LjQvdCw0Y7RidC40YUg0LbQtdC80YfRg9C20LjQvdGLLjwvcD4NCg0KPHA+0JIg0YHQtdC60YbQuNC4ICZsYXF1bzvQldCy0YDQvtC/0LAmcmFxdW87INGA0LDRgdGC0ZHRgiDQv9C+0YfRgtC4IDYwINGA0LDQt9C90L7QstC40LTQvdC+0YHRgtC10Lkg0YDQsNGB0YLQtdC90LjQuS4g0J3QsNC/0YDQuNC80LXRgCwg0LbQuNC80L7Qu9C+0YHRgtGMINGC0LDRgtCw0YDRgdC60LDRjy4g0K3RgtC+INC60YDQsNGB0LjQstGL0Lkg0LTQtdC60L7RgNCw0YLQuNCy0L3Ri9C5INC60YPRgdGC0LDRgNC90LjQui4g0K/Qs9C+0LTRiyDQvdC10YHRitC10LTQvtCx0L3RiyDQtNC70Y8g0YfQtdC70L7QstC10LrQsCwg0L3QviDQuNGFINCw0LrRgtC40LLQvdC+INC10LTRj9GCINC/0YLQuNGG0YsuPC9wPg0KDQo8cD7QkiDQkNC80LXRgNC40LrQsNC90YHQutC+0Lwg0L7RgtC00LXQu9C1INGA0LDRgdGC0ZHRgiDQsdC+0LvQtdC1IDQ1INCy0LjQtNC+0LIg0YDQsNGB0YLQtdC90LjQuS4g0K3RgtCwINGB0LXQutGG0LjRjyDRgdGH0LjRgtCw0LXRgtGB0Y8g0YHQsNC80L7QuSDQuNC90YLQtdGA0LXRgdC90L7QuS4g0JzQvdC+0LPQuNC1INC00LXRgNC10LLRjNGPINCyINGN0YLQvtC5INGB0LXQutGG0LjQuCDRgNCw0L3RjNGI0LUg0LHRi9C70Lgg0Y3QutC30L7RgtC40YfQtdGB0LrQuNC80Lgg0LTQu9GPINCg0L7RgdGB0LjQuC4g0J3QsNC/0YDQuNC80LXRgCwg0LrQu9GR0L0g0YHQsNGF0LDRgNC90YvQuS4g0JbQuNCy0ZHRgiDRjdGC0L4g0LTQtdGA0LXQstC+IDIwMC0zMDAg0LvQtdGCLiDQkiDQkNC80LXRgNC40LrQtSDQuCDQmtCw0L3QsNC00LUg0L/QvtC30LTQvdC10Lkg0LfQuNC80L7QuSDQuNC70Lgg0YDQsNC90L3QtdC5INCy0LXRgdC90L7QuSDRgdC+0LHQuNGA0LDRjtGCINC60LvQtdC90L7QstGL0Lkg0YHQvtC6LiDQmNC3INC90LXQs9C+INC00LXQu9Cw0Y7RgiDQutC70LXQvdC+0LLRi9C5INGB0LjRgNC+0L8sINC60L7RgtC+0YDRi9C5INC/0YDQuNC80LXQvdGP0LXRgtGB0Y8g0LIg0LrRg9C70LjQvdCw0YDQuNC4LjwvcD4NCiI7fQ=='),(1149,'','2020-09-03 13:09:01','2020-09-03 13:09:01',NULL,'1',1,1,'TzozMjoiQ29uY3JldGVcQ29yZVxMZWdhY3lcQmxvY2tSZWNvcmQiOjM6e3M6MzoiYklEIjtzOjQ6IjExNDkiO3M6OToiACoAX3RhYmxlIjtzOjE0OiJidENvbnRlbnRMb2NhbCI7czo3OiJjb250ZW50IjtzOjM0MzoiPGgyIGNsYXNzPSJtYXQtdGl0bGUiPjxzcGFuPiZsYXF1bzvTmCDRgdC40L0g0LHQtdC705nRgdC10qPQvNC1IC4uLi4gJnJhcXVvOyDQvNOZ0LrQsNC705nQu9OZ0YDQtTwvc3Bhbj48L2gyPg0KDQo8cCBzdHlsZT0idGV4dC1hbGlnbjogY2VudGVyOyI+PHNwYW4gc3R5bGU9ImJhY2tncm91bmQtY29sb3I6I2VjZjBmMTtwYWRkaW5nOjEwcHg7Ij4mbGFxdW870JHQtdC30L3QtdKjINC50L7RgNGC0YvQsdGL0LfQs9CwIDEwMCDQtdC7JnJhcXVvOyDQutC40YLQsNCx0YvQvSDRgtGD0LvRi9C70LDQvdC00YvRgNGD0YfRiyDQutGL0LfRi9C60LvRiyDQvNOZ0LPRitC70q/QvNCw0YIuPC9zcGFuPjwvcD4NCiI7fQ=='),(1150,'','2020-09-03 13:10:21','2020-09-03 13:10:21',NULL,'1',1,1,'TzozMjoiQ29uY3JldGVcQ29yZVxMZWdhY3lcQmxvY2tSZWNvcmQiOjM6e3M6MzoiYklEIjtzOjQ6IjExNTAiO3M6OToiACoAX3RhYmxlIjtzOjE0OiJidENvbnRlbnRMb2NhbCI7czo3OiJjb250ZW50IjtzOjYzOiI8aDIgY2xhc3M9Im1hdC10aXRsZSI+PHNwYW4+0JrQsNGA0LDQvtC60LUt0pfRi9GAPC9zcGFuPjwvaDI+DQoiO30='),(1151,'','2020-09-03 13:10:28','2020-09-03 13:10:28',NULL,'1',1,1,'TzozMjoiQ29uY3JldGVcQ29yZVxMZWdhY3lcQmxvY2tSZWNvcmQiOjM6e3M6MzoiYklEIjtzOjQ6IjExNTEiO3M6OToiACoAX3RhYmxlIjtzOjE0OiJidENvbnRlbnRMb2NhbCI7czo3OiJjb250ZW50IjtzOjU3OiI8aDIgY2xhc3M9Im1hdC10aXRsZSI+PHNwYW4+UVIt0LrQvtC00LvQsNGAPC9zcGFuPjwvaDI+DQoiO30='),(1153,'','2020-09-03 13:17:20','2020-09-03 13:17:20',NULL,'1',1,1,NULL),(1156,'','2020-09-03 13:24:25','2020-09-03 13:24:25',NULL,'1',1,1,NULL),(1158,'','2020-09-03 13:25:42','2020-09-03 13:25:42','','1',1,1,NULL),(1159,'','2020-09-03 13:25:57','2020-09-03 13:25:57',NULL,'1',1,1,'TzozMjoiQ29uY3JldGVcQ29yZVxMZWdhY3lcQmxvY2tSZWNvcmQiOjM6e3M6MzoiYklEIjtzOjQ6IjExNTkiO3M6OToiACoAX3RhYmxlIjtzOjE0OiJidENvbnRlbnRMb2NhbCI7czo3OiJjb250ZW50IjtzOjIxOToiPHAgc3R5bGU9InRleHQtYWxpZ246IGNlbnRlcjsiPjxzcGFuIHN0eWxlPSJiYWNrZ3JvdW5kLWNvbG9yOiAjZmZkNzhiO3BhZGRpbmc6IDEwcHg7cG9zaXRpb246IHJlbGF0aXZlO2JvdHRvbTogMTBweDsiPtCi0LDRgtCw0YDRgdGC0LDQvSDQkNCh0KHQoNC90YvSoyAxMDAg0LXQu9C70YvQs9GLINGC0YPRgNGL0L3QtNCwINC60q/So9C10LvQu9C1INKX0YvRgC48L3NwYW4+PC9wPg0KIjt9'),(1160,'','2020-09-03 13:26:12','2020-09-03 13:26:12',NULL,'1',1,1,'TzozMjoiQ29uY3JldGVcQ29yZVxMZWdhY3lcQmxvY2tSZWNvcmQiOjM6e3M6MzoiYklEIjtzOjQ6IjExNjAiO3M6OToiACoAX3RhYmxlIjtzOjE0OiJidENvbnRlbnRMb2NhbCI7czo3OiJjb250ZW50IjtzOjE3MToiPHAgc3R5bGU9InRleHQtYWxpZ246IGNlbnRlcjsiPjxzcGFuIHN0eWxlPSJiYWNrZ3JvdW5kLWNvbG9yOiAjZmZkNzhiO3BhZGRpbmc6IDEwcHg7cG9zaXRpb246IHJlbGF0aXZlO2JvdHRvbTogMTBweDsiPtCc0L7QsdC40LvRjCDRg9C10L0g06nRh9C10L0g0LrQuNGA05nQui48L3NwYW4+PC9wPg0KIjt9'),(1161,'','2020-09-03 13:26:36','2020-09-03 13:26:36',NULL,'1',1,1,NULL),(1162,'','2020-09-03 13:26:39','2020-09-03 13:26:39','','1',1,1,NULL),(1163,'','2020-09-03 13:27:36','2020-09-03 13:27:36','','1',1,1,'TzozMjoiQ29uY3JldGVcQ29yZVxMZWdhY3lcQmxvY2tSZWNvcmQiOjM6e3M6MzoiYklEIjtzOjQ6IjExNjMiO3M6OToiACoAX3RhYmxlIjtzOjE0OiJidENvbnRlbnRMb2NhbCI7czo3OiJjb250ZW50IjtzOjExOToiPGRpdiBjbGFzcz0ia2FyYW9rZSI+DQo8cD48YSBocmVmPSJ7Q0NNOkNJRF8zMDd9Ij48c3BhbiBjbGFzcz0iYnRuIGJ0bi1wcmltYXJ5Ij7QmtKv0YfQtdGA0LPTmTwvc3Bhbj48L2E+PC9wPg0KPC9kaXY+DQoiO30='),(1164,'','2020-09-03 13:28:04','2020-09-03 13:28:04','','1',1,1,'TzozMjoiQ29uY3JldGVcQ29yZVxMZWdhY3lcQmxvY2tSZWNvcmQiOjM6e3M6MzoiYklEIjtzOjQ6IjExNjQiO3M6OToiACoAX3RhYmxlIjtzOjE0OiJidENvbnRlbnRMb2NhbCI7czo3OiJjb250ZW50IjtzOjExOToiPGRpdiBjbGFzcz0ia2FyYW9rZSI+DQo8cD48YSBocmVmPSJ7Q0NNOkNJRF8zMDZ9Ij48c3BhbiBjbGFzcz0iYnRuIGJ0bi1wcmltYXJ5Ij7QmtKv0YfQtdGA0LPTmTwvc3Bhbj48L2E+PC9wPg0KPC9kaXY+DQoiO30='),(1165,'','2020-09-03 13:36:22','2020-09-03 13:36:22',NULL,'1',1,1,'TzozMjoiQ29uY3JldGVcQ29yZVxMZWdhY3lcQmxvY2tSZWNvcmQiOjM6e3M6MzoiYklEIjtzOjQ6IjExNjUiO3M6OToiACoAX3RhYmxlIjtzOjE0OiJidENvbnRlbnRMb2NhbCI7czo3OiJjb250ZW50IjtzOjExNjU6IjxoMz7Qp9GC0L7QsdGLINCx0YvQuyDRhdC+0YDQvtGI0LjQuSDRg9GA0L7QttCw0Lk8L2gzPg0KDQo8cD7Qp9GC0L7QsdGLINC/0L7Qu9GD0YfQuNGC0Ywg0YXQvtGA0L7RiNC40Lkg0YPRgNC+0LbQsNC5LCDQvdGD0LbQvdC+INC+INC90ZHQvCDQvdCw0YfQuNC90LDRgtGMINC00YPQvNCw0YLRjCDRg9C20LUg0LfQuNC80L7QuS4g0JfQsNC00LXRgNC20LjQstCw0YLRjCDRgdC90LXQsyDQvdCwINC/0L7Qu9GP0YUsINC30LDRgNCw0L3QtdC1INC/0L7QtNCz0L7RgtC+0LLQuNGC0Ywg0YHQtdC80LXQvdCwINC6INC/0L7RgdC10LLRgy4g0JLQtdGB0L3QvtC5INC90LXQvtCx0YXQvtC00LjQvNC+INC60LDQttC00YvQuSDQtNC10L3RjCDQv9GA0L7QstC10YDRj9GC0Ywg0L/QvtGH0LLRgywg0YfRgtC+0LHRiyDRgtC+0YfQvdC+INCy0YvQsdGA0LDRgtGMINCy0YDQtdC80Y8g0LTQu9GPINGB0LXQstCwLiDQndC1INC00LDRgNC+0Lwg0LIg0L3QsNGA0L7QtNC1INCz0L7QstC+0YDRj9GCLCDRh9GC0L4g0LLQtdGB0LXQvdC90LjQuSDQtNC10L3RjCDRhtC10LvRi9C5INCz0L7QtCDQutC+0YDQvNC40YIhINCb0LXRgtC+0Lwg0L3Rg9C20L3QviDQstC+0LLRgNC10LzRjyDQvtGA0LPQsNC90LjQt9C+0LLQsNGC0Ywg0LHQvtGA0YzQsdGDINGBINGB0L7RgNC90Y/QutCw0LzQuC4g0JfQsNGC0LXQvCDRgdC70LXQtNC40YLRjCwg0LrQvtCz0LTQsCDRg9GA0L7QttCw0Lkg0L/QvtGB0L/QtdC10YIsJm5ic3A70YPQsdGA0LDRgtGMINC10LPQviDRgSDQv9C+0LvRjy4g0J/QvtGB0LvQtSDRgtC+0LPQviwg0LrQsNC6INGD0YDQvtC20LDQuSDRgdC+0LHRgNCw0L0sINC10LPQviDQvdGD0LbQvdC+INC/0LXRgNC10YDQsNCx0L7RgtCw0YLRjCEg0JTQu9GPINGN0YLQvtCz0L4g0LXRgdGC0Ywg0LzQvdC+0LPQviDQt9Cw0LLQvtC00L7QsiDQuCDRhNCw0LHRgNC40LosINCz0LTQtSDRgtGA0YPQtNGP0YLRgdGPINGA0LDQsdC+0YfQuNC1INC4INC40L3QttC10L3QtdGA0YsuINCi0LDQvCDQtNC10LvQsNGO0YIg0YHQsNGF0LDRgCwg0LzRg9C60YMsINGB0LPRg9GJ0ZHQvdC90L7QtSDQvNC+0LvQvtC60L4sINGB0YvRgCDQuCDQtdGJ0ZEg0LzQvdC+0LPQviDQstC60YPRgdC90YvRhSDQuCDQv9C+0LvQtdC30L3Ri9GFINC/0YDQvtC00YPQutGC0L7Qsi48L3A+DQoiO30='),(1166,'','2020-09-03 13:40:33','2020-09-03 13:40:33',NULL,'1',1,1,'TzozMjoiQ29uY3JldGVcQ29yZVxMZWdhY3lcQmxvY2tSZWNvcmQiOjM6e3M6MzoiYklEIjtzOjQ6IjExNjYiO3M6OToiACoAX3RhYmxlIjtzOjE0OiJidENvbnRlbnRMb2NhbCI7czo3OiJjb250ZW50IjtzOjEwODU6IjxoMz7QmtGD0LvRjNGC0YPRgNCwINCi0LDRgtCw0YDRgdGC0LDQvdCwPC9oMz4NCg0KPHA+0JIg0L3QsNGI0LXQuSDRgNC10YHQv9GD0LHQu9C40LrQtSDQv9GA0L7QttC40LLQsNGO0YIg0L/RgNC10LTRgdGC0LDQstC40YLQtdC70Lgg0YDQsNC30L3Ri9GFINC90LDRgNC+0LTQvtCyLiDQoyDQutCw0LbQtNC+0LPQviDQuNC3INC90LjRhSDRgdCy0L7RjyDQutGD0LvRjNGC0YPRgNCwLCDRgdCy0L7QuCDRgtGA0LDQtNC40YbQuNC4LCDRgdCy0L7QuCDQv9GA0LDQt9C00L3QuNC60LguINCd0LDQv9GA0LjQvNC10YAsINC90LDRhdC+0LTRj9GB0Ywg0LIg0KLQsNGC0LDRgNGB0YLQsNC90LUsINC80L7QttC90L4g0L/QvtGB0LXRgtC40YLRjCDRgNGD0YHRgdC60LjQuSDQv9GA0LDQt9C00L3QuNC6ICZsYXF1bzvQmtCw0YDQsNCy0L7QvSZyYXF1bzssINGC0LDRgtCw0YDRgdC60LjQuSAmbGFxdW870KHQsNCx0LDQvdGC0YPQuSZyYXF1bzssINC80L7RgNC00L7QstGB0LrQuNC5ICZsYXF1bzvQkdCw0LvRgtCw0LkmcmFxdW87LCDRh9GD0LLQsNGI0YHQutC40LkgJmxhcXVvO9Cj0Y/QsiZyYXF1bzssINC80LDRgNC40LnRgdC60LjQuSAmbGFxdW870KHQtdC80YvQuiZyYXF1bzssINGD0LTQvNGD0YDRgtGB0LrQuNC5ICZsYXF1bzvQk9GL0YDQvtC9INCx0YvQtNGC0L7QvSZyYXF1bzsuINCa0YPQu9GM0YLRg9GA0L3Ri9C5INC80LjRgCDQotCw0YLQsNGA0YHRgtCw0L3QsCDRgNCw0LfQvdC+0L7QsdGA0LDQt9C10L0uINCSINGA0LXRgdC/0YPQsdC70LjQutC1INC80L3QvtCz0L4g0LzRg9C30LXQtdCyLCDRgtC10LDRgtGA0L7Qsiwg0LHQuNCx0LvQuNC+0YLQtdC6LCDQutC70YPQsdC+0LIsINC60LjQvdC+0YLQtdCw0YLRgNC+0LIuINCd0LAg0YLQtdGA0YDQuNGC0L7RgNC40Lgg0KLQsNGC0LDRgNGB0YLQsNC90LAg0LXRgdGC0Ywg0L3QtdGB0LrQvtC70YzQutC+INC/0LDQvNGP0YLQvdC40LrQvtCyINC60YPQu9GM0YLRg9GA0Ysg0LzQuNGA0L7QstC+0LPQviDQt9C90LDRh9C10L3QuNGPLiDQntC90Lgg0L3QsNGF0L7QtNGP0YLRgdGPINC/0L7QtCDQt9Cw0YnQuNGC0L7QuSDQrtCd0JXQodCa0J4uPC9wPg0KIjt9'),(1167,'','2020-09-03 13:41:35','2020-09-03 13:41:35',NULL,'1',1,1,'TzozMjoiQ29uY3JldGVcQ29yZVxMZWdhY3lcQmxvY2tSZWNvcmQiOjM6e3M6MzoiYklEIjtzOjQ6IjExNjciO3M6OToiACoAX3RhYmxlIjtzOjE0OiJidENvbnRlbnRMb2NhbCI7czo3OiJjb250ZW50IjtzOjkxNDoiPGgzPtCi0LXQsNGC0YDRiyDQotCw0YLQsNGA0YHRgtCw0L3QsDwvaDM+DQoNCjxwPtCi0LXQsNGC0YAuINCt0YLQviDRg9C00LjQstC40YLQtdC70YzQvdC+0LUg0LzQtdGB0YLQviwg0LzQuNGAINCy0L7Qu9GI0LXQsdGB0YLQstCwLiDQnNC40YAsINCz0LTQtSDQvtC20LjQstCw0Y7RgiDRgdC60LDQt9C+0YfQvdGL0LUg0L/QtdGA0YHQvtC90LDQttC4LiDQkiDQotCw0YLQsNGA0YHRgtCw0L3QtSDQutCw0LbQtNGL0Lkg0L3QsNC50LTRkdGCINGC0LXQsNGC0YAg0YHQtdCx0LUg0L/QviDQtNGD0YjQtTog0LrRg9C60L7Qu9GM0L3Ri9C5LCDQvNGD0LfRi9C60LDQu9GM0L3Ri9C5LCDQtNGA0LDQvNCw0YLQuNGH0LXRgdC60LjQuS4g0JIg0JDRgtC90LjQvdGB0LrQvtC8INGA0LDQudC+0L3QtSDQvdCw0YjQtdC5INGA0LXRgdC/0YPQsdC70LjQutC4INGA0LDRgdC/0L7Qu9C+0LbQtdC9INC10LTQuNC90YHRgtCy0LXQvdC90YvQuSDQsiDQoNC+0YHRgdC40Lgg0YHQtdC70YzRgdC60LjQuSDQs9C+0YHRg9C00LDRgNGB0YLQstC10L3QvdGL0Lkg0YLQtdCw0YLRgC4g0JAg0LIg0JrQsNC30LDQvdC4INC80L7QttC90L4g0L/QvtGB0LXRgtC40YLRjCDRgtC10LDRgtGAINC+0L/QtdGA0Ysg0Lgg0LHQsNC70LXRgtCwLiDQkiDQvdGR0Lwg0LXQttC10LPQvtC00L3QviDQv9GA0L7RhdC+0LTRj9GCIDIg0LzQtdC20LTRg9C90LDRgNC+0LTQvdGL0YUg0YTQtdGB0YLQuNCy0LDQu9GPLiDQntC/0LXRgNC90YvQuSDRhNC10YHRgtC40LLQsNC70Ywg0LjQvNC10L3QuCDQpNGR0LTQvtGA0LAg0KjQsNC70Y/Qv9C40L3QsCDQuCDRhNC10YHRgtC40LLQsNC70Ywg0LrQu9Cw0YHRgdC40YfQtdGB0LrQvtCz0L4g0LHQsNC70LXRgtCwINC40LzQtdC90Lgg0KDRg9C00L7Qu9GM0YTQsCDQndGD0YDQuNC10LLQsC48L3A+DQoiO30='),(1168,'','2020-09-03 13:46:56','2020-09-03 13:46:56','responsive_header_navigation','1',7,1,NULL),(1169,'','2020-09-03 13:47:33','2020-09-03 13:47:33','responsive_header_navigation','1',7,1,NULL),(1170,'','2020-09-03 13:58:50','2020-09-03 13:58:50',NULL,'1',1,1,'TzozMjoiQ29uY3JldGVcQ29yZVxMZWdhY3lcQmxvY2tSZWNvcmQiOjM6e3M6MzoiYklEIjtzOjQ6IjExNzAiO3M6OToiACoAX3RhYmxlIjtzOjE0OiJidENvbnRlbnRMb2NhbCI7czo3OiJjb250ZW50IjtzOjIyNzg6IjxoMz7QmtCw0LfQsNC90YHQutC40Lkg0YbQuNGA0Lo8L2gzPg0KDQo8cD7Qn9C10YDQstGL0Lkg0YHRgtCw0YbQuNC+0L3QsNGA0L3Ri9C5INGG0LjRgNC6INCyINCa0LDQt9Cw0L3QuCDQsdGL0Lsg0L/QvtGB0YLRgNC+0LXQvSDQsiAxODkwINCz0L7QtNGDLiDQntGB0L3QvtCy0LDQu9C4INC10LPQviDQsdGA0LDRgtGM0Y8g0J3QuNC60LjRgtC40L3Riy4g0JPQsNCx0LTRg9C70LvQsCDQotGD0LrQsNC5INC/0L7RgdCy0Y/RgtC40Lsg0YbQuNGA0LrRgyDQvdC10YHQutC+0LvRjNC60L4g0YHRgtGA0L7QuiDQsiZuYnNwO9GB0LLQvtC10Lkg0L/QvtGN0LzQtSAmbGFxdW870KHQtdC90L3QvtC5INCR0LDQt9Cw0YAsINC40LvQuCDQndC+0LLRi9C5INCa0LjRgdC10LrQsdCw0YgmcmFxdW87LjwvcD4NCg0KPHAgc3R5bGU9InRleHQtYWxpZ246IGNlbnRlcjsiPiZsYXF1bzs8ZW0+0JLQvtGCINC+0L0sINGG0LjRgNC6Jm5ic3A7Jm1kYXNoOyDQvtGC0LvQuNGH0L3Ri9C5INC/0YDQtdC+0LPRgNC+0LzQvdGL0Lkg0LTQvtC8LjwvZW0+PC9wPg0KDQo8cCBzdHlsZT0idGV4dC1hbGlnbjogY2VudGVyOyI+PGVtPtCf0YDQsNCy0LjRgiDQsiZuYnNwO9C90ZHQvCDQndC40LrQuNGC0LjQvS4g0JzRiyZuYnNwO9C6Jm5ic3A70L3QtdC80YMg0LfQsNC50LTRkdC8LjwvZW0+PC9wPg0KDQo8cCBzdHlsZT0idGV4dC1hbGlnbjogY2VudGVyOyI+PGVtPtCa0YLQviDRgyZuYnNwO9C90LDRgSDQsiZuYnNwO9Ca0LDQt9Cw0L3QuCDRh9GD0LTQtdGB0LAg0YHQvtGH0YLRkdGCPzwvZW0+PC9wPg0KDQo8cCBzdHlsZT0idGV4dC1hbGlnbjogY2VudGVyOyI+PGVtPtCQJm5ic3A70YLQsNC60L7Qs9C+INGB0YDQvtC00YMg0L3QtSZuYnNwO9C30L3QsNCy0LDQuyDQvdCw0YDQvtC0LjwvZW0+PC9wPg0KDQo8cCBzdHlsZT0idGV4dC1hbGlnbjogY2VudGVyOyI+PGVtPtCd0YMmbmJzcDvQsNC70LvQsNGFINCw0LvQu9Cw0YXQvtC8LCDRh9GC0L4g0YXQvtGC0LXQuyZuYnNwOyZtZGFzaDsg0YLQstC+0YDQuNC7LDwvZW0+PC9wPg0KDQo8cCBzdHlsZT0idGV4dC1hbGlnbjogY2VudGVyOyI+PGVtPtCQJm5ic3A70J3QuNC60LjRgtC40L0sINGA0YPRgdGB0LrQuNC5LCDRhtC40YDQuiDQt9C00LXRgdGMINGD0YfRgNC10LTQuNC7LjwvZW0+PC9wPg0KDQo8cCBzdHlsZT0idGV4dC1hbGlnbjogY2VudGVyOyI+PGVtPtCV0YHRgtGMINCyJm5ic3A70L3QtdC8INC80YPRgdGD0LvRjNC80LDQvdC40L0mbmJzcDsmbWRhc2g7INCx0YDQsNCy0YvQuSDQv9C10YXQu9C10LLQsNC9LDwvZW0+PC9wPg0KDQo8cCBzdHlsZT0idGV4dC1hbGlnbjogY2VudGVyOyI+PGVtPtCX0LTQvtGA0L7QstGP0Log0L/Qu9C10YfQuNGB0YLRi9C5LCDRgNC+0YHRgtC+0LwmbmJzcDsmbWRhc2g7INCy0LXQu9C40LrQsNC9LjwvZW0+PC9wPg0KDQo8cCBzdHlsZT0idGV4dC1hbGlnbjogY2VudGVyOyI+PGVtPtCa0LDQuiDQl9Cw0YDQutGD0LwsINC70LjRhdC+0Lkg0L7QvSwg0LjQu9C4INC60LDQuiDQodCw0LvRgdCw0LssPC9lbT48L3A+DQoNCjxwIHN0eWxlPSJ0ZXh0LWFsaWduOiBjZW50ZXI7Ij48ZW0+0JAmbmJzcDvRhdC40YLRkdGAINC90LUmbmJzcDvQvNC10L3RjNGI0LUsINGH0LXQvCDQodCw0LjQtC3QkdCw0YLRgtCw0Ls8L2VtPiZyYXF1bzs8ZW0+LjwvZW0+PC9wPg0KDQo8cD48aT48L2k+PGJyIC8+DQrQl9C00LDQvdC40LUg0YbQuNGA0LrQsCDQsdGL0LvQviDQtNC10YDQtdCy0Y/QvdC90YvQvCDQuCDQv9GA0L7RgdGC0L7Rj9C70L4g0L/QvtGH0YLQuCDRgdC+0YDQvtC6INC70LXRgi4g0JfQsNGC0LXQvCDQsdGL0LvQviDQv9C+0YHRgtGA0L7QtdC90L4g0L3QvtCy0L7QtSDQtNC10YDQtdCy0Y/QvdC90L7QtSDQt9C00LDQvdC40LUuINCn0LXRgNC10Lcg0YLRgNC40LTRhtCw0YLRjCDQu9C10YIg0LXQs9C+INGD0L3QuNGH0YLQvtC20LjQuyDQv9C+0LbQsNGALiDQkCDQsiAxOTY3INCz0L7QtNGDINC/0L7Rj9Cy0LjQu9C+0YHRjCDRg9C90LjQutCw0LvRjNC90L7QtSDQt9C00LDQvdC40LUsINC/0L7RhdC+0LbQtdC1INC90LAg0LvQtdGC0LDRjtGJ0YPRjiDRgtCw0YDQtdC70LrRgy4g0JXRkSDQtNC40LDQvNC10YLRgCA2NSDQvNC10YLRgNC+0LIsINCy0YvRgdC+0YLQsCAmbmRhc2g7IDIzINC80LXRgtGA0LAuINCf0YDQvtGI0LvQviDQvNC90L7Qs9C+INC70LXRgiwgJmxhcXVvO9C40L3QvtC/0LvQsNC90LXRgtC90L7QtSZyYXF1bzsg0LfQtNCw0L3QuNC1INC+0LHQvdC+0LLQuNC70Lgg0LIgMjAxOCDQs9C+0LTRgy4mbmJzcDs8L3A+DQoiO30='),(1171,'','2020-09-03 14:00:14','2020-09-03 14:00:14',NULL,'1',1,1,'TzozMjoiQ29uY3JldGVcQ29yZVxMZWdhY3lcQmxvY2tSZWNvcmQiOjM6e3M6MzoiYklEIjtzOjQ6IjExNzEiO3M6OToiACoAX3RhYmxlIjtzOjE0OiJidENvbnRlbnRMb2NhbCI7czo3OiJjb250ZW50IjtzOjEyNzQ6IjxoMz7QkdC40L7Qs9GA0LDRhNC40Y88L2gzPg0KDQo8cD7Qk9Cw0LHQtNGD0LvQu9CwINCi0YPQutCw0LkgJm5kYXNoOyDRgtCw0YLQsNGA0YHQutC40Lkg0L/QvtGN0YIg0Lgg0L/RgNC+0LfQsNC40LosINC70LjRgtC10YDQsNGC0YPRgNC90YvQuSDQutGA0LjRgtC40Log0Lgg0L/QtdGA0LXQstC+0LTRh9C40LouINCV0LPQviDQvdCw0LfRi9Cy0LDRjtGCICZsYXF1bzvRgtCw0YLQsNGA0YHQutC40Lwg0J/Rg9GI0LrQuNC90YvQvCZyYXF1bzsuINCf0YDQvtC20LjQsiDRj9GA0LrRg9GOLCDQvdC+INC60L7RgNC+0YLQutGD0Y4gJm5kYXNoOyDQstGB0LXQs9C+IDI3INC70LXRgiZuYnNwOyZuZGFzaDsg0LbQuNC30L3RjCwg0JPQsNCx0LTRg9C70LvQsCDQotGD0LrQsNC5INC30LDQu9C+0LbQuNC7INGE0YPQvdC00LDQvNC10L3RgtCw0LvRjNC90YPRjiDQvtGB0L3QvtCy0YMg0YLQsNGC0LDRgNGB0LrQvtCz0L4g0Y/Qt9GL0LrQsCDQuCDQu9C40YLQtdGA0LDRgtGD0YDRiy4g0JIgMTkg0LvQtdGCINCi0YPQutCw0Lkg0YHQtNC10LvQsNC7INC/0LXRgNCy0YvQtSDQv9C10YDQtdCy0L7QtNGLINGBINGA0YPRgdGB0LrQvtCz0L4g0L3QsCDRgtCw0YLQsNGA0YHQutC40LkgJm5kYXNoOyDQsdCw0YHQvdC4Jm5ic3A70JjQstCw0L3QsCDQmtGA0YvQu9C+0LLQsC4g0JIgMTkwNCDQs9C+0LTRgyDRgNCw0LHQvtGC0Ysg0KLRg9C60LDRjyDQsdGL0LvQuCDQvdCw0L/QtdGH0LDRgtCw0L3RiyDQsiDQttGD0YDQvdCw0LvQtSAmbGFxdW870J3QvtCy0YvQuSDQstC10LomcmFxdW87LiDQn9C+0L3QsNGH0LDQu9GDINCi0YPQutCw0Lkg0L/QvtC00YDQsNC20LDQuyDQsNGA0LDQsdGB0LrQvi3Qv9C10YDRgdC40LTRgdC60LjQvCDRgtGA0LDQtNC40YbQuNGP0Lwg0LIg0L/QvtGN0LfQuNC4LiDQoNGD0YHRgdC60LDRjyDQu9C40YLQtdGA0LDRgtGD0YDQsCDQv9GA0LjQstC90LXRgdC70LAg0LIg0LXQs9C+INC/0YDQvtC40LfQstC10LTQtdC90LjRjyDQvdC+0LLRi9C1INGH0LXRgNGC0YsuINCd0LXRgdC80L7RgtGA0Y8g0L3QsCDRgdC70L7QttC90L7QtSDQtNC10YLRgdGC0LLQviwg0JPQsNCx0LTRg9C70LvQsCDQotGD0LrQsNC5INGB0YfQuNGC0LDQuyDRgdC10LHRjyDRgdGH0LDRgdGC0LvQuNCy0YvQvCDQuCDQsiDRgdCy0L7QuCDQv9GA0L7QuNC30LLQtdC00LXQvdC40Y8g0LLQutC70LDQtNGL0LLQsNC7INGB0LDQvNGL0LUg0L/QvtC30LjRgtC40LLQvdGL0LUg0Lgg0YfRg9Cy0YHRgtCy0LXQvdC90YvQtSDQvNC+0YLQuNCy0YsuPC9wPg0KIjt9'),(1172,'','2020-09-03 14:13:32','2020-09-03 14:13:32',NULL,'1',1,1,'TzozMjoiQ29uY3JldGVcQ29yZVxMZWdhY3lcQmxvY2tSZWNvcmQiOjM6e3M6MzoiYklEIjtzOjQ6IjExNzIiO3M6OToiACoAX3RhYmxlIjtzOjE0OiJidENvbnRlbnRMb2NhbCI7czo3OiJjb250ZW50IjtzOjE3OTE6IjxoMz7QlNC10YLRgdGC0LLQviDQuCDRjtC90L7RgdGC0Yw8L2gzPg0KDQo8cD4yNiDQsNC/0YDQtdC70Y8gMTg4NiDQs9C+0LTQsCDQsiDRgtCw0YLQsNGA0YHQutC+0Lkg0YDQtdC70LjQs9C40L7Qt9C90L7QuSDRgdC10LzRjNC1INGA0L7QtNC40LvRgdGPINC80LDQu9GM0YfQuNC6LCDQutC+0YLQvtGA0L7QvNGDINC00LDQu9C4INC40LzRjyDQk9Cw0LHQtNGD0LvQu9CwLiDQldCz0L4g0L7RgtC10YYg0LHRi9C7INC80YPQu9C70L7QuSAmbmRhc2g7INC80YPRgdGD0LvRjNC80LDQvdGB0LrQuNC8INGB0LLRj9GJ0LXQvdC90L7RgdC70YPQttC40YLQtdC70LXQvC4g0J7QvSDRg9C80LXRgCDQvtGH0LXQvdGMINGA0LDQvdC+LCDQutC+0LPQtNCwINCT0LDQsdC00YPQu9C70LUg0LXQtNCy0LAg0LjRgdC/0L7Qu9C90LjQu9C+0YHRjCDQv9C+0LvQs9C+0LTQsC4g0JzQsNGC0YwsINC+0YHRgtCw0LLRiNC40YHRjCDQvtC00L3QsCDRgSDQvNCw0LvRi9GI0L7QvCDQvdCwINGA0YPQutCw0YUsINGC0LDQutC20LUg0L7Rh9C10L3RjCDRgNCw0L3QviDRg9GI0LvQsCDQuNC3INC20LjQt9C90LguINCU0LXRgtGB0LrQuNC1INCz0L7QtNGLINCi0YPQutCw0Y8g0L/RgNC+0YjQu9C4INCyINGA0L7QtNC90L7QvCDRgdC10LvQtSDQmtGD0YjQu9Cw0LLRi9GHINCa0LDQt9Cw0L3RgdC60L7QuSDQs9GD0LHQtdGA0L3QuNC4LjwvcD4NCg0KPHA+0JPQsNCx0LTRg9C70LvQsCDQvtGB0YLQsNC70YHRjyDQutGA0YPQs9C70YvQvCDRgdC40YDQvtGC0L7QuSDQsiDRh9C10YLRi9GA0ZHRhdC70LXRgtC90LXQvCDQstC+0LfRgNCw0YHRgtC1INC4INC90LDRh9Cw0Lsg0YHQstC+0ZEg0YHQutC40YLQsNC90LjQtSDQv9C+INC/0YDQuNGR0LzQvdGL0Lwg0YHQtdC80YzRj9C8LiDQntC9INCy0LjQtNC10Lsg0LzQsNC70L4g0LLQvdC40LzQsNC90LjRjyDQuCDQt9Cw0LHQvtGC0Ysg0L/QviDQvtGC0L3QvtGI0LXQvdC40Y4g0Log0YHQtdCx0LUg0Lgg0YDQvtGBINC+0YfQtdC90Ywg0LHQvtC70LXQt9C90LXQvdC90YvQvCDRgNC10LHRkdC90LrQvtC8LiDQk9C+0YDQsNC30LTQviDQu9GD0YfRiNC1INC10LzRgyDQttC40LvQvtGB0Ywg0LIg0L/RgNC40ZHQvNC90L7QuSDQutGD0L/QtdGH0LXRgdC60L7QuSDRgdC10LzRjNC1INCj0YHQvNCw0L3QvtCy0YvRhSDQsiDQo9GA0LDQu9GM0YHQutC1LiDQl9C00LXRgdGMINC10LPQviDQvtGC0LTQsNC70Lgg0YPRh9C40YLRjNGB0Y8g0LIg0LzQtdC00YDQtdGB0LUgJm5kYXNoOyDQvNGD0YHRg9C70YzQvNCw0L3RgdC60YPRjiDQtNGD0YXQvtCy0L3Rg9GOINGB0LXQvNC40L3QsNGA0LjRji4g0JLQviDQstGA0LXQvNGPINGD0YfRkdCx0Ysg0JPQsNCx0LTRg9C70LvQsCDQv9C+0LrQsNC30LDQuyDRgdC10LHRjyDQvtGH0LXQvdGMINGB0L/QvtGB0L7QsdC90YvQvCDRg9GH0LXQvdC40LrQvtC8LiDQodGC0LDQuyDQv9C+0YHQtdGJ0LDRgtGMINGA0YPRgdGB0LrQuNC5INC60LvQsNGB0YEsINCz0LTQtSDRgSDQsdC+0LvRjNGI0LjQvCDRg9C00L7QstC+0LvRjNGB0YLQstC40LXQvCDQuNC30YPRh9Cw0Lsg0YDRg9GB0YHQutGD0Y4g0LvQuNGC0LXRgNCw0YLRg9GA0YMuINCe0YHQvtCx0LXQvdC90L4g0L/RgNC40LLQu9C10LrQsNC70LAg0LXQs9C+INC/0L7RjdC30LjRjyDQm9C10YDQvNC+0L3RgtC+0LLQsCDQuCDQn9GD0YjQutC40L3QsC4g0JIg0LLQvtC30YDQsNGB0YLQtSAxNiDQu9C10YIg0JPQsNCx0LTRg9C70LvQsCDQotGD0LrQsNC5INC90LDRh9Cw0Lsg0YHQsNC8INC/0LjRgdCw0YLRjCDRgdGC0LjRhdC4LjwvcD4NCiI7fQ=='),(1173,'','2020-09-03 14:16:35','2020-09-03 14:16:35',NULL,'1',1,1,'TzozMjoiQ29uY3JldGVcQ29yZVxMZWdhY3lcQmxvY2tSZWNvcmQiOjM6e3M6MzoiYklEIjtzOjQ6IjExNzMiO3M6OToiACoAX3RhYmxlIjtzOjE0OiJidENvbnRlbnRMb2NhbCI7czo3OiJjb250ZW50IjtzOjEwOTA6IjxoMz7QotCy0L7RgNGH0LXRgdGC0LLQvjwvaDM+DQoNCjxwPtCSIDE5MDUg0LPQvtC00YMg0JPQsNCx0LTRg9C70LvQsCDQotGD0LrQsNC5INC30LDQutC+0L3Rh9C40Lsg0LzQtdC00YDQtdGB0LUuINCS0YHQutC+0YDQtSDQvtC9INCy0LXRgNC90YPQu9GB0Y8g0LIg0JrQsNC30LDQvdGMLCDQs9C00LUg0LIg0YLQtdGH0LXQvdC40LUg0YHQu9C10LTRg9GO0YnQuNGFINGI0LXRgdGC0Lgg0LvQtdGCINCw0LrRgtC40LLQvdC+INC30LDQvdC40LzQsNC70YHRjyDRgtCy0L7RgNGH0LXRgdGC0LLQvtC8LiDQktC+INCy0YHQtdGFINC/0YDQvtC40LfQstC10LTQtdC90LjRj9GFINC80L7Qu9C+0LTQvtCz0L4g0L/QuNGB0LDRgtC10LvRjyDQv9GA0L7RgdC70LXQttC40LLQsNC70LDRgdGMINGC0YDQtdCy0L7Qs9CwINC30LAg0YHRg9C00YzQsdGDINGB0LLQvtC10LPQviDQvdCw0YDQvtC00LAsINC00L7RgdGC0L7QuNC90YHRgtCy0L4sINGH0LXRgdGC0YwsINGB0L7QstC10YHRgtGMLiDQnNC90L7Qs9C+INCi0YPQutCw0Lkg0L/QuNGB0LDQuyDQuCDQtNC70Y8g0LTQtdGC0LXQuTogJmxhcXVvO9Co0YPRgNCw0LvQtSZyYXF1bzssICZsYXF1bzvQn9GA0LjQt9GL0LIg0Log0YLRgNGD0LTRgyZyYXF1bzssICZsYXF1bzvQktC+0LTRj9C90LDRjyZyYXF1bzsuINCW0LjQuyDQvtC9INC+0YfQtdC90Ywg0LHQtdC00L3QviDQuCDQv9C+0LTQvtGA0LLQsNC7INGB0LLQvtGRINGF0YDRg9C/0LrQvtC1INC30LTQvtGA0L7QstGM0LUsINC90LjQutC+0LPQtNCwINC90LUg0LHRi9C7INC20LXQvdCw0YIg0Lgg0L3QtSDQuNC80LXQuyDQtNC10YLQtdC5LiDQotGD0LrQsNC5Jm5ic3A70L/QvtC70L3QvtGB0YLRjNGOINC/0L7RgdCy0Y/RgtC40Lsg0LbQuNC30L3RjCDRgdC70YPQttC10L3QuNGOINGC0LDRgtCw0YDRgdC60L7QvNGDINC90LDRgNC+0LTRgy4g0KHQutC+0L3Rh9Cw0LvRgdGPINC80L7Qu9C+0LTQvtC5INC/0L7RjdGCIDIg0LDQv9GA0LXQu9GPIDE5MTMg0LPQvtC00LAsINGB0L7QstGB0LXQvCDQvdC10LzQvdC+0LPQviDQvdC1INC00L7QttC40LIg0LTQviDRgdCy0L7QtdCz0L4gMjct0LvQtdGC0LjRjy48L3A+DQoiO30='),(1174,'','2020-09-03 14:17:16','2020-09-03 14:17:16',NULL,'1',1,1,'TzozMjoiQ29uY3JldGVcQ29yZVxMZWdhY3lcQmxvY2tSZWNvcmQiOjM6e3M6MzoiYklEIjtzOjQ6IjExNzQiO3M6OToiACoAX3RhYmxlIjtzOjE0OiJidENvbnRlbnRMb2NhbCI7czo3OiJjb250ZW50IjtzOjEyNzoiPHA+PHNwYW4gY2xhc3M9ImltYWdlLWNhcHRpb24iPtCe0YLRgNGL0LLQvtC6INC40Lcg0YTQuNC70YzQvNCwICZxdW90O9CT0LDQsdC00YPQu9C70LAg0KLRg9C60LDQuSZxdW90OyAoMTk4NiDQsy4pPC9zcGFuPjwvcD4NCiI7fQ=='),(1175,'','2020-09-03 14:27:37','2020-09-03 14:27:37',NULL,'1',1,1,'[encoded data, 4560 characters]'),(1176,'','2020-09-03 17:17:10','2020-09-03 17:25:41','','0',44,1,NULL),(1179,'','2020-09-03 17:19:55','2020-09-03 17:22:22',NULL,'0',44,1,NULL),(1182,'','2020-09-03 17:21:57','2020-09-03 17:21:57',NULL,'0',44,1,'TzozMjoiQ29uY3JldGVcQ29yZVxMZWdhY3lcQmxvY2tSZWNvcmQiOjM6e3M6MzoiYklEIjtzOjQ6IjExODIiO3M6OToiACoAX3RhYmxlIjtzOjE2OiJidENvcmVBcmVhTGF5b3V0IjtzOjEwOiJhckxheW91dElEIjtzOjI6IjY4Ijt9'),(1183,'','2020-09-03 17:22:53','2020-09-03 17:22:53',NULL,'0',44,1,'TzozMjoiQ29uY3JldGVcQ29yZVxMZWdhY3lcQmxvY2tSZWNvcmQiOjM6e3M6MzoiYklEIjtzOjQ6IjExODMiO3M6OToiACoAX3RhYmxlIjtzOjE2OiJidENvcmVBcmVhTGF5b3V0IjtzOjEwOiJhckxheW91dElEIjtzOjI6IjY5Ijt9'),(1184,'','2020-09-03 17:23:24','2020-09-03 17:23:24',NULL,'0',46,1,NULL),(1185,'','2020-09-03 17:23:36','2020-09-03 17:23:36',NULL,'0',46,1,NULL),(1186,'','2020-09-03 17:23:43','2020-09-03 17:23:43',NULL,'0',46,1,NULL),(1187,'','2020-09-03 17:24:11','2020-09-03 17:24:27','','1',1,1,'TzozMjoiQ29uY3JldGVcQ29yZVxMZWdhY3lcQmxvY2tSZWNvcmQiOjM6e3M6MzoiYklEIjtzOjQ6IjExODciO3M6OToiACoAX3RhYmxlIjtzOjE0OiJidENvbnRlbnRMb2NhbCI7czo3OiJjb250ZW50IjtzOjU1NjoiPHAgc3R5bGU9InRleHQtYWxpZ246Y2VudGVyOyI+PGEgaHJlZj0iaHR0cHM6Ly9wbGF5Lmdvb2dsZS5jb20vc3RvcmUvYXBwcy9kZXRhaWxzP2lkPXJ1LnRhdGFybXVsdGZpbG0ubW95dGF0YXJzdGFuJmFtcDt1dG1fc291cmNlPWZyb20tc2l0ZSZhbXA7dXRtX2NhbXBhaWduPXJlbGVhc2UmYW1wO3BjYW1wYWlnbmlkPXBjYW1wYWlnbmlkTUtULU90aGVyLWdsb2JhbC1hbGwtY28tcHJ0bnItcHktUGFydEJhZGdlLU1hcjI1MTUtMSI+PGltZyBhbHQ9ItCU0L7RgdGC0YPQv9C90L4g0LIgR29vZ2xlIFBsYXkiIHNyYz0iaHR0cHM6Ly9wbGF5Lmdvb2dsZS5jb20vaW50bC9lbl91cy9iYWRnZXMvc3RhdGljL2ltYWdlcy9iYWRnZXMvcnVfYmFkZ2Vfd2ViX2dlbmVyaWMucG5nIiB3aWR0aD0iMjUwIiAvPjwvYT48YSBocmVmPSJodHRwczovL2FwcHMuYXBwbGUuY29tL3VzL2FwcC9pZDE1Mjg5MTIzNjMiIHRhcmdldD0iX2JsYW5rIj48Y29uY3JldGUtcGljdHVyZSBmSUQ9IjY4IiBhbHQ9ItCU0L7RgdGC0YPQv9C90L4g0LIgQXBwU3RvcmUiIHdpZHRoPSIyMTUiIC8+PC9hPjwvcD4NCiI7fQ=='),(1188,'','2020-09-03 17:26:26','2020-09-03 17:27:39','','1',1,1,'TzozMjoiQ29uY3JldGVcQ29yZVxMZWdhY3lcQmxvY2tSZWNvcmQiOjM6e3M6MzoiYklEIjtzOjQ6IjExODgiO3M6OToiACoAX3RhYmxlIjtzOjE0OiJidENvbnRlbnRMb2NhbCI7czo3OiJjb250ZW50IjtzOjQxNjoiPHA+PGEgaWQ9ImJsb2NrLWFwcCIgbmFtZT0iYmxvY2stYXBwIj48L2E+PC9wPg0KDQo8aDI+PHNwYW4gc3R5bGU9ImNvbG9yOiNmZmZmZmY7Ij4mbGFxdW870JzQuNC90LXQvCDQotCw0YLQsNGA0YHRgtCw0L3Ri9C8JnJhcXVvOyDQvNC+0LHQuNC70Ywg0LrRg9GI0YvQvNGC0LDRgdGLPC9zcGFuPjwvaDI+DQoNCjxwIGNsYXNzPSJtYWluLXR4dC1ib29rIj5BbmRyb2lkINK705nQvCBpT1Mg0L7Qv9C10YDQsNGG0LjQvtC9INGB0LjRgdGC0LXQvNCw0LvQsNGA0Ysg06nRh9C10L0g0pfQsNC50LvQsNGI0YLRi9GA0YvQu9Cz0LDQvSDQvNC+0LHQuNC70Ywg0LrRg9GI0YvQvNGC0LAuINCj0LXQvdC90LDRgCwg0pfRi9GA0LvQsNGALCDTqdGB0YLTmdC805kg0LzTmdCz0YrQu9Kv0LzQsNGCINGC0YPQv9C70LDQvdCz0LDQvS48L3A+DQoiO30='),(1189,'','2020-09-03 17:28:16','2020-09-03 17:28:28','','1',44,1,'TzozMjoiQ29uY3JldGVcQ29yZVxMZWdhY3lcQmxvY2tSZWNvcmQiOjM6e3M6MzoiYklEIjtzOjQ6IjExODkiO3M6OToiACoAX3RhYmxlIjtzOjE2OiJidENvcmVBcmVhTGF5b3V0IjtzOjEwOiJhckxheW91dElEIjtzOjI6IjcwIjt9'),(1190,'','2020-09-03 17:29:48','2020-09-03 17:29:48','','1',44,1,'TzozMjoiQ29uY3JldGVcQ29yZVxMZWdhY3lcQmxvY2tSZWNvcmQiOjM6e3M6MzoiYklEIjtzOjQ6IjExOTAiO3M6OToiACoAX3RhYmxlIjtzOjE2OiJidENvcmVBcmVhTGF5b3V0IjtzOjEwOiJhckxheW91dElEIjtzOjI6IjcxIjt9'),(1191,'','2020-09-03 17:30:30','2020-09-03 17:30:30','','1',3,1,'TzozMjoiQ29uY3JldGVcQ29yZVxMZWdhY3lcQmxvY2tSZWNvcmQiOjEzOntzOjM6ImJJRCI7czo0OiIxMTkxIjtzOjk6IgAqAF90YWJsZSI7czoxNDoiYnRDb250ZW50SW1hZ2UiO3M6MzoiZklEIjtzOjI6IjY0IjtzOjEwOiJmT25zdGF0ZUlEIjtzOjE6IjAiO3M6OToiY3JvcEltYWdlIjtzOjE6IjAiO3M6ODoibWF4V2lkdGgiO3M6MToiMCI7czo5OiJtYXhIZWlnaHQiO3M6MzoiNDUwIjtzOjEyOiJleHRlcm5hbExpbmsiO3M6MDoiIjtzOjE1OiJpbnRlcm5hbExpbmtDSUQiO3M6MToiMCI7czoxMDoiZmlsZUxpbmtJRCI7czoxOiIwIjtzOjE5OiJvcGVuTGlua0luTmV3V2luZG93IjtzOjE6IjAiO3M6NzoiYWx0VGV4dCI7czowOiIiO3M6NToidGl0bGUiO3M6MjU6ItCT0LvQsNCy0L3Ri9C5INGN0LrRgNCw0L0iO30='),(1192,'','2020-09-03 17:30:41','2020-09-03 17:30:41','','1',3,1,'TzozMjoiQ29uY3JldGVcQ29yZVxMZWdhY3lcQmxvY2tSZWNvcmQiOjEzOntzOjM6ImJJRCI7czo0OiIxMTkyIjtzOjk6IgAqAF90YWJsZSI7czoxNDoiYnRDb250ZW50SW1hZ2UiO3M6MzoiZklEIjtzOjI6IjY2IjtzOjEwOiJmT25zdGF0ZUlEIjtzOjE6IjAiO3M6OToiY3JvcEltYWdlIjtzOjE6IjAiO3M6ODoibWF4V2lkdGgiO3M6MToiMCI7czo5OiJtYXhIZWlnaHQiO3M6MToiMCI7czoxMjoiZXh0ZXJuYWxMaW5rIjtzOjA6IiI7czoxNToiaW50ZXJuYWxMaW5rQ0lEIjtzOjE6IjAiO3M6MTA6ImZpbGVMaW5rSUQiO3M6MToiMCI7czoxOToib3BlbkxpbmtJbk5ld1dpbmRvdyI7czoxOiIwIjtzOjc6ImFsdFRleHQiO3M6MDoiIjtzOjU6InRpdGxlIjtzOjI0OiLQrdC60YDQsNC9INGBINC40LPRgNC+0LkiO30='),(1193,'','2020-09-03 17:30:50','2020-09-03 17:30:57','','1',3,1,'TzozMjoiQ29uY3JldGVcQ29yZVxMZWdhY3lcQmxvY2tSZWNvcmQiOjEzOntzOjM6ImJJRCI7czo0OiIxMTkzIjtzOjk6IgAqAF90YWJsZSI7czoxNDoiYnRDb250ZW50SW1hZ2UiO3M6MzoiZklEIjtzOjI6IjY1IjtzOjEwOiJmT25zdGF0ZUlEIjtzOjE6IjAiO3M6OToiY3JvcEltYWdlIjtzOjE6IjAiO3M6ODoibWF4V2lkdGgiO3M6MToiMCI7czo5OiJtYXhIZWlnaHQiO3M6MToiMCI7czoxMjoiZXh0ZXJuYWxMaW5rIjtzOjA6IiI7czoxNToiaW50ZXJuYWxMaW5rQ0lEIjtzOjE6IjAiO3M6MTA6ImZpbGVMaW5rSUQiO3M6MToiMCI7czoxOToib3BlbkxpbmtJbk5ld1dpbmRvdyI7czoxOiIwIjtzOjc6ImFsdFRleHQiO3M6MDoiIjtzOjU6InRpdGxlIjtzOjI2OiLQrdC60YDQsNC9INGBINGE0LDQutGC0L7QvCI7fQ=='),(1194,'','2020-09-03 17:38:08','2020-09-03 17:40:29','','1',1,1,'TzozMjoiQ29uY3JldGVcQ29yZVxMZWdhY3lcQmxvY2tSZWNvcmQiOjM6e3M6MzoiYklEIjtzOjQ6IjExOTQiO3M6OToiACoAX3RhYmxlIjtzOjE0OiJidENvbnRlbnRMb2NhbCI7czo3OiJjb250ZW50IjtzOjUwNToiPHA+PGEgaWQ9ImJsb2NrLWJvb2siIG5hbWU9ImJsb2NrLWJvb2siPjwvYT48L3A+DQoNCjxoMj48c3BhbiBzdHlsZT0iY29sb3I6I2ViNDgzMjsiPiZsYXF1bzvQkdC10LfQvdC10qMg0LnQvtGA0YLRi9Cx0YvQt9Cz0LAgMTAwINC10LsmcmFxdW87INC60LjRgtCw0LHRizwvc3Bhbj48L2gyPg0KDQo8cCBjbGFzcz0ibWFpbi10eHQtYm9vayI+05jQu9C10LPQtSDQsdCw0YHQvNCwINCi0JDQodCh0KDQvdGL0qMgMTAwINC10LvQu9GL0LPRi9C90LAg0LHQsNCz0YvRiNC70LDQvdCz0LDQvSDQuNC90L3QvtCy0LDRhtC40L7QvSDQsdCw0LvQsNC70LDRgCDQutC40YLQsNCx0YsuICZuYnNwO9Ca0YvQt9GL0LrQu9GLINGE0LDQutGC0LvQsNGALCDQstCw0LrRi9C50LPQsNC70LDRgCwg0LzQsNGF0YHRg9GBINC60LjRgdC10L8g0LDQu9GL0L3QsCDRgtC+0YDQs9Cw0L0g0LHQuNGC0LvTmdGA0LTTmSDQsdC40YDQtdC80L3TmdGAINCx0LXQu9OZ0L0g0LHQsNC10YLRi9C70LPQsNC9LjwvcD4NCiI7fQ=='),(1195,'','2020-09-03 17:38:26','2020-09-03 17:39:13','','1',70,1,NULL),(1196,'','2020-09-04 10:06:30','2020-09-04 10:06:30',NULL,'1',1,1,'TzozMjoiQ29uY3JldGVcQ29yZVxMZWdhY3lcQmxvY2tSZWNvcmQiOjM6e3M6MzoiYklEIjtzOjQ6IjExOTYiO3M6OToiACoAX3RhYmxlIjtzOjE0OiJidENvbnRlbnRMb2NhbCI7czo3OiJjb250ZW50IjtzOjEwOTk6IjxoMz7QotCw0YLQsNGA0YHRgtCw0L0g0KDQtdGB0L/Rg9Cx0LvQuNC60LDRgdGLINCz0LjQvNC90Ysg0YLQtdC60YHRgtCwPC9oMz4NCg0KPHAgc3R5bGU9InRleHQtYWxpZ246IGNlbnRlcjsiPtCc05nSo9Cz0LUg0Y/RiNOZLCDQs9Cw0LfQuNC3INCS0LDRgtCw0L3Ri9Cx0YvQtyw8YnIgLz4NCtCl0LDQu9C60YvQvCDRgtC10LvQuCDQuNC30LPQtSDRgtC10LvTmdC60LvTmdGAITxiciAvPg0K0JPQvtC80LXRgNC70LXQutC605kg0Y/QutGL0L0g0YLRg9Cz0LDQvSDQsdGD0LvRi9C/PGJyIC8+DQrQr9GI0Lgg0LHQtdC30LTTmSDRgtOp0YDQu9C1INC80LjQu9C705nRgtC705nRgC48YnIgLz4NCtCa0q/QvyDQs9Cw0YHRi9GA0LvQsNGAINC60LjRh9C605nQvSDRh9Cw0Lsg0YLQsNGA0LjRhdC70Ys8YnIgLz4NCtCU0LDQvdC70Ysg0LjQu9C10LwsINKv0LfQtdKjINCx0LXRgCDQtNCw0YHRgtCw0L0hPGJyIC8+DQrQodC40L3QtNOZINCz0LXQvdOZINCx0LXQt9C90LXSoyDRj9C30LzRi9GI0YvQsdGL0LcsPGJyIC8+DQrQoNC10YHQv9GD0LHQu9C40LrQsNC8INC80LjQvdC10LwsINCi0LDRgtCw0YDRgdGC0LDQvSE8L3A+DQoNCjxwIHN0eWxlPSJ0ZXh0LWFsaWduOiBjZW50ZXI7Ij7QptCy0LXRgtC4LCDRgdCy0Y/RidC10L3QvdCw0Y8g0LfQtdC80LvRjyDQvNC+0Y8sPGJyIC8+DQrQlNCwINCx0YPQtNC10YIg0LzQuNGA0L3Ri9C8INGC0LLQvtC5INC90LXQsdC+0YHQstC+0LQhPGJyIC8+DQrQldC00LjQvdGL0Lkg0LTQvtC8INGDINC90LDRgSwg0L7QtNC90LAg0YHQtdC80YzRjyw8YnIgLz4NCtCW0LjQstGR0YIg0LIg0YHQvtCz0LvQsNGB0LjQuCDQvdCw0Ygg0L3QsNGA0L7QtC48YnIgLz4NCtCR0L7Qs9Cw0YLRi9C5INC80YPQtNGA0L7RgdGC0YzRjiDRgdC10LTRi9GFINCy0LXQutC+0LIsPGJyIC8+DQrQndCw0LTQtdC20LTQvtC5LCDQstC10YDQvtGOINGC0Ysg0L3QsNC8INGB0YLQsNC7LDxiciAvPg0K0Jgg0L/Rg9GB0YLRjCDRhdGA0LDQvdC40YIg0YLQtdCx0Y8g0LzQvtGPINC70Y7QsdC+0LLRjCw8YnIgLz4NCtCc0L7RjyDQoNC10YHQv9GD0LHQu9C40LrQsCwg0LzQvtC5INCi0LDRgtCw0YDRgdGC0LDQvSE8L3A+DQoiO30='),(1197,'','2020-09-04 10:06:54','2020-09-04 10:07:33',NULL,'1',1,1,'TzozMjoiQ29uY3JldGVcQ29yZVxMZWdhY3lcQmxvY2tSZWNvcmQiOjM6e3M6MzoiYklEIjtzOjQ6IjExOTciO3M6OToiACoAX3RhYmxlIjtzOjE0OiJidENvbnRlbnRMb2NhbCI7czo3OiJjb250ZW50IjtzOjk1NDoiPGgzPtCi0LDRgtCw0YDRgdGC0LDQvSDQoNC10YHQv9GD0LHQu9C40LrQsNGB0Ysg0JTTmdKv0LvTmdGCINCz0LjQvNC90Ysg0L3QvtGC0LDQu9Cw0YDRizwvaDM+DQoNCjxwIHN0eWxlPSJ0ZXh0LWFsaWduOiBjZW50ZXI7Ij48Yj7QotCw0YLQsNGA0YHRgtCw0L0g0KDQtdGB0L/Rg9Cx0LvQuNC60LDRgdGLINCU05nSr9C705nRgiDQs9C40LzQvdGLINC80YPQt9GL0LrQsNC70Ywg0YDQtdC00LDQutGG0LjRj9GB0LU8L2I+PC9wPg0KDQo8cCBzdHlsZT0idGV4dC1hbGlnbjogY2VudGVyOyI+PGI+KNCg06nRgdGC05nQvCDQr9GF0LjQvSDQvNGD0LfRi9C60LDRgdGLKTwvYj48L3A+DQoNCjxwIGFsaWduPSJjZW50ZXIiPjxiPjxjb25jcmV0ZS1waWN0dXJlIGZJRD0iMjM1IiBhbHQ9IjEuanBnIiBoZWlnaHQ9Ijg3MCIgd2lkdGg9IjYwMCIgLz48L2I+PC9wPg0KDQo8cCBhbGlnbj0iY2VudGVyIj48Y29uY3JldGUtcGljdHVyZSBmSUQ9IjIzMiIgYWx0PSIyLmpwZyIgaGVpZ2h0PSI5MTEiIHdpZHRoPSI2MDAiIC8+PC9wPg0KDQo8cCBhbGlnbj0iY2VudGVyIj48Y29uY3JldGUtcGljdHVyZSBmSUQ9IjIzMSIgYWx0PSIzLmpwZyIgaGVpZ2h0PSI5MTgiIHdpZHRoPSI2MDAiIC8+PC9wPg0KDQo8cCBhbGlnbj0iY2VudGVyIj48Y29uY3JldGUtcGljdHVyZSBmSUQ9IjIzMCIgYWx0PSI0LmpwZyIgaGVpZ2h0PSI5MTUiIHdpZHRoPSI2MDAiIC8+PGNvbmNyZXRlLXBpY3R1cmUgZklEPSIyMzQiIGFsdD0iNS5qcGciIGhlaWdodD0iOTAzIiB3aWR0aD0iNjAwIiAvPjwvcD4NCg0KPHAgYWxpZ249ImNlbnRlciI+PGNvbmNyZXRlLXBpY3R1cmUgZklEPSIyMzMiIGFsdD0iNi5qcGciIGhlaWdodD0iOTE5IiB3aWR0aD0iNjAwIiAvPjwvcD4NCg0KPHAgYWxpZ249ImNlbnRlciI+Jm5ic3A7PC9wPg0KDQo8cD4mbmJzcDs8L3A+DQoNCjxwPiZuYnNwOzwvcD4NCg0KPHA+Jm5ic3A7PC9wPg0KIjt9'),(1198,'','2020-09-04 10:08:33','2020-09-04 10:08:33',NULL,'1',1,1,'[encoded data, 12604 characters]'),(1199,'','2020-09-04 10:09:21','2020-09-04 10:09:21',NULL,'1',1,1,'[encoded data, 5356 characters]'),(1200,'','2020-09-04 10:10:10','2020-09-04 10:10:10',NULL,'1',1,1,'[encoded data, 10468 characters]'),(1201,'','2020-09-04 10:11:33','2020-09-04 10:11:33',NULL,'1',1,1,'[encoded data, 30152 characters]'),(1202,'','2020-09-04 10:12:55','2020-09-04 10:12:55',NULL,'1',1,1,'TzozMjoiQ29uY3JldGVcQ29yZVxMZWdhY3lcQmxvY2tSZWNvcmQiOjM6e3M6MzoiYklEIjtzOjQ6IjEyMDIiO3M6OToiACoAX3RhYmxlIjtzOjE0OiJidENvbnRlbnRMb2NhbCI7czo3OiJjb250ZW50IjtzOjEzMjA6IjxoMz7QndOZ0YDRgdOZINGD0Lsg0LTQtdC90LTRgNCw0YDQuNC5PzwvaDM+DQoNCjxwPtCU0LXQvdC00YDQsNGA0LjQuSAmbmRhc2g7INGE05nQvdC90Lgt0YLTmdKX0YDQuNCx05kg0LzQsNC60YHQsNGC0LvQsNGA0YvQvdC00LAg0LDQs9Cw0YfQu9Cw0YAg0rvTmdC8INC60YPQsNC60LvQsNGAINKv0YHRgtC10YDQtdC705kg0YLQvtGA0LPQsNC9INGC0LXRgNGA0LjRgtC+0YDQuNGPLiDQkNC90LTQsCDSr9GB0LXQvNC70LXQutC705nRgNC90LXSoyDRgdC40YDTmdC6LCDRg9C90LjQutCw0LvRjCDRgtOp0YDQu9OZ0YDQtSDQsdGD0LvRi9GA0LPQsCDQvNOp0LzQutC40L0uPGJyIC8+DQrSrtGB0LXQvNC70LXQutC705nRgNC90LXSoyDQsNC10YDRi9C8INCx0LXRgCDRgtOp0YDQtSDSr9GB0YLQtdGA0LXQu9OZINGC0L7RgNCz0LDQvSDQtNC10L3QtNGA0LDRgNC40LnQu9Cw0YDQvdGL0qMg0Y/QuNGB05kg0LTQtdC90LTRgNCw0YDQuNC5INGD0YfQsNGB0YLQvtC60LvQsNGA0YvQvdGL0qMg0q/QtyDQuNGB0LXQvNC905nRgNC1INCx0LDRgC4g0JzTmdGB05nQu9OZ0L0sINOZ0LPTmdGAINGB0LjRgNC10L3RjNC905nRgNC90LUg06nQudGA05nQvdOZ0LvTmdGAINC40LrTmdC9ICZuYnNwOyZuZGFzaDsg0YHQuNGA0LjQvdCz0LDRgNC40LksINGL0LvRi9GB0LvRi9C70LDRgCDQsNGA0YLRi9C90L3QsNC9INC60q/Qt9OZ0YLTmdC705nRgCDQuNC605nQvSAmbmJzcDsmbmRhc2g7INC60L7QvdC40YTQtdGA0LXRgtGD0LwsINGC0LDQu9C70LDRgNC90YvQutGLICZuZGFzaDsg0YHQsNC70LjRhtC10YLRg9C8INK705nQvCDQsdCw0YjQutCw0LvQsNGALiZuYnNwOzxiciAvPg0K0JTQtdC90LTRgNCw0YDQuNC5INGC0LXRgNGA0LjRgtC+0YDQuNGP0YHQtdC90LTTmSDRj9C7INC40YLTmdGA0LPTmSDQsdGD0LvQsC4g0JjSoyDQvNOp0rvQuNC80LUgJm5kYXNoOyDRgNOp0YXRgdOZ0YIg0LjRgtC10LvQs9OZ0L0g0YHRg9C60LzQsNC60LvQsNGA0LTQsNC9INCz0YvQvdCwINC506nRgNKvLCDTmdC50LvTmdC905kt0YLQuNGA05kg0LzQvtGF0LjRgtC605kg0LfRi9GP0L0g0LrQuNGC0LXRgNC805nSry4g0JTQtdC90LTRgNCw0YDQuNC50LTQsCDQs9Cw0LTTmdGC0YLTmSDQvNCw0YDRiNGA0YPRgiDSu9OZ0Lwg0LfQvtC90LDQu9Cw0YAg0LrSr9GA0YHTmdGC0LXQu9Cz05nQvSDRgtCw0LrRgtCw0LvQsNGAINGD0YDQvdCw0YjRgtGL0YDRi9C70LAsINCx0YMg0LzTqdGB0YLTmdC60YvQudC70Ywg0LrQuNC70LPTmdC9INGC0YPRgNC40YHRgtC70LDRgCDQsNC00LDRiNC80LDRgdGL0L0g06nRh9C10L0g0Y3RiNC705nQvdOZLjwvcD4NCiI7fQ=='),(1203,'','2020-09-04 10:13:34','2020-09-04 10:13:34',NULL,'1',1,1,'TzozMjoiQ29uY3JldGVcQ29yZVxMZWdhY3lcQmxvY2tSZWNvcmQiOjM6e3M6MzoiYklEIjtzOjQ6IjEyMDMiO3M6OToiACoAX3RhYmxlIjtzOjE0OiJidENvbnRlbnRMb2NhbCI7czo3OiJjb250ZW50IjtzOjE3Mjc6IjxoMz7QndOZ0YDRgdOZINGD0Lsg0LzTmdC005nQvdC40Y/Rgj88L2gzPg0KDQo8cD7SrtC3LdKv0LfQtdKj0L3QtSDRgtC+0YLRgyDQutGD0LvRjNGC0YPRgNCw0YHRiywg0YTQuNC30LjQuiDQutGD0LvRjNGC0YPRgNCwLCDRgtCw0YLQsNGAINGF0LDQu9C60YvQvdGL0qMg0LzTmdC005nQvdC40Y/RgtC1ICZuZGFzaDsg0LHRgyDRgdKv0LfQu9OZ0YAg0LHQtdC30LPTmSDQsdC40Log0LXRiCDQvtGH0YDRi9C5LiDQndOZ0YDRgdOZINGB0L7SoyDRg9C7INC805nQtNOZ0L3QuNGP0YIsINC60YPQu9GM0YLRg9GA0LA/INCh0q/Qt9C90LXSoyDQvNOZ0LPRitC905nRgdC1INC60q/Qvy4g0JHRgyDRgtOZ0YDQsdC40Y8g0LTTmSwg0LHQtdC70LXQvCDQtNOZLCDQutC10YjQtdC90LXSoyDSr9GB0LXRiNC1INC005kuINCc05nQtNOZ0L3QuNGP0YIgJm5kYXNoOyDQutC10YjQtSDRgtCw0YDQsNGE0YvQvdC90LDQvSDRgtGD0LTRi9GA0YvQu9Cz0LDQvSDQsdCw0YDQu9GL0Log0Y/RhdGI0Ysg05nQudCx0LXRgNC705nRgCDQtNC40Y/RgNCz05kg0LHRg9C70LAuJm5ic3A7PGJyIC8+DQrQnNOZ0LTTmdC90LjRj9GCINCx0LjQuiDQutKv0L8g0Y3Qu9C10LzQtdC90YLQu9Cw0YDQtNCw0L0g0YLQvtGA0LAuINCQ0LvQsNGA0L3RiyA0INGC06nRgNC60LXQvNCz05kg0LHSr9C70LXRgNCz05kg0LzTqdC80LrQuNC9OjxiciAvPg0K0KHQuNC80LLQvtC70LvQsNGAICZuZGFzaDsg0YPQuyDRgdKv0LfQu9OZ0YAsINC/0YDQtdC00LzQtdGC0LvQsNGALCDQuNGI0LDRgNOZ0LvTmdGALCDQutC40LXQvdKvINCz0LDQtNOZ0YLQtS4g0JHQvtC70LDRgCDQsdCw0YDRi9GB0Ysg0LTQsCDRhdCw0LvRi9C6INGC0YDQsNC00LjRhtC40Y/Qu9OZ0YDQtdC905kg0YLRg9GA0Ysg0LrQuNC705kuINCc05nRgdOZ0LvTmdC9LCDRh9C40YLQtdC60LvTmdGAINK705nQvCDRgtKv0LHTmdGC05nQudC705nRgC48YnIgLz4NCtCT0LXRgNC+0LnQu9Cw0YAgJm5kYXNoOyDRh9GL0L3QsdCw0YDQu9GL0LrRgtCw0L0g0LDQu9GL0L3Qs9Cw0L0g0Y/QuNGB05kg0YPQudC70LDQvyDRh9GL0LPQsNGA0YvQu9Cz0LDQvSDQv9C10YDRgdC+0L3QsNC20LvQsNGALCDQsNC70LDRgCDQsdCw0YjQutCw0LvQsNGA0LPQsCDSr9GA0L3TmdC6INCx0YPQu9GL0L8g0YLQvtGA0LAuINCc05nRgdOZ0LvTmdC9LCDQmNC00LXQuyDQsdGD0LUg0JrQsNC80YvRgCDQsdCw0YLRi9GA0YsuPGJyIC8+DQrQoNC40YLRg9Cw0LvQu9Cw0YAgJm5kYXNoOyDQutOp0L3QtNOZ0LvQtdC6INGC0L7RgNC80YvRiNGC0LAgKNC805nRgdOZ0LvTmdC9LCDQvtGH0YDQsNGI0LrQsNC90LTQsCDQutGD0Lsg0LHQuNGA0LXRiNKvKSDRj9C40YHTmSDQsdOZ0LnRgNOZ0LzQvdOZ0YDQtNOZICjQvNOZ0YHTmdC705nQvSwg0KHQsNCx0LDQvSDRgtGD0LXQvdC00LAg0LrQsNC/0YfRi9C6INC60LjQtdC/INC506nQs9C10YDSrykg0LHQsNGI0LrQsNGA0YvQu9CwINGC0L7RgNCz0LDQvSDQsdC40LvQs9C10LvQtSDQsdC10YAg0LPQsNC805nQu9C705nRgC4mbmJzcDs8YnIgLz4NCtCg0YPRhdC4INC60YvQudC80LzTmdGC0LvTmdGAICZuZGFzaDsg0rvTmdGAINGF0LDQu9GL0LrQvdGL0qMg0Y/RhdGI0YvQu9GL0Log0rvTmdC8INGP0LzQsNC90LvRi9C6LCDQs9Cw0LTQtdC70LvQtdC6INK705nQvCDQs9Cw0LTQtdC70YHQtdC30LvQtdC6INGC0YPRgNGL0L3QtNCw0LPRiyDQutKv0LfQsNC70LvQsNGD0LvQsNGA0YsuPC9wPg0KIjt9'),(1204,'','2020-09-04 10:23:15','2020-09-04 10:23:15',NULL,'1',1,1,'TzozMjoiQ29uY3JldGVcQ29yZVxMZWdhY3lcQmxvY2tSZWNvcmQiOjM6e3M6MzoiYklEIjtzOjQ6IjEyMDQiO3M6OToiACoAX3RhYmxlIjtzOjE0OiJidENvbnRlbnRMb2NhbCI7czo3OiJjb250ZW50IjtzOjI2MToiPHA+PGEgaHJlZj0ie0NDTTpCQVNFX1VSTH0vY29udGVudCI+0JzQkNCi0JXQoNCY0JDQm9CrPC9hPjwvcD4NCg0KPHA+PGEgaHJlZj0ie0NDTTpCQVNFX1VSTH0vYm9vayI+0JrQndCY0JPQkDwvYT48L3A+DQoNCjxwPjxhIGhyZWY9Imh0dHA6Ly9nYW1lcy4xMDDQu9C10YLQvdCw0YjQtdC80YPQtNC+0LzRgy7RgNGEIj7QmNCT0KDQqzwvYT48L3A+DQoNCjxwPjxhIGhyZWY9IntDQ006QkFTRV9VUkx9L21vYmlsZSI+QU5EUk9JRCDQuCBJT1M8L2E+PC9wPg0KIjt9'),(1205,'','2020-09-04 14:10:37','2020-09-04 14:13:22','parallax','0',44,1,'TzozMjoiQ29uY3JldGVcQ29yZVxMZWdhY3lcQmxvY2tSZWNvcmQiOjM6e3M6MzoiYklEIjtzOjQ6IjEyMDUiO3M6OToiACoAX3RhYmxlIjtzOjE2OiJidENvcmVBcmVhTGF5b3V0IjtzOjEwOiJhckxheW91dElEIjtzOjI6IjcyIjt9'),(1206,'','2020-09-04 14:13:01','2020-09-04 14:13:01','','1',70,1,NULL),(1207,'','2020-09-04 14:15:07','2020-09-04 14:15:07','','1',44,1,'TzozMjoiQ29uY3JldGVcQ29yZVxMZWdhY3lcQmxvY2tSZWNvcmQiOjM6e3M6MzoiYklEIjtzOjQ6IjEyMDciO3M6OToiACoAX3RhYmxlIjtzOjE2OiJidENvcmVBcmVhTGF5b3V0IjtzOjEwOiJhckxheW91dElEIjtzOjI6IjczIjt9'),(1208,'','2020-09-04 14:15:42','2020-09-04 14:15:57','','0',44,1,'TzozMjoiQ29uY3JldGVcQ29yZVxMZWdhY3lcQmxvY2tSZWNvcmQiOjM6e3M6MzoiYklEIjtzOjQ6IjEyMDgiO3M6OToiACoAX3RhYmxlIjtzOjE2OiJidENvcmVBcmVhTGF5b3V0IjtzOjEwOiJhckxheW91dElEIjtzOjI6Ijc0Ijt9'),(1210,'','2020-09-04 14:16:38','2020-09-04 14:21:04','','1',1,1,NULL),(1211,'','2020-09-04 14:16:58','2020-09-04 14:16:58',NULL,'0',46,1,'TzozMjoiQ29uY3JldGVcQ29yZVxMZWdhY3lcQmxvY2tSZWNvcmQiOjM6e3M6MzoiYklEIjtzOjQ6IjEyMTEiO3M6OToiACoAX3RhYmxlIjtzOjIyOiJidENvcmVTY3JhcGJvb2tEaXNwbGF5IjtzOjExOiJiT3JpZ2luYWxJRCI7czozOiI0MzAiO30='),(1213,'','2020-09-04 14:17:25','2020-09-04 14:22:23','','1',70,1,'TzozMjoiQ29uY3JldGVcQ29yZVxMZWdhY3lcQmxvY2tSZWNvcmQiOjc6e3M6MzoiYklEIjtzOjQ6IjEyMTMiO3M6OToiACoAX3RhYmxlIjtzOjIyOiJidFNpbXBsZUJ1dHRvbkZydWl0ZnVsIjtzOjEwOiJidXR0b25UZXh0IjtzOjE0OiLQo9C50L3QsNGA0LPQsCI7czo1OiJhcnJvdyI7czo3OiJub2Fycm93IjtzOjg6ImxpbmtUeXBlIjtzOjg6ImV4dGVybmFsIjtzOjY6InBhZ2VJRCI7czozOiIyNzMiO3M6MTI6ImV4dGVybmFsTGluayI7czo0NzoiaHR0cDovL2dhbWVzLjEwMNC70LXRgtC90LDRiNC10LzRg9C00L7QvNGDLtGA0YQiO30='),(1214,'','2020-09-04 14:30:53','2020-09-04 14:30:53','','1',70,1,'TzozMjoiQ29uY3JldGVcQ29yZVxMZWdhY3lcQmxvY2tSZWNvcmQiOjc6e3M6MzoiYklEIjtzOjQ6IjEyMTQiO3M6OToiACoAX3RhYmxlIjtzOjIyOiJidFNpbXBsZUJ1dHRvbkZydWl0ZnVsIjtzOjEwOiJidXR0b25UZXh0IjtzOjI3OiLQmtC40YLQsNC/0L3RiyDRg9C60YvRgNCz0LAiO3M6NToiYXJyb3ciO3M6Nzoibm9hcnJvdyI7czo4OiJsaW5rVHlwZSI7czo4OiJpbnRlcm5hbCI7czo2OiJwYWdlSUQiO3M6MzoiMjczIjtzOjEyOiJleHRlcm5hbExpbmsiO3M6MDoiIjt9'),(1215,'','2020-09-04 15:01:37','2020-09-04 15:01:37','','1',1,1,NULL),(1216,'','2020-09-04 15:02:57','2020-09-04 15:02:57','','1',1,1,'TzozMjoiQ29uY3JldGVcQ29yZVxMZWdhY3lcQmxvY2tSZWNvcmQiOjM6e3M6MzoiYklEIjtzOjQ6IjEyMTYiO3M6OToiACoAX3RhYmxlIjtzOjE0OiJidENvbnRlbnRMb2NhbCI7czo3OiJjb250ZW50IjtzOjM3MjoiPHA+PGEgaWQ9ImJsb2NrLWFwcCIgbmFtZT0iYmxvY2stYXBwIj48L2E+PC9wPg0KDQo8aDI+PHNwYW4gc3R5bGU9ImNvbG9yOiNlYjQ4MzI7Ij4mbGFxdW870KPQudC90LAg0rvTmdC8INCx0LXQuyZyYXF1bzsg0LjQvdGC0LXRgNCw0LrRgtC40LIg0YPQtdC90YsmbmJzcDs8L3NwYW4+PC9oMj4NCg0KPHAgY2xhc3M9Im1haW4tdHh0LWJvb2siPiZsYXF1bzvQkdC10LfQvdC10qMg0LnQvtGA0YLRi9Cx0YvQt9Cz0LAgMTAwINC10LsmcmFxdW87INC905nRhNC40YEg0LHQsNGB0LzQsCDRgtC10LzQsNGC0LjQutCw0YHRi9C90LAg0YLRg9GA0Ysg0LrQuNC70LPTmdC9Jm5ic3A7PGJyIC8+DQoxMiDQuNC90YLQtdGA0LDQutGC0LjQsiDRg9C10L0uPC9wPg0KIjt9'),(1217,'','2020-09-04 15:07:46','2020-09-04 15:07:46',NULL,'1',31,1,'TzozMjoiQ29uY3JldGVcQ29yZVxMZWdhY3lcQmxvY2tSZWNvcmQiOjg6e3M6MzoiYklEIjtzOjQ6IjEyMTciO3M6OToiACoAX3RhYmxlIjtzOjEzOiJidEltYWdlU2xpZGVyIjtzOjE0OiJuYXZpZ2F0aW9uVHlwZSI7czoxOiIxIjtzOjc6InRpbWVvdXQiO3M6NDoiNDAwMCI7czo1OiJzcGVlZCI7czozOiI1MDAiO3M6OToibm9BbmltYXRlIjtzOjE6IjAiO3M6NToicGF1c2UiO3M6MToiMSI7czo4OiJtYXhXaWR0aCI7czoxOiIwIjt9'),(1218,'','2020-09-04 15:15:48','2020-09-04 15:15:48',NULL,'0',46,1,NULL),(1219,'','2020-09-04 15:16:15','2020-09-04 15:16:15',NULL,'0',46,1,'TzozMjoiQ29uY3JldGVcQ29yZVxMZWdhY3lcQmxvY2tSZWNvcmQiOjM6e3M6MzoiYklEIjtzOjQ6IjEyMTkiO3M6OToiACoAX3RhYmxlIjtzOjIyOiJidENvcmVTY3JhcGJvb2tEaXNwbGF5IjtzOjExOiJiT3JpZ2luYWxJRCI7czo0OiIxMTM0Ijt9'),(1220,'','2020-09-04 15:16:47','2020-09-04 15:16:47',NULL,'0',46,1,'TzozMjoiQ29uY3JldGVcQ29yZVxMZWdhY3lcQmxvY2tSZWNvcmQiOjM6e3M6MzoiYklEIjtzOjQ6IjEyMjAiO3M6OToiACoAX3RhYmxlIjtzOjIyOiJidENvcmVTY3JhcGJvb2tEaXNwbGF5IjtzOjExOiJiT3JpZ2luYWxJRCI7czo0OiIxMTM0Ijt9'),(1221,'','2020-09-04 15:17:06','2020-09-04 15:17:06',NULL,'0',46,1,'TzozMjoiQ29uY3JldGVcQ29yZVxMZWdhY3lcQmxvY2tSZWNvcmQiOjM6e3M6MzoiYklEIjtzOjQ6IjEyMjEiO3M6OToiACoAX3RhYmxlIjtzOjIyOiJidENvcmVTY3JhcGJvb2tEaXNwbGF5IjtzOjExOiJiT3JpZ2luYWxJRCI7czo0OiIxMTM0Ijt9'),(1222,'','2020-09-04 15:17:27','2020-09-04 15:17:27',NULL,'0',46,1,'TzozMjoiQ29uY3JldGVcQ29yZVxMZWdhY3lcQmxvY2tSZWNvcmQiOjM6e3M6MzoiYklEIjtzOjQ6IjEyMjIiO3M6OToiACoAX3RhYmxlIjtzOjIyOiJidENvcmVTY3JhcGJvb2tEaXNwbGF5IjtzOjExOiJiT3JpZ2luYWxJRCI7czo0OiIxMTM0Ijt9'),(1223,'','2020-09-04 15:18:33','2020-09-04 15:18:33',NULL,'0',46,1,'TzozMjoiQ29uY3JldGVcQ29yZVxMZWdhY3lcQmxvY2tSZWNvcmQiOjM6e3M6MzoiYklEIjtzOjQ6IjEyMjMiO3M6OToiACoAX3RhYmxlIjtzOjIyOiJidENvcmVTY3JhcGJvb2tEaXNwbGF5IjtzOjExOiJiT3JpZ2luYWxJRCI7czo0OiIxMTM0Ijt9'),(1224,'','2020-09-04 15:20:05','2020-09-04 15:20:05',NULL,'0',46,1,NULL),(1225,'','2020-09-04 15:20:31','2020-09-04 15:20:31',NULL,'1',1,1,NULL),(1227,'','2020-09-04 15:21:52','2020-09-04 15:21:52',NULL,'0',47,1,'TzozMjoiQ29uY3JldGVcQ29yZVxMZWdhY3lcQmxvY2tSZWNvcmQiOjM6e3M6MzoiYklEIjtzOjQ6IjEyMjciO3M6OToiACoAX3RhYmxlIjtzOjE4OiJidENvcmVTdGFja0Rpc3BsYXkiO3M6NDoic3RJRCI7czozOiIzMjkiO30='),(1228,'','2020-09-04 15:22:55','2020-09-04 15:22:55',NULL,'0',47,1,'TzozMjoiQ29uY3JldGVcQ29yZVxMZWdhY3lcQmxvY2tSZWNvcmQiOjM6e3M6MzoiYklEIjtzOjQ6IjEyMjgiO3M6OToiACoAX3RhYmxlIjtzOjE4OiJidENvcmVTdGFja0Rpc3BsYXkiO3M6NDoic3RJRCI7czozOiIzMjkiO30='),(1229,'','2020-09-04 15:29:09','2020-09-04 15:29:09',NULL,'0',46,1,'TzozMjoiQ29uY3JldGVcQ29yZVxMZWdhY3lcQmxvY2tSZWNvcmQiOjM6e3M6MzoiYklEIjtzOjQ6IjEyMjkiO3M6OToiACoAX3RhYmxlIjtzOjIyOiJidENvcmVTY3JhcGJvb2tEaXNwbGF5IjtzOjExOiJiT3JpZ2luYWxJRCI7czozOiI4MzIiO30='),(1230,'','2020-09-04 15:30:48','2020-09-04 15:30:48',NULL,'1',1,1,'TzozMjoiQ29uY3JldGVcQ29yZVxMZWdhY3lcQmxvY2tSZWNvcmQiOjM6e3M6MzoiYklEIjtzOjQ6IjEyMzAiO3M6OToiACoAX3RhYmxlIjtzOjE0OiJidENvbnRlbnRMb2NhbCI7czo3OiJjb250ZW50IjtzOjQ2OToiPHA+JnF1b3Q70JHQtdC30L3QtdKjINC50L7RgNGC0YvQsdGL0LfQs9CwIDEwMCDQtdC7JnJhcXVvOyDQv9GA0L7QtdC60YLRiyAmcXVvdDvQotCw0YLQsNGAINCx0LDQu9Cw0LvQsNGAINC905nRiNGA0LjRj9GC0YsmcXVvdDsg0LrQvtC80LzQtdGA0YbQuNGP0LvQtSDQsdGD0LvQvNCw0LPQsNC9INCw0LLRgtC+0L3QvtC8INC+0LXRiNC80LAg0YLQsNGA0LDRhNGL0L3QvdCw0L0g0Y3RiNC705nQvdC00LUsPGJyIC8+DQomY29weTsgMjAyMDwvcD4NCg0KPHA+PGEgaHJlZj0iaHR0cDovL3RkcHJlc3MucnUiIHRhcmdldD0iX2JsYW5rIj48Y29uY3JldGUtcGljdHVyZSBmSUQ9IjE1NyIgYWx0PSLQotCQ0KLQkNCg0KHQmtCe0JUg0JTQldCi0KHQmtCe0JUg0JjQl9CU0JDQotCV0JvQrNCh0KLQktCeIiBjbGFzcz0iY29udGVudC1lZGl0b3ItaW1hZ2UtbGVmdCIgaGVpZ2h0PSIxMDAiIHdpZHRoPSIxMzYiIC8+PC9hPjwvcD4NCiI7fQ=='),(1232,'','2020-09-04 15:31:18','2020-09-04 15:31:18',NULL,'0',47,1,NULL),(1233,'','2020-09-04 15:32:17','2020-09-04 15:32:17',NULL,'0',46,1,'TzozMjoiQ29uY3JldGVcQ29yZVxMZWdhY3lcQmxvY2tSZWNvcmQiOjM6e3M6MzoiYklEIjtzOjQ6IjEyMzMiO3M6OToiACoAX3RhYmxlIjtzOjIyOiJidENvcmVTY3JhcGJvb2tEaXNwbGF5IjtzOjExOiJiT3JpZ2luYWxJRCI7czo0OiIxMjA0Ijt9'),(1234,'','2020-09-04 15:34:10','2020-09-04 15:34:10',NULL,'1',1,1,'TzozMjoiQ29uY3JldGVcQ29yZVxMZWdhY3lcQmxvY2tSZWNvcmQiOjM6e3M6MzoiYklEIjtzOjQ6IjEyMzQiO3M6OToiACoAX3RhYmxlIjtzOjE0OiJidENvbnRlbnRMb2NhbCI7czo3OiJjb250ZW50IjtzOjI4MjoiPHA+PGEgaHJlZj0ie0NDTTpCQVNFX1VSTH0vdHQvY29udGVudCI+0JzQkNCi0JXQoNCY0JDQm9Cb0JDQoDwvYT48L3A+DQoNCjxwPjxhIGhyZWY9IntDQ006QkFTRV9VUkx9L3R0L2Jvb2siPtCa0JjQotCQ0J88L2E+PC9wPg0KDQo8cD48YSBocmVmPSJodHRwOi8vZ2FtZXMuMTAw0LvQtdGC0L3QsNGI0LXQvNGD0LTQvtC80YMu0YDRhCI+0KPQldCd0J3QkNCgPC9hPjwvcD4NCg0KPHA+PGEgaHJlZj0ie0NDTTpCQVNFX1VSTH0vdHQvbW9iaWxlIj5BTkRST0lEINK605nQvCBJT1M8L2E+PC9wPg0KIjt9'),(1235,'','2020-09-04 15:36:53','2020-09-04 15:36:53',NULL,'0',46,1,'TzozMjoiQ29uY3JldGVcQ29yZVxMZWdhY3lcQmxvY2tSZWNvcmQiOjM6e3M6MzoiYklEIjtzOjQ6IjEyMzUiO3M6OToiACoAX3RhYmxlIjtzOjIyOiJidENvcmVTY3JhcGJvb2tEaXNwbGF5IjtzOjExOiJiT3JpZ2luYWxJRCI7czozOiI1MzEiO30='),(1236,'','2020-09-04 15:39:02','2020-09-04 15:39:02',NULL,'1',1,1,'TzozMjoiQ29uY3JldGVcQ29yZVxMZWdhY3lcQmxvY2tSZWNvcmQiOjM6e3M6MzoiYklEIjtzOjQ6IjEyMzYiO3M6OToiACoAX3RhYmxlIjtzOjE0OiJidENvbnRlbnRMb2NhbCI7czo3OiJjb250ZW50IjtzOjE0MToiPHA+PGEgaHJlZj0ie0NDTTpDSURfMzAzfSI+0J/QoNCe0JXQmtCiINCi0KPQoNCr0J3QlNCQPC9hPjxiciAvPg0KPGEgaHJlZj0ie0NDTTpCQVNFX1VSTH0vdHQvY29udGFjdHMiPtCa0J7QndCi0JDQmtCiPC9hPjxiciAvPg0KJm5ic3A7PC9wPg0KIjt9'),(1239,'','2020-09-04 15:39:35','2020-09-04 15:39:35',NULL,'0',47,1,'TzozMjoiQ29uY3JldGVcQ29yZVxMZWdhY3lcQmxvY2tSZWNvcmQiOjM6e3M6MzoiYklEIjtzOjQ6IjEyMzkiO3M6OToiACoAX3RhYmxlIjtzOjE4OiJidENvcmVTdGFja0Rpc3BsYXkiO3M6NDoic3RJRCI7czozOiIzMzYiO30='),(1240,'','2020-09-04 15:39:40','2020-09-04 15:39:40',NULL,'0',47,1,'TzozMjoiQ29uY3JldGVcQ29yZVxMZWdhY3lcQmxvY2tSZWNvcmQiOjM6e3M6MzoiYklEIjtzOjQ6IjEyNDAiO3M6OToiACoAX3RhYmxlIjtzOjE4OiJidENvcmVTdGFja0Rpc3BsYXkiO3M6NDoic3RJRCI7czozOiIzMzkiO30='),(1241,'','2020-09-04 15:41:46','2020-09-04 15:41:46','','1',79,1,'TzozMjoiQ29uY3JldGVcQ29yZVxMZWdhY3lcQmxvY2tSZWNvcmQiOjM6e3M6MzoiYklEIjtzOjQ6IjEyNDEiO3M6OToiACoAX3RhYmxlIjtzOjE2OiJidFdoYWxlTWFudWFsTmF2IjtzOjg6Im5hdkl0ZW1zIjtzOjE0OToiW3siaXRlbVVybEludGVybmFsIjoiMjk5IiwiaXRlbVVybEZpbGUiOiIwIiwiaXRlbU5hbWUiOiLRgtCw0YLQsNGA0YfQsCIsIml0ZW1VcmxOZXdXaW5kb3ciOiIxIiwiaXRlbVVybFR5cGUiOiJpbnRlcm5hbCIsIml0ZW1VcmxFeHRlcm5hbCI6IiIsImlkIjoxfV0iO30='),(1242,'','2020-09-04 15:44:40','2020-09-04 15:44:40',NULL,'0',46,1,'TzozMjoiQ29uY3JldGVcQ29yZVxMZWdhY3lcQmxvY2tSZWNvcmQiOjM6e3M6MzoiYklEIjtzOjQ6IjEyNDIiO3M6OToiACoAX3RhYmxlIjtzOjIyOiJidENvcmVTY3JhcGJvb2tEaXNwbGF5IjtzOjExOiJiT3JpZ2luYWxJRCI7czo0OiIxMTE4Ijt9'),(1243,'','2020-09-04 15:45:23','2020-09-04 15:45:23','','1',79,1,NULL),(1244,'','2020-09-04 15:45:55','2020-09-04 15:45:55','','1',79,1,'TzozMjoiQ29uY3JldGVcQ29yZVxMZWdhY3lcQmxvY2tSZWNvcmQiOjM6e3M6MzoiYklEIjtzOjQ6IjEyNDQiO3M6OToiACoAX3RhYmxlIjtzOjE2OiJidFdoYWxlTWFudWFsTmF2IjtzOjg6Im5hdkl0ZW1zIjtzOjE0OToiW3siaXRlbVVybEludGVybmFsIjoiMjk5IiwiaXRlbVVybEZpbGUiOiIwIiwiaXRlbU5hbWUiOiLRgtCw0YLQsNGA0YfQsCIsIml0ZW1VcmxOZXdXaW5kb3ciOiIxIiwiaXRlbVVybFR5cGUiOiJpbnRlcm5hbCIsIml0ZW1VcmxFeHRlcm5hbCI6IiIsImlkIjoxfV0iO30='),(1245,'','2020-09-04 15:46:08','2020-09-04 15:46:08',NULL,'0',47,1,NULL),(1246,'','2020-09-04 15:46:48','2020-09-04 15:46:48','','1',47,1,'TzozMjoiQ29uY3JldGVcQ29yZVxMZWdhY3lcQmxvY2tSZWNvcmQiOjM6e3M6MzoiYklEIjtzOjQ6IjEyNDYiO3M6OToiACoAX3RhYmxlIjtzOjE4OiJidENvcmVTdGFja0Rpc3BsYXkiO3M6NDoic3RJRCI7czozOiIzNDIiO30='),(1247,'','2020-09-04 15:47:06','2020-09-04 15:47:06','','1',79,1,'TzozMjoiQ29uY3JldGVcQ29yZVxMZWdhY3lcQmxvY2tSZWNvcmQiOjM6e3M6MzoiYklEIjtzOjQ6IjEyNDciO3M6OToiACoAX3RhYmxlIjtzOjE2OiJidFdoYWxlTWFudWFsTmF2IjtzOjg6Im5hdkl0ZW1zIjtzOjE0OToiW3siaXRlbVVybEludGVybmFsIjoiMjk5IiwiaXRlbVVybEZpbGUiOiIwIiwiaXRlbU5hbWUiOiLRgtCw0YLQsNGA0YfQsCIsIml0ZW1VcmxOZXdXaW5kb3ciOiIwIiwiaXRlbVVybFR5cGUiOiJpbnRlcm5hbCIsIml0ZW1VcmxFeHRlcm5hbCI6IiIsImlkIjoxfV0iO30='),(1248,'','2020-09-04 15:47:17','2020-09-04 15:47:17','','1',79,1,NULL),(1249,'','2020-09-04 15:48:45','2020-09-04 15:48:45','','1',79,1,'TzozMjoiQ29uY3JldGVcQ29yZVxMZWdhY3lcQmxvY2tSZWNvcmQiOjM6e3M6MzoiYklEIjtzOjQ6IjEyNDkiO3M6OToiACoAX3RhYmxlIjtzOjE2OiJidFdoYWxlTWFudWFsTmF2IjtzOjg6Im5hdkl0ZW1zIjtzOjE0NzoiW3siaXRlbVVybEludGVybmFsIjoiMSIsIml0ZW1VcmxGaWxlIjoiMCIsIml0ZW1OYW1lIjoi0YDRg9GB0YHQutC40LkiLCJpdGVtVXJsTmV3V2luZG93IjoiMCIsIml0ZW1VcmxUeXBlIjoiaW50ZXJuYWwiLCJpdGVtVXJsRXh0ZXJuYWwiOiIiLCJpZCI6MX1dIjt9'),(1250,'','2020-09-07 08:16:18','2020-09-07 08:16:18',NULL,'1',1,1,'TzozMjoiQ29uY3JldGVcQ29yZVxMZWdhY3lcQmxvY2tSZWNvcmQiOjM6e3M6MzoiYklEIjtzOjQ6IjEyNTAiO3M6OToiACoAX3RhYmxlIjtzOjE0OiJidENvbnRlbnRMb2NhbCI7czo3OiJjb250ZW50IjtzOjEzNDI6IjxwIHN0eWxlPSJ0ZXh0LWFsaWduOiBjZW50ZXI7Ij48c3BhbiBjbGFzcz0iaW1hZ2UtY2FwdGlvbiI+PC9zcGFuPjwvcD4NCg0KPHAgc3R5bGU9InRleHQtYWxpZ246IGNlbnRlcjsiPjxzcGFuIGNsYXNzPSJpbWFnZS1jYXB0aW9uIj7QntGC0YDRi9Cy0L7QuiDQuNC3INC00L7QutGD0LzQtdC90YLQsNC70YzQvdC+0LPQviDRhNC40LvRjNC80LAgJmxhcXVvO9Ch0L7QstC10YLRgdC60LjQuSDQotCw0YLQsNGA0YHRgtCw0L0mcmFxdW87ICgxOTQ1INCz0L7QtCkuPC9zcGFuPjwvcD4NCg0KPHAgc3R5bGU9InRleHQtYWxpZ246IGNlbnRlcjsiPjxzcGFuIGNsYXNzPSJpbWFnZS1jYXB0aW9uIj7QodC60YPQu9GM0L/RgtC+0YAg0KHQsNC00YDQuCDQkNGF0YPQvSDQstC+INCy0YDQtdC80Y8g0YDQsNCx0L7RgtGLINC90LDQtCDQsdGO0YHRgtC+0Lwg0LrQvtC80L/QvtC30LjRgtC+0YDQsCDQodCw0LvQuNGF0LAmbmJzcDvQodCw0LnQtNCw0YjQtdCy0LAuPC9zcGFuPjwvcD4NCg0KPHAgc3R5bGU9InRleHQtYWxpZ246IGNlbnRlcjsiPjxzcGFuIGNsYXNzPSJpbWFnZS1jYXB0aW9uIj7QmtC+0LzQv9C+0LfQuNGC0L7RgCwg0LfQsNGB0LvRg9C20LXQvdC90YvQuSDQtNC10Y/RgtC10LvRjCDQuNGB0LrRg9GB0YHRgtCyINCg0KHQpNCh0KAg0J3QsNC30LjQsSZuYnNwO9CW0LjQs9Cw0L3QvtCyINCy0L4g0LLRgNC10LzRjyDRgNCw0LHQvtGC0Ysg0L3QsNC0INGB0LjQvNGE0L7QvdC40YfQtdGB0LrQvtC5INC/0L7RjdC80L7QuSAmbGFxdW870JrRi9GA0LvQsNC5JnJhcXVvOy48L3NwYW4+PC9wPg0KDQo8cCBzdHlsZT0idGV4dC1hbGlnbjogY2VudGVyOyI+PHNwYW4gY2xhc3M9ImltYWdlLWNhcHRpb24iPtCa0L7QvNC/0L7Qt9C40YLQvtGA0Ysg0JzQsNC90YHRg9GAINCc0YPQt9Cw0YTRhNCw0YDQvtCyLCDQlNC20LDRg9C00LDRgiDQpNCw0LnQt9C4LCDQv9C+0Y3RgiDQkNGF0LzQtdGCJm5ic3A70JXRgNC40LrQtdC5LCDQtNGA0LDQvNCw0YLRg9GA0LMg0KLQsNC30Lgg0JPQuNC30LfQsNGCLCDQv9C40YHQsNGC0LXQu9GMINCa0LDQstC4INCd0LDQtNC20LzQuCDQstC+INCy0YDQtdC80Y8g0L/RgNC+0YHQu9GD0YjQuNCy0LDQvdC40Y8g0YHQuNC80YTQvtC90LjRh9C10YHQutC+0Lkg0L/QvtGN0LzRiyAmbGFxdW870JrRi9GA0LvQsNC5JnJhcXVvOy48L3NwYW4+PC9wPg0KDQo8cD4mbmJzcDs8L3A+DQoNCjxwIHN0eWxlPSJ0ZXh0LWFsaWduOiBjZW50ZXI7Ij48c3BhbiBjbGFzcz0iaW1hZ2UtY2FwdGlvbiI+PC9zcGFuPjxzcGFuIGNsYXNzPSJpbWFnZS1jYXB0aW9uIj48c3BhbiBjbGFzcz0iaW1hZ2UtY2FwdGlvbiI+PC9zcGFuPjwvc3Bhbj48L3A+DQoiO30='),(1251,'','2020-09-07 08:16:46','2020-09-07 08:16:46',NULL,'1',1,1,'TzozMjoiQ29uY3JldGVcQ29yZVxMZWdhY3lcQmxvY2tSZWNvcmQiOjM6e3M6MzoiYklEIjtzOjQ6IjEyNTEiO3M6OToiACoAX3RhYmxlIjtzOjE0OiJidENvbnRlbnRMb2NhbCI7czo3OiJjb250ZW50IjtzOjM2NzoiPHAgc3R5bGU9InRleHQtYWxpZ246IGNlbnRlcjsiPjxzcGFuIGNsYXNzPSJpbWFnZS1jYXB0aW9uIj7QntGC0YDRi9Cy0L7QuiDQuNC3INC00L7QutGD0LzQtdC90YLQsNC70YzQvdC+0LPQviDRhNC40LvRjNC80LAgJmxhcXVvO9Ch0L7QstC10YLRgdC60LjQuSDQotCw0YLQsNGA0YHRgtCw0L0mcmFxdW87ICgxOTQ1INCz0L7QtCkuPC9zcGFuPjwvcD4NCg0KPHAgc3R5bGU9InRleHQtYWxpZ246IGNlbnRlcjsiPjxzcGFuIGNsYXNzPSJpbWFnZS1jYXB0aW9uIj7QodGG0LXQvdCwINC40Lcg0LHQsNC70LXRgtCwINCk0LDRgNC40LTQsCDQr9GA0YPQu9C70LjQvdCwJm5ic3A7JmxhcXVvO9Co0YPRgNCw0LvQtSZyYXF1bzsuPC9zcGFuPjwvcD4NCiI7fQ=='),(1252,'','2020-09-07 08:17:21','2020-09-07 08:17:21',NULL,'1',1,1,'TzozMjoiQ29uY3JldGVcQ29yZVxMZWdhY3lcQmxvY2tSZWNvcmQiOjM6e3M6MzoiYklEIjtzOjQ6IjEyNTIiO3M6OToiACoAX3RhYmxlIjtzOjE0OiJidENvbnRlbnRMb2NhbCI7czo3OiJjb250ZW50IjtzOjUzNjoiPHA+Jm5ic3A7PC9wPg0KDQo8cD48Y29uY3JldGUtcGljdHVyZSBmSUQ9IjIxNSIgYWx0PSI4MzNfMTAuanBnIiBoZWlnaHQ9IjQzNCIgd2lkdGg9IjYwMCIgLz48L3A+DQoNCjxwIHN0eWxlPSJ0ZXh0LWFsaWduOiBjZW50ZXI7Ij48c3BhbiBjbGFzcz0iaW1hZ2UtY2FwdGlvbiI+0JPQvtGB0YPQtNCw0YDRgdGC0LLQtdC90L3Ri9C5INCw0L3RgdCw0LzQsdC70Ywg0L/QtdGB0L3QuCDQuCDRgtCw0L3RhtCwINCg0LXRgdC/0YPQsdC70LjQutC40KLQsNGC0LDRgNGB0YLQsNC9PC9zcGFuPjxzcGFuIGNsYXNzPSJpbWFnZS1jYXB0aW9uIj4g0LLQviDQstGA0LXQvNGPINCy0YvRgdGC0YPQv9C70LXQvdC40Y8g0L3QsCDQs9Cw0YHRgtGA0L7Qu9GP0YUuICjQk9C+0LQg0L3QtdC40LfQstC10YHRgtC10L0sINC80LXRgdGC0L4g0L3QtdC40LfQstC10YHRgtC90L4sINCw0LLRgtC+0YAg0L3QtdC40LfQstC10YHRgtC10L0sINGA0LXQtNCw0LrRhtC40Y8g0LbRg9GA0L3QsNC70LAgJmxhcXVvO9Ch0Y3RhdC90Y0mcmFxdW87KTwvc3Bhbj48L3A+DQoiO30='),(1253,'','2020-09-07 08:18:56','2020-09-07 08:18:56',NULL,'1',1,1,'TzozMjoiQ29uY3JldGVcQ29yZVxMZWdhY3lcQmxvY2tSZWNvcmQiOjM6e3M6MzoiYklEIjtzOjQ6IjEyNTMiO3M6OToiACoAX3RhYmxlIjtzOjE0OiJidENvbnRlbnRMb2NhbCI7czo3OiJjb250ZW50IjtzOjEzNDY6IjxoMz7QodC10LvRjNGB0LrQvtC1INGF0L7Qt9GP0LnRgdGC0LLQviZuYnNwO9Ci0LDRgtCw0YDRgdGC0LDQvdCwPC9oMz4NCg0KPHA+0JIg0KLQsNGC0LDRgNGB0YLQsNC90LUg0YDQsNC30LLQuNGC0L4g0YHQtdC70YzRgdC60L7QtSDRhdC+0LfRj9C50YHRgtCy0L4uINCSINGA0LXRgdC/0YPQsdC70LjQutC1INGA0LDRgdC/0L7Qu9C+0LbQtdC90Ysg0LrRgNGD0L/QvdGL0LUg0YHQtdC70YzRgdC60L7RhdC+0LfRj9C50YHRgtCy0LXQvdC90YvQtSDQv9GA0LXQtNC/0YDQuNGP0YLQuNGPINC4INC90LXQsdC+0LvRjNGI0LjQtSDRhNC10YDQvNC10YDRgdC60LjQtSDRhdC+0LfRj9C50YHRgtCy0LAuINCSINCi0LDRgtCw0YDRgdGC0LDQvdC1INCy0YvRgNCw0YnQuNCy0LDRjtGCJm5ic3A70LfQtdGA0L3QvtCy0YvQtSDQutGD0LvRjNGC0YPRgNGLLCDRgdCw0YXQsNGA0L3Rg9GOINGB0LLRkdC60LvRgywg0LrQsNGA0YLQvtGE0LXQu9GMLCDQv9GA0L7QuNC30LLQvtC00Y/RgiZuYnNwO9C80Y/RgdC+LCDQvNC+0LvQvtC60L4sINGP0LnRhtCwLiDQktC10LTRg9GJ0LXQuSDQvtGC0YDQsNGB0LvRjNGOJm5ic3A70YHQtdC70YzRgdC60L7Qs9C+INGF0L7Qt9GP0LnRgdGC0LLQsCDRgNC10YHQv9GD0LHQu9C40LrQuCDRj9Cy0LvRj9C10YLRgdGPINC20LjQstC+0YLQvdC+0LLQvtC00YHRgtCy0L4uINCi0LDQuiDQttC1INCyINCi0LDRgtCw0YDRgdGC0LDQvdC1INCy0YvRgNCw0YnQuNCy0LDRjtGCINC/0YLQuNGGLCDQu9C+0YjQsNC00LXQuSwg0LrRgNC+0LvQuNC60L7Qsiwg0YDRi9Cx0YMsINGA0LDQt9Cy0L7QtNGP0YIg0L/Rh9GR0LsuPC9wPg0KDQo8cD48Y29uY3JldGUtcGljdHVyZSBmSUQ9IjIwNiIgYWx0PSIzMTEzLmpwZyIgaGVpZ2h0PSIzOTMiIHdpZHRoPSI2MDAiIC8+PC9wPg0KDQo8cCBzdHlsZT0idGV4dC1hbGlnbjogY2VudGVyOyI+PHNwYW4gY2xhc3M9ImltYWdlLWNhcHRpb24iPtCt0LrRgdC/0LXRgNC40LzQtdC90YLQsNC70YzQvdGL0Lkg0LLQsNGA0LjQsNC90YIg0L/QvtGB0LXQstCwINC30LXRgNC90L7QstGL0YUg0LrRg9C70YzRgtGD0YAg0L3QsCDQv9C+0LvRj9GFINCi0Y7Qu9GP0YfQuNC90YHQutC+0LPQviDRgNCw0LnQvtC90LAg0KDQtdGB0L/Rg9Cx0LvQuNC60Lgg0KLQsNGC0LDRgNGB0YLQsNC9LiAo0JPQvtC0INC90LXQuNC30LLQtdGB0YLQtdC9LCDQsNCy0YLQvtGAINC90LXQuNC30LLQtdGB0YLQtdC9Jm5ic3A70KLRjtC70Y/Rh9C40L3RgdC60LjQuSDRgNCw0LnQvtC9INCg0KIpLjwvc3Bhbj48c3BhbiBjbGFzcz0iaW1hZ2UtY2FwdGlvbiI+PC9zcGFuPjxzcGFuIGNsYXNzPSJpbWFnZS1jYXB0aW9uIj48L3NwYW4+PC9wPg0KIjt9'),