-- Table structure for table `Collections`
--

CREATE TABLE `Collections` (
  `cID` int(10) unsigned NOT NULL AUTO_INCREMENT,
  `cDateAdded` datetime NOT NULL DEFAULT '1000-01-01 00:00:00',
  `cDateModified` datetime NOT NULL DEFAULT '1000-01-01 00:00:00',
  `cHandle` varchar(255) COLLATE utf8mb4_unicode_ci DEFAULT NULL,
  PRIMARY KEY (`cID`),
  KEY `cIDDateModified` (`cID`,`cDateModified`),
  KEY `cDateModified` (`cDateModified`),
  KEY `cDateAdded` (`cDateAdded`)
) ENGINE=InnoDB AUTO_INCREMENT=347 DEFAULT CHARSET=utf8mb4 COLLATE=utf8mb4_unicode_ci;

--
-- Dumping data for table `Collections`
--

INSERT INTO `Collections` VALUES (1,'2020-07-08 14:44:28','2021-10-26 16:58:28',NULL),(2,'2020-07-08 14:45:11','2020-07-08 14:45:11','dashboard'),(3,'2020-07-08 14:45:11','2020-07-08 14:45:11','sitemap'),(4,'2020-07-08 14:45:11','2020-07-08 14:45:11','full'),(5,'2020-07-08 14:45:11','2020-07-08 14:45:11','explore'),(6,'2020-07-08 14:45:11','2020-07-08 14:45:11','search'),(7,'2020-07-08 14:45:11','2020-07-08 14:45:11','files'),(8,'2020-07-08 14:45:11','2020-07-08 14:45:11','search'),(9,'2020-07-08 14:45:11','2020-07-08 14:45:11','attributes'),(10,'2020-07-08 14:45:11','2020-07-08 14:45:11','sets'),(11,'2020-07-08 14:45:11','2020-07-08 14:45:11','add_set'),(12,'2020-07-08 14:45:11','2020-07-08 14:45:11','users'),(13,'2020-07-08 14:45:11','2020-07-08 14:45:11','search'),(14,'2020-07-08 14:45:11','2020-07-08 14:45:11','groups'),(15,'2020-07-08 14:45:11','2020-07-08 14:45:11','message'),(16,'2020-07-08 14:45:11','2020-07-08 14:45:11','attributes'),(17,'2020-07-08 14:45:11','2020-07-08 14:45:11','add'),(18,'2020-07-08 14:45:11','2020-07-08 14:45:11','add_group'),(19,'2020-07-08 14:45:12','2020-07-08 14:45:12','bulkupdate'),(20,'2020-07-08 14:45:12','2020-07-08 14:45:12','group_sets'),(21,'2020-07-08 14:45:12','2020-07-08 14:45:12','points'),(22,'2020-07-08 14:45:12','2020-07-08 14:45:12','assign'),(23,'2020-07-08 14:45:12','2020-07-08 14:45:12','actions'),(24,'2020-07-08 14:45:12','2020-07-08 14:45:12','express'),(25,'2020-07-08 14:45:12','2020-07-08 14:45:12','entries'),(26,'2020-07-08 14:45:12','2020-07-08 14:45:12','reports'),(27,'2020-07-08 14:45:12','2020-07-08 14:45:12','forms'),(28,'2020-07-08 14:45:12','2020-07-08 14:45:12','legacy'),(29,'2020-07-08 14:45:12','2020-07-08 14:45:12','surveys'),(30,'2020-07-08 14:45:12','2020-07-08 14:45:12','logs'),(31,'2020-07-08 14:45:12','2020-07-08 14:45:12','page_changes'),(32,'2020-07-08 14:45:12','2020-07-08 14:45:12','pages'),(33,'2020-07-08 14:45:12','2020-07-08 14:45:12','themes'),(34,'2020-07-08 14:45:12','2020-07-08 14:45:12','inspect'),(35,'2020-07-08 14:45:12','2020-07-08 14:45:12','types'),(36,'2020-07-08 14:45:12','2020-07-08 14:45:12','organize'),(37,'2020-07-08 14:45:12','2020-07-08 14:45:12','add'),(38,'2020-07-08 14:45:12','2020-07-08 14:45:12','form'),(39,'2020-07-08 14:45:12','2020-07-08 14:45:12','output'),(40,'2020-07-08 14:45:12','2020-07-08 14:45:12','attributes'),(41,'2020-07-08 14:45:12','2020-07-08 14:45:12','permissions'),(42,'2020-07-08 14:45:12','2020-07-08 14:45:12','templates'),(43,'2020-07-08 14:45:12','2020-07-08 14:45:12','add'),(44,'2020-07-08 14:45:12','2020-07-08 14:45:12','attributes'),(45,'2020-07-08 14:45:12','2020-07-08 14:45:12','single'),(46,'2020-07-08 14:45:12','2020-07-08 14:45:12','feeds'),(47,'2020-07-08 14:45:12','2020-07-08 14:45:12','calendar'),(48,'2020-07-08 14:45:12','2020-07-08 14:45:12','events'),(49,'2020-07-08 14:45:13','2020-07-08 14:45:13','event_list'),(50,'2020-07-08 14:45:13','2020-07-08 14:45:13','add'),(51,'2020-07-08 14:45:13','2020-07-08 14:45:13','permissions'),(52,'2020-07-08 14:45:13','2020-07-08 14:45:13','attributes'),(53,'2020-07-08 14:45:13','2020-07-08 14:45:13','conversations'),(54,'2020-07-08 14:45:13','2020-07-08 14:45:13','messages'),(55,'2020-07-08 14:45:13','2020-07-08 14:45:13','blocks'),(56,'2020-07-08 14:45:13','2020-07-08 14:45:13','stacks'),(57,'2020-07-08 14:45:13','2020-07-08 14:45:13','permissions'),(58,'2020-07-08 14:45:13','2020-07-08 14:45:13','list'),(59,'2020-07-08 14:45:13','2020-07-08 14:45:13','types'),(60,'2020-07-08 14:45:13','2020-07-08 14:45:13','extend'),(61,'2020-07-08 14:45:13','2020-07-08 14:45:13','install'),(62,'2020-07-08 14:45:13','2020-07-08 14:45:13','update'),(63,'2020-07-08 14:45:13','2020-07-08 14:45:13','connect'),(64,'2020-07-08 14:45:13','2020-07-08 14:45:13','themes'),(65,'2020-07-08 14:45:13','2020-07-08 14:45:13','addons'),(66,'2020-07-08 14:45:13','2020-07-08 14:45:13','system'),(67,'2020-07-08 14:45:13','2020-07-08 14:45:13','basics'),(68,'2020-07-08 14:45:13','2020-07-08 14:45:13','name'),(69,'2020-07-08 14:45:13','2020-07-08 14:45:13','accessibility'),(70,'2020-07-08 14:45:13','2020-07-08 14:45:13','social'),(71,'2020-07-08 14:45:13','2020-07-08 14:45:13','icons'),(72,'2020-07-08 14:45:13','2020-07-08 14:45:13','editor'),(73,'2020-07-08 14:45:13','2020-07-08 14:45:13','multilingual'),(74,'2020-07-08 14:45:13','2020-07-08 14:45:14','update'),(75,'2020-07-08 14:45:14','2020-07-08 14:45:14','timezone'),(76,'2020-07-08 14:45:14','2020-07-08 14:45:14','attributes'),(77,'2020-07-08 14:45:14','2020-07-08 14:45:14','reset_edit_mode'),(78,'2020-07-08 14:45:14','2020-07-08 14:45:14','express'),(79,'2020-07-08 14:45:14','2020-07-08 14:45:14','entities'),(80,'2020-07-08 14:45:14','2020-07-08 14:45:14','attributes'),(81,'2020-07-08 14:45:14','2020-07-08 14:45:14','associations'),(82,'2020-07-08 14:45:14','2020-07-08 14:45:14','forms'),(83,'2020-07-08 14:45:14','2020-07-08 14:45:14','customize_search'),(84,'2020-07-08 14:45:14','2020-07-08 14:45:14','order_entries'),(85,'2020-07-08 14:45:14','2020-07-08 14:45:14','entries'),(86,'2020-07-08 14:45:14','2020-07-08 14:45:14','multisite'),(87,'2020-07-08 14:45:14','2020-07-08 14:45:15','sites'),(88,'2020-07-08 14:45:15','2020-07-08 14:45:15','types'),(89,'2020-07-08 14:45:15','2020-07-08 14:45:15','settings'),(90,'2020-07-08 14:45:15','2020-07-08 14:45:15','multilingual'),(91,'2020-07-08 14:45:15','2020-07-08 14:45:15','setup'),(92,'2020-07-08 14:45:15','2020-07-08 14:45:15','copy'),(93,'2020-07-08 14:45:15','2020-07-08 14:45:15','page_report'),(94,'2020-07-08 14:45:15','2020-07-08 14:45:15','translate_interface'),(95,'2020-07-08 14:45:15','2020-07-08 14:45:15','seo'),(96,'2020-07-08 14:45:15','2020-07-08 14:45:15','urls'),(97,'2020-07-08 14:45:15','2020-07-08 14:45:15','bulk'),(98,'2020-07-08 14:45:15','2020-07-08 14:45:15','codes'),(99,'2020-07-08 14:45:15','2020-07-08 14:45:15','excluded'),(100,'2020-07-08 14:45:15','2020-07-08 14:45:15','searchindex'),(101,'2020-07-08 14:45:16','2020-07-08 14:45:16','files'),(102,'2020-07-08 14:45:16','2020-07-08 14:45:16','filetypes'),(103,'2020-07-08 14:45:16','2020-07-08 14:45:16','permissions'),(104,'2020-07-08 14:45:16','2020-07-08 14:45:16','thumbnails'),(105,'2020-07-08 14:45:16','2020-07-08 14:45:16','options'),(106,'2020-07-08 14:45:16','2020-07-08 14:45:16','image_uploading'),(107,'2020-07-08 14:45:16','2020-07-08 14:45:16','storage'),(108,'2020-07-08 14:45:16','2020-07-08 14:45:16','export_options'),(109,'2020-07-08 14:45:16','2020-07-08 14:45:16','optimization'),(110,'2020-07-08 14:45:16','2020-07-08 14:45:16','cache'),(111,'2020-07-08 14:45:16','2020-07-08 14:45:16','clearcache'),(112,'2020-07-08 14:45:16','2020-07-08 14:45:16','jobs'),(113,'2020-07-08 14:45:16','2020-07-08 14:45:17','permissions'),(114,'2020-07-08 14:45:17','2020-07-08 14:45:17','site'),(115,'2020-07-08 14:45:17','2020-07-08 14:45:17','tasks'),(116,'2020-07-08 14:45:17','2020-07-08 14:45:17','users'),(117,'2020-07-08 14:45:17','2020-07-08 14:45:17','advanced'),(118,'2020-07-08 14:45:17','2020-07-08 14:45:17','workflows'),(119,'2020-07-08 14:45:17','2020-07-08 14:45:17','blacklist'),(120,'2020-07-08 14:45:17','2020-07-08 14:45:17','configure'),(121,'2020-07-08 14:45:17','2020-07-08 14:45:17','range'),(122,'2020-07-08 14:45:17','2020-07-08 14:45:17','captcha'),(123,'2020-07-08 14:45:17','2020-07-08 14:45:17','antispam'),(124,'2020-07-08 14:45:17','2020-07-08 14:45:17','maintenance'),(125,'2020-07-08 14:45:18','2020-07-08 14:45:18','trusted_proxies'),(126,'2020-07-08 14:45:18','2020-07-08 14:45:18','registration'),(127,'2020-07-08 14:45:18','2020-07-08 14:45:18','open'),(128,'2020-07-08 14:45:18','2020-07-08 14:45:18','postlogin'),(129,'2020-07-08 14:45:18','2020-07-08 14:45:18','profiles'),(130,'2020-07-08 14:45:18','2020-07-08 14:45:18','authentication'),(131,'2020-07-08 14:45:18','2020-07-08 14:45:18','global_password_reset'),(132,'2020-07-08 14:45:18','2020-07-08 14:45:18','notification'),(133,'2020-07-08 14:45:18','2020-07-08 14:45:18','deactivation'),(134,'2020-07-08 14:45:18','2020-07-08 14:45:18','automated_logout'),(135,'2020-07-08 14:45:18','2020-07-08 14:45:18','password_requirements'),(136,'2020-07-08 14:45:19','2020-07-08 14:45:19','mail'),(137,'2020-07-08 14:45:19','2020-07-08 14:45:19','method'),(138,'2020-07-08 14:45:19','2020-07-08 14:45:19','test'),(139,'2020-07-08 14:45:19','2020-07-08 14:45:19','importers'),(140,'2020-07-08 14:45:19','2020-07-08 14:45:19','addresses'),(141,'2020-07-08 14:45:19','2020-07-08 14:45:19','calendar'),(142,'2020-07-08 14:45:19','2020-07-08 14:45:19','settings'),(143,'2020-07-08 14:45:19','2020-07-08 14:45:19','colors'),(144,'2020-07-08 14:45:19','2020-07-08 14:45:19','permissions'),(145,'2020-07-08 14:45:19','2020-07-08 14:45:19','import'),(146,'2020-07-08 14:45:19','2020-07-08 14:45:19','conversations'),(147,'2020-07-08 14:45:19','2020-07-08 14:45:19','settings'),(148,'2020-07-08 14:45:19','2020-07-08 14:45:19','points'),(149,'2020-07-08 14:45:20','2020-07-08 14:45:20','bannedwords'),(150,'2020-07-08 14:45:20','2020-07-08 14:45:20','permissions'),(151,'2020-07-08 14:45:20','2020-07-08 14:45:20','attributes'),(152,'2020-07-08 14:45:20','2020-07-08 14:45:20','types'),(153,'2020-07-08 14:45:20','2020-07-08 14:45:20','sets'),(154,'2020-07-08 14:45:20','2020-07-08 14:45:20','topics'),(155,'2020-07-08 14:45:20','2020-07-08 14:45:20','add'),(156,'2020-07-08 14:45:20','2020-07-08 14:45:20','environment'),(157,'2020-07-08 14:45:20','2020-07-08 14:45:20','info'),(158,'2020-07-08 14:45:20','2020-07-08 14:45:20','debug'),(159,'2020-07-08 14:45:20','2020-07-08 14:45:20','logging'),(160,'2020-07-08 14:45:20','2020-07-08 14:45:20','proxy'),(161,'2020-07-08 14:45:20','2020-07-08 14:45:21','entities'),(162,'2020-07-08 14:45:21','2020-07-08 14:45:21','database_charset'),(163,'2020-07-08 14:45:21','2020-07-08 14:45:21','geolocation'),(164,'2020-07-08 14:45:21','2020-07-08 14:45:21','update'),(165,'2020-07-08 14:45:21','2020-07-08 14:45:21','update'),(166,'2020-07-08 14:45:21','2020-07-08 14:45:21','api'),(167,'2020-07-08 14:45:21','2020-07-08 14:45:21','settings'),(168,'2020-07-08 14:45:21','2020-07-08 14:45:21','integrations'),(169,'2020-07-08 14:45:21','2020-07-08 14:45:21','welcome'),(170,'2020-07-08 14:45:22','2020-07-08 14:45:22','me'),(171,'2020-07-08 14:45:29','2020-07-08 14:45:29','!stacks'),(172,'2020-07-08 14:45:29','2020-07-08 14:45:29','page_not_found'),(173,'2020-07-08 14:45:29','2020-07-08 14:45:29','!trash'),(174,'2020-07-08 14:45:29','2020-07-08 14:45:29','login'),(175,'2020-07-08 14:45:29','2020-07-08 14:45:29','register'),(176,'2020-07-08 14:45:29','2020-07-08 14:45:29','account'),(177,'2020-07-08 14:45:29','2020-07-08 14:45:29','edit_profile'),(178,'2020-07-08 14:45:29','2020-07-08 14:45:29','avatar'),(179,'2020-07-08 14:45:29','2020-07-08 14:45:29','messages'),(180,'2020-07-08 14:45:29','2020-07-08 14:45:29','page_forbidden'),(181,'2020-07-08 14:45:29','2020-07-08 14:45:29','download_file'),(182,'2020-07-08 14:45:29','2020-07-08 14:45:30','!drafts'),(183,'2020-07-08 14:45:30','2020-07-08 14:45:30','desktop'),(184,'2020-07-08 14:45:34','2020-09-04 15:39:45','footer-contact'),(185,'2020-07-08 14:45:34','2021-10-26 16:58:28','footer-legal'),(186,'2020-07-08 14:45:34','2020-09-04 15:39:45','footer-navigation'),(187,'2020-07-08 14:45:34','2020-08-30 22:14:44','footer-site-title'),(188,'2020-07-08 14:45:34','2020-08-30 22:14:44','footer-social'),(189,'2020-07-08 14:45:34','2020-08-23 14:29:43','header-navigation'),(190,'2020-07-08 14:45:34','2020-08-23 22:51:06','header-search'),(191,'2020-07-08 14:45:34','2020-09-03 08:58:54','header-site-title'),(192,'2020-07-08 14:45:37','2020-07-08 14:45:37',NULL),(193,'2020-07-08 14:45:37','2020-07-20 21:51:53','services'),(194,'2020-07-08 14:45:37','2020-07-08 14:45:37',NULL),(195,'2020-07-08 14:45:37','2020-07-20 21:51:59','portfolio'),(196,'2020-07-08 14:45:37','2020-07-20 21:52:04','team'),(197,'2020-07-08 14:45:37','2020-07-08 14:45:37',NULL),(198,'2020-07-08 14:45:38','2020-07-20 21:52:08','blog'),(199,'2020-07-08 14:45:38','2020-07-20 21:52:13','search'),(200,'2020-07-08 14:45:38','2020-07-20 21:52:17','contact'),(201,'2020-07-08 14:45:38','2020-07-20 21:52:21','blank-page'),(202,'2020-07-08 14:45:38','2020-07-08 14:45:38',NULL),(203,'2020-07-08 14:45:38','2020-07-08 14:45:38','project-title'),(204,'2020-07-08 14:45:38','2020-07-08 14:45:38','project-title-2'),(205,'2020-07-08 14:45:38','2020-07-08 14:45:38','project-title-3'),(206,'2020-07-08 14:45:38','2020-07-08 14:45:38','project-title-4'),(207,'2020-07-08 14:45:38','2020-07-08 14:45:38','project-title-5'),(208,'2020-07-08 14:45:38','2020-07-08 14:45:38','project-title-6'),(209,'2020-07-08 14:45:38','2020-07-08 14:45:38',NULL),(210,'2020-07-08 14:45:38','2020-07-08 14:45:38','hello-world'),(211,'2020-07-08 14:45:38','2020-07-08 14:45:38','another-blog-post'),(212,'2020-07-08 14:45:38','2020-07-08 14:45:38','a-beautiful-blog'),(213,'2020-07-08 14:45:38','2020-07-08 14:45:38','about'),(214,'2020-07-08 14:45:38','2020-07-08 14:45:39','careers'),(215,'2020-07-08 14:45:39','2020-07-08 14:45:39','faq'),(216,'2020-07-08 14:45:39','2020-07-08 14:45:39',NULL),(217,'2020-07-08 14:45:39','2020-07-08 14:45:39','web-developer'),(218,'2020-07-08 14:45:39','2020-07-08 14:45:39','sales-associate'),(219,'2020-07-08 14:45:39','2020-07-08 14:45:39',NULL),(220,'2020-07-08 14:45:39','2020-07-08 14:45:39',NULL),(221,'2020-07-08 14:45:39','2020-07-08 14:45:39',NULL),(223,'2020-07-20 21:27:31','2020-09-01 22:00:36',''),(224,'2020-07-20 21:31:40','2020-07-20 21:31:40',''),(225,'2020-07-20 21:47:06','2020-09-01 22:00:41',NULL),(226,'2020-07-20 21:47:06','2020-09-01 22:00:46',NULL),(227,'2020-07-20 21:47:06','2020-09-01 22:00:50',NULL),(228,'2020-07-20 21:47:06','2020-09-01 22:00:56',NULL),(229,'2020-07-20 21:47:06','2020-09-01 22:01:01',NULL),(230,'2020-07-20 21:47:07','2020-09-01 22:01:08',NULL),(231,'2020-07-20 21:47:07','2020-07-20 21:47:07',NULL),(232,'2020-07-20 21:47:07','2020-07-20 21:47:07',NULL),(233,'2020-07-20 21:47:07','2020-07-20 21:47:07',NULL),(234,'2020-07-20 21:47:07','2020-07-20 21:47:07',NULL),(235,'2020-07-20 21:47:08','2020-07-20 21:47:08',NULL),(236,'2020-07-20 21:47:08','2020-07-20 21:47:08',NULL),(237,'2020-07-20 21:47:08','2020-07-20 21:47:08',NULL),(238,'2020-07-20 21:47:08','2020-07-20 21:47:08',NULL),(239,'2020-07-20 21:47:08','2020-07-20 21:47:08',NULL),(240,'2020-07-20 21:47:08','2020-07-20 21:47:08',NULL),(241,'2020-07-20 21:47:08','2020-07-20 21:47:08',NULL),(242,'2020-07-20 21:47:08','2020-07-20 21:47:08',NULL),(243,'2020-07-20 21:47:08','2020-07-20 21:47:08',NULL),(244,'2020-07-20 21:47:09','2020-07-20 21:47:09',NULL),(245,'2020-07-20 22:04:31','2020-07-20 22:28:14',''),(246,'2020-07-20 22:07:30','2020-09-04 15:17:12',''),(248,'2020-07-20 22:20:23','2020-07-20 22:25:37',''),(249,'2020-07-20 22:28:56','2020-09-04 15:16:27',''),(250,'2020-07-20 22:29:27','2020-09-03 09:52:03',''),(251,'2020-07-20 22:36:42','2020-08-23 14:47:31',''),(261,'2020-08-23 14:49:24','2020-09-04 15:17:37',''),(262,'2020-08-23 14:51:20','2020-08-23 14:51:20',NULL),(263,'2020-08-23 14:51:20','2020-08-23 14:51:20',NULL),(264,'2020-08-23 14:51:20','2020-08-23 14:51:20',NULL),(265,'2020-08-23 14:51:20','2020-08-23 14:51:20',NULL),(266,'2020-08-23 15:28:41','2020-08-23 15:28:41','speed_analyzer'),(267,'2020-08-23 15:28:41','2020-08-23 15:28:41','reports'),(268,'2020-08-23 15:28:41','2020-08-23 15:28:41','diagnosis'),(269,'2020-08-23 15:28:41','2020-08-23 15:28:41','settings'),(270,'2020-08-23 21:47:18','2020-08-23 21:47:18','customize_editing_interface'),(271,'2020-08-23 21:47:18','2020-08-23 21:47:18','export_settings'),(272,'2020-08-23 21:47:18','2020-08-23 21:47:18','import_settings'),(273,'2020-08-26 01:26:01','2020-09-04 15:16:56',''),(274,'2020-08-27 00:19:33','2020-08-27 00:23:35','igry'),(275,'2020-08-30 23:14:54','2020-08-30 23:14:54',''),(276,'2020-08-30 23:15:12','2020-08-30 23:15:12',''),(277,'2020-08-30 23:15:30','2020-08-31 10:31:30',''),(278,'2020-08-31 00:17:45','2020-08-31 00:57:51',''),(279,'2020-08-31 01:35:49','2020-09-03 09:57:23',''),(280,'2020-08-31 02:02:54','2020-09-02 13:11:49',''),(281,'2020-08-31 10:22:22','2020-09-03 10:04:14',''),(282,'2020-08-31 10:26:42','2020-09-07 08:25:24',''),(283,'2020-08-31 10:29:28','2020-09-03 10:21:58',''),(284,'2020-08-31 10:31:07','2020-09-02 12:05:20',''),(285,'2020-08-31 10:33:44','2020-09-03 11:31:37',''),(286,'2020-08-31 10:34:16','2020-09-07 08:19:37',''),(287,'2020-08-31 10:34:50','2020-09-07 08:17:23',''),(288,'2020-08-31 10:36:31','2020-09-03 14:27:44',''),(289,'2020-08-31 10:37:06','2020-08-31 10:41:12',''),(290,'2020-08-31 10:38:13','2020-09-01 17:14:53',''),(291,'2020-08-31 10:39:37','2020-09-02 12:29:18',''),(293,'2020-08-31 12:54:18','2020-08-31 13:20:04',''),(294,'2020-08-31 13:07:29','2020-08-31 13:07:29',NULL),(295,'2020-08-31 13:21:17','2020-09-01 17:37:22',''),(296,'2020-09-01 20:51:56','2020-09-02 21:54:42','header-site-menu'),(297,'2020-09-01 20:51:56','2020-09-04 15:47:28','header-site-lang'),(299,'2020-09-01 22:35:45','2020-09-08 10:55:25',NULL),(300,'2020-09-01 22:38:16','2020-09-07 13:20:42',NULL),(301,'2020-09-01 22:38:16','2020-09-03 13:00:08',NULL),(302,'2020-09-01 22:38:16','2020-09-04 15:31:42',NULL),(303,'2020-09-01 22:38:16','2020-09-03 13:00:28',NULL),(304,'2020-09-01 22:38:16','2020-09-03 13:00:42',NULL),(305,'2020-09-01 22:38:16','2020-09-04 15:39:45',NULL),(306,'2020-09-01 22:38:16','2020-09-02 21:49:21',NULL),(307,'2020-09-01 22:38:16','2020-09-03 13:21:06',NULL),(308,'2020-09-01 22:38:16','2020-09-04 10:07:50',NULL),(309,'2020-09-01 22:38:17','2020-09-02 21:49:23',NULL),(310,'2020-09-01 22:38:17','2020-09-04 10:08:52',NULL),(311,'2020-09-01 22:38:17','2020-09-04 10:10:20',NULL),(312,'2020-09-01 22:38:17','2020-09-04 10:09:28',NULL),(313,'2020-09-01 22:38:17','2020-09-02 21:49:24',NULL),(314,'2020-09-01 22:38:17','2020-09-04 10:12:22',NULL),(315,'2020-09-01 22:38:18','2020-09-02 21:49:26',NULL),(316,'2020-09-01 22:38:18','2020-09-04 10:12:58',NULL),(317,'2020-09-01 22:38:18','2020-09-02 21:49:27',NULL),(318,'2020-09-01 22:38:18','2020-09-04 10:13:37',NULL),(319,'2020-09-01 22:38:18','2020-09-02 21:49:28',NULL),(320,'2020-09-01 22:38:18','2020-09-02 21:49:28',NULL),(321,'2020-09-01 22:38:18','2020-09-02 21:49:29',NULL),(324,'2020-09-03 13:45:03','2020-09-03 13:45:03',NULL),(325,'2020-09-03 13:45:03','2020-09-03 13:45:03',NULL),(326,'2020-09-03 13:45:03','2020-09-03 13:45:03',NULL),(327,'2020-09-03 13:45:03','2020-09-03 13:45:03',NULL),(328,'2020-09-03 13:48:22','2020-09-03 13:48:22',NULL),(329,'2020-09-04 15:18:06','2020-09-04 15:20:42','logorus'),(330,'2020-09-04 15:18:21','2020-09-04 15:18:44',NULL),(331,'2020-09-04 15:19:20','2020-09-07 13:19:51',NULL),(332,'2020-09-04 15:22:36','2020-09-04 15:23:01','header-logo'),(333,'2020-09-04 15:28:59','2021-10-26 16:55:50','footer-cop'),(334,'2020-09-04 15:29:15','2021-10-26 17:05:02',NULL),(335,'2020-09-04 15:29:25','2020-09-04 15:30:49',NULL),(336,'2020-09-04 15:32:02','2020-09-04 15:32:33','footer-menu'),(337,'2020-09-04 15:32:25','2021-10-26 17:07:46',NULL),(338,'2020-09-04 15:32:52','2020-09-04 15:34:13',NULL),(339,'2020-09-04 15:36:46','2021-10-26 17:08:26','footer-menu2'),(340,'2020-09-04 15:37:01','2020-09-04 15:37:01',NULL),(341,'2020-09-04 15:37:08','2020-09-04 15:39:09',NULL),(342,'2020-09-04 15:43:28','2020-09-04 15:43:28','yazyk'),(343,'2020-09-04 15:44:46','2020-09-04 15:45:59',NULL),(344,'2020-09-04 15:44:51','2020-09-04 15:48:47',NULL),(345,'2020-10-23 14:18:57','2020-10-23 15:06:26',''),(346,'2020-10-23 15:01:35','2020-10-23 15:06:37','');

--
-- Table structure for table `Config`
--

CREATE TABLE `Config` (
  `configNamespace` varchar(255) COLLATE utf8mb4_unicode_ci NOT NULL DEFAULT '',
  `configGroup` varchar(255) COLLATE utf8mb4_unicode_ci NOT NULL,
  `configItem` varchar(255) COLLATE utf8mb4_unicode_ci NOT NULL,
  `configValue` longtext COLLATE utf8mb4_unicode_ci,
  PRIMARY KEY (`configNamespace`,`configGroup`,`configItem`),
  KEY `configGroup` (`configGroup`)
) ENGINE=InnoDB DEFAULT CHARSET=utf8mb4 COLLATE=utf8mb4_unicode_ci;

--
-- Dumping data for table `Config`
--

INSERT INTO `Config` VALUES ('','app','privacy_policy_accepted','1'),('','concrete','marketplace.token','BvP9J95bYnkDHSz4yS2VEAkMBAYAFSazWjTOXwz57iaGnqb6DP4wTOEwCkjlK0pC'),('','concrete','marketplace.url_token','ewvqzx5g0z27bjs8dpwvaecn'),('','concrete','security.token.encryption','49e06b2c59900272abb0f5a27ec0cd766ca5742293b296f240a34d9eb975ce03'),('','concrete','security.token.jobs','c627ab7cf3fed4fbdba0d540a871fddb5b6ac7ed4926ba0eda49d5951a582d68'),('','concrete','security.token.validation','05e47ac35bbca13fc47ec10461324fb3fee92c6e69ebefeb4d54c5b1c9392c87');

--
-- Table structure for table `ConfigStore`
--

CREATE TABLE `ConfigStore` (
  `cfKey` varchar(64) COLLATE utf8mb4_unicode_ci NOT NULL,
  `timestamp` timestamp NOT NULL DEFAULT CURRENT_TIMESTAMP,
  `cfValue` longtext COLLATE utf8mb4_unicode_ci,
  `uID` int(10) unsigned NOT NULL DEFAULT '0',
  `pkgID` int(10) unsigned NOT NULL DEFAULT '0',
  PRIMARY KEY (`cfKey`,`uID`),
  KEY `uID` (`uID`,`cfKey`),
  KEY `pkgID` (`pkgID`,`cfKey`)
) ENGINE=InnoDB DEFAULT CHARSET=utf8mb4 COLLATE=utf8mb4_unicode_ci;

--
-- Dumping data for table `ConfigStore`
--

INSERT INTO `ConfigStore` VALUES ('file_manager.sort.111','2020-08-30 21:27:44','[\"folderItemModified\",\"asc\"]',1,0),('file_manager.sort.191','2020-08-31 13:57:40','[\"folderItemModified\",\"desc\"]',1,0),('file_manager.sort.304','2021-08-28 16:22:07','[\"folderItemModified\",\"desc\"]',1,0),('file_manager.sort.49','2020-08-23 10:59:07','[\"folderItemModified\",\"desc\"]',1,0),('file_manager.sort.51','2020-08-23 11:45:54','[\"folderItemModified\",\"desc\"]',1,0),('file_manager.sort.7','2020-07-21 15:21:08','[\"folderItemModified\",\"desc\"]',1,0),('file_manager.sort.87','2020-08-25 21:13:27','[\"folderItemModified\",\"desc\"]',1,0),('file_manager.sort.94','2020-08-29 22:51:40','[\"folderItemModified\",\"desc\"]',1,0),('MAIN_HELP_LAST_VIEWED','2020-07-08 11:51:36','1594209096',1,0);

--
-- Table structure for table `ConversationDiscussions`
--

CREATE TABLE `ConversationDiscussions` (
  `cnvDiscussionID` int(10) unsigned NOT NULL AUTO_INCREMENT,
  `cnvDiscussionDateCreated` datetime NOT NULL,
  `cID` int(10) unsigned DEFAULT NULL,
  PRIMARY KEY (`cnvDiscussionID`),
  KEY `cID` (`cID`)
) ENGINE=InnoDB DEFAULT CHARSET=utf8mb4 COLLATE=utf8mb4_unicode_ci;

--
-- Dumping data for table `ConversationDiscussions`
--


--
-- Table structure for table `ConversationEditors`
--

CREATE TABLE `ConversationEditors` (
  `cnvEditorID` int(10) unsigned NOT NULL AUTO_INCREMENT,
  `cnvEditorHandle` varchar(64) COLLATE utf8mb4_unicode_ci DEFAULT NULL,
  `cnvEditorName` varchar(255) COLLATE utf8mb4_unicode_ci DEFAULT NULL,
  `cnvEditorIsActive` tinyint(1) NOT NULL DEFAULT '0',
  `pkgID` int(10) unsigned NOT NULL DEFAULT '0',
  PRIMARY KEY (`cnvEditorID`),
  KEY `pkgID` (`pkgID`,`cnvEditorHandle`)
) ENGINE=InnoDB AUTO_INCREMENT=4 DEFAULT CHARSET=utf8mb4 COLLATE=utf8mb4_unicode_ci;

--
-- Dumping data for table `ConversationEditors`
--

INSERT INTO `ConversationEditors` VALUES (1,'plain_text','Plain Text',1,0),(2,'markdown','Markdown',0,0),(3,'rich_text','Rich Text',0,0);

--
-- Table structure for table `ConversationFeatureDetailAssignments`
--

CREATE TABLE `ConversationFeatureDetailAssignments` (
  `faID` int(10) unsigned NOT NULL DEFAULT '0',
  `cnvID` int(10) unsigned NOT NULL DEFAULT '0',
  PRIMARY KEY (`faID`),
  KEY `cnvID` (`cnvID`)
) ENGINE=InnoDB DEFAULT CHARSET=utf8mb4 COLLATE=utf8mb4_unicode_ci;

--
-- Dumping data for table `ConversationFeatureDetailAssignments`
--

INSERT INTO `ConversationFeatureDetailAssignments` VALUES (1,1),(3,2),(4,3),(5,4),(11,5),(13,7);

--
-- Table structure for table `ConversationFlaggedMessageTypes`
--

CREATE TABLE `ConversationFlaggedMessageTypes` (
  `cnvMessageFlagTypeID` int(10) unsigned NOT NULL AUTO_INCREMENT,
  `cnvMessageFlagTypeHandle` varchar(64) COLLATE utf8mb4_unicode_ci DEFAULT NULL,
  PRIMARY KEY (`cnvMessageFlagTypeID`),
  UNIQUE KEY `cnvMessageFlagTypeHandle` (`cnvMessageFlagTypeHandle`)
) ENGINE=InnoDB AUTO_INCREMENT=2 DEFAULT CHARSET=utf8mb4 COLLATE=utf8mb4_unicode_ci;

--
-- Dumping data for table `ConversationFlaggedMessageTypes`
--

INSERT INTO `ConversationFlaggedMessageTypes` VALUES (1,'spam');

--
-- Table structure for table `ConversationFlaggedMessages`
--

CREATE TABLE `ConversationFlaggedMessages` (
  `cnvMessageID` int(10) unsigned NOT NULL,
  `cnvMessageFlagTypeID` int(11) DEFAULT NULL,
  PRIMARY KEY (`cnvMessageID`),
  KEY `cnvMessageFlagTypeID` (`cnvMessageFlagTypeID`)
) ENGINE=InnoDB DEFAULT CHARSET=utf8mb4 COLLATE=utf8mb4_unicode_ci;

--
-- Dumping data for table `ConversationFlaggedMessages`
--


--
-- Table structure for table `ConversationMessageAttachments`
--

CREATE TABLE `ConversationMessageAttachments` (
  `cnvMessageAttachmentID` int(10) unsigned NOT NULL AUTO_INCREMENT,
  `cnvMessageID` int(11) DEFAULT NULL,
  `fID` int(11) DEFAULT NULL,
  PRIMARY KEY (`cnvMessageAttachmentID`),
  KEY `cnvMessageID` (`cnvMessageID`),
  KEY `fID` (`fID`)
) ENGINE=InnoDB DEFAULT CHARSET=utf8mb4 COLLATE=utf8mb4_unicode_ci;

--
-- Dumping data for table `ConversationMessageAttachments`
--


--
-- Table structure for table `ConversationMessageNotifications`
--

CREATE TABLE `ConversationMessageNotifications` (
  `cnvMessageID` int(10) unsigned NOT NULL,
  `nID` int(10) unsigned NOT NULL,
  PRIMARY KEY (`nID`),
  CONSTRAINT `FK_559DE1CBED024EFD` FOREIGN KEY (`nID`) REFERENCES `Notifications` (`nID`) ON DELETE CASCADE
) ENGINE=InnoDB DEFAULT CHARSET=utf8mb4 COLLATE=utf8mb4_unicode_ci;

--
-- Dumping data for table `ConversationMessageNotifications`
--


--
-- Table structure for table `ConversationMessageRatings`
--

CREATE TABLE `ConversationMessageRatings` (
  `cnvMessageRatingID` int(10) unsigned NOT NULL AUTO_INCREMENT,
  `cnvMessageID` int(10) unsigned DEFAULT NULL,
  `cnvRatingTypeID` int(10) unsigned NOT NULL DEFAULT '0',
  `cnvMessageRatingIP` tinyblob,
  `timestamp` datetime DEFAULT NULL,
  `uID` int(10) unsigned NOT NULL DEFAULT '0',
  PRIMARY KEY (`cnvMessageRatingID`),
  KEY `cnvMessageID` (`cnvMessageID`,`cnvRatingTypeID`),
  KEY `cnvRatingTypeID` (`cnvRatingTypeID`),
  KEY `uID` (`uID`)
) ENGINE=InnoDB DEFAULT CHARSET=utf8mb4 COLLATE=utf8mb4_unicode_ci;

--
-- Dumping data for table `ConversationMessageRatings`
--


--
-- Table structure for table `ConversationMessages`
--

CREATE TABLE `ConversationMessages` (
  `cnvMessageID` int(10) unsigned NOT NULL AUTO_INCREMENT,
  `cnvID` int(10) unsigned NOT NULL DEFAULT '0',
  `cnvMessageReview` int(10) unsigned NOT NULL DEFAULT '0',
  `uID` int(10) unsigned NOT NULL DEFAULT '0',
  `cnvEditorID` int(10) unsigned NOT NULL DEFAULT '0',
  `cnvMessageAuthorName` varchar(255) COLLATE utf8mb4_unicode_ci DEFAULT NULL,
  `cnvMessageAuthorEmail` varchar(255) COLLATE utf8mb4_unicode_ci DEFAULT NULL,
  `cnvMessageAuthorWebsite` varchar(255) COLLATE utf8mb4_unicode_ci DEFAULT NULL,
  `cnvMessageSubmitIP` tinyblob,
  `cnvMessageSubmitUserAgent` longtext COLLATE utf8mb4_unicode_ci,
  `cnvMessageLevel` int(10) unsigned NOT NULL DEFAULT '0',
  `cnvMessageParentID` int(10) unsigned NOT NULL DEFAULT '0',
  `cnvMessageDateCreated` datetime DEFAULT NULL,
  `cnvMessageSubject` text COLLATE utf8mb4_unicode_ci,
  `cnvMessageBody` text COLLATE utf8mb4_unicode_ci,
  `cnvIsMessageDeleted` tinyint(1) NOT NULL DEFAULT '0',
  `cnvIsMessageApproved` tinyint(1) NOT NULL DEFAULT '0',
  `cnvMessageTotalRatingScore` bigint(20) DEFAULT '0',
  PRIMARY KEY (`cnvMessageID`),
  KEY `cnvID` (`cnvID`),
  KEY `cnvMessageParentID` (`cnvMessageParentID`),
  KEY `uID` (`uID`)
) ENGINE=InnoDB DEFAULT CHARSET=utf8mb4 COLLATE=utf8mb4_unicode_ci;

--
-- Dumping data for table `ConversationMessages`
--


--
-- Table structure for table `ConversationPermissionAddMessageAccessList`
--

CREATE TABLE `ConversationPermissionAddMessageAccessList` (
  `paID` int(10) unsigned NOT NULL DEFAULT '0',
  `peID` int(10) unsigned NOT NULL DEFAULT '0',
  `permission` varchar(1) COLLATE utf8mb4_unicode_ci NOT NULL DEFAULT 'A',
  PRIMARY KEY (`paID`,`peID`),
  KEY `peID` (`peID`)
) ENGINE=InnoDB DEFAULT CHARSET=utf8mb4 COLLATE=utf8mb4_unicode_ci;

--
-- Dumping data for table `ConversationPermissionAddMessageAccessList`
--


--
-- Table structure for table `ConversationPermissionAssignments`
--

CREATE TABLE `ConversationPermissionAssignments` (
  `cnvID` int(10) unsigned NOT NULL DEFAULT '0',
  `pkID` int(10) unsigned NOT NULL DEFAULT '0',
  `paID` int(10) unsigned NOT NULL DEFAULT '0',
  PRIMARY KEY (`cnvID`,`pkID`,`paID`),
  KEY `paID` (`paID`),
  KEY `pkID` (`pkID`)
) ENGINE=InnoDB DEFAULT CHARSET=utf8mb4 COLLATE=utf8mb4_unicode_ci;

--
-- Dumping data for table `ConversationPermissionAssignments`
--

INSERT INTO `ConversationPermissionAssignments` VALUES (0,67,111),(0,68,112),(0,71,113),(0,70,114),(0,72,115),(0,69,116),(0,73,117),(0,74,118);

--
-- Table structure for table `ConversationRatingTypes`
--

CREATE TABLE `ConversationRatingTypes` (
  `cnvRatingTypeID` int(10) unsigned NOT NULL AUTO_INCREMENT,
  `cnvRatingTypeHandle` varchar(255) COLLATE utf8mb4_unicode_ci DEFAULT NULL,
  `cnvRatingTypeName` varchar(10) COLLATE utf8mb4_unicode_ci DEFAULT NULL,
  `cnvRatingTypeCommunityPoints` int(11) DEFAULT NULL,
  `pkgID` int(10) unsigned NOT NULL DEFAULT '0',
  PRIMARY KEY (`cnvRatingTypeID`),
  UNIQUE KEY `cnvRatingTypeHandle` (`cnvRatingTypeHandle`),
  KEY `pkgID` (`pkgID`,`cnvRatingTypeHandle`)
) ENGINE=InnoDB AUTO_INCREMENT=3 DEFAULT CHARSET=utf8mb4 COLLATE=utf8mb4_unicode_ci;

--
-- Dumping data for table `ConversationRatingTypes`
--

INSERT INTO `ConversationRatingTypes` VALUES (1,'up_vote','Up Vote',1,0),(2,'down_vote','Down Vote',0,0);

--
-- Table structure for table `ConversationSubscriptions`
--

CREATE TABLE `ConversationSubscriptions` (
  `cnvID` int(10) unsigned NOT NULL DEFAULT '0',
  `uID` int(10) unsigned NOT NULL DEFAULT '0',
  `type` varchar(1) COLLATE utf8mb4_unicode_ci DEFAULT 'S',
  PRIMARY KEY (`cnvID`,`uID`),
  KEY `cnvID` (`cnvID`),
  KEY `uID` (`uID`)
) ENGINE=InnoDB DEFAULT CHARSET=utf8mb4 COLLATE=utf8mb4_unicode_ci;

--
-- Dumping data for table `ConversationSubscriptions`
--

INSERT INTO `ConversationSubscriptions` VALUES (0,1,'S');

--
-- Table structure for table `Conversations`
--

CREATE TABLE `Conversations` (
  `cnvID` int(10) unsigned NOT NULL AUTO_INCREMENT,
  `cID` int(10) unsigned DEFAULT '0',
  `cnvDateCreated` datetime NOT NULL,
  `cnvDateLastMessage` datetime DEFAULT NULL,
  `cnvParentMessageID` int(10) unsigned DEFAULT '0',
  `cnvAttachmentsEnabled` tinyint(1) NOT NULL DEFAULT '1',
  `cnvMessagesTotal` int(10) unsigned DEFAULT '0',
  `cnvOverrideGlobalPermissions` tinyint(1) DEFAULT '0',
  `cnvAttachmentOverridesEnabled` tinyint(1) NOT NULL DEFAULT '0',
  `cnvMaxFilesGuest` int(11) DEFAULT '0',
  `cnvMaxFilesRegistered` int(11) DEFAULT '0',
  `cnvMaxFileSizeGuest` int(11) DEFAULT '0',
  `cnvMaxFileSizeRegistered` int(11) DEFAULT '0',
  `cnvFileExtensions` text COLLATE utf8mb4_unicode_ci,
  `cnvNotificationOverridesEnabled` tinyint(1) NOT NULL DEFAULT '0',
  `cnvEnableSubscription` tinyint(1) DEFAULT '0',
  PRIMARY KEY (`cnvID`),
  KEY `cID` (`cID`),
  KEY `cnvParentMessageID` (`cnvParentMessageID`)
) ENGINE=InnoDB AUTO_INCREMENT=8 DEFAULT CHARSET=utf8mb4 COLLATE=utf8mb4_unicode_ci;

--
-- Dumping data for table `Conversations`
--

INSERT INTO `Conversations` VALUES (1,209,'2020-07-08 14:45:39','2020-07-08 14:45:39',0,1,0,0,0,0,0,0,0,NULL,0,0),(2,210,'2020-07-08 14:45:48','2020-07-08 14:45:48',0,1,0,0,0,0,0,0,0,NULL,0,0),(3,211,'2020-07-08 14:45:48','2020-07-08 14:45:48',0,1,0,0,0,0,0,0,0,NULL,0,0),(4,212,'2020-07-08 14:45:49','2020-07-08 14:45:49',0,1,0,0,0,0,0,0,0,NULL,0,0),(5,224,'2020-07-20 21:31:40','2020-07-20 21:31:40',0,1,0,0,0,0,0,0,0,NULL,0,0),(6,247,'2020-07-20 22:13:10','2020-07-20 22:13:10',0,1,0,0,0,0,0,0,0,NULL,0,0),(7,248,'2020-07-20 22:20:23','2020-07-20 22:20:23',0,1,0,0,0,0,0,0,0,NULL,0,0);

--
-- Table structure for table `DownloadStatistics`
--

CREATE TABLE `DownloadStatistics` (
  `dsID` int(10) unsigned NOT NULL AUTO_INCREMENT,
  `fID` int(10) unsigned NOT NULL,
  `fvID` int(10) unsigned NOT NULL,
  `uID` int(10) unsigned NOT NULL,
  `rcID` int(10) unsigned NOT NULL,
  `timestamp` timestamp NOT NULL DEFAULT CURRENT_TIMESTAMP,
  PRIMARY KEY (`dsID`),
  KEY `fID` (`fID`,`timestamp`),
  KEY `fvID` (`fID`,`fvID`),
  KEY `uID` (`uID`),
  KEY `rcID` (`rcID`),
  KEY `timestamp` (`timestamp`)
) ENGINE=InnoDB AUTO_INCREMENT=2250 DEFAULT CHARSET=utf8mb4 COLLATE=utf8mb4_unicode_ci;

--
-- Dumping data for table `DownloadStatistics`
--

INSERT INTO `DownloadStatistics` VALUES (1,63,1,1,273,'2020-08-25 22:35:40'),(2,63,1,1,273,'2020-08-25 22:36:03'),(3,63,1,1,273,'2020-08-25 22:36:13'),(4,63,1,1,273,'2020-08-25 22:36:30'),(5,63,1,1,273,'2020-08-25 22:36:50'),(6,63,1,1,273,'2020-08-25 22:36:59'),(7,63,1,1,273,'2020-08-25 22:37:25'),(8,63,1,1,273,'2020-08-25 22:37:38'),(9,63,1,1,273,'2020-08-25 22:38:26'),(10,63,1,1,273,'2020-08-25 22:38:37'),(11,63,1,1,273,'2020-08-26 21:14:07'),(12,63,1,1,273,'2020-08-26 21:16:30'),(13,63,1,1,273,'2020-08-26 21:17:28'),(14,63,1,1,273,'2020-08-26 21:18:00'),(15,63,1,1,273,'2020-08-26 21:18:18'),(16,63,1,0,273,'2020-08-27 14:09:42'),(17,63,1,0,273,'2020-08-27 14:33:32'),(18,63,1,0,273,'2020-08-27 14:33:33'),(19,63,1,0,273,'2020-08-27 14:33:34'),(20,63,1,0,273,'2020-08-27 14:33:35'),(21,63,1,0,273,'2020-08-27 14:33:38'),(22,63,1,0,273,'2020-08-27 14:33:39'),(23,63,1,0,273,'2020-08-27 14:33:39'),(24,63,1,0,273,'2020-08-27 14:33:40'),(25,63,1,0,273,'2020-08-27 14:33:41'),(26,63,1,0,273,'2020-08-27 14:33:41'),(27,63,1,0,273,'2020-08-27 14:33:42'),(28,63,1,0,273,'2020-08-27 14:33:42'),(29,63,1,0,273,'2020-08-27 14:33:43'),(30,63,1,0,273,'2020-08-27 14:33:44'),(31,63,1,0,273,'2020-08-27 14:33:45'),(32,63,1,0,273,'2020-08-27 14:33:45'),(33,63,1,0,273,'2020-08-27 14:33:46'),(34,63,1,0,273,'2020-08-27 14:33:46'),(35,63,1,0,273,'2020-08-27 14:33:47'),(36,63,1,0,273,'2020-08-27 14:33:48'),(37,63,1,0,273,'2020-08-27 14:33:48'),(38,63,1,0,273,'2020-08-27 14:33:49'),(39,63,1,0,273,'2020-08-27 14:33:50'),(40,63,1,0,273,'2020-08-27 14:33:51'),(41,63,1,0,273,'2020-08-27 14:33:52'),(42,63,1,0,273,'2020-08-27 14:33:53'),(43,63,1,0,273,'2020-08-27 14:33:53'),(44,63,1,0,273,'2020-08-27 14:33:54'),(45,63,1,0,273,'2020-08-27 14:33:55'),(46,63,1,0,273,'2020-08-27 14:33:55'),(47,63,1,0,273,'2020-08-27 14:33:56'),(48,63,1,0,273,'2020-08-27 14:33:56'),(49,63,1,0,273,'2020-08-27 14:33:57'),(50,63,1,0,273,'2020-08-27 14:33:58'),(51,63,1,0,273,'2020-08-27 14:34:00'),(52,63,1,0,273,'2020-08-27 14:34:01'),(53,63,1,0,273,'2020-08-27 14:34:02'),(54,63,1,0,273,'2020-08-27 14:34:02'),(55,63,1,0,273,'2020-08-27 14:34:03'),(56,63,1,0,273,'2020-08-27 14:34:04'),(57,63,1,0,273,'2020-08-27 14:34:04'),(58,63,1,0,273,'2020-08-27 14:34:05'),(59,63,1,0,273,'2020-08-27 14:34:06'),(60,63,1,0,273,'2020-08-27 14:34:06'),(61,63,1,0,273,'2020-08-27 14:34:07'),(62,63,1,0,273,'2020-08-27 14:34:07'),(63,63,1,0,273,'2020-08-27 14:34:08'),(64,63,1,0,273,'2020-08-27 14:34:09'),(65,63,1,0,273,'2020-08-27 14:34:09'),(66,63,1,0,273,'2020-08-27 14:34:10'),(67,63,1,0,273,'2020-08-27 14:34:10'),(68,63,1,0,273,'2020-08-27 14:34:11'),(69,63,1,0,273,'2020-08-27 14:34:12'),(70,63,1,0,273,'2020-08-27 14:34:12'),(71,63,1,0,273,'2020-08-27 14:34:13'),(72,63,1,0,273,'2020-08-27 14:34:14'),(73,63,1,0,273,'2020-08-27 14:34:14'),(74,63,1,0,273,'2020-08-27 14:34:15'),(75,63,1,0,273,'2020-08-27 14:34:16'),(76,63,1,0,273,'2020-08-27 14:34:16'),(77,63,1,0,273,'2020-08-27 14:34:17'),(78,63,1,0,273,'2020-08-27 14:34:18'),(79,63,1,0,273,'2020-08-27 14:34:19'),(80,63,1,0,273,'2020-08-27 14:34:19'),(81,63,1,0,273,'2020-08-27 14:34:20'),(82,63,1,0,273,'2020-08-27 14:34:21'),(83,63,1,0,273,'2020-08-27 14:34:21'),(84,63,1,0,273,'2020-08-27 14:34:22'),(85,63,1,0,273,'2020-08-27 14:34:23'),(86,63,1,0,273,'2020-08-27 14:34:23'),(87,63,1,0,273,'2020-08-27 14:34:24'),(88,63,1,0,273,'2020-08-27 14:34:25'),(89,63,1,0,273,'2020-08-27 14:34:25'),(90,63,1,0,273,'2020-08-27 14:34:26'),(91,63,1,0,273,'2020-08-27 14:34:26'),(92,63,1,0,273,'2020-08-27 14:34:27'),(93,63,1,0,273,'2020-08-27 14:34:28'),(94,63,1,0,273,'2020-08-27 14:34:28'),(95,63,1,0,273,'2020-08-27 14:34:29'),(96,63,1,0,273,'2020-08-27 14:34:29'),(97,63,1,0,273,'2020-08-27 14:34:30'),(98,63,1,0,273,'2020-08-27 14:34:31'),(99,63,1,0,273,'2020-08-27 14:34:31'),(100,63,1,0,273,'2020-08-27 14:34:32'),(101,63,1,0,273,'2020-08-27 14:34:33'),(102,63,1,0,273,'2020-08-27 14:34:33'),(103,63,1,0,273,'2020-08-27 14:34:34'),(104,63,1,0,273,'2020-08-27 14:34:35'),(105,63,1,0,273,'2020-08-27 14:34:35'),(106,63,1,0,273,'2020-08-27 14:34:36'),(107,63,1,0,273,'2020-08-27 14:34:37'),(108,63,1,0,273,'2020-08-27 14:34:37'),(109,63,1,0,273,'2020-08-27 14:34:38'),(110,63,1,0,273,'2020-08-27 14:34:38'),(111,63,1,0,273,'2020-08-27 14:34:39'),(112,63,1,0,273,'2020-08-27 14:34:40'),(113,63,1,0,273,'2020-08-27 14:34:40'),(114,63,1,0,273,'2020-08-27 14:34:41'),(115,63,1,0,273,'2020-08-27 14:34:41'),(116,63,1,0,273,'2020-08-27 14:34:42'),(117,63,1,0,273,'2020-08-27 14:34:43'),(118,63,1,0,273,'2020-08-27 14:34:43'),(119,63,1,0,273,'2020-08-27 14:34:44'),(120,63,1,0,273,'2020-08-27 14:34:44'),(121,63,1,0,273,'2020-08-27 14:34:57'),(122,63,1,0,273,'2020-08-27 14:34:57'),(123,63,1,0,273,'2020-08-27 14:34:58'),(124,63,1,0,273,'2020-08-27 14:34:59'),(125,63,1,0,273,'2020-08-27 14:34:59'),(126,63,1,0,273,'2020-08-28 14:16:32'),(127,63,1,0,273,'2020-08-28 15:38:58'),(128,63,1,0,273,'2020-08-28 15:38:59'),(129,63,1,0,273,'2020-08-28 15:39:00'),(130,63,1,0,273,'2020-08-28 15:39:02'),(131,63,1,0,273,'2020-08-28 15:39:23'),(132,63,1,0,273,'2020-08-29 17:03:42'),(133,63,1,0,273,'2020-08-29 17:07:51'),(134,63,1,0,273,'2020-08-29 17:07:57'),(135,63,1,0,273,'2020-08-30 09:48:03'),(136,63,1,1,273,'2020-08-30 13:20:13'),(137,63,1,1,273,'2020-08-30 19:16:32'),(138,63,1,1,273,'2020-08-30 19:17:07'),(139,63,1,1,273,'2020-08-30 19:17:18'),(140,63,1,1,273,'2020-08-30 19:17:47'),(141,63,1,1,273,'2020-08-30 19:18:30'),(142,63,1,1,273,'2020-08-30 19:18:37'),(143,63,1,1,273,'2020-08-30 19:19:32'),(144,63,1,1,273,'2020-08-30 19:19:45'),(145,63,1,1,273,'2020-08-30 19:19:57'),(146,63,1,1,273,'2020-08-30 19:20:05'),(147,63,1,1,273,'2020-08-30 19:33:01'),(148,63,1,0,273,'2020-08-31 06:11:57'),(149,63,1,1,273,'2020-08-31 06:55:23'),(150,63,1,1,273,'2020-08-31 06:55:59'),(151,63,1,1,273,'2020-08-31 08:24:32'),(152,63,1,0,273,'2020-08-31 09:31:26'),(153,63,1,1,273,'2020-08-31 09:48:13'),(154,63,1,1,273,'2020-08-31 11:17:20'),(155,63,1,0,273,'2020-08-31 13:25:49'),(156,63,1,1,273,'2020-08-31 13:42:39'),(157,63,1,1,273,'2020-08-31 13:42:46'),(158,63,2,1,273,'2020-08-31 13:43:21'),(159,63,2,1,273,'2020-08-31 13:43:26'),(160,63,2,1,273,'2020-08-31 13:43:35'),(161,63,2,1,273,'2020-08-31 13:43:43'),(162,63,2,1,273,'2020-08-31 13:51:56'),(163,63,2,1,273,'2020-08-31 13:54:35'),(164,63,2,1,273,'2020-08-31 13:54:46'),(165,63,2,1,273,'2020-08-31 13:54:56'),(166,63,2,1,273,'2020-08-31 13:55:03'),(167,63,2,1,273,'2020-08-31 13:55:17'),(168,63,2,1,273,'2020-08-31 13:55:20'),(169,63,2,1,273,'2020-08-31 13:55:34'),(170,63,2,1,273,'2020-08-31 13:56:16'),(171,63,2,1,273,'2020-08-31 13:56:30'),(172,63,2,1,273,'2020-08-31 13:56:38'),(173,63,2,1,273,'2020-08-31 13:56:43'),(174,63,2,1,273,'2020-08-31 13:56:57'),(175,63,2,1,273,'2020-08-31 13:57:34'),(176,63,2,1,273,'2020-08-31 13:57:45'),(177,63,2,1,273,'2020-08-31 14:00:12'),(178,63,2,1,273,'2020-08-31 15:06:19'),(179,63,2,0,273,'2020-08-31 18:58:20'),(180,63,2,0,273,'2020-08-31 21:43:52'),(181,63,2,0,273,'2020-09-01 02:15:15'),(182,63,2,0,273,'2020-09-01 08:36:57'),(183,63,2,0,273,'2020-09-01 08:38:02'),(184,63,2,0,273,'2020-09-01 08:39:45'),(185,63,2,0,273,'2020-09-01 08:41:38'),(186,63,2,0,273,'2020-09-01 09:48:25'),(187,63,2,0,273,'2020-09-01 09:56:11'),(188,63,2,0,273,'2020-09-01 09:56:23'),(189,63,2,0,273,'2020-09-01 10:21:19'),(190,63,2,0,273,'2020-09-01 10:22:49'),(191,63,2,0,273,'2020-09-01 10:24:14'),(192,63,2,0,273,'2020-09-01 10:24:15'),(193,63,2,0,273,'2020-09-01 10:24:16'),(194,63,2,0,273,'2020-09-01 10:24:17'),(195,63,2,0,273,'2020-09-01 10:24:38'),(196,63,2,0,273,'2020-09-01 10:25:08'),(197,63,2,0,273,'2020-09-01 10:25:10'),(198,63,2,0,273,'2020-09-01 10:25:11'),(199,63,2,0,273,'2020-09-01 10:25:12'),(200,63,2,0,273,'2020-09-01 10:25:12'),(201,63,2,0,273,'2020-09-01 10:25:13'),(202,63,2,0,273,'2020-09-01 10:25:14'),(203,63,2,0,273,'2020-09-01 10:25:14'),(204,63,2,0,273,'2020-09-01 10:25:15'),(205,63,2,0,273,'2020-09-01 10:25:15'),(206,63,2,0,273,'2020-09-01 10:25:16'),(207,63,2,0,273,'2020-09-01 10:25:17'),(208,63,2,0,273,'2020-09-01 10:25:17'),(209,63,2,0,273,'2020-09-01 10:25:18'),(210,63,2,0,273,'2020-09-01 10:25:18'),(211,63,2,0,273,'2020-09-01 10:25:19'),(212,63,2,0,273,'2020-09-01 10:25:20'),(213,63,2,0,273,'2020-09-01 10:25:20'),(214,63,2,0,273,'2020-09-01 10:25:21'),(215,63,2,0,273,'2020-09-01 10:25:21'),(216,63,2,0,273,'2020-09-01 10:25:22'),(217,63,2,0,273,'2020-09-01 10:25:23'),(218,63,2,0,273,'2020-09-01 10:25:23'),(219,63,2,0,273,'2020-09-01 10:25:24'),(220,63,2,0,273,'2020-09-01 10:25:24'),(221,63,2,0,273,'2020-09-01 10:25:25'),(222,63,2,0,273,'2020-09-01 10:25:26'),(223,63,2,0,273,'2020-09-01 10:25:27'),(224,63,2,0,273,'2020-09-01 10:25:27'),(225,63,2,0,273,'2020-09-01 10:25:28'),(226,63,2,0,273,'2020-09-01 10:25:29'),(227,63,2,0,273,'2020-09-01 10:25:29'),(228,63,2,0,273,'2020-09-01 10:25:30'),(229,63,2,0,273,'2020-09-01 10:25:31'),(230,63,2,0,273,'2020-09-01 10:25:31'),(231,63,2,0,273,'2020-09-01 10:25:33'),(232,63,2,0,273,'2020-09-01 10:25:35'),(233,63,2,0,273,'2020-09-01 10:25:36'),(234,63,2,0,273,'2020-09-01 10:25:37'),(235,63,2,0,273,'2020-09-01 10:25:38'),(236,63,2,0,273,'2020-09-01 10:25:45'),(237,63,2,0,273,'2020-09-01 10:25:46'),(238,63,2,0,273,'2020-09-01 10:25:46'),(239,63,2,0,273,'2020-09-01 10:25:47'),(240,63,2,0,273,'2020-09-01 10:25:48'),(241,63,2,0,273,'2020-09-01 10:25:49'),(242,63,2,0,273,'2020-09-01 10:33:50'),(243,63,2,0,273,'2020-09-01 10:52:49'),(244,63,2,0,273,'2020-09-01 11:15:54'),(245,63,2,1,273,'2020-09-01 11:33:50'),(246,63,2,1,273,'2020-09-01 11:34:09'),(247,63,2,1,273,'2020-09-01 11:37:59'),(248,63,2,1,273,'2020-09-01 11:38:11'),(249,63,2,1,273,'2020-09-01 11:39:16'),(250,63,2,1,273,'2020-09-01 11:39:31'),(251,63,2,1,273,'2020-09-01 11:39:42'),(252,63,2,1,273,'2020-09-01 11:39:52'),(253,63,2,1,273,'2020-09-01 11:39:57'),(254,63,2,1,273,'2020-09-01 11:40:05'),(255,265,1,0,273,'2020-09-01 11:44:13'),(256,63,2,0,273,'2020-09-01 11:44:17'),(257,63,2,1,273,'2020-09-01 11:46:13'),(258,63,2,1,273,'2020-09-01 11:46:53'),(259,63,2,1,273,'2020-09-01 11:56:38'),(260,63,2,1,273,'2020-09-01 11:56:54'),(261,63,2,1,273,'2020-09-01 11:57:50'),(262,265,1,1,273,'2020-09-01 11:57:55'),(263,63,2,1,273,'2020-09-01 11:58:07'),(264,63,2,1,273,'2020-09-01 11:58:58'),(265,265,1,1,273,'2020-09-01 11:59:14'),(266,63,2,0,273,'2020-09-01 12:11:52'),(267,63,2,0,273,'2020-09-01 12:37:35'),(268,265,1,0,273,'2020-09-01 12:37:50'),(269,63,2,0,273,'2020-09-01 12:40:22'),(270,265,1,0,273,'2020-09-01 12:40:28'),(271,265,1,0,273,'2020-09-01 13:06:57'),(272,63,2,0,273,'2020-09-01 13:35:55'),(273,63,2,0,273,'2020-09-01 15:07:16'),(274,63,2,0,273,'2020-09-01 16:01:21'),(275,265,1,0,273,'2020-09-01 16:01:39'),(276,265,1,0,273,'2020-09-01 17:17:10'),(277,63,2,0,273,'2020-09-01 17:31:09'),(278,63,2,0,273,'2020-09-01 17:31:15'),(279,63,2,0,273,'2020-09-01 17:31:16'),(280,63,2,0,273,'2020-09-01 17:31:18'),(281,63,2,0,273,'2020-09-01 17:31:20'),(282,63,2,0,273,'2020-09-01 17:31:26'),(283,63,2,0,273,'2020-09-01 17:31:29'),(284,63,2,0,273,'2020-09-01 18:54:15'),(285,63,2,1,273,'2020-09-02 09:39:44'),(286,265,1,0,273,'2020-09-02 09:45:34'),(287,265,1,0,273,'2020-09-02 09:45:49'),(288,63,2,1,273,'2020-09-02 10:42:46'),(289,265,1,0,273,'2020-09-02 13:19:21'),(290,265,1,0,273,'2020-09-02 13:26:43'),(291,63,2,0,273,'2020-09-02 13:27:21'),(292,63,2,0,273,'2020-09-02 13:54:10'),(293,63,2,0,273,'2020-09-02 13:54:35'),(294,63,2,0,273,'2020-09-02 14:12:23'),(295,63,2,0,273,'2020-09-02 14:13:21'),(296,63,2,0,273,'2020-09-02 14:54:16'),(297,63,2,0,273,'2020-09-02 15:40:46'),(298,63,2,1,273,'2020-09-03 05:44:47'),(299,63,2,0,273,'2020-09-03 08:08:27'),(300,63,2,0,273,'2020-09-03 08:15:34'),(301,63,2,0,273,'2020-09-03 08:15:35'),(302,63,2,0,273,'2020-09-03 08:15:37'),(303,63,2,0,273,'2020-09-03 08:15:39'),(304,63,2,1,302,'2020-09-03 10:42:15'),(305,63,2,0,273,'2020-09-03 11:02:37'),(306,63,2,0,273,'2020-09-03 12:50:12'),(307,63,2,0,273,'2020-09-03 12:50:13'),(308,63,2,0,273,'2020-09-03 12:50:14'),(309,63,2,0,273,'2020-09-03 12:50:18'),(310,63,2,0,273,'2020-09-03 12:53:31'),(311,63,2,0,273,'2020-09-03 15:14:57'),(312,63,2,0,273,'2020-09-03 17:50:11'),(313,63,2,0,273,'2020-09-04 00:20:28'),(314,63,2,0,273,'2020-09-04 10:03:00'),(315,63,2,0,273,'2020-09-04 10:03:34'),(316,63,2,0,273,'2020-09-04 10:03:34'),(317,63,2,0,273,'2020-09-04 11:32:10'),(318,63,2,1,273,'2020-09-04 12:16:41'),(319,63,2,1,273,'2020-09-04 12:16:45'),(320,63,2,1,273,'2020-09-04 12:16:54'),(321,63,2,1,273,'2020-09-04 12:16:57'),(322,63,2,1,302,'2020-09-04 12:27:40'),(323,63,2,1,302,'2020-09-04 12:27:58'),(324,63,2,1,302,'2020-09-04 12:28:16'),(325,63,2,1,302,'2020-09-04 12:30:56'),(326,63,2,1,302,'2020-09-04 12:31:02'),(327,63,2,1,302,'2020-09-04 12:31:43'),(328,63,2,0,273,'2020-09-04 19:14:53'),(329,63,2,0,273,'2020-09-05 03:42:23'),(330,265,1,0,273,'2020-09-05 03:47:05'),(331,265,1,0,273,'2020-09-05 10:56:40'),(332,265,1,0,273,'2020-09-05 11:09:46'),(333,63,2,0,273,'2020-09-05 11:10:11'),(334,265,1,0,273,'2020-09-05 16:57:07'),(335,63,2,0,273,'2020-09-05 21:33:47'),(336,63,2,0,273,'2020-09-05 21:35:06'),(337,265,1,0,273,'2020-09-05 21:35:12'),(338,63,2,0,273,'2020-09-05 21:41:33'),(339,265,1,0,273,'2020-09-05 22:08:17'),(340,63,2,0,273,'2020-09-05 22:13:02'),(341,63,2,0,273,'2020-09-06 12:44:26'),(342,265,1,0,273,'2020-09-07 03:08:12'),(343,265,1,0,302,'2020-09-07 08:41:32'),(344,63,2,1,302,'2020-09-07 10:20:50'),(345,63,2,0,273,'2020-09-07 10:48:40'),(346,63,2,0,273,'2020-09-07 14:01:09'),(347,265,1,0,273,'2020-09-07 14:01:19'),(348,63,2,0,302,'2020-09-07 15:33:27'),(349,265,1,0,273,'2020-09-07 15:43:44'),(350,63,2,0,273,'2020-09-07 20:23:04'),(351,63,2,0,273,'2020-09-08 02:10:45'),(352,265,1,0,273,'2020-09-08 02:59:00'),(353,63,2,0,302,'2020-09-08 07:29:54'),(354,63,2,1,302,'2020-09-08 07:41:37'),(355,265,1,0,302,'2020-09-08 07:46:43'),(356,265,1,0,273,'2020-09-08 22:59:51'),(357,63,2,0,273,'2020-09-09 06:31:39'),(358,63,2,0,273,'2020-09-09 07:27:26'),(359,265,1,0,273,'2020-09-09 12:35:28'),(360,265,1,0,273,'2020-09-09 12:35:31'),(361,63,2,0,273,'2020-09-09 17:43:38'),(362,63,2,0,273,'2020-09-10 04:55:51'),(363,63,2,0,273,'2020-09-10 06:43:39'),(364,265,1,0,273,'2020-09-10 06:43:54'),(365,63,2,0,273,'2020-09-10 12:15:43'),(366,63,2,0,273,'2020-09-10 12:15:52'),(367,265,1,0,273,'2020-09-10 17:00:32'),(368,63,2,0,273,'2020-09-11 11:11:28'),(369,63,2,0,273,'2020-09-11 11:11:29'),(370,63,2,0,273,'2020-09-11 11:14:01'),(371,63,2,0,273,'2020-09-11 11:14:25'),(372,265,1,0,273,'2020-09-11 11:14:25'),(373,63,2,0,273,'2020-09-11 11:14:29'),(374,63,2,0,273,'2020-09-11 11:15:31'),(375,63,2,0,273,'2020-09-11 11:15:31'),(376,63,2,0,273,'2020-09-11 11:15:53'),(377,63,2,0,273,'2020-09-11 11:16:40'),(378,265,1,0,273,'2020-09-11 11:16:40'),(379,63,2,0,273,'2020-09-11 11:16:45'),(380,63,2,0,273,'2020-09-11 11:17:44'),(381,63,2,0,273,'2020-09-11 11:20:00'),(382,63,2,0,273,'2020-09-11 11:20:17'),(383,63,2,0,273,'2020-09-11 11:27:48'),(384,63,2,0,273,'2020-09-11 11:29:16'),(385,265,1,0,273,'2020-09-11 11:29:53'),(386,63,2,0,273,'2020-09-11 11:34:36'),(387,63,2,0,273,'2020-09-12 08:59:50'),(388,63,2,0,273,'2020-09-12 12:40:47'),(389,265,1,0,273,'2020-09-12 12:42:27'),(390,265,1,0,273,'2020-09-12 17:09:14'),(391,265,1,0,273,'2020-09-13 07:12:32'),(392,265,1,0,273,'2020-09-14 16:41:21'),(393,63,2,0,273,'2020-09-14 18:22:29'),(394,63,2,0,273,'2020-09-14 18:23:23'),(395,265,1,0,273,'2020-09-14 18:23:23'),(396,63,2,0,273,'2020-09-15 05:07:01'),(397,265,1,0,273,'2020-09-15 12:19:52'),(398,63,2,0,273,'2020-09-17 12:55:42'),(399,63,2,0,273,'2020-09-17 16:38:49'),(400,63,2,0,273,'2020-09-17 16:39:25'),(401,265,1,0,273,'2020-09-17 16:39:28'),(402,265,1,0,273,'2020-09-17 17:09:18'),(403,63,2,0,273,'2020-09-18 00:41:34'),(404,63,2,0,273,'2020-09-18 06:29:59'),(405,265,1,0,273,'2020-09-18 07:18:18'),(406,63,2,0,273,'2020-09-18 11:43:10'),(407,63,2,0,273,'2020-09-18 11:43:40'),(408,63,2,0,273,'2020-09-18 11:44:16'),(409,63,2,0,273,'2020-09-18 11:44:20'),(410,63,2,0,273,'2020-09-19 12:51:02'),(411,265,1,0,273,'2020-09-19 16:01:16'),(412,63,2,0,302,'2020-09-20 16:47:18'),(413,265,1,0,273,'2020-09-20 16:54:26'),(414,265,1,0,302,'2020-09-20 20:43:58'),(415,63,2,0,273,'2020-09-21 12:30:05'),(416,63,2,0,273,'2020-09-21 12:30:06'),(417,63,2,0,273,'2020-09-21 15:50:24'),(418,63,2,0,273,'2020-09-22 06:15:51'),(419,63,2,0,273,'2020-09-22 11:19:57'),(420,265,1,0,273,'2020-09-22 11:20:08'),(421,63,2,0,273,'2020-09-22 12:43:09'),(422,63,2,0,273,'2020-09-22 12:43:12'),(423,63,2,0,273,'2020-09-22 14:45:18'),(424,63,2,0,273,'2020-09-22 14:45:40'),(425,63,2,0,273,'2020-09-22 14:45:41'),(426,63,2,0,273,'2020-09-22 14:45:48'),(427,63,2,0,273,'2020-09-22 14:45:57'),(428,63,2,0,273,'2020-09-22 17:17:39'),(429,63,2,0,273,'2020-09-28 18:19:07'),(430,63,2,0,273,'2020-09-29 06:23:48'),(431,63,2,0,273,'2020-09-29 06:24:12'),(432,265,1,0,273,'2020-09-29 06:24:17'),(433,63,2,0,273,'2020-09-29 06:25:49'),(434,63,2,0,273,'2020-09-29 06:30:32'),(435,63,2,0,273,'2020-09-29 13:02:04'),(436,63,2,0,273,'2020-09-29 13:04:09'),(437,63,2,0,273,'2020-09-29 13:04:38'),(438,63,2,0,273,'2020-09-30 03:10:48'),(439,63,2,0,273,'2020-10-01 12:35:20'),(440,265,1,0,302,'2020-10-01 16:52:08'),(441,63,2,0,302,'2020-10-01 16:52:20'),(442,265,1,0,273,'2020-10-01 17:11:22'),(443,63,2,0,273,'2020-10-02 07:35:42'),(444,63,2,0,273,'2020-10-02 14:00:07'),(445,63,2,0,273,'2020-10-02 14:00:15'),(446,63,2,0,273,'2020-10-02 15:46:22'),(447,63,2,0,273,'2020-10-03 03:24:50'),(448,63,2,0,273,'2020-10-03 03:24:51'),(449,63,2,0,273,'2020-10-04 17:28:33'),(450,63,2,0,273,'2020-10-04 17:28:43'),(451,63,2,0,273,'2020-10-07 15:03:11'),(452,63,2,0,273,'2020-10-07 15:03:26'),(453,63,2,0,273,'2020-10-07 15:05:34'),(454,63,2,0,273,'2020-10-07 15:05:54'),(455,63,2,0,273,'2020-10-07 15:05:56'),(456,63,2,0,273,'2020-10-07 15:06:29'),(457,63,2,0,273,'2020-10-07 16:07:28'),(458,63,2,0,273,'2020-10-07 16:07:29'),(459,63,2,0,273,'2020-10-08 05:15:58'),(460,265,1,0,273,'2020-10-08 05:16:08'),(461,63,2,0,273,'2020-10-08 05:17:22'),(462,265,1,0,273,'2020-10-09 16:44:55'),(463,63,2,0,273,'2020-10-09 16:52:14'),(464,63,2,0,273,'2020-10-11 05:41:42'),(465,63,2,0,273,'2020-10-11 17:35:36'),(466,63,2,0,273,'2020-10-11 17:57:37'),(467,63,2,0,273,'2020-10-11 17:57:58'),(468,63,2,0,273,'2020-10-11 18:13:03'),(469,63,2,0,273,'2020-10-12 15:13:55'),(470,63,2,0,273,'2020-10-12 15:15:33'),(471,265,1,0,273,'2020-10-12 16:52:04'),(472,265,1,0,273,'2020-10-12 16:52:31'),(473,265,1,0,273,'2020-10-13 09:22:10'),(474,63,2,0,273,'2020-10-13 09:29:35'),(475,265,1,0,273,'2020-10-13 10:31:13'),(476,63,2,0,273,'2020-10-13 10:41:33'),(477,265,1,0,273,'2020-10-13 10:41:43'),(478,63,2,0,273,'2020-10-13 10:42:58'),(479,63,2,0,273,'2020-10-14 03:43:42'),(480,63,2,0,273,'2020-10-14 10:27:02'),(481,63,2,0,273,'2020-10-14 10:27:03'),(482,63,2,0,273,'2020-10-14 10:27:15'),(483,63,2,0,273,'2020-10-14 10:27:18'),(484,63,2,0,273,'2020-10-14 10:27:20'),(485,63,2,0,273,'2020-10-14 10:27:25'),(486,63,2,0,273,'2020-10-14 10:27:28'),(487,63,2,0,273,'2020-10-14 16:57:22'),(488,63,2,0,273,'2020-10-14 17:00:27'),(489,265,1,0,273,'2020-10-14 17:01:03'),(490,63,2,0,273,'2020-10-14 17:01:03'),(491,63,2,0,273,'2020-10-14 17:01:06'),(492,63,2,0,273,'2020-10-14 17:01:38'),(493,265,1,0,273,'2020-10-14 17:01:38'),(494,63,2,0,273,'2020-10-14 17:01:57'),(495,63,2,0,273,'2020-10-14 19:29:26'),(496,63,2,0,273,'2020-10-15 07:08:37'),(497,63,2,0,273,'2020-10-15 07:09:42'),(498,63,2,0,273,'2020-10-15 08:32:17'),(499,63,2,0,273,'2020-10-15 11:20:15'),(500,63,2,0,273,'2020-10-15 12:50:27'),(501,63,2,0,273,'2020-10-15 12:50:28'),(502,63,2,0,273,'2020-10-15 12:50:49'),(503,63,2,0,273,'2020-10-15 14:02:49'),(504,63,2,0,273,'2020-10-16 07:35:14'),(505,63,2,0,273,'2020-10-16 09:51:05'),(506,63,2,0,273,'2020-10-16 09:51:14'),(507,265,1,0,273,'2020-10-17 10:12:12'),(508,63,2,0,273,'2020-10-17 10:38:24'),(509,63,2,0,273,'2020-10-17 10:38:26'),(510,63,2,0,273,'2020-10-17 10:38:28'),(511,63,2,0,273,'2020-10-17 10:38:28'),(512,63,2,0,273,'2020-10-17 10:39:05'),(513,63,2,0,273,'2020-10-17 16:42:12'),(514,63,2,0,273,'2020-10-17 16:42:13'),(515,63,2,0,273,'2020-10-17 16:42:16'),(516,63,2,0,273,'2020-10-17 16:42:17'),(517,63,2,0,273,'2020-10-17 16:42:19'),(518,63,2,0,273,'2020-10-17 16:42:57'),(519,63,2,0,273,'2020-10-17 16:43:00'),(520,63,2,0,273,'2020-10-17 16:43:01'),(521,63,2,0,273,'2020-10-17 16:43:09'),(522,63,2,0,273,'2020-10-17 16:43:19'),(523,63,2,0,273,'2020-10-17 16:43:20'),(524,63,2,0,273,'2020-10-17 16:43:22'),(525,63,2,0,273,'2020-10-18 04:13:45'),(526,63,2,0,273,'2020-10-18 14:44:00'),(527,63,2,0,273,'2020-10-18 14:48:51'),(528,63,2,0,273,'2020-10-18 18:41:46'),(529,63,2,0,273,'2020-10-19 05:05:36'),(530,63,2,0,273,'2020-10-19 15:40:21'),(531,63,2,0,273,'2020-10-19 15:40:44'),(532,63,2,0,273,'2020-10-19 15:40:49'),(533,63,2,0,273,'2020-10-19 15:41:17'),(534,63,2,0,273,'2020-10-19 15:43:49'),(535,265,1,0,273,'2020-10-19 15:43:57'),(536,63,2,0,273,'2020-10-19 15:43:57'),(537,63,2,0,273,'2020-10-19 16:11:55'),(538,63,2,0,273,'2020-10-19 16:11:56'),(539,63,2,0,273,'2020-10-19 16:11:57'),(540,63,2,0,273,'2020-10-19 16:12:00'),(541,63,2,0,273,'2020-10-19 18:29:16'),(542,63,2,0,273,'2020-10-19 18:57:19'),(543,265,1,0,273,'2020-10-19 18:58:35'),(544,265,1,0,273,'2020-10-19 18:59:02'),(545,63,2,0,273,'2020-10-19 19:04:52'),(546,63,2,0,273,'2020-10-19 19:05:36'),(547,63,2,0,273,'2020-10-19 19:06:43'),(548,63,2,0,273,'2020-10-19 19:20:19'),(549,63,2,0,273,'2020-10-19 19:23:42'),(550,265,1,0,273,'2020-10-19 19:24:05'),(551,63,2,0,273,'2020-10-19 19:34:29'),(552,63,2,0,273,'2020-10-19 19:38:58'),(553,63,2,0,273,'2020-10-20 21:24:34'),(554,63,2,0,273,'2020-10-21 12:48:35'),(555,265,1,0,273,'2020-10-21 12:49:00'),(556,63,2,0,273,'2020-10-21 12:49:54'),(557,63,2,0,273,'2020-10-21 12:50:30'),(558,63,2,0,273,'2020-10-21 12:51:01'),(559,63,2,0,273,'2020-10-21 12:51:02'),(560,63,2,0,273,'2020-10-21 12:51:05'),(561,63,2,0,273,'2020-10-21 12:51:06'),(562,63,2,0,273,'2020-10-21 12:51:07'),(563,63,2,0,273,'2020-10-21 12:51:08'),(564,63,2,0,273,'2020-10-21 12:51:09'),(565,63,2,0,273,'2020-10-21 12:51:10'),(566,63,2,0,273,'2020-10-21 12:51:12'),(567,63,2,0,273,'2020-10-21 12:51:13'),(568,63,2,0,273,'2020-10-21 12:51:14'),(569,63,2,0,273,'2020-10-21 12:52:59'),(570,63,2,0,273,'2020-10-21 13:03:09'),(571,63,2,0,273,'2020-10-22 07:01:47'),(572,63,2,0,273,'2020-10-22 07:02:20'),(573,63,2,0,302,'2020-10-22 07:03:41'),(574,265,1,0,273,'2020-10-22 07:04:48'),(575,63,2,0,273,'2020-10-23 09:17:56'),(576,265,1,0,273,'2020-10-23 15:57:23'),(577,265,1,0,273,'2020-10-23 15:57:39'),(578,63,2,0,273,'2020-10-24 19:35:29'),(579,63,2,0,273,'2020-10-24 19:38:26'),(580,265,1,0,273,'2020-10-24 19:38:27'),(581,63,2,0,273,'2020-10-24 19:39:00'),(582,63,2,0,273,'2020-10-24 19:42:29'),(583,63,2,0,302,'2020-10-25 03:02:20'),(584,63,2,0,273,'2020-10-25 11:52:14'),(585,63,2,0,273,'2020-10-25 15:30:31'),(586,63,2,0,273,'2020-10-26 07:30:44'),(587,265,1,0,273,'2020-10-26 08:04:00'),(588,63,2,0,273,'2020-10-26 16:35:05'),(589,63,2,0,273,'2020-10-26 16:35:19'),(590,63,2,0,273,'2020-10-26 16:44:24'),(591,63,2,0,273,'2020-10-26 16:54:46'),(592,265,1,0,273,'2020-10-26 17:03:27'),(593,265,1,0,273,'2020-10-26 17:03:32'),(594,63,2,0,273,'2020-10-27 07:05:23'),(595,265,1,0,273,'2020-10-27 18:08:02'),(596,63,2,0,273,'2020-10-28 00:11:04'),(597,63,2,0,273,'2020-10-28 04:54:57'),(598,63,2,0,273,'2020-10-28 10:54:04'),(599,265,1,0,273,'2020-10-28 10:54:41'),(600,63,2,0,273,'2020-10-28 12:09:48'),(601,63,2,0,273,'2020-10-28 16:08:41'),(602,63,2,0,273,'2020-10-28 16:09:24'),(603,63,2,0,273,'2020-10-28 16:10:06'),(604,63,2,0,273,'2020-10-28 16:18:49'),(605,63,2,0,273,'2020-10-28 16:19:06'),(606,265,1,0,273,'2020-10-28 18:11:45'),(607,265,1,0,273,'2020-10-28 18:12:16'),(608,63,2,0,273,'2020-10-28 18:33:17'),(609,63,2,0,273,'2020-10-28 18:49:31'),(610,63,2,0,273,'2020-10-29 11:00:15'),(611,63,2,0,273,'2020-10-29 11:00:17'),(612,63,2,0,273,'2020-10-29 12:31:07'),(613,265,1,0,273,'2020-10-30 15:56:46'),(614,63,2,0,273,'2020-10-31 11:33:37'),(615,63,2,0,273,'2020-10-31 17:22:40'),(616,63,2,0,273,'2020-10-31 17:22:50'),(617,63,2,0,273,'2020-10-31 17:22:52'),(618,63,2,0,273,'2020-10-31 17:22:58'),(619,63,2,0,273,'2020-11-01 15:50:35'),(620,63,2,0,302,'2020-11-02 12:48:29'),(621,265,1,0,273,'2020-11-02 15:10:25'),(622,63,2,0,273,'2020-11-02 16:09:30'),(623,265,1,0,273,'2020-11-03 13:56:57'),(624,63,2,0,273,'2020-11-03 17:43:36'),(625,63,2,0,273,'2020-11-03 17:43:39'),(626,63,2,0,273,'2020-11-03 23:02:25'),(627,63,2,0,302,'2020-11-04 02:39:23'),(628,63,2,0,273,'2020-11-04 13:12:31'),(629,265,1,0,302,'2020-11-04 21:44:29'),(630,63,2,0,273,'2020-11-05 10:29:32'),(631,63,2,0,273,'2020-11-05 10:30:29'),(632,63,2,0,302,'2020-11-05 10:42:40'),(633,63,2,0,273,'2020-11-05 10:49:44'),(634,63,2,0,273,'2020-11-05 10:50:59'),(635,63,2,0,273,'2020-11-05 11:17:41'),(636,265,1,0,273,'2020-11-05 17:06:45'),(637,63,2,0,273,'2020-11-05 17:25:45'),(638,265,1,0,273,'2020-11-06 10:56:12'),(639,63,2,0,302,'2020-11-06 17:15:08'),(640,265,1,0,273,'2020-11-06 20:35:35'),(641,265,1,0,273,'2020-11-06 20:35:36'),(642,265,1,0,273,'2020-11-06 20:35:37'),(643,63,2,0,302,'2020-11-08 01:23:53'),(644,265,1,0,273,'2020-11-08 07:14:01'),(645,63,2,0,273,'2020-11-08 12:06:05'),(646,63,2,0,273,'2020-11-08 15:24:49'),(647,63,2,0,273,'2020-11-10 10:51:36'),(648,63,2,0,273,'2020-11-10 16:53:35'),(649,63,2,0,273,'2020-11-10 23:51:51'),(650,63,2,0,273,'2020-11-13 13:38:11'),(651,63,2,0,302,'2020-11-14 05:43:17'),(652,63,2,0,302,'2020-11-15 20:49:42'),(653,265,1,0,273,'2020-11-16 10:59:20'),(654,265,1,0,273,'2020-11-16 15:54:41'),(655,63,2,0,273,'2020-11-17 11:52:13'),(656,63,2,0,273,'2020-11-17 11:59:29'),(657,63,2,0,273,'2020-11-17 12:05:11'),(658,63,2,0,302,'2020-11-18 06:12:56'),(659,63,2,0,273,'2020-11-18 18:07:03'),(660,63,2,0,273,'2020-11-18 18:07:25'),(661,63,2,0,273,'2020-11-18 18:08:00'),(662,63,2,0,302,'2020-11-19 14:28:10'),(663,63,2,0,273,'2020-11-20 16:27:48'),(664,63,2,0,273,'2020-11-20 16:27:49'),(665,63,2,0,273,'2020-11-21 17:30:02'),(666,63,2,0,273,'2020-11-21 17:30:09'),(667,63,2,0,273,'2020-11-21 17:30:13'),(668,265,1,0,302,'2020-11-25 04:45:38'),(669,265,1,0,302,'2020-11-25 05:48:20'),(670,265,1,0,273,'2020-11-25 12:33:18'),(671,63,2,0,273,'2020-11-26 15:56:34'),(672,63,2,0,273,'2020-11-26 17:03:25'),(673,63,2,0,273,'2020-11-26 17:03:31'),(674,265,1,0,273,'2020-11-27 16:43:09'),(675,265,1,0,273,'2020-11-27 16:43:22'),(676,63,2,0,273,'2020-11-27 16:43:41'),(677,265,1,0,273,'2020-11-27 16:50:08'),(678,265,1,0,273,'2020-11-27 16:50:49'),(679,63,2,0,273,'2020-11-29 17:10:54'),(680,63,2,0,273,'2020-11-29 17:12:48'),(681,63,2,0,273,'2020-11-29 20:10:12'),(682,63,2,0,273,'2020-11-30 17:43:11'),(683,63,2,0,273,'2020-11-30 17:43:15'),(684,63,2,0,273,'2020-11-30 17:43:19'),(685,63,2,0,273,'2020-11-30 17:43:20'),(686,63,2,0,273,'2020-11-30 19:15:22'),(687,265,1,0,273,'2020-12-02 05:26:07'),(688,63,2,0,273,'2020-12-02 19:48:11'),(689,63,2,0,273,'2020-12-02 22:45:51'),(690,63,2,0,273,'2020-12-03 18:19:36'),(691,265,1,0,273,'2020-12-06 22:34:31'),(692,63,2,0,273,'2020-12-07 11:26:37'),(693,63,2,0,273,'2020-12-07 21:08:53'),(694,63,2,0,273,'2020-12-08 14:36:42'),(695,265,1,0,273,'2020-12-08 16:12:57'),(696,63,2,0,302,'2020-12-09 12:16:44'),(697,63,2,0,273,'2020-12-10 06:41:59'),(698,265,1,0,273,'2020-12-10 06:42:02'),(699,265,1,0,273,'2020-12-10 06:47:54'),(700,265,1,0,273,'2020-12-10 08:44:53'),(701,63,2,0,302,'2020-12-10 12:54:21'),(702,63,2,0,273,'2020-12-10 17:21:16'),(703,63,2,0,273,'2020-12-11 05:33:37'),(704,63,2,0,273,'2020-12-11 14:46:38'),(705,63,2,0,273,'2020-12-11 14:46:39'),(706,63,2,0,302,'2020-12-11 23:12:11'),(707,63,2,0,273,'2020-12-12 20:16:33'),(708,63,2,0,302,'2020-12-13 18:45:56'),(709,265,1,0,302,'2020-12-13 22:52:11'),(710,265,1,0,273,'2020-12-15 16:35:30'),(711,63,2,0,302,'2020-12-15 19:39:35'),(712,63,2,0,302,'2020-12-17 11:03:47'),(713,63,2,0,273,'2020-12-17 15:30:51'),(714,265,1,0,273,'2020-12-17 17:07:01'),(715,265,1,0,273,'2020-12-20 15:39:57'),(716,265,1,0,273,'2020-12-20 16:34:14'),(717,63,2,0,273,'2020-12-21 10:01:56'),(718,63,2,0,273,'2020-12-21 10:01:56'),(719,63,2,0,273,'2020-12-21 10:01:59'),(720,63,2,0,273,'2020-12-21 23:11:55'),(721,265,1,0,273,'2020-12-21 23:11:57'),(722,63,2,0,273,'2020-12-23 12:22:30'),(723,63,2,0,273,'2020-12-23 12:22:37'),(724,63,2,0,273,'2020-12-23 19:44:57'),(725,63,2,0,273,'2020-12-23 19:45:01'),(726,63,2,0,273,'2020-12-23 19:45:02'),(727,63,2,0,273,'2020-12-23 19:45:05'),(728,63,2,0,273,'2020-12-24 19:54:33'),(729,265,1,0,273,'2020-12-28 15:31:45'),(730,265,1,0,273,'2020-12-28 15:31:57'),(731,63,2,0,273,'2020-12-29 19:59:33'),(732,63,2,0,273,'2020-12-29 19:59:35'),(733,63,2,0,273,'2020-12-29 20:00:18'),(734,63,2,0,273,'2020-12-29 20:00:29'),(735,63,2,0,273,'2020-12-29 20:00:36'),(736,63,2,0,273,'2020-12-29 20:00:45'),(737,63,2,0,273,'2020-12-29 20:01:12'),(738,265,1,0,273,'2020-12-29 20:02:40'),(739,63,2,0,273,'2020-12-29 20:03:18'),(740,265,1,0,273,'2020-12-30 07:10:38'),(741,265,1,0,273,'2020-12-30 07:10:41'),(742,265,1,0,273,'2021-01-03 21:00:29'),(743,63,2,0,273,'2021-01-04 11:04:55'),(744,63,2,0,273,'2021-01-04 11:05:08'),(745,63,2,0,273,'2021-01-06 11:52:15'),(746,265,1,0,273,'2021-01-07 09:30:38'),(747,265,1,0,273,'2021-01-07 09:30:41'),(748,265,1,0,273,'2021-01-07 09:30:54'),(749,265,1,0,273,'2021-01-07 11:11:51'),(750,63,2,0,273,'2021-01-07 14:14:25'),(751,63,2,0,273,'2021-01-07 14:15:06'),(752,265,1,0,273,'2021-01-07 14:15:18'),(753,63,2,0,273,'2021-01-07 14:15:21'),(754,63,2,0,273,'2021-01-07 14:15:48'),(755,63,2,0,273,'2021-01-07 14:15:52'),(756,265,1,0,273,'2021-01-07 14:15:52'),(757,63,2,0,273,'2021-01-07 14:16:43'),(758,63,2,0,273,'2021-01-08 13:21:05'),(759,63,2,0,273,'2021-01-08 13:22:43'),(760,265,1,0,273,'2021-01-13 06:17:46'),(761,63,2,0,273,'2021-01-13 17:07:51'),(762,63,2,0,273,'2021-01-13 17:07:53'),(763,63,2,0,273,'2021-01-13 17:08:14'),(764,63,2,0,302,'2021-01-14 00:40:07'),(765,265,1,0,302,'2021-01-14 00:40:09'),(766,63,2,0,273,'2021-01-14 13:06:51'),(767,63,2,0,273,'2021-01-14 18:13:17'),(768,63,2,0,273,'2021-01-14 18:23:30'),(769,63,2,0,273,'2021-01-16 18:31:33'),(770,63,2,0,273,'2021-01-16 18:31:39'),(771,265,1,0,273,'2021-01-16 18:31:39'),(772,63,2,0,273,'2021-01-16 18:31:42'),(773,63,2,0,273,'2021-01-16 18:31:44'),(774,265,1,0,273,'2021-01-16 18:31:45'),(775,63,2,0,302,'2021-01-16 22:24:47'),(776,265,1,0,273,'2021-01-17 09:22:15'),(777,63,2,0,273,'2021-01-17 09:22:37'),(778,265,1,0,273,'2021-01-17 09:22:40'),(779,265,1,0,273,'2021-01-17 09:22:46'),(780,265,1,0,273,'2021-01-17 09:23:00'),(781,265,1,0,273,'2021-01-17 16:07:07'),(782,265,1,0,273,'2021-01-17 16:07:16'),(783,265,1,0,273,'2021-01-18 06:35:57'),(784,265,1,0,273,'2021-01-18 06:36:32'),(785,63,2,0,273,'2021-01-18 07:02:09'),(786,63,2,0,273,'2021-01-18 07:02:48'),(787,63,2,0,273,'2021-01-18 07:02:49'),(788,63,2,0,273,'2021-01-18 07:03:00'),(789,63,2,0,273,'2021-01-18 07:03:11'),(790,63,2,0,273,'2021-01-19 09:20:52'),(791,63,2,0,273,'2021-01-19 15:28:37'),(792,63,2,0,273,'2021-01-19 16:55:53'),(793,63,2,0,273,'2021-01-19 18:47:02'),(794,63,2,0,273,'2021-01-20 05:17:34'),(795,63,2,0,273,'2021-01-20 05:18:09'),(796,63,2,0,273,'2021-01-20 11:01:26'),(797,63,2,0,273,'2021-01-20 17:41:51'),(798,265,1,0,273,'2021-01-21 14:43:02'),(799,265,1,0,273,'2021-01-21 17:53:42'),(800,63,2,0,273,'2021-01-21 17:54:58'),(801,63,2,0,273,'2021-01-22 13:25:58'),(802,63,2,0,273,'2021-01-22 13:26:29'),(803,63,2,0,273,'2021-01-22 13:26:58'),(804,265,1,0,273,'2021-01-22 13:26:59'),(805,63,2,0,273,'2021-01-22 13:27:41'),(806,63,2,0,273,'2021-01-22 13:30:28'),(807,63,2,0,273,'2021-01-23 12:18:09'),(808,63,2,0,273,'2021-01-23 12:18:09'),(809,63,2,0,273,'2021-01-23 12:18:10'),(810,63,2,0,273,'2021-01-23 12:18:13'),(811,63,2,0,273,'2021-01-23 12:18:38'),(812,63,2,0,273,'2021-01-23 12:18:50'),(813,63,2,0,273,'2021-01-23 12:18:51'),(814,63,2,0,273,'2021-01-23 12:18:55'),(815,63,2,0,273,'2021-01-23 16:20:05'),(816,63,2,0,273,'2021-01-23 16:42:24'),(817,63,2,0,273,'2021-01-24 06:27:56'),(818,265,1,0,273,'2021-01-24 15:10:12'),(819,63,2,0,273,'2021-01-24 23:25:23'),(820,63,2,0,273,'2021-01-25 06:28:33'),(821,63,2,0,273,'2021-01-25 15:56:49'),(822,63,2,0,273,'2021-01-25 15:56:56'),(823,265,1,0,273,'2021-01-25 15:56:58'),(824,63,2,0,273,'2021-01-25 18:16:15'),(825,63,2,0,273,'2021-01-26 16:15:04'),(826,63,2,0,273,'2021-01-26 16:15:24'),(827,63,2,0,273,'2021-01-27 02:50:35'),(828,63,2,0,273,'2021-01-27 02:54:47'),(829,265,1,0,273,'2021-01-27 05:07:44'),(830,63,2,0,273,'2021-01-27 05:08:01'),(831,265,1,0,273,'2021-01-27 05:08:07'),(832,63,2,0,273,'2021-01-27 08:46:21'),(833,265,1,0,273,'2021-01-27 08:46:23'),(834,63,2,0,302,'2021-01-27 08:47:07'),(835,265,1,0,302,'2021-01-27 08:47:09'),(836,265,1,0,273,'2021-01-27 19:45:59'),(837,63,2,0,273,'2021-01-28 18:49:45'),(838,63,2,0,273,'2021-01-28 19:53:53'),(839,63,2,0,273,'2021-01-29 10:10:07'),(840,63,2,0,273,'2021-01-29 14:22:01'),(841,265,1,0,302,'2021-01-29 18:51:37'),(842,63,2,0,273,'2021-01-29 19:16:33'),(843,63,2,0,273,'2021-01-29 21:38:43'),(844,63,2,0,273,'2021-01-30 15:27:53'),(845,63,2,0,273,'2021-01-30 16:48:06'),(846,63,2,0,273,'2021-01-30 16:48:59'),(847,63,2,0,273,'2021-01-31 00:28:52'),(848,63,2,0,273,'2021-01-31 13:33:26'),(849,63,2,0,302,'2021-01-31 14:32:24'),(850,265,1,0,273,'2021-01-31 17:29:29'),(851,63,2,0,273,'2021-02-01 14:45:41'),(852,63,2,0,273,'2021-02-01 14:54:34'),(853,265,1,0,302,'2021-02-02 03:03:59'),(854,63,2,0,302,'2021-02-02 21:20:25'),(855,63,2,0,273,'2021-02-03 11:24:55'),(856,63,2,0,302,'2021-02-03 21:20:53'),(857,63,2,0,273,'2021-02-05 03:09:50'),(858,63,2,0,273,'2021-02-06 06:16:13'),(859,265,1,0,273,'2021-02-06 17:14:01'),(860,63,2,0,273,'2021-02-06 17:14:52'),(861,63,2,0,273,'2021-02-06 17:14:59'),(862,265,1,0,273,'2021-02-07 16:29:19'),(863,63,2,0,273,'2021-02-07 16:54:57'),(864,63,2,0,273,'2021-02-07 16:55:01'),(865,265,1,0,273,'2021-02-07 16:55:36'),(866,63,2,0,273,'2021-02-09 11:16:38'),(867,63,2,0,273,'2021-02-09 14:41:24'),(868,63,2,0,273,'2021-02-09 14:41:25'),(869,63,2,0,273,'2021-02-09 14:42:02'),(870,63,2,0,273,'2021-02-10 04:10:02'),(871,63,2,0,273,'2021-02-10 10:10:18'),(872,265,1,0,273,'2021-02-10 10:10:45'),(873,63,2,0,302,'2021-02-10 10:20:54'),(874,63,2,0,273,'2021-02-10 11:11:57'),(875,63,2,0,273,'2021-02-10 19:56:43'),(876,63,2,0,273,'2021-02-12 15:47:00'),(877,265,1,0,273,'2021-02-13 20:05:50'),(878,63,2,0,273,'2021-02-13 20:52:16'),(879,63,2,0,273,'2021-02-15 09:35:56'),(880,63,2,0,273,'2021-02-15 18:16:46'),(881,63,2,0,273,'2021-02-15 18:16:47'),(882,63,2,0,273,'2021-02-15 18:16:48'),(883,63,2,0,273,'2021-02-15 18:16:49'),(884,63,2,0,273,'2021-02-16 08:05:25'),(885,63,2,0,273,'2021-02-17 12:08:25'),(886,63,2,0,273,'2021-02-17 13:36:18'),(887,63,2,0,273,'2021-02-17 13:36:34'),(888,63,2,0,273,'2021-02-17 13:37:31'),(889,265,1,0,273,'2021-02-18 06:47:20'),(890,265,1,0,273,'2021-02-18 09:20:32'),(891,265,1,0,273,'2021-02-18 09:20:36'),(892,63,2,0,273,'2021-02-19 12:44:00'),(893,63,2,0,273,'2021-02-21 07:59:07'),(894,63,2,0,273,'2021-02-21 16:19:28'),(895,63,2,0,273,'2021-02-21 18:56:37'),(896,63,2,0,273,'2021-02-21 19:05:55'),(897,63,2,0,273,'2021-02-21 19:06:34'),(898,63,2,0,273,'2021-02-22 07:39:51'),(899,265,1,0,273,'2021-02-22 13:37:31'),(900,63,2,0,273,'2021-02-22 13:44:16'),(901,63,2,0,273,'2021-02-22 13:45:20'),(902,63,2,0,273,'2021-02-22 19:53:23'),(903,63,2,0,273,'2021-02-23 15:41:48'),(904,63,2,0,273,'2021-02-23 15:41:52'),(905,63,2,0,273,'2021-02-23 15:43:46'),(906,63,2,0,273,'2021-02-23 15:54:51'),(907,63,2,0,273,'2021-02-23 15:54:52'),(908,63,2,0,273,'2021-02-23 15:54:58'),(909,265,1,0,273,'2021-02-23 23:28:47'),(910,63,2,0,273,'2021-02-23 23:29:09'),(911,63,2,0,273,'2021-02-25 12:25:01'),(912,63,2,0,273,'2021-02-26 15:07:03'),(913,265,1,0,273,'2021-03-04 16:50:09'),(914,265,1,0,273,'2021-03-04 16:50:12'),(915,63,2,0,273,'2021-03-06 21:57:58'),(916,63,2,0,273,'2021-03-08 08:44:14'),(917,265,1,0,273,'2021-03-08 13:27:09'),(918,63,2,0,273,'2021-03-09 15:36:41'),(919,265,1,0,273,'2021-03-09 16:05:12'),(920,63,2,0,273,'2021-03-09 16:44:23'),(921,63,2,0,273,'2021-03-09 16:44:23'),(922,63,2,0,273,'2021-03-09 16:44:25'),(923,63,2,0,273,'2021-03-10 13:50:39'),(924,63,2,0,273,'2021-03-10 13:50:39'),(925,63,2,0,273,'2021-03-11 03:29:27'),(926,265,1,0,273,'2021-03-11 03:29:55'),(927,63,2,0,273,'2021-03-11 04:20:07'),(928,63,2,0,273,'2021-03-11 16:00:48'),(929,63,2,0,273,'2021-03-11 16:01:14'),(930,63,2,0,273,'2021-03-11 16:01:18'),(931,63,2,0,273,'2021-03-14 12:20:20'),(932,63,2,0,273,'2021-03-14 20:43:59'),(933,63,2,0,273,'2021-03-15 07:13:42'),(934,63,2,0,273,'2021-03-15 11:12:42'),(935,265,1,0,273,'2021-03-15 14:13:19'),(936,63,2,0,273,'2021-03-16 02:09:09'),(937,63,2,0,273,'2021-03-16 03:01:42'),(938,63,2,0,273,'2021-03-16 09:20:00'),(939,265,1,0,273,'2021-03-16 17:11:06'),(940,265,1,0,273,'2021-03-16 17:11:15'),(941,63,2,0,273,'2021-03-16 20:38:32'),(942,63,2,0,273,'2021-03-17 21:04:23'),(943,63,2,0,273,'2021-03-17 21:04:54'),(944,63,2,0,273,'2021-03-19 07:36:56'),(945,63,2,0,273,'2021-03-20 18:54:14'),(946,63,2,0,273,'2021-03-20 18:54:15'),(947,63,2,0,273,'2021-03-20 18:54:18'),(948,63,2,0,273,'2021-03-21 07:01:16'),(949,63,2,0,273,'2021-03-21 07:01:23'),(950,63,2,0,273,'2021-03-21 07:45:51'),(951,63,2,0,273,'2021-03-22 10:03:44'),(952,63,2,0,273,'2021-03-22 10:03:44'),(953,63,2,0,273,'2021-03-22 10:03:57'),(954,265,1,0,273,'2021-03-22 10:04:01'),(955,63,2,0,273,'2021-03-22 10:05:25'),(956,63,2,0,273,'2021-03-22 10:07:33'),(957,63,2,0,302,'2021-03-22 16:52:09'),(958,63,2,0,273,'2021-03-22 23:38:52'),(959,63,2,0,302,'2021-03-22 23:39:02'),(960,63,2,0,273,'2021-03-23 03:38:22'),(961,63,2,0,273,'2021-03-23 16:43:55'),(962,63,2,0,273,'2021-03-23 16:45:39'),(963,265,1,0,273,'2021-03-24 18:11:12'),(964,63,2,0,273,'2021-03-24 18:11:44'),(965,63,2,0,273,'2021-03-25 15:41:16'),(966,63,2,0,273,'2021-03-25 15:41:29'),(967,63,2,0,273,'2021-03-25 17:00:08'),(968,63,2,0,273,'2021-03-25 17:01:15'),(969,63,2,0,273,'2021-03-26 03:18:20'),(970,63,2,0,273,'2021-03-26 04:08:58'),(971,63,2,0,273,'2021-03-26 07:35:19'),(972,63,2,0,273,'2021-03-26 08:09:22'),(973,63,2,0,273,'2021-03-26 08:41:30'),(974,63,2,0,302,'2021-03-26 17:07:23'),(975,265,1,0,302,'2021-03-26 19:55:01'),(976,265,1,0,273,'2021-03-29 08:15:52'),(977,265,1,0,273,'2021-03-30 18:40:02'),(978,265,1,0,273,'2021-03-30 18:40:07'),(979,63,2,0,273,'2021-03-31 14:33:02'),(980,63,2,0,273,'2021-04-01 14:32:24'),(981,63,2,0,273,'2021-04-01 14:49:49'),(982,265,1,0,273,'2021-04-01 14:50:25'),(983,63,2,0,273,'2021-04-01 14:50:54'),(984,63,2,0,273,'2021-04-01 14:55:31'),(985,63,2,0,273,'2021-04-01 14:55:33'),(986,63,2,0,273,'2021-04-01 14:55:35'),(987,63,2,0,273,'2021-04-02 14:11:15'),(988,63,2,0,302,'2021-04-04 05:59:49'),(989,265,1,0,302,'2021-04-04 05:59:51'),(990,63,2,0,273,'2021-04-07 06:59:24'),(991,63,2,0,273,'2021-04-07 17:37:10'),(992,63,2,0,273,'2021-04-07 17:37:56'),(993,63,2,0,273,'2021-04-10 15:52:18'),(994,265,1,0,273,'2021-04-10 15:57:24'),(995,63,2,0,302,'2021-04-11 01:01:03'),(996,265,1,0,302,'2021-04-11 06:20:55'),(997,63,2,0,273,'2021-04-13 06:26:47'),(998,265,1,0,273,'2021-04-13 10:56:34'),(999,63,2,0,273,'2021-04-13 12:19:56'),(1000,63,2,0,273,'2021-04-14 17:44:19'),(1001,63,2,0,273,'2021-04-14 17:44:22'),(1002,63,2,0,273,'2021-04-15 03:39:23'),(1003,265,1,0,273,'2021-04-15 18:08:24'),(1004,63,2,0,273,'2021-04-16 16:41:23'),(1005,63,2,0,273,'2021-04-17 05:51:03'),(1006,63,2,0,273,'2021-04-17 18:09:34'),(1007,63,2,0,273,'2021-04-17 18:09:50'),(1008,63,2,0,273,'2021-04-18 12:56:18'),(1009,63,2,0,273,'2021-04-18 12:56:30'),(1010,63,2,0,273,'2021-04-18 13:06:07'),(1011,63,2,0,273,'2021-04-18 13:06:36'),(1012,63,2,0,273,'2021-04-18 16:20:10'),(1013,63,2,0,273,'2021-04-18 21:32:15'),(1014,63,2,0,273,'2021-04-19 07:27:28'),(1015,63,2,0,273,'2021-04-19 16:09:13'),(1016,63,2,0,273,'2021-04-19 16:09:30'),(1017,265,1,0,273,'2021-04-19 16:09:30'),(1018,265,1,0,273,'2021-04-20 04:04:31'),(1019,265,1,0,273,'2021-04-20 17:35:02'),(1020,265,1,0,273,'2021-04-20 17:35:05'),(1021,265,1,0,273,'2021-04-20 17:35:14'),(1022,265,1,0,273,'2021-04-20 17:35:19'),(1023,265,1,0,273,'2021-04-20 17:35:28'),(1024,63,2,0,273,'2021-04-21 02:31:41'),(1025,63,2,0,273,'2021-04-21 04:52:24'),(1026,63,2,0,273,'2021-04-21 07:40:18'),(1027,63,2,0,273,'2021-04-21 12:03:42'),(1028,63,2,0,273,'2021-04-22 01:01:29'),(1029,63,2,0,273,'2021-04-22 07:55:25'),(1030,63,2,0,302,'2021-04-22 07:56:50'),(1031,265,1,0,302,'2021-04-22 07:56:53'),(1032,63,2,0,273,'2021-04-22 07:57:08'),(1033,63,2,0,273,'2021-04-22 07:58:06'),(1034,265,1,0,273,'2021-04-22 09:31:48'),(1035,63,2,0,273,'2021-04-22 15:25:04'),(1036,63,2,0,273,'2021-04-22 15:30:25'),(1037,63,2,0,273,'2021-04-25 06:29:40'),(1038,63,2,0,273,'2021-04-26 15:34:25'),(1039,63,2,0,273,'2021-04-26 15:34:47'),(1040,63,2,0,273,'2021-04-26 15:35:07'),(1041,63,2,0,273,'2021-04-26 15:35:47'),(1042,63,2,0,273,'2021-04-27 00:52:10'),(1043,63,2,0,273,'2021-04-27 06:30:10'),(1044,265,1,0,302,'2021-04-28 10:51:31'),(1045,265,1,0,302,'2021-04-29 11:22:07'),(1046,63,2,0,302,'2021-05-04 07:25:55'),(1047,265,1,0,273,'2021-05-07 16:14:36'),(1048,265,1,0,273,'2021-05-07 16:17:14'),(1049,63,2,0,302,'2021-05-10 02:56:10'),(1050,63,2,0,273,'2021-05-12 10:51:15'),(1051,63,2,0,273,'2021-05-14 18:59:56'),(1052,63,2,0,273,'2021-05-14 19:00:02'),(1053,63,2,0,273,'2021-05-14 19:00:03'),(1054,63,2,0,273,'2021-05-14 19:00:07'),(1055,63,2,0,273,'2021-05-14 19:01:32'),(1056,63,2,0,273,'2021-05-14 19:02:09'),(1057,63,2,0,273,'2021-05-14 19:02:11'),(1058,63,2,0,273,'2021-05-17 22:21:22'),(1059,265,1,0,302,'2021-05-18 18:33:21'),(1060,63,2,0,273,'2021-05-19 08:10:51'),(1061,63,2,0,273,'2021-05-19 08:13:14'),(1062,63,2,0,273,'2021-05-19 08:14:44'),(1063,63,2,0,273,'2021-05-19 21:04:40'),(1064,63,2,0,273,'2021-05-20 02:44:03'),(1065,63,2,0,273,'2021-05-20 06:47:08'),(1066,63,2,0,302,'2021-05-21 10:15:56'),(1067,63,2,0,302,'2021-05-21 12:32:52'),(1068,265,1,0,273,'2021-05-21 15:30:17'),(1069,265,1,0,273,'2021-05-21 18:39:37'),(1070,265,1,0,273,'2021-05-21 19:45:23'),(1071,63,2,0,273,'2021-05-22 05:04:47'),(1072,63,2,0,273,'2021-05-22 21:07:13'),(1073,63,2,0,302,'2021-05-23 23:15:15'),(1074,265,1,0,273,'2021-05-24 18:15:14'),(1075,63,2,0,273,'2021-05-25 10:56:19'),(1076,63,2,0,273,'2021-05-25 10:58:10'),(1077,63,2,0,273,'2021-05-25 10:58:33'),(1078,63,2,0,273,'2021-05-25 11:23:04'),(1079,63,2,0,273,'2021-05-25 23:48:26'),(1080,265,1,0,273,'2021-05-26 09:40:08'),(1081,63,2,0,273,'2021-05-26 11:56:52'),(1082,63,2,0,273,'2021-05-27 16:12:44'),(1083,265,1,0,273,'2021-05-28 11:37:34'),(1084,63,2,0,273,'2021-05-29 04:22:04'),(1085,265,1,0,273,'2021-05-30 01:37:00'),(1086,63,2,0,273,'2021-05-30 19:47:30'),(1087,265,1,0,273,'2021-05-30 19:47:31'),(1088,63,2,0,273,'2021-05-31 02:48:00'),(1089,265,1,0,273,'2021-05-31 02:48:02'),(1090,63,2,0,273,'2021-06-01 13:13:30'),(1091,63,2,0,273,'2021-06-02 14:18:42'),(1092,63,2,0,273,'2021-06-04 07:29:51'),(1093,63,2,0,302,'2021-06-05 07:26:17'),(1094,63,2,0,302,'2021-06-06 23:04:52'),(1095,265,1,0,273,'2021-06-11 16:42:16'),(1096,63,2,0,273,'2021-06-12 04:27:44'),(1097,63,2,0,273,'2021-06-12 10:23:21'),(1098,63,2,0,273,'2021-06-12 10:23:43'),(1099,265,1,0,273,'2021-06-14 00:09:32'),(1100,63,2,0,273,'2021-06-14 17:31:48'),(1101,63,2,0,273,'2021-06-14 17:32:06'),(1102,265,1,0,302,'2021-06-17 16:29:53'),(1103,63,2,0,273,'2021-06-18 06:10:16'),(1104,63,2,0,273,'2021-06-19 03:48:03'),(1105,63,2,0,273,'2021-06-19 04:38:20'),(1106,265,1,0,273,'2021-06-19 20:47:48'),(1107,63,2,0,273,'2021-06-20 04:34:01'),(1108,63,2,0,273,'2021-06-21 15:15:57'),(1109,63,2,0,273,'2021-06-21 15:17:02'),(1110,63,2,0,273,'2021-06-21 15:19:45'),(1111,265,1,0,302,'2021-06-22 12:41:32'),(1112,63,2,0,273,'2021-06-23 01:31:11'),(1113,265,1,0,273,'2021-06-23 04:34:33'),(1114,63,2,0,302,'2021-06-25 05:00:50'),(1115,265,1,0,302,'2021-06-25 05:00:55'),(1116,63,2,0,273,'2021-06-26 14:59:21'),(1117,265,1,0,273,'2021-06-29 19:20:15'),(1118,63,2,0,273,'2021-07-02 05:26:36'),(1119,265,1,0,273,'2021-07-02 17:38:21'),(1120,265,1,0,273,'2021-07-02 17:38:42'),(1121,265,1,0,273,'2021-07-02 17:39:42'),(1122,63,2,0,273,'2021-07-04 02:11:07'),(1123,63,2,0,302,'2021-07-07 19:28:38'),(1124,265,1,0,302,'2021-07-07 23:19:14'),(1125,265,1,0,273,'2021-07-10 06:30:07'),(1126,63,2,0,273,'2021-07-11 03:50:01'),(1127,265,1,0,273,'2021-07-11 12:11:14'),(1128,63,2,0,273,'2021-07-13 08:20:39'),(1129,63,2,0,273,'2021-07-13 08:20:49'),(1130,63,2,0,273,'2021-07-13 08:20:52'),(1131,63,2,0,302,'2021-07-13 08:55:37'),(1132,63,2,0,273,'2021-07-15 19:57:00'),(1133,63,2,0,273,'2021-07-16 05:11:18'),(1134,265,1,0,302,'2021-07-17 21:00:23'),(1135,63,2,0,273,'2021-07-18 14:58:52'),(1136,63,2,0,302,'2021-07-19 06:05:47'),(1137,63,2,0,273,'2021-07-20 11:20:27'),(1138,63,2,0,273,'2021-07-20 11:22:14'),(1139,63,2,0,273,'2021-07-20 11:23:03'),(1140,63,2,0,273,'2021-07-22 13:52:38'),(1141,63,2,0,273,'2021-07-25 07:11:17'),(1142,63,2,0,273,'2021-07-25 15:38:04'),(1143,265,1,0,273,'2021-07-27 07:56:11'),(1144,63,2,0,273,'2021-07-27 21:08:29'),(1145,63,2,0,273,'2021-07-30 08:16:45'),(1146,265,1,0,273,'2021-07-30 16:44:46'),(1147,265,1,0,273,'2021-07-30 16:45:33'),(1148,63,2,0,273,'2021-07-30 21:18:15'),(1149,63,2,0,273,'2021-07-30 21:18:16'),(1150,63,2,0,273,'2021-07-30 21:18:17'),(1151,63,2,0,273,'2021-07-30 21:18:18'),(1152,63,2,0,273,'2021-07-30 21:18:51'),(1153,63,2,0,273,'2021-07-30 21:19:05'),(1154,63,2,0,273,'2021-07-30 21:19:06'),(1155,63,2,0,273,'2021-07-30 21:19:07'),(1156,265,1,0,273,'2021-07-30 21:19:08'),(1157,63,2,0,273,'2021-07-30 21:19:34'),(1158,265,1,0,273,'2021-08-01 23:10:32'),(1159,63,2,0,273,'2021-08-02 00:51:39'),(1160,63,2,0,273,'2021-08-02 17:01:23'),(1161,63,2,0,302,'2021-08-03 17:18:14'),(1162,63,2,0,302,'2021-08-06 21:23:33'),(1163,265,1,0,302,'2021-08-14 20:22:24'),(1164,63,2,0,273,'2021-08-16 10:16:01'),(1165,63,2,0,273,'2021-08-19 04:49:25'),(1166,265,1,0,273,'2021-08-19 04:49:28'),(1167,265,1,0,302,'2021-08-22 04:09:26'),(1168,265,1,0,273,'2021-08-22 09:31:15'),(1169,63,2,0,302,'2021-08-22 14:18:13'),(1170,63,2,0,273,'2021-08-23 11:18:47'),(1171,63,2,0,302,'2021-08-23 12:19:38'),(1172,63,2,0,273,'2021-08-24 06:09:48'),(1173,265,1,0,273,'2021-08-24 06:10:16'),(1174,63,2,0,273,'2021-08-24 06:41:55'),(1175,265,1,0,273,'2021-08-24 20:30:51'),(1176,63,2,0,273,'2021-08-25 08:48:33'),(1177,265,1,0,273,'2021-08-27 00:18:30'),(1178,63,2,0,302,'2021-08-27 18:40:19'),(1179,63,2,0,273,'2021-08-28 15:41:57'),(1180,63,2,0,273,'2021-08-29 07:25:57'),(1181,63,2,0,273,'2021-08-30 06:22:51'),(1182,63,2,0,302,'2021-09-05 13:25:03'),(1183,63,2,0,273,'2021-09-05 17:15:22'),(1184,63,2,0,273,'2021-09-05 17:15:50'),(1185,63,2,0,273,'2021-09-06 07:12:21'),(1186,63,2,0,273,'2021-09-06 07:13:00'),(1187,63,2,0,273,'2021-09-06 07:13:17'),(1188,63,2,0,273,'2021-09-06 07:17:15'),(1189,265,1,0,273,'2021-09-06 23:06:04'),(1190,63,2,0,273,'2021-09-07 09:21:51'),(1191,265,1,0,302,'2021-09-10 17:55:50'),(1192,63,2,0,302,'2021-09-10 22:42:42'),(1193,63,2,0,273,'2021-09-11 06:01:37'),(1194,63,2,0,273,'2021-09-11 07:10:28'),(1195,63,2,0,302,'2021-09-11 11:24:36'),(1196,63,2,0,302,'2021-09-12 00:21:41'),(1197,265,1,0,302,'2021-09-12 04:33:14'),(1198,265,1,0,302,'2021-09-14 03:58:51'),(1199,63,2,0,302,'2021-09-14 03:58:53'),(1200,63,2,0,273,'2021-09-14 06:12:15'),(1201,63,2,0,302,'2021-09-15 04:14:44'),(1202,63,2,0,302,'2021-09-15 20:56:01'),(1203,265,1,0,302,'2021-09-15 20:56:04'),(1204,63,2,0,273,'2021-09-19 12:14:05'),(1205,63,2,0,302,'2021-09-23 00:25:43'),(1206,265,1,0,302,'2021-09-23 19:58:19'),(1207,265,1,0,302,'2021-09-25 23:49:52'),(1208,63,2,0,273,'2021-09-26 22:48:42'),(1209,265,1,0,273,'2021-09-27 15:31:50'),(1210,265,1,0,273,'2021-09-27 16:01:41'),(1211,265,1,0,273,'2021-09-28 08:33:21'),(1212,63,2,0,273,'2021-09-29 00:27:09'),(1213,63,2,0,273,'2021-09-29 02:13:00'),(1214,265,1,0,273,'2021-09-29 02:19:22'),(1215,63,2,0,273,'2021-09-29 08:10:53'),(1216,63,2,0,302,'2021-09-30 19:05:30'),(1217,63,2,0,273,'2021-10-02 10:16:40'),(1218,265,1,0,302,'2021-10-03 19:26:14'),(1219,63,2,0,273,'2021-10-09 08:43:50'),(1220,265,1,0,273,'2021-10-09 18:15:13'),(1221,265,1,0,273,'2021-10-09 18:15:21'),(1222,63,2,0,273,'2021-10-14 16:05:24'),(1223,265,1,0,302,'2021-10-15 01:06:17'),(1224,265,1,0,273,'2021-10-15 06:56:15'),(1225,265,1,0,273,'2021-10-15 06:56:33'),(1226,265,1,0,273,'2021-10-15 06:56:47'),(1227,265,1,0,302,'2021-10-15 20:06:56'),(1228,63,2,0,273,'2021-10-15 20:07:45'),(1229,265,1,0,273,'2021-10-15 20:08:11'),(1230,63,2,0,273,'2021-10-15 20:08:14'),(1231,63,2,0,273,'2021-10-15 20:12:35'),(1232,63,2,0,273,'2021-10-16 18:35:26'),(1233,265,1,0,273,'2021-10-16 18:36:04'),(1234,63,2,0,273,'2021-10-16 18:36:07'),(1235,63,2,0,273,'2021-10-16 19:14:25'),(1236,63,2,0,273,'2021-10-16 19:14:29'),(1237,63,2,0,273,'2021-10-17 18:50:22'),(1238,63,2,0,273,'2021-10-17 18:51:30'),(1239,265,1,0,273,'2021-10-17 18:51:34'),(1240,63,2,0,273,'2021-10-19 17:07:35'),(1241,63,2,0,302,'2021-10-20 09:54:36'),(1242,265,1,0,302,'2021-10-20 13:10:58'),(1243,63,2,0,273,'2021-10-20 14:20:13'),(1244,265,1,0,273,'2021-10-22 17:55:57'),(1245,63,2,0,273,'2021-10-23 02:04:01'),(1246,63,2,0,273,'2021-10-24 16:40:13'),(1247,265,1,0,302,'2021-10-26 02:09:33'),(1248,63,2,1,302,'2021-10-26 13:54:46'),(1249,63,2,0,302,'2021-10-26 13:54:56'),(1250,63,2,0,273,'2021-10-26 13:55:30'),(1251,63,2,0,273,'2021-10-26 13:55:58'),(1252,63,2,0,302,'2021-10-26 13:57:39'),(1253,63,2,0,273,'2021-10-26 13:58:41'),(1254,63,2,0,273,'2021-10-26 14:08:39'),(1255,63,2,0,273,'2021-10-27 16:39:17'),(1256,63,2,0,273,'2021-10-27 16:39:18'),(1257,63,2,0,273,'2021-10-27 16:39:21'),(1258,63,2,0,302,'2021-10-28 09:15:06'),(1259,265,1,0,302,'2021-10-29 04:05:35'),(1260,265,1,0,273,'2021-10-30 09:55:34'),(1261,265,1,0,302,'2021-10-31 04:25:26'),(1262,63,2,0,273,'2021-11-04 07:04:08'),(1263,63,2,0,273,'2021-11-04 15:34:18'),(1264,265,1,0,273,'2021-11-04 15:34:35'),(1265,63,2,0,273,'2021-11-04 15:34:37'),(1266,63,2,0,273,'2021-11-04 15:35:27'),(1267,265,1,0,273,'2021-11-04 15:35:27'),(1268,63,2,0,273,'2021-11-04 15:35:29'),(1269,63,2,0,273,'2021-11-04 15:36:28'),(1270,265,1,0,273,'2021-11-04 15:36:28'),(1271,63,2,0,273,'2021-11-04 15:37:39'),(1272,63,2,0,273,'2021-11-04 15:39:21'),(1273,63,2,0,273,'2021-11-05 10:34:07'),(1274,63,2,0,273,'2021-11-05 13:20:08'),(1275,265,1,0,273,'2021-11-05 17:29:47'),(1276,63,2,0,273,'2021-11-05 19:04:38'),(1277,265,1,0,302,'2021-11-06 21:12:32'),(1278,63,2,0,273,'2021-11-07 04:52:57'),(1279,265,1,0,273,'2021-11-07 04:53:04'),(1280,63,2,0,302,'2021-11-07 05:09:12'),(1281,265,1,0,273,'2021-11-07 18:23:48'),(1282,63,2,0,302,'2021-11-08 09:35:18'),(1283,63,2,0,273,'2021-11-09 09:34:08'),(1284,63,2,0,273,'2021-11-09 09:34:19'),(1285,63,2,0,273,'2021-11-09 10:26:53'),(1286,63,2,0,273,'2021-11-09 12:33:56'),(1287,265,1,0,273,'2021-11-11 00:14:03'),(1288,63,2,0,273,'2021-11-11 12:44:30'),(1289,63,2,0,273,'2021-11-13 18:14:56'),(1290,63,2,0,273,'2021-11-14 18:01:50'),(1291,265,1,0,273,'2021-11-15 18:18:31'),(1292,63,2,0,273,'2021-11-16 07:46:07'),(1293,63,2,0,273,'2021-11-18 17:24:29'),(1294,63,2,0,273,'2021-11-19 10:06:50'),(1295,63,2,0,273,'2021-11-19 15:36:43'),(1296,63,2,0,273,'2021-11-19 15:46:35'),(1297,63,2,0,273,'2021-11-19 15:53:43'),(1298,63,2,0,273,'2021-11-19 17:25:51'),(1299,63,2,0,273,'2021-11-20 16:47:06'),(1300,63,2,0,273,'2021-11-20 16:47:41'),(1301,63,2,0,273,'2021-11-20 16:47:46'),(1302,265,1,0,273,'2021-11-28 13:33:03'),(1303,265,1,0,273,'2021-11-28 13:33:50'),(1304,265,1,0,273,'2021-11-28 13:34:18'),(1305,265,1,0,302,'2021-11-29 04:56:29'),(1306,265,1,0,273,'2021-11-29 16:03:40'),(1307,63,2,0,273,'2021-11-30 06:31:59'),(1308,63,2,0,302,'2021-11-30 11:41:57'),(1309,265,1,0,273,'2021-12-01 18:20:41'),(1310,63,2,0,273,'2021-12-02 03:29:48'),(1311,265,1,0,273,'2021-12-02 03:29:52'),(1312,63,2,0,302,'2021-12-02 03:30:55'),(1313,265,1,0,302,'2021-12-02 03:30:59'),(1314,265,1,0,273,'2021-12-02 12:02:19'),(1315,265,1,0,273,'2021-12-04 12:15:35'),(1316,63,2,0,273,'2021-12-04 19:30:49'),(1317,63,2,0,302,'2021-12-04 19:47:39'),(1318,265,1,0,302,'2021-12-04 19:47:45'),(1319,63,2,0,273,'2021-12-05 12:05:01'),(1320,63,2,0,273,'2021-12-06 10:54:07'),(1321,63,2,0,273,'2021-12-06 10:54:10'),(1322,63,2,0,273,'2021-12-19 00:24:38'),(1323,63,2,0,273,'2021-12-21 09:59:04'),(1324,63,2,0,273,'2021-12-25 08:49:49'),(1325,265,1,0,273,'2021-12-25 08:50:12'),(1326,63,2,0,302,'2021-12-29 20:10:33'),(1327,63,2,0,273,'2021-12-30 06:35:58'),(1328,63,2,0,273,'2021-12-30 06:36:42'),(1329,265,1,0,302,'2021-12-30 20:24:59'),(1330,265,1,0,273,'2021-12-31 05:08:27'),(1331,63,2,0,273,'2021-12-31 16:46:39'),(1332,63,2,0,302,'2022-01-01 00:56:42'),(1333,63,2,0,273,'2022-01-01 21:44:06'),(1334,265,1,0,273,'2022-01-02 07:40:55'),(1335,265,1,0,302,'2022-01-03 03:54:48'),(1336,265,1,0,302,'2022-01-03 23:30:41'),(1337,265,1,0,302,'2022-01-04 08:07:52'),(1338,265,1,0,273,'2022-01-06 19:15:40'),(1339,265,1,0,273,'2022-01-06 21:17:16'),(1340,63,2,0,273,'2022-01-06 22:04:01'),(1341,63,2,0,273,'2022-01-08 13:17:11'),(1342,265,1,0,273,'2022-01-08 15:59:28'),(1343,63,2,0,302,'2022-01-10 11:16:59'),(1344,63,2,0,273,'2022-01-12 16:12:35'),(1345,63,2,0,273,'2022-01-15 21:39:55'),(1346,265,1,0,302,'2022-01-16 12:36:43'),(1347,265,1,0,302,'2022-01-24 02:18:23'),(1348,63,2,0,273,'2022-01-26 10:23:43'),(1349,63,2,0,273,'2022-01-26 10:58:53'),(1350,265,1,0,273,'2022-01-26 10:58:56'),(1351,63,2,0,273,'2022-01-28 09:14:19'),(1352,63,2,0,273,'2022-01-28 09:25:39'),(1353,63,2,0,273,'2022-01-28 11:40:32'),(1354,265,1,0,273,'2022-01-28 11:40:36'),(1355,63,2,0,273,'2022-01-28 12:03:41'),(1356,63,2,0,273,'2022-01-29 03:30:21'),(1357,265,1,0,273,'2022-01-29 03:30:59'),(1358,63,2,0,273,'2022-01-30 01:21:46'),(1359,265,1,0,273,'2022-01-30 11:39:29'),(1360,265,1,0,273,'2022-01-30 11:46:27'),(1361,63,2,0,273,'2022-02-04 13:52:11'),(1362,63,2,0,273,'2022-02-04 13:55:10'),(1363,63,2,0,273,'2022-02-04 13:55:18'),(1364,265,1,0,302,'2022-02-05 05:01:42'),(1365,63,2,0,302,'2022-02-05 09:30:14'),(1366,265,1,0,273,'2022-02-05 12:04:16'),(1367,63,2,0,273,'2022-02-05 15:37:56'),(1368,265,1,0,273,'2022-02-07 02:00:49'),(1369,63,2,0,273,'2022-02-07 03:57:52'),(1370,265,1,0,273,'2022-02-09 08:06:00'),(1371,63,2,0,273,'2022-02-14 07:55:11'),(1372,63,2,0,273,'2022-02-14 15:11:47'),(1373,63,2,0,273,'2022-02-14 15:12:08'),(1374,63,2,0,273,'2022-02-14 15:15:59'),(1375,63,2,0,273,'2022-02-15 17:48:06'),(1376,265,1,0,273,'2022-02-16 14:19:58'),(1377,63,2,0,273,'2022-02-17 02:16:14'),(1378,63,2,0,302,'2022-02-17 23:25:31'),(1379,265,1,0,273,'2022-02-18 18:12:33'),(1380,63,2,0,273,'2022-02-21 15:19:18'),(1381,265,1,0,273,'2022-02-21 15:19:27'),(1382,63,2,0,302,'2022-02-23 15:44:39'),(1383,265,1,0,302,'2022-02-23 15:44:42'),(1384,63,2,0,273,'2022-02-23 19:41:48'),(1385,265,1,0,273,'2022-02-23 19:42:08'),(1386,63,2,0,302,'2022-02-24 01:26:43'),(1387,265,1,0,302,'2022-02-24 01:26:55'),(1388,63,2,0,302,'2022-02-26 00:35:58'),(1389,265,1,0,302,'2022-02-26 00:36:29'),(1390,63,2,0,273,'2022-03-01 23:21:24'),(1391,265,1,0,273,'2022-03-01 23:21:32'),(1392,63,2,0,273,'2022-03-04 15:13:52'),(1393,63,2,0,273,'2022-03-08 17:07:29'),(1394,265,1,0,273,'2022-03-09 21:55:21'),(1395,63,2,0,273,'2022-03-09 22:41:42'),(1396,63,2,0,273,'2022-03-14 07:04:42'),(1397,63,2,0,273,'2022-03-14 17:26:47'),(1398,63,2,0,273,'2022-03-17 10:49:53'),(1399,63,2,0,302,'2022-03-18 16:00:49'),(1400,265,1,0,302,'2022-03-18 16:00:50'),(1401,63,2,0,273,'2022-03-21 10:31:13'),(1402,265,1,0,273,'2022-03-21 17:46:07'),(1403,265,1,0,273,'2022-03-21 17:47:55'),(1404,63,2,0,273,'2022-03-22 05:58:26'),(1405,63,2,0,273,'2022-03-22 22:38:35'),(1406,265,1,0,273,'2022-03-23 02:14:26'),(1407,265,1,0,302,'2022-03-24 17:37:42'),(1408,63,2,0,302,'2022-04-01 10:27:12'),(1409,265,1,0,302,'2022-04-02 13:26:56'),(1410,63,2,0,273,'2022-04-04 16:55:32'),(1411,63,2,0,273,'2022-04-05 16:12:59'),(1412,265,1,0,273,'2022-04-05 16:13:11'),(1413,63,2,0,273,'2022-04-09 14:59:12'),(1414,63,2,0,273,'2022-04-09 16:45:31'),(1415,265,1,0,273,'2022-04-10 12:24:17'),(1416,265,1,0,273,'2022-04-10 15:33:36'),(1417,265,1,0,273,'2022-04-15 14:48:52'),(1418,63,2,0,273,'2022-04-16 01:58:46'),(1419,265,1,0,273,'2022-04-16 01:58:58'),(1420,63,2,0,273,'2022-04-18 10:40:24'),(1421,265,1,0,273,'2022-04-20 02:35:50'),(1422,63,2,0,273,'2022-04-20 03:07:06'),(1423,63,2,0,302,'2022-04-20 22:40:00'),(1424,63,2,0,273,'2022-04-26 05:46:34'),(1425,63,2,0,302,'2022-04-26 18:51:17'),(1426,265,1,0,302,'2022-04-27 04:29:47'),(1427,63,2,0,273,'2022-04-27 12:26:07'),(1428,63,2,0,273,'2022-04-27 12:43:46'),(1429,265,1,0,273,'2022-04-27 12:43:57'),(1430,63,2,0,273,'2022-04-27 12:44:33'),(1431,63,2,0,273,'2022-04-27 12:44:41'),(1432,63,2,0,273,'2022-05-02 03:04:42'),(1433,265,1,0,273,'2022-05-02 08:20:51'),(1434,63,2,0,273,'2022-05-04 08:43:43'),(1435,63,2,0,273,'2022-05-04 12:13:19'),(1436,265,1,0,273,'2022-05-04 18:24:11'),(1437,63,2,0,273,'2022-05-06 13:34:37'),(1438,63,2,0,273,'2022-05-10 14:18:20'),(1439,265,1,0,273,'2022-05-10 14:18:31'),(1440,63,2,0,273,'2022-05-10 14:18:34'),(1441,63,2,0,273,'2022-05-10 14:19:20'),(1442,63,2,0,302,'2022-05-14 02:26:57'),(1443,265,1,0,302,'2022-05-14 02:27:02'),(1444,265,1,0,273,'2022-05-25 09:56:01'),(1445,265,1,0,302,'2022-05-25 17:35:18'),(1446,63,2,0,302,'2022-05-25 21:05:06'),(1447,265,1,0,273,'2022-05-29 14:36:38'),(1448,265,1,0,273,'2022-05-31 17:51:41'),(1449,63,2,0,273,'2022-05-31 23:51:43'),(1450,265,1,0,273,'2022-06-03 11:04:20'),(1451,63,2,0,273,'2022-06-03 12:58:37'),(1452,63,2,0,273,'2022-06-03 20:06:40'),(1453,63,2,0,273,'2022-06-03 20:10:58'),(1454,63,2,0,273,'2022-06-03 20:11:25'),(1455,63,2,0,273,'2022-06-07 05:52:45'),(1456,265,1,0,302,'2022-06-07 17:45:14'),(1457,63,2,0,302,'2022-06-07 17:45:14'),(1458,265,1,0,273,'2022-06-08 15:24:53'),(1459,63,2,0,273,'2022-06-08 16:58:51'),(1460,265,1,0,273,'2022-06-13 06:22:36'),(1461,63,2,0,273,'2022-06-17 08:57:08'),(1462,265,1,0,273,'2022-06-19 10:22:46'),(1463,63,2,0,273,'2022-06-23 09:04:18'),(1464,265,1,0,273,'2022-06-23 09:04:23'),(1465,63,2,0,273,'2022-06-23 09:04:27'),(1466,265,1,0,273,'2022-06-23 17:19:35'),(1467,265,1,0,273,'2022-06-25 20:23:34'),(1468,63,2,0,273,'2022-07-05 01:42:47'),(1469,265,1,0,273,'2022-07-05 01:42:57'),(1470,265,1,0,273,'2022-07-05 17:41:29'),(1471,63,2,0,273,'2022-07-09 14:58:42'),(1472,265,1,0,273,'2022-07-12 09:22:51'),(1473,63,2,0,273,'2022-07-13 02:28:46'),(1474,63,2,0,273,'2022-07-14 17:44:33'),(1475,63,2,0,273,'2022-07-14 17:45:56'),(1476,265,1,0,273,'2022-07-14 17:46:22'),(1477,63,2,0,273,'2022-07-14 17:46:33'),(1478,63,2,0,273,'2022-07-14 17:47:30'),(1479,63,2,0,273,'2022-07-26 16:22:47'),(1480,63,2,0,273,'2022-07-26 16:30:20'),(1481,63,2,0,273,'2022-07-26 16:30:41'),(1482,63,2,0,273,'2022-07-26 16:35:41'),(1483,63,2,0,302,'2022-07-30 05:49:00'),(1484,63,2,0,302,'2022-08-02 21:08:38'),(1485,265,1,0,302,'2022-08-02 21:08:43'),(1486,265,1,0,273,'2022-08-04 04:52:15'),(1487,265,1,0,302,'2022-08-06 00:58:14'),(1488,63,2,0,273,'2022-08-08 18:08:34'),(1489,63,2,0,273,'2022-08-09 06:01:28'),(1490,63,2,0,273,'2022-08-20 12:04:17'),(1491,265,1,0,273,'2022-08-20 12:08:26'),(1492,63,2,0,273,'2022-08-20 12:09:07'),(1493,63,2,0,273,'2022-08-20 12:53:16'),(1494,63,2,0,273,'2022-08-20 13:15:05'),(1495,63,2,0,273,'2022-08-20 13:18:34'),(1496,265,1,0,273,'2022-08-20 13:19:05'),(1497,63,2,0,273,'2022-08-20 13:26:22'),(1498,63,2,0,273,'2022-08-20 16:25:43'),(1499,63,2,0,273,'2022-08-20 17:00:30'),(1500,63,2,0,273,'2022-08-20 17:06:34'),(1501,63,2,0,273,'2022-08-21 13:20:16'),(1502,265,1,0,273,'2022-08-22 09:35:18'),(1503,265,1,0,273,'2022-08-23 08:24:00'),(1504,63,2,0,273,'2022-08-26 17:59:21'),(1505,63,2,0,273,'2022-08-26 18:01:53'),(1506,63,2,0,273,'2022-08-26 18:08:27'),(1507,63,2,0,273,'2022-08-26 18:10:02'),(1508,265,1,0,273,'2022-08-27 10:56:15'),(1509,265,1,0,273,'2022-08-27 10:56:56'),(1510,63,2,0,273,'2022-08-28 13:32:01'),(1511,63,2,0,273,'2022-08-30 05:42:06'),(1512,63,2,0,273,'2022-09-04 03:31:49'),(1513,63,2,0,273,'2022-09-04 03:33:33'),(1514,63,2,0,273,'2022-09-04 07:34:18'),(1515,63,2,0,273,'2022-09-04 07:59:44'),(1516,63,2,0,273,'2022-09-04 08:07:43'),(1517,265,1,0,273,'2022-09-04 15:42:25'),(1518,63,2,0,273,'2022-09-04 17:12:26'),(1519,63,2,0,302,'2022-09-05 21:06:53'),(1520,63,2,0,273,'2022-09-06 07:50:21'),(1521,265,1,0,302,'2022-09-07 01:12:24'),(1522,63,2,0,273,'2022-09-09 14:18:15'),(1523,63,2,0,273,'2022-09-12 19:27:11'),(1524,63,2,0,273,'2022-09-12 21:17:47'),(1525,63,2,0,273,'2022-09-13 02:19:31'),(1526,63,2,0,273,'2022-09-13 04:13:27'),(1527,63,2,0,273,'2022-09-13 05:31:45'),(1528,63,2,0,273,'2022-09-15 19:13:57'),(1529,63,2,0,273,'2022-09-23 02:01:11'),(1530,265,1,0,273,'2022-09-23 02:01:14'),(1531,63,2,0,273,'2022-09-23 06:44:33'),(1532,265,1,0,273,'2022-09-25 06:05:56'),(1533,63,2,0,302,'2022-09-25 07:35:45'),(1534,63,2,0,273,'2022-09-27 03:50:26'),(1535,63,2,0,273,'2022-09-27 03:58:20'),(1536,63,2,0,302,'2022-09-27 23:10:37'),(1537,63,2,0,273,'2022-09-28 04:59:29'),(1538,63,2,0,273,'2022-09-28 05:01:11'),(1539,63,2,0,273,'2022-09-29 18:29:28'),(1540,265,1,0,273,'2022-10-01 07:32:00'),(1541,265,1,0,273,'2022-10-01 09:35:58'),(1542,63,2,0,273,'2022-10-01 21:40:45'),(1543,63,2,0,302,'2022-10-01 23:21:24'),(1544,265,1,0,273,'2022-10-03 12:41:36'),(1545,63,2,0,273,'2022-10-03 18:07:02'),(1546,63,2,0,273,'2022-10-04 01:25:04'),(1547,265,1,0,273,'2022-10-05 11:50:38'),(1548,63,2,0,273,'2022-10-05 14:05:40'),(1549,63,2,0,302,'2022-10-06 08:18:22'),(1550,63,2,0,273,'2022-10-06 20:47:29'),(1551,265,1,0,273,'2022-10-06 20:47:39'),(1552,63,2,0,273,'2022-10-10 16:49:44'),(1553,63,2,0,273,'2022-10-10 16:49:48'),(1554,63,2,0,273,'2022-10-13 04:40:27'),(1555,63,2,0,302,'2022-10-14 09:35:02'),(1556,63,2,0,273,'2022-10-14 12:23:03'),(1557,63,2,0,273,'2022-10-14 17:51:39'),(1558,265,1,0,273,'2022-10-15 20:22:37'),(1559,63,2,0,273,'2022-10-18 05:03:21'),(1560,63,2,0,273,'2022-10-18 05:17:29'),(1561,265,1,0,273,'2022-10-18 05:17:34'),(1562,63,2,0,273,'2022-10-18 05:18:38'),(1563,63,2,0,273,'2022-10-18 07:09:57'),(1564,63,2,0,273,'2022-10-18 07:16:46'),(1565,265,1,0,273,'2022-10-18 12:57:47'),(1566,265,1,0,273,'2022-10-18 12:57:51'),(1567,265,1,0,273,'2022-10-18 12:57:52'),(1568,265,1,0,273,'2022-10-18 12:57:53'),(1569,63,2,0,273,'2022-10-18 22:00:44'),(1570,63,2,0,273,'2022-10-19 17:13:44'),(1571,63,2,0,273,'2022-10-19 17:14:39'),(1572,265,1,0,273,'2022-10-19 17:15:02'),(1573,63,2,0,273,'2022-10-20 14:42:29'),(1574,265,1,0,273,'2022-10-21 08:24:19'),(1575,63,2,0,273,'2022-10-21 08:25:33'),(1576,63,2,0,302,'2022-10-22 01:54:24'),(1577,265,1,0,302,'2022-10-22 01:54:27'),(1578,265,1,0,273,'2022-10-23 11:26:55'),(1579,63,2,0,273,'2022-10-24 11:12:11'),(1580,63,2,0,273,'2022-10-25 13:35:31'),(1581,63,2,0,273,'2022-10-25 13:46:49'),(1582,63,2,0,273,'2022-10-25 13:48:18'),(1583,63,2,0,273,'2022-10-25 13:48:40'),(1584,63,2,0,273,'2022-10-26 13:42:44'),(1585,63,2,0,273,'2022-10-27 12:16:12'),(1586,265,1,0,273,'2022-10-27 13:08:39'),(1587,63,2,0,273,'2022-10-27 13:12:51'),(1588,63,2,0,302,'2022-10-27 13:16:24'),(1589,265,1,0,302,'2022-10-27 13:16:25'),(1590,63,2,0,273,'2022-10-27 16:39:22'),(1591,265,1,0,273,'2022-10-28 17:55:44'),(1592,265,1,0,273,'2022-10-28 17:56:48'),(1593,63,2,0,273,'2022-10-30 08:39:59'),(1594,63,2,0,273,'2022-10-30 08:40:34'),(1595,265,1,0,273,'2022-10-30 08:40:50'),(1596,63,2,0,273,'2022-11-01 16:05:55'),(1597,63,2,0,273,'2022-11-01 16:16:58'),(1598,63,2,0,273,'2022-11-01 16:17:43'),(1599,63,2,0,302,'2022-11-01 16:18:42'),(1600,265,1,0,302,'2022-11-01 16:18:55'),(1601,63,2,0,302,'2022-11-01 16:18:58'),(1602,63,2,0,273,'2022-11-01 16:19:21'),(1603,63,2,0,273,'2022-11-01 16:19:30'),(1604,63,2,0,273,'2022-11-01 16:21:51'),(1605,265,1,0,302,'2022-11-02 07:24:07'),(1606,265,1,0,302,'2022-11-04 02:04:25'),(1607,63,2,0,273,'2022-11-08 16:59:24'),(1608,63,2,0,302,'2022-11-09 05:34:46'),(1609,63,2,0,273,'2022-11-09 16:02:30'),(1610,63,2,0,273,'2022-11-09 16:10:15'),(1611,63,2,0,302,'2022-11-10 01:45:55'),(1612,63,2,0,273,'2022-11-10 07:08:02'),(1613,63,2,0,273,'2022-11-11 02:51:03'),(1614,63,2,0,302,'2022-11-11 07:23:40'),(1615,63,2,0,302,'2022-11-12 02:11:50'),(1616,63,2,0,302,'2022-11-12 13:32:09'),(1617,63,2,0,273,'2022-11-14 06:08:05'),(1618,63,2,0,273,'2022-11-16 04:00:06'),(1619,63,2,0,273,'2022-11-18 09:44:52'),(1620,265,1,0,302,'2022-11-19 10:11:17'),(1621,265,1,0,273,'2022-11-20 15:26:04'),(1622,265,1,0,273,'2022-11-22 15:30:29'),(1623,63,2,0,273,'2022-11-24 13:15:14'),(1624,63,2,0,273,'2022-11-25 10:29:27'),(1625,63,2,0,273,'2022-11-26 02:17:20'),(1626,63,2,0,273,'2022-11-26 19:15:09'),(1627,265,1,0,273,'2022-11-26 23:34:09'),(1628,265,1,0,273,'2022-11-27 10:43:26'),(1629,265,1,0,302,'2022-11-29 06:37:09'),(1630,265,1,0,273,'2022-11-29 17:00:37'),(1631,265,1,0,273,'2022-12-01 16:52:15'),(1632,63,2,0,273,'2022-12-02 04:20:58'),(1633,63,2,0,273,'2022-12-03 21:04:35'),(1634,265,1,0,273,'2022-12-04 03:34:52'),(1635,265,1,0,273,'2022-12-07 06:41:50'),(1636,63,2,0,273,'2022-12-07 08:14:37'),(1637,63,2,0,302,'2022-12-08 15:31:36'),(1638,63,2,0,273,'2022-12-09 17:06:44'),(1639,63,2,0,273,'2022-12-09 17:07:23'),(1640,265,1,0,273,'2022-12-09 17:07:24'),(1641,265,1,0,273,'2022-12-09 17:11:48'),(1642,265,1,0,302,'2022-12-09 18:56:57'),(1643,265,1,0,273,'2022-12-10 02:05:34'),(1644,265,1,0,273,'2022-12-11 00:52:47'),(1645,63,2,0,302,'2022-12-11 10:00:53'),(1646,63,2,0,273,'2022-12-11 10:02:19'),(1647,265,1,0,273,'2022-12-11 10:02:25'),(1648,63,2,0,273,'2022-12-11 14:13:54'),(1649,63,2,0,273,'2022-12-11 14:14:27'),(1650,63,2,0,302,'2022-12-11 18:42:29'),(1651,63,2,0,273,'2022-12-12 02:56:53'),(1652,265,1,0,273,'2022-12-12 02:56:58'),(1653,63,2,0,302,'2022-12-14 14:15:01'),(1654,63,2,0,302,'2022-12-14 14:19:08'),(1655,63,2,0,302,'2022-12-14 14:21:46'),(1656,63,2,0,273,'2022-12-22 12:44:11'),(1657,63,2,0,302,'2022-12-23 07:19:58'),(1658,63,2,0,302,'2022-12-23 07:21:03'),(1659,63,2,0,273,'2022-12-23 07:23:22'),(1660,63,2,0,273,'2022-12-23 07:24:01'),(1661,63,2,0,302,'2022-12-23 07:37:49'),(1662,63,2,0,273,'2022-12-23 07:38:41'),(1663,63,2,0,302,'2022-12-23 07:52:02'),(1664,63,2,0,273,'2022-12-24 22:43:47'),(1665,63,2,0,273,'2022-12-24 22:47:23'),(1666,63,2,0,273,'2022-12-24 22:50:28'),(1667,63,2,0,273,'2022-12-24 23:00:54'),(1668,63,2,0,273,'2022-12-25 11:17:06'),(1669,265,1,0,273,'2022-12-25 11:17:14'),(1670,63,2,0,273,'2022-12-25 11:17:24'),(1671,63,2,0,273,'2022-12-25 11:17:33'),(1672,265,1,0,273,'2022-12-25 11:17:33'),(1673,63,2,0,273,'2022-12-25 11:17:58'),(1674,63,2,0,273,'2022-12-25 11:19:59'),(1675,265,1,0,273,'2022-12-25 17:27:37'),(1676,63,2,0,273,'2022-12-26 13:29:44'),(1677,63,2,0,273,'2022-12-27 12:39:24'),(1678,63,2,0,273,'2022-12-27 17:57:38'),(1679,63,2,0,273,'2022-12-27 18:02:08'),(1680,63,2,0,273,'2022-12-27 18:06:03'),(1681,63,2,0,273,'2022-12-28 15:00:33'),(1682,63,2,0,302,'2022-12-28 17:11:19'),(1683,63,2,0,302,'2022-12-28 17:15:06'),(1684,63,2,0,302,'2022-12-28 17:18:01'),(1685,63,2,0,273,'2022-12-29 02:24:52'),(1686,63,2,0,273,'2022-12-29 02:27:57'),(1687,63,2,0,273,'2022-12-29 02:30:44'),(1688,63,2,0,302,'2022-12-30 09:21:49'),(1689,63,2,0,302,'2022-12-30 09:24:23'),(1690,63,2,0,302,'2022-12-30 09:29:16'),(1691,265,1,0,273,'2022-12-30 12:11:08'),(1692,265,1,0,273,'2022-12-30 12:11:16'),(1693,265,1,0,273,'2022-12-30 12:11:40'),(1694,265,1,0,273,'2022-12-30 12:11:41'),(1695,63,2,0,273,'2023-01-04 15:32:12'),(1696,265,1,0,273,'2023-01-04 15:34:06'),(1697,63,2,0,273,'2023-01-06 22:19:56'),(1698,63,2,0,273,'2023-01-09 15:57:22'),(1699,265,1,0,273,'2023-01-09 15:57:31'),(1700,63,2,0,273,'2023-01-09 16:02:34'),(1701,265,1,0,273,'2023-01-09 16:04:52'),(1702,63,2,0,302,'2023-01-10 01:03:20'),(1703,63,2,0,302,'2023-01-10 01:06:25'),(1704,63,2,0,302,'2023-01-10 01:09:05'),(1705,63,2,0,302,'2023-01-10 02:39:33'),(1706,265,1,0,302,'2023-01-10 02:39:35'),(1707,63,2,0,302,'2023-01-11 06:04:00'),(1708,63,2,0,302,'2023-01-11 06:07:01'),(1709,63,2,0,302,'2023-01-11 06:11:00'),(1710,63,2,0,302,'2023-01-12 05:51:26'),(1711,63,2,0,302,'2023-01-12 05:54:02'),(1712,63,2,0,302,'2023-01-12 05:57:16'),(1713,63,2,0,302,'2023-01-13 13:10:04'),(1714,63,2,0,302,'2023-01-13 13:12:46'),(1715,63,2,0,302,'2023-01-13 13:16:10'),(1716,63,2,0,302,'2023-01-16 10:18:07'),(1717,63,2,0,302,'2023-01-16 10:20:48'),(1718,63,2,0,302,'2023-01-16 10:23:28'),(1719,63,2,0,273,'2023-01-16 18:20:22'),(1720,265,1,0,273,'2023-01-16 18:20:53'),(1721,63,2,0,273,'2023-01-17 17:42:53'),(1722,63,2,0,273,'2023-01-17 17:43:01'),(1723,265,1,0,273,'2023-01-17 17:43:39'),(1724,63,2,0,273,'2023-01-17 17:43:44'),(1725,63,2,0,273,'2023-01-18 06:13:36'),(1726,63,2,0,273,'2023-01-19 17:52:18'),(1727,63,2,0,273,'2023-01-19 17:56:09'),(1728,63,2,0,273,'2023-01-19 17:59:09'),(1729,63,2,0,273,'2023-01-20 18:13:25'),(1730,63,2,0,273,'2023-01-20 18:16:38'),(1731,63,2,0,273,'2023-01-20 18:20:47'),(1732,63,2,0,302,'2023-01-21 17:20:29'),(1733,63,2,0,273,'2023-01-21 17:20:38'),(1734,63,2,0,302,'2023-01-21 17:23:42'),(1735,63,2,0,273,'2023-01-21 17:23:55'),(1736,63,2,0,302,'2023-01-21 17:26:33'),(1737,63,2,0,273,'2023-01-21 17:27:30'),(1738,63,2,0,273,'2023-01-22 05:52:26'),(1739,63,2,0,273,'2023-01-22 05:55:35'),(1740,63,2,0,273,'2023-01-22 05:58:50'),(1741,63,2,0,273,'2023-01-30 19:00:05'),(1742,265,1,0,273,'2023-01-30 19:00:32'),(1743,63,2,0,273,'2023-01-30 19:04:07'),(1744,265,1,0,273,'2023-01-31 18:39:54'),(1745,63,2,0,273,'2023-02-01 16:38:36'),(1746,265,1,0,273,'2023-02-01 16:38:41'),(1747,63,2,0,273,'2023-02-01 16:38:45'),(1748,265,1,0,273,'2023-02-01 16:41:24'),(1749,63,2,0,273,'2023-02-01 16:41:27'),(1750,63,2,0,273,'2023-02-04 20:01:59'),(1751,63,2,0,273,'2023-02-04 20:04:57'),(1752,63,2,0,273,'2023-02-04 20:09:31'),(1753,63,2,0,302,'2023-02-05 23:35:52'),(1754,63,2,0,302,'2023-02-05 23:38:52'),(1755,63,2,0,273,'2023-02-06 19:41:10'),(1756,63,2,0,273,'2023-02-06 19:44:10'),(1757,63,2,0,273,'2023-02-06 19:47:06'),(1758,265,1,0,273,'2023-02-07 13:36:17'),(1759,265,1,0,273,'2023-02-07 13:36:26'),(1760,265,1,0,273,'2023-02-16 09:21:25'),(1761,63,2,0,302,'2023-02-16 16:46:53'),(1762,265,1,0,273,'2023-02-17 01:16:59'),(1763,63,2,0,273,'2023-02-17 13:05:17'),(1764,63,2,0,273,'2023-02-24 15:30:41'),(1765,265,1,0,302,'2023-02-26 10:52:35'),(1766,265,1,0,273,'2023-02-28 21:29:32'),(1767,63,2,0,273,'2023-03-01 03:56:39'),(1768,265,1,0,273,'2023-03-01 03:57:44'),(1769,63,2,0,273,'2023-03-01 03:57:49'),(1770,265,1,0,273,'2023-03-01 03:57:55'),(1771,63,2,0,273,'2023-03-01 03:58:14'),(1772,63,2,0,273,'2023-03-01 03:59:34'),(1773,63,2,0,273,'2023-03-01 03:59:43'),(1774,265,1,0,273,'2023-03-01 03:59:47'),(1775,63,2,0,273,'2023-03-01 03:59:49'),(1776,63,2,0,273,'2023-03-03 12:33:57'),(1777,63,2,0,273,'2023-03-04 21:03:49'),(1778,63,2,0,273,'2023-03-04 21:17:26'),(1779,265,1,0,273,'2023-03-05 07:06:06'),(1780,265,1,0,273,'2023-03-05 07:12:12'),(1781,265,1,0,273,'2023-03-05 07:12:27'),(1782,265,1,0,273,'2023-03-05 07:12:49'),(1783,265,1,0,273,'2023-03-06 10:33:21'),(1784,63,2,0,273,'2023-03-09 00:47:15'),(1785,63,2,0,273,'2023-03-09 00:50:03'),(1786,63,2,0,273,'2023-03-09 00:52:48'),(1787,265,1,0,302,'2023-03-10 23:54:14'),(1788,63,2,0,273,'2023-03-12 07:52:43'),(1789,265,1,0,273,'2023-03-13 19:17:11'),(1790,265,1,0,273,'2023-03-13 19:27:07'),(1791,63,2,0,273,'2023-03-14 17:12:45'),(1792,63,2,0,273,'2023-03-14 18:37:06'),(1793,63,2,0,273,'2023-03-15 10:56:11'),(1794,63,2,0,273,'2023-03-15 11:05:04'),(1795,63,2,0,273,'2023-03-15 15:59:33'),(1796,63,2,0,273,'2023-03-18 19:24:03'),(1797,265,1,0,273,'2023-03-20 18:36:10'),(1798,63,2,0,273,'2023-03-21 14:31:19'),(1799,63,2,0,273,'2023-03-21 14:33:53'),(1800,63,2,0,273,'2023-03-21 14:37:29'),(1801,63,2,0,302,'2023-03-22 11:01:31'),(1802,63,2,0,302,'2023-03-22 11:05:37'),(1803,63,2,0,302,'2023-03-22 11:07:53'),(1804,63,2,0,273,'2023-03-23 09:57:42'),(1805,265,1,0,302,'2023-03-24 10:41:24'),(1806,63,2,0,273,'2023-03-25 05:44:51'),(1807,63,2,0,273,'2023-03-25 05:47:34'),(1808,63,2,0,273,'2023-03-25 05:51:22'),(1809,63,2,0,302,'2023-03-26 22:09:15'),(1810,63,2,0,302,'2023-03-26 22:12:05'),(1811,63,2,0,302,'2023-03-26 22:14:40'),(1812,63,2,0,273,'2023-03-27 12:55:27'),(1813,265,1,0,273,'2023-03-27 12:55:34'),(1814,63,2,0,273,'2023-03-27 12:55:58'),(1815,63,2,0,302,'2023-03-27 12:57:02'),(1816,63,2,0,302,'2023-03-28 11:22:04'),(1817,63,2,0,273,'2023-03-28 18:12:34'),(1818,63,2,0,273,'2023-03-28 23:20:32'),(1819,63,2,0,273,'2023-03-28 23:22:56'),(1820,63,2,0,273,'2023-03-28 23:25:45'),(1821,63,2,0,273,'2023-03-29 12:26:55'),(1822,63,2,0,273,'2023-03-29 12:29:16'),(1823,63,2,0,273,'2023-03-29 12:32:01'),(1824,63,2,0,302,'2023-03-30 18:00:58'),(1825,63,2,0,302,'2023-03-30 18:03:32'),(1826,63,2,0,302,'2023-03-30 18:06:03'),(1827,63,2,0,302,'2023-03-31 01:20:05'),(1828,265,1,0,302,'2023-03-31 01:20:10'),(1829,63,2,0,273,'2023-04-01 08:56:42'),(1830,63,2,0,273,'2023-04-01 08:59:25'),(1831,63,2,0,273,'2023-04-01 09:02:04'),(1832,63,2,0,273,'2023-04-01 10:23:37'),(1833,63,2,0,273,'2023-04-01 10:31:04'),(1834,63,2,0,273,'2023-04-01 10:33:42'),(1835,63,2,0,273,'2023-04-01 10:36:16'),(1836,63,2,0,302,'2023-04-01 22:33:19'),(1837,63,2,0,302,'2023-04-01 22:36:01'),(1838,63,2,0,302,'2023-04-01 22:38:51'),(1839,63,2,0,302,'2023-04-02 10:43:23'),(1840,63,2,0,302,'2023-04-02 10:46:50'),(1841,63,2,0,302,'2023-04-02 10:49:26'),(1842,63,2,0,273,'2023-04-04 02:32:34'),(1843,63,2,0,273,'2023-04-05 12:16:00'),(1844,63,2,0,273,'2023-04-05 12:18:39'),(1845,63,2,0,273,'2023-04-05 12:21:01'),(1846,63,2,0,302,'2023-04-05 23:40:51'),(1847,63,2,0,273,'2023-04-05 23:41:25'),(1848,63,2,0,302,'2023-04-05 23:43:28'),(1849,63,2,0,273,'2023-04-05 23:44:39'),(1850,63,2,0,302,'2023-04-05 23:46:04'),(1851,63,2,0,273,'2023-04-05 23:47:17'),(1852,63,2,0,273,'2023-04-08 18:53:09'),(1853,63,2,0,273,'2023-04-08 18:54:32'),(1854,63,2,0,273,'2023-04-08 18:55:13'),(1855,265,1,0,273,'2023-04-08 18:55:13'),(1856,63,2,0,273,'2023-04-08 18:55:53'),(1857,63,2,0,302,'2023-04-13 08:57:50'),(1858,63,2,0,302,'2023-04-13 09:00:35'),(1859,63,2,0,302,'2023-04-13 09:04:10'),(1860,265,1,0,273,'2023-04-16 17:55:33'),(1861,63,2,0,273,'2023-04-17 06:52:49'),(1862,63,2,0,273,'2023-04-24 08:26:08'),(1863,63,2,0,273,'2023-04-24 08:31:46'),(1864,63,2,0,273,'2023-04-24 17:55:21'),(1865,63,2,0,273,'2023-04-30 09:51:12'),(1866,63,2,0,302,'2023-04-30 21:34:49'),(1867,63,2,0,302,'2023-05-04 18:52:56'),(1868,63,2,0,273,'2023-05-22 13:47:27'),(1869,63,2,0,273,'2023-05-23 11:14:28'),(1870,63,2,0,273,'2023-05-23 11:20:29'),(1871,63,2,0,273,'2023-05-23 11:20:31'),(1872,63,2,0,273,'2023-05-23 11:20:34'),(1873,265,1,0,273,'2023-05-23 11:20:34'),(1874,63,2,0,273,'2023-05-23 11:20:40'),(1875,63,2,0,273,'2023-05-23 11:20:42'),(1876,63,2,0,273,'2023-05-23 11:20:44'),(1877,63,2,0,273,'2023-05-23 11:20:52'),(1878,63,2,0,273,'2023-05-23 11:20:54'),(1879,63,2,0,273,'2023-05-23 11:20:55'),(1880,63,2,0,273,'2023-05-23 11:20:59'),(1881,63,2,0,273,'2023-05-23 11:21:04'),(1882,63,2,0,273,'2023-05-24 10:26:47'),(1883,265,1,0,302,'2023-05-24 20:15:21'),(1884,63,2,0,273,'2023-05-24 20:51:05'),(1885,63,2,0,273,'2023-05-24 20:51:06'),(1886,63,2,0,302,'2023-05-24 23:35:44'),(1887,63,2,0,273,'2023-05-27 13:15:35'),(1888,265,1,0,273,'2023-05-27 13:15:40'),(1889,265,1,0,273,'2023-05-27 13:19:36'),(1890,63,2,0,302,'2023-05-27 14:35:32'),(1891,265,1,0,273,'2023-05-27 17:44:52'),(1892,63,2,0,273,'2023-05-30 18:31:39'),(1893,63,2,0,273,'2023-05-30 18:31:59'),(1894,265,1,0,302,'2023-06-05 12:35:24'),(1895,265,1,0,273,'2023-06-11 18:42:37'),(1896,265,1,0,273,'2023-06-11 19:41:48'),(1897,265,1,0,273,'2023-06-13 12:01:42'),(1898,63,2,0,302,'2023-06-19 02:44:08'),(1899,265,1,0,302,'2023-06-19 02:44:10'),(1900,265,1,0,302,'2023-06-19 03:50:02'),(1901,63,2,0,273,'2023-07-13 07:24:36'),(1902,265,1,0,273,'2023-07-28 19:45:37'),(1903,63,2,0,273,'2023-08-03 16:25:50'),(1904,63,2,0,302,'2023-08-04 06:58:16'),(1905,265,1,0,273,'2023-08-04 17:26:07'),(1906,265,1,0,273,'2023-08-05 00:02:36'),(1907,63,2,0,273,'2023-08-07 17:57:57'),(1908,63,2,0,273,'2023-08-07 17:59:09'),(1909,63,2,0,273,'2023-08-11 12:55:40'),(1910,63,2,0,273,'2023-08-11 12:56:22'),(1911,63,2,0,273,'2023-08-17 11:29:53'),(1912,63,2,0,273,'2023-08-22 18:13:49'),(1913,265,1,0,273,'2023-08-22 18:13:59'),(1914,63,2,0,273,'2023-08-24 21:49:23'),(1915,63,2,0,273,'2023-08-24 21:50:03'),(1916,63,2,0,273,'2023-08-24 21:50:30'),(1917,63,2,0,273,'2023-08-24 21:51:03'),(1918,63,2,0,273,'2023-08-24 21:51:10'),(1919,63,2,0,273,'2023-08-24 21:52:27'),(1920,265,1,0,273,'2023-08-24 21:52:44'),(1921,63,2,0,273,'2023-08-30 21:41:52'),(1922,265,1,0,273,'2023-08-30 21:42:05'),(1923,63,2,0,273,'2023-08-31 15:48:03'),(1924,63,2,0,302,'2023-09-04 12:54:05'),(1925,265,1,0,273,'2023-09-04 13:29:08'),(1926,63,2,0,273,'2023-09-05 05:07:03'),(1927,63,2,0,302,'2023-09-05 09:05:31'),(1928,63,2,0,302,'2023-09-07 09:51:42'),(1929,265,1,0,302,'2023-09-07 09:51:44'),(1930,265,1,0,302,'2023-09-13 11:23:38'),(1931,63,2,0,273,'2023-09-19 16:40:42'),(1932,265,1,0,273,'2023-09-23 12:28:04'),(1933,63,2,0,273,'2023-09-29 19:28:51'),(1934,63,2,0,273,'2023-10-01 16:21:03'),(1935,63,2,0,302,'2023-10-02 03:51:01'),(1936,265,1,0,302,'2023-10-04 16:22:05'),(1937,63,2,0,273,'2023-10-06 08:13:05'),(1938,265,1,0,273,'2023-10-06 08:14:13'),(1939,63,2,0,273,'2023-10-06 08:15:36'),(1940,63,2,0,273,'2023-10-06 08:18:09'),(1941,265,1,0,273,'2023-10-06 18:25:35'),(1942,63,2,0,273,'2023-10-08 16:07:49'),(1943,63,2,0,273,'2023-10-08 16:10:35'),(1944,63,2,0,273,'2023-10-08 16:16:01'),(1945,265,1,0,273,'2023-10-19 05:12:26'),(1946,265,1,0,273,'2023-10-19 05:39:19'),(1947,63,2,0,273,'2023-10-20 05:51:27'),(1948,265,1,0,273,'2023-10-20 05:51:44'),(1949,265,1,0,273,'2023-10-20 05:52:05'),(1950,63,2,0,273,'2023-10-20 05:52:07'),(1951,63,2,0,273,'2023-10-20 18:23:24'),(1952,63,2,0,273,'2023-10-20 18:45:56'),(1953,63,2,0,302,'2023-10-21 17:57:15'),(1954,63,2,0,273,'2023-10-21 22:57:12'),(1955,265,1,0,302,'2023-10-22 00:29:18'),(1956,63,2,0,302,'2023-10-22 02:16:47'),(1957,63,2,0,273,'2023-10-22 14:55:39'),(1958,63,2,0,273,'2023-10-22 21:11:58'),(1959,265,1,0,302,'2023-10-29 14:31:15'),(1960,63,2,0,273,'2023-11-08 01:25:58'),(1961,265,1,0,273,'2023-11-08 02:41:46'),(1962,265,1,0,273,'2023-11-13 16:47:02'),(1963,63,2,0,302,'2023-11-16 03:37:37'),(1964,63,2,0,273,'2023-11-20 07:50:13'),(1965,63,2,0,302,'2023-11-26 02:57:20'),(1966,265,1,0,302,'2023-11-26 02:57:53'),(1967,63,2,0,273,'2023-11-26 14:00:12'),(1968,63,2,0,273,'2023-11-26 14:02:51'),(1969,63,2,0,273,'2023-11-26 14:05:21'),(1970,63,2,0,302,'2023-11-26 22:10:42'),(1971,265,1,0,302,'2023-11-26 22:11:11'),(1972,63,2,0,302,'2023-11-26 22:11:14'),(1973,63,2,0,273,'2023-12-04 02:57:11'),(1974,63,2,0,273,'2023-12-05 23:46:34'),(1975,63,2,0,273,'2023-12-05 23:46:43'),(1976,63,2,0,273,'2023-12-05 23:46:46'),(1977,265,1,0,273,'2023-12-05 23:46:46'),(1978,63,2,0,273,'2023-12-05 23:46:52'),(1979,265,1,0,273,'2023-12-05 23:46:55'),(1980,63,2,0,273,'2023-12-05 23:46:58'),(1981,63,2,0,273,'2023-12-11 17:28:32'),(1982,265,1,0,273,'2023-12-11 17:29:40'),(1983,63,2,0,273,'2023-12-11 17:30:14'),(1984,63,2,0,273,'2023-12-13 19:42:49'),(1985,63,2,0,273,'2023-12-14 07:46:09'),(1986,63,2,0,273,'2023-12-14 07:47:04'),(1987,265,1,0,273,'2023-12-14 07:47:07'),(1988,63,2,0,273,'2023-12-14 07:47:56'),(1989,63,2,0,273,'2023-12-15 07:00:42'),(1990,63,2,0,273,'2023-12-15 13:32:26'),(1991,63,2,0,273,'2023-12-16 20:50:27'),(1992,63,2,0,273,'2023-12-16 20:53:12'),(1993,63,2,0,273,'2023-12-16 20:55:55'),(1994,63,2,0,273,'2023-12-19 06:45:09'),(1995,265,1,0,273,'2023-12-19 11:53:51'),(1996,63,2,0,273,'2023-12-19 16:02:13'),(1997,63,2,0,273,'2023-12-19 16:05:30'),(1998,63,2,0,273,'2023-12-19 16:11:54'),(1999,63,2,0,302,'2023-12-26 15:10:54'),(2000,63,2,0,302,'2023-12-26 15:14:03'),(2001,63,2,0,302,'2023-12-26 15:16:36'),(2002,265,1,0,302,'2023-12-27 17:07:57'),(2003,265,1,0,273,'2023-12-31 09:15:18'),(2004,63,2,0,273,'2024-01-04 20:00:21'),(2005,63,2,0,273,'2024-01-04 20:00:59'),(2006,63,2,0,273,'2024-01-04 20:01:01'),(2007,63,2,0,273,'2024-01-08 22:11:54'),(2008,63,2,0,273,'2024-01-08 22:13:38'),(2009,63,2,0,273,'2024-01-08 22:14:27'),(2010,63,2,0,273,'2024-01-08 22:22:10'),(2011,63,2,0,273,'2024-01-19 15:10:04'),(2012,63,2,0,273,'2024-01-19 15:10:18'),(2013,265,1,0,273,'2024-01-19 15:10:19'),(2014,265,1,0,273,'2024-01-19 15:10:38'),(2015,63,2,0,273,'2024-01-19 15:10:45'),(2016,63,2,0,273,'2024-01-19 15:11:21'),(2017,63,2,0,273,'2024-01-19 15:11:25'),(2018,265,1,0,273,'2024-01-19 15:11:26'),(2019,63,2,0,273,'2024-01-19 15:11:39'),(2020,63,2,0,273,'2024-01-19 15:11:41'),(2021,63,2,0,273,'2024-01-19 15:11:45'),(2022,63,2,0,273,'2024-01-19 15:11:47'),(2023,63,2,0,273,'2024-01-19 18:08:08'),(2024,63,2,0,273,'2024-01-19 21:40:22'),(2025,63,2,0,273,'2024-01-19 21:43:01'),(2026,63,2,0,273,'2024-01-19 21:45:26'),(2027,63,2,0,273,'2024-01-20 09:04:39'),(2028,63,2,0,273,'2024-01-20 09:07:19'),(2029,63,2,0,273,'2024-01-20 09:09:53'),(2030,63,2,0,273,'2024-01-23 09:37:25'),(2031,63,2,0,273,'2024-01-23 09:40:30'),(2032,63,2,0,273,'2024-01-23 09:43:03'),(2033,265,1,0,273,'2024-01-29 08:46:08'),(2034,63,2,0,273,'2024-01-29 14:19:59'),(2035,265,1,0,273,'2024-02-01 11:01:12'),(2036,63,2,0,302,'2024-02-04 23:05:26'),(2037,265,1,0,273,'2024-02-06 18:05:53'),(2038,265,1,0,302,'2024-02-08 09:22:36'),(2039,63,2,0,302,'2024-02-14 16:09:38'),(2040,265,1,0,302,'2024-02-14 16:09:40'),(2041,265,1,0,273,'2024-02-21 14:54:11'),(2042,63,2,0,273,'2024-02-21 15:04:32'),(2043,63,2,0,273,'2024-02-23 12:28:09'),(2044,63,2,0,273,'2024-02-23 16:21:08'),(2045,63,2,0,273,'2024-02-25 04:38:03'),(2046,63,2,0,302,'2024-02-26 05:13:18'),(2047,63,2,0,273,'2024-02-26 05:18:10'),(2048,63,2,0,273,'2024-02-26 05:19:27'),(2049,265,1,0,273,'2024-02-26 05:19:31'),(2050,63,2,0,273,'2024-02-27 16:29:45'),(2051,265,1,0,273,'2024-02-27 16:29:51'),(2052,63,2,0,273,'2024-02-27 16:29:56'),(2053,63,2,0,273,'2024-02-27 16:30:53'),(2054,63,2,0,273,'2024-02-29 08:44:29'),(2055,63,2,0,273,'2024-02-29 08:48:35'),(2056,63,2,0,273,'2024-02-29 08:50:24'),(2057,265,1,0,273,'2024-03-10 19:46:13'),(2058,63,2,0,273,'2024-03-12 02:06:57'),(2059,63,2,0,273,'2024-03-18 20:34:43'),(2060,63,2,0,273,'2024-03-24 09:35:35'),(2061,63,2,0,273,'2024-03-24 09:36:11'),(2062,63,2,0,273,'2024-03-24 09:36:57'),(2063,63,2,0,273,'2024-03-24 09:38:07'),(2064,63,2,0,273,'2024-03-27 03:09:59'),(2065,63,2,0,302,'2024-03-27 22:55:49'),(2066,265,1,0,273,'2024-03-27 23:12:14'),(2067,265,1,0,273,'2024-03-27 23:16:19'),(2068,265,1,0,273,'2024-03-27 23:25:56'),(2069,265,1,0,273,'2024-03-27 23:30:23'),(2070,63,2,0,302,'2024-03-28 22:32:24'),(2071,63,2,0,273,'2024-03-31 22:37:17'),(2072,265,1,0,273,'2024-03-31 23:10:40'),(2073,63,2,0,302,'2024-04-04 00:58:03'),(2074,265,1,0,302,'2024-04-04 01:02:05'),(2075,63,2,0,273,'2024-04-04 12:23:15'),(2076,265,1,0,273,'2024-04-06 10:41:09'),(2077,63,2,0,273,'2024-04-06 10:41:53'),(2078,265,1,0,302,'2024-04-09 00:31:09'),(2079,63,2,0,302,'2024-04-09 00:31:11'),(2080,265,1,0,273,'2024-04-09 13:52:00'),(2081,63,2,0,273,'2024-04-12 11:24:19'),(2082,265,1,0,273,'2024-04-12 11:24:26'),(2083,63,2,0,273,'2024-04-15 08:39:13'),(2084,265,1,0,273,'2024-04-16 10:50:09'),(2085,63,2,0,273,'2024-04-18 10:54:59'),(2086,63,2,0,273,'2024-04-18 11:56:55'),(2087,63,2,0,273,'2024-04-18 11:59:43'),(2088,63,2,0,273,'2024-04-18 12:02:31'),(2089,265,1,0,302,'2024-04-27 04:20:49'),(2090,63,2,0,273,'2024-04-27 06:06:21'),(2091,63,2,0,273,'2024-05-02 03:29:24'),(2092,63,2,0,273,'2024-05-02 03:32:04'),(2093,63,2,0,273,'2024-05-02 03:34:36'),(2094,63,2,0,273,'2024-05-04 01:54:53'),(2095,63,2,0,273,'2024-05-04 04:53:58'),(2096,63,2,0,273,'2024-05-04 04:57:01'),(2097,63,2,0,273,'2024-05-04 04:59:31'),(2098,63,2,0,273,'2024-05-07 02:33:02'),(2099,63,2,0,273,'2024-05-07 02:35:42'),(2100,63,2,0,273,'2024-05-07 02:38:17'),(2101,265,1,0,273,'2024-05-07 06:55:27'),(2102,265,1,0,273,'2024-05-07 06:56:00'),(2103,63,2,0,273,'2024-05-07 06:56:18'),(2104,265,1,0,273,'2024-05-07 08:00:09'),(2105,63,2,0,273,'2024-05-07 10:56:24'),(2106,63,2,0,273,'2024-05-07 10:58:58'),(2107,63,2,0,273,'2024-05-07 11:01:31'),(2108,63,2,0,302,'2024-05-08 03:04:59'),(2109,265,1,0,302,'2024-05-08 03:10:13'),(2110,63,2,0,273,'2024-05-08 05:33:06'),(2111,265,1,0,273,'2024-05-08 05:33:20'),(2112,63,2,0,273,'2024-05-08 05:33:23'),(2113,63,2,0,273,'2024-05-08 05:34:40'),(2114,63,2,0,273,'2024-05-08 12:17:06'),(2115,63,2,0,273,'2024-05-08 19:41:04'),(2116,63,2,0,273,'2024-05-09 08:47:36'),(2117,63,2,0,273,'2024-05-09 08:51:44'),(2118,63,2,0,273,'2024-05-14 00:08:23'),(2119,63,2,0,273,'2024-05-14 00:09:09'),(2120,265,1,0,273,'2024-05-14 00:09:09'),(2121,63,2,0,273,'2024-05-14 00:09:12'),(2122,63,2,0,273,'2024-05-14 14:45:42'),(2123,63,2,0,273,'2024-05-16 21:07:48'),(2124,63,2,0,273,'2024-05-17 07:29:26'),(2125,63,2,0,302,'2024-05-17 10:22:58'),(2126,63,2,0,302,'2024-05-17 12:12:36'),(2127,265,1,0,302,'2024-05-17 12:13:23'),(2128,63,2,0,302,'2024-05-17 12:55:34'),(2129,63,2,0,302,'2024-05-17 13:06:05'),(2130,265,1,0,273,'2024-05-20 17:28:31'),(2131,265,1,0,273,'2024-05-20 17:29:54'),(2132,63,2,0,302,'2024-05-22 12:39:59'),(2133,265,1,0,273,'2024-05-24 18:08:05'),(2134,63,2,0,302,'2024-05-28 16:11:48'),(2135,63,2,0,302,'2024-05-28 16:13:11'),(2136,63,2,0,302,'2024-05-28 16:14:20'),(2137,63,2,0,302,'2024-05-28 16:16:03'),(2138,63,2,0,302,'2024-05-28 16:17:19'),(2139,63,2,0,302,'2024-05-30 07:28:59'),(2140,63,2,0,302,'2024-05-30 07:34:06'),(2141,63,2,0,302,'2024-05-30 07:36:05'),(2142,63,2,0,302,'2024-05-30 07:36:48'),(2143,63,2,0,273,'2024-06-04 12:14:43'),(2144,63,2,0,273,'2024-06-08 10:03:32'),(2145,63,2,0,302,'2024-06-08 12:34:45'),(2146,265,1,0,302,'2024-06-08 12:39:16'),(2147,265,1,0,273,'2024-06-08 12:52:07'),(2148,265,1,0,273,'2024-06-11 20:56:37'),(2149,265,1,0,273,'2024-06-11 20:57:37'),(2150,63,2,0,273,'2024-06-11 20:57:56'),(2151,63,2,0,302,'2024-06-14 05:02:57'),(2152,63,2,0,302,'2024-06-14 05:05:28'),(2153,63,2,0,302,'2024-06-14 05:09:30'),(2154,63,2,0,302,'2024-06-14 08:53:31'),(2155,63,2,0,302,'2024-06-14 08:57:03'),(2156,63,2,0,302,'2024-06-17 23:18:00'),(2157,63,2,0,302,'2024-06-17 23:20:32'),(2158,63,2,0,273,'2024-06-22 00:27:26'),(2159,265,1,0,273,'2024-06-22 00:27:28'),(2160,63,2,0,273,'2024-06-22 19:41:15'),(2161,265,1,0,273,'2024-06-22 19:41:19'),(2162,265,1,0,273,'2024-06-24 04:22:43'),(2163,63,2,0,273,'2024-07-02 23:19:57'),(2164,63,2,0,273,'2024-07-03 01:13:16'),(2165,63,2,0,273,'2024-07-06 21:13:30'),(2166,63,2,0,273,'2024-07-06 21:16:00'),(2167,63,2,0,273,'2024-07-07 01:49:49'),(2168,63,2,0,273,'2024-07-07 01:52:52'),(2169,63,2,0,273,'2024-07-07 01:56:00'),(2170,63,2,0,273,'2024-07-09 21:04:17'),(2171,63,2,0,273,'2024-07-09 21:07:35'),(2172,63,2,0,273,'2024-07-09 21:13:36'),(2173,265,1,0,273,'2024-07-14 17:47:30'),(2174,63,2,0,273,'2024-07-16 06:28:43'),(2175,63,2,0,273,'2024-07-18 20:03:00'),(2176,63,2,0,273,'2024-07-18 20:06:11'),(2177,63,2,0,273,'2024-07-18 20:08:40'),(2178,63,2,0,273,'2024-07-19 21:41:00'),(2179,63,2,0,273,'2024-07-20 10:22:47'),(2180,63,2,0,273,'2024-07-20 10:25:18'),(2181,63,2,0,273,'2024-07-20 10:27:50'),(2182,63,2,0,273,'2024-07-23 21:17:43'),(2183,63,2,0,273,'2024-07-23 21:20:26'),(2184,265,1,0,302,'2024-07-29 18:46:35'),(2185,63,2,0,273,'2024-08-07 09:47:06'),(2186,63,2,0,273,'2024-08-07 09:49:39'),(2187,63,2,0,273,'2024-08-07 09:51:58'),(2188,63,2,0,273,'2024-08-07 10:28:17'),(2189,63,2,0,273,'2024-08-07 10:28:22'),(2190,63,2,0,273,'2024-08-08 09:00:08'),(2191,63,2,0,273,'2024-08-08 09:00:32'),(2192,265,1,0,273,'2024-08-08 09:00:42'),(2193,63,2,0,273,'2024-08-09 01:50:45'),(2194,63,2,0,273,'2024-08-09 01:53:15'),(2195,63,2,0,273,'2024-08-09 01:55:45'),(2196,63,2,0,273,'2024-08-09 22:57:02'),(2197,63,2,0,273,'2024-08-09 22:59:34'),(2198,63,2,0,273,'2024-08-09 23:02:12'),(2199,63,2,0,273,'2024-08-13 09:57:58'),(2200,63,2,0,273,'2024-08-13 11:44:29'),(2201,63,2,0,273,'2024-08-22 09:28:24'),(2202,63,2,0,273,'2024-08-22 09:31:14'),(2203,63,2,0,273,'2024-08-22 09:33:57'),(2204,63,2,0,273,'2024-08-23 06:33:26'),(2205,63,2,0,273,'2024-08-23 06:36:42'),(2206,63,2,0,273,'2024-08-23 06:40:37'),(2207,63,2,0,273,'2024-08-23 08:15:34'),(2208,63,2,0,273,'2024-08-23 08:18:09'),(2209,63,2,0,273,'2024-08-24 03:47:17'),(2210,265,1,0,273,'2024-08-24 03:47:22'),(2211,63,2,0,273,'2024-09-01 07:57:52'),(2212,63,2,0,273,'2024-09-01 08:00:29'),(2213,63,2,0,273,'2024-09-01 08:03:13'),(2214,265,1,0,302,'2024-09-03 20:23:27'),(2215,265,1,0,273,'2024-09-11 09:41:52'),(2216,63,2,0,273,'2024-09-11 15:24:31'),(2217,265,1,0,273,'2024-09-11 15:24:34'),(2218,265,1,0,273,'2024-09-21 19:09:10'),(2219,63,2,0,273,'2024-09-26 11:39:42'),(2220,63,2,0,273,'2024-09-26 11:41:19'),(2221,63,2,0,273,'2024-09-26 11:42:18'),(2222,63,2,0,273,'2024-09-26 11:46:17'),(2223,63,2,0,273,'2024-09-27 14:01:48'),(2224,63,2,0,273,'2024-09-27 14:04:22'),(2225,63,2,0,273,'2024-09-27 14:06:52'),(2226,63,2,0,273,'2024-10-13 07:18:14'),(2227,63,2,0,273,'2024-10-13 07:35:04'),(2228,63,2,0,302,'2024-10-20 03:14:28'),(2229,63,2,0,273,'2024-10-20 03:14:56'),(2230,265,1,0,273,'2024-10-20 03:15:43'),(2231,63,2,0,273,'2024-10-24 06:17:58'),(2232,63,2,0,302,'2024-10-25 10:41:42'),(2233,265,1,0,302,'2024-10-25 10:41:43'),(2234,63,2,0,273,'2024-10-31 22:52:34'),(2235,63,2,0,273,'2024-11-04 14:11:13'),(2236,265,1,0,273,'2024-11-04 14:11:38'),(2237,63,2,0,273,'2024-11-04 14:11:44'),(2238,63,2,0,273,'2024-11-07 17:08:38'),(2239,265,1,0,273,'2024-11-11 14:45:30'),(2240,63,2,0,273,'2024-11-11 14:45:40'),(2241,63,2,0,273,'2024-11-13 06:10:22'),(2242,265,1,0,273,'2024-11-13 06:45:51'),(2243,63,2,0,302,'2024-11-15 09:36:22'),(2244,265,1,0,302,'2024-11-15 11:25:16'),(2245,265,1,0,273,'2024-11-15 12:03:23'),(2246,63,2,0,273,'2024-11-15 14:03:42'),(2247,63,2,0,273,'2024-11-15 19:45:33'),(2248,63,2,0,302,'2024-11-17 01:04:09'),(2249,265,1,0,302,'2024-11-18 03:49:19');

--
-- Table structure for table `ExpressAttributeKeys`
--

CREATE TABLE `ExpressAttributeKeys` (
  `entity_id` char(36) COLLATE utf8mb4_unicode_ci DEFAULT NULL COMMENT '(DC2Type:guid)',
  `akID` int(10) unsigned NOT NULL,
  PRIMARY KEY (`akID`),
  KEY `IDX_8C881F181257D5D` (`entity_id`),
  CONSTRAINT `FK_8C881F181257D5D` FOREIGN KEY (`entity_id`) REFERENCES `ExpressEntities` (`id`),
  CONSTRAINT `FK_8C881F1B6561A7E` FOREIGN KEY (`akID`) REFERENCES `AttributeKeys` (`akID`) ON DELETE CASCADE
) ENGINE=InnoDB DEFAULT CHARSET=utf8mb4 COLLATE=utf8mb4_unicode_ci;

--
-- Dumping data for table `ExpressAttributeKeys`
--

INSERT INTO `ExpressAttributeKeys` VALUES ('83ae65b1-79e8-4ded-bbca-e419bfd19bb6',30),('83ae65b1-79e8-4ded-bbca-e419bfd19bb6',31),('83ae65b1-79e8-4ded-bbca-e419bfd19bb6',32),('83ae65b1-79e8-4ded-bbca-e419bfd19bb6',33),('83ae65b1-79e8-4ded-bbca-e419bfd19bb6',34),('ea184584-eb70-11ea-ac54-fdc8ef59ed99',35),('ea184584-eb70-11ea-ac54-fdc8ef59ed99',36),('ea184584-eb70-11ea-ac54-fdc8ef59ed99',37),('ea184584-eb70-11ea-ac54-fdc8ef59ed99',38),('ea184584-eb70-11ea-ac54-fdc8ef59ed99',39),('ea184584-eb70-11ea-ac54-fdc8ef59ed99',40);

--
-- Table structure for table `ExpressEntities`
--

CREATE TABLE `ExpressEntities` (
  `id` char(36) COLLATE utf8mb4_unicode_ci NOT NULL COMMENT '(DC2Type:guid)',
  `default_view_form_id` char(36) COLLATE utf8mb4_unicode_ci DEFAULT NULL COMMENT '(DC2Type:guid)',
  `default_edit_form_id` char(36) COLLATE utf8mb4_unicode_ci DEFAULT NULL COMMENT '(DC2Type:guid)',
  `name` varchar(255) COLLATE utf8mb4_unicode_ci NOT NULL,
  `handle` varchar(255) COLLATE utf8mb4_unicode_ci NOT NULL,
  `plural_handle` varchar(255) COLLATE utf8mb4_unicode_ci DEFAULT NULL,
  `label_mask` varchar(255) COLLATE utf8mb4_unicode_ci DEFAULT NULL,
  `supports_custom_display_order` tinyint(1) NOT NULL,
  `description` longtext COLLATE utf8mb4_unicode_ci,
  `result_column_set` longtext COLLATE utf8mb4_unicode_ci COMMENT '(DC2Type:object)',
  `include_in_public_list` tinyint(1) NOT NULL,
  `entity_results_node_id` int(11) NOT NULL,
  `items_per_page` int(11) NOT NULL,
  `created_date` datetime NOT NULL,
  `pkgID` int(10) unsigned DEFAULT NULL,
  PRIMARY KEY (`id`),
  UNIQUE KEY `UNIQ_BC772AA6918020D9` (`handle`),
  UNIQUE KEY `UNIQ_BC772AA6547D6B2D` (`default_view_form_id`),
  UNIQUE KEY `UNIQ_BC772AA6C7DEC56D` (`default_edit_form_id`),
  KEY `IDX_BC772AA6CE45CBB0` (`pkgID`),
  CONSTRAINT `FK_BC772AA6547D6B2D` FOREIGN KEY (`default_view_form_id`) REFERENCES `ExpressForms` (`id`),
  CONSTRAINT `FK_BC772AA6C7DEC56D` FOREIGN KEY (`default_edit_form_id`) REFERENCES `ExpressForms` (`id`),
  CONSTRAINT `FK_BC772AA6CE45CBB0` FOREIGN KEY (`pkgID`) REFERENCES `Packages` (`pkgID`)
) ENGINE=InnoDB DEFAULT CHARSET=utf8mb4 COLLATE=utf8mb4_unicode_ci;

--
-- Dumping data for table `ExpressEntities`
--

INSERT INTO `ExpressEntities` VALUES ('83ae65b1-79e8-4ded-bbca-e419bfd19bb6','881b6bde-220f-4482-b8f9-ace40b5d169b','881b6bde-220f-4482-b8f9-ace40b5d169b','Contact','express_form_170','',NULL,0,'','N;',0,43,10,'2020-07-08 14:45:35',NULL),('ea184584-eb70-11ea-ac54-fdc8ef59ed99','ea2d9fd3-eb70-11ea-ac54-fdc8ef59ed99','ea2d9fd3-eb70-11ea-ac54-fdc8ef59ed99','Контакты','kontakty',NULL,NULL,0,NULL,'N;',0,189,10,'2020-08-31 13:01:17',NULL);

--
-- Table structure for table `ExpressEntityAssociationEntries`
--

CREATE TABLE `ExpressEntityAssociationEntries` (
  `id` int(11) NOT NULL AUTO_INCREMENT,
  `association_id` int(11) DEFAULT NULL,
  `displayOrder` int(10) unsigned NOT NULL DEFAULT '0',
  `exEntryID` int(11) DEFAULT NULL,
  PRIMARY KEY (`id`),
  KEY `IDX_9C2BB76C6DCB6296` (`exEntryID`),
  KEY `IDX_9C2BB76CEFB9C8A5` (`association_id`),
  CONSTRAINT `FK_9C2BB76C6DCB6296` FOREIGN KEY (`exEntryID`) REFERENCES `ExpressEntityEntries` (`exEntryID`),
  CONSTRAINT `FK_9C2BB76CEFB9C8A5` FOREIGN KEY (`association_id`) REFERENCES `ExpressEntityEntryAssociations` (`id`)
) ENGINE=InnoDB DEFAULT CHARSET=utf8mb4 COLLATE=utf8mb4_unicode_ci;

--
-- Dumping data for table `ExpressEntityAssociationEntries`
--


--
-- Table structure for table `ExpressEntityAssociations`
--

CREATE TABLE `ExpressEntityAssociations` (
  `id` char(36) COLLATE utf8mb4_unicode_ci NOT NULL COMMENT '(DC2Type:guid)',
  `source_entity_id` char(36) COLLATE utf8mb4_unicode_ci DEFAULT NULL COMMENT '(DC2Type:guid)',
  `target_entity_id` char(36) COLLATE utf8mb4_unicode_ci DEFAULT NULL COMMENT '(DC2Type:guid)',
  `is_owned_by_association` tinyint(1) NOT NULL,
  `is_owning_association` tinyint(1) NOT NULL,
  `target_property_name` varchar(255) COLLATE utf8mb4_unicode_ci DEFAULT NULL,
  `inversed_by_property_name` varchar(255) COLLATE utf8mb4_unicode_ci DEFAULT NULL,
  `type` varchar(255) COLLATE utf8mb4_unicode_ci NOT NULL,
  `association_type` varchar(255) COLLATE utf8mb4_unicode_ci DEFAULT NULL,
  PRIMARY KEY (`id`),
  KEY `IDX_98A0F796E9BBEE93` (`source_entity_id`),
  KEY `IDX_98A0F796B5910F71` (`target_entity_id`),
  CONSTRAINT `FK_98A0F796B5910F71` FOREIGN KEY (`target_entity_id`) REFERENCES `ExpressEntities` (`id`),
  CONSTRAINT `FK_98A0F796E9BBEE93` FOREIGN KEY (`source_entity_id`) REFERENCES `ExpressEntities` (`id`)
) ENGINE=InnoDB DEFAULT CHARSET=utf8mb4 COLLATE=utf8mb4_unicode_ci;

--
-- Dumping data for table `ExpressEntityAssociations`
--


--
-- Table structure for table `ExpressEntityEntries`
--

CREATE TABLE `ExpressEntityEntries` (
  `exEntryID` int(11) NOT NULL AUTO_INCREMENT,
  `exEntryDisplayOrder` int(11) NOT NULL,
  `exEntryDateCreated` datetime NOT NULL,
  `exEntryDateModified` datetime DEFAULT NULL,
  `publicIdentifier` varchar(255) COLLATE utf8mb4_unicode_ci DEFAULT NULL,
  `uID` int(10) unsigned DEFAULT NULL,
  `exEntryEntityID` char(36) COLLATE utf8mb4_unicode_ci DEFAULT NULL COMMENT '(DC2Type:guid)',
  PRIMARY KEY (`exEntryID`),
  KEY `IDX_B8AE3531FD71026C` (`uID`),
  KEY `IDX_B8AE3531AFC87D03` (`exEntryEntityID`),
  CONSTRAINT `FK_B8AE3531AFC87D03` FOREIGN KEY (`exEntryEntityID`) REFERENCES `ExpressEntities` (`id`),
  CONSTRAINT `FK_B8AE3531FD71026C` FOREIGN KEY (`uID`) REFERENCES `Users` (`uID`)
) ENGINE=InnoDB AUTO_INCREMENT=2 DEFAULT CHARSET=utf8mb4 COLLATE=utf8mb4_unicode_ci;

--
-- Dumping data for table `ExpressEntityEntries`
--

INSERT INTO `ExpressEntityEntries` VALUES (1,0,'2021-02-04 09:18:51','2021-02-04 09:18:54','601b91cbb191a135100110',NULL,'ea184584-eb70-11ea-ac54-fdc8ef59ed99');

--
-- Table structure for table `ExpressEntityEntryAssociations`
--

CREATE TABLE `ExpressEntityEntryAssociations` (
  `id` int(11) NOT NULL AUTO_INCREMENT,
  `association_id` char(36) COLLATE utf8mb4_unicode_ci DEFAULT NULL COMMENT '(DC2Type:guid)',
  `exEntryID` int(11) DEFAULT NULL,
  `type` varchar(255) COLLATE utf8mb4_unicode_ci NOT NULL,
  PRIMARY KEY (`id`),
  KEY `IDX_25B3A0826DCB6296` (`exEntryID`),
  KEY `IDX_25B3A082EFB9C8A5` (`association_id`),
  CONSTRAINT `FK_25B3A0826DCB6296` FOREIGN KEY (`exEntryID`) REFERENCES `ExpressEntityEntries` (`exEntryID`),
  CONSTRAINT `FK_25B3A082EFB9C8A5` FOREIGN KEY (`association_id`) REFERENCES `ExpressEntityAssociations` (`id`)
) ENGINE=InnoDB DEFAULT CHARSET=utf8mb4 COLLATE=utf8mb4_unicode_ci;

--
-- Dumping data for table `ExpressEntityEntryAssociations`
--


--
-- Table structure for table `ExpressEntityEntryAttributeValues`
--

CREATE TABLE `ExpressEntityEntryAttributeValues` (
  `exEntryID` int(11) NOT NULL,
  `akID` int(10) unsigned NOT NULL,
  `avID` int(10) unsigned DEFAULT NULL,
  PRIMARY KEY (`exEntryID`,`akID`),
  KEY `IDX_6DB641546DCB6296` (`exEntryID`),
  KEY `IDX_6DB64154B6561A7E` (`akID`),
  KEY `IDX_6DB64154A2A82A5D` (`avID`),
  CONSTRAINT `FK_6DB641546DCB6296` FOREIGN KEY (`exEntryID`) REFERENCES `ExpressEntityEntries` (`exEntryID`),
  CONSTRAINT `FK_6DB64154A2A82A5D` FOREIGN KEY (`avID`) REFERENCES `AttributeValues` (`avID`),
  CONSTRAINT `FK_6DB64154B6561A7E` FOREIGN KEY (`akID`) REFERENCES `AttributeKeys` (`akID`)
) ENGINE=InnoDB DEFAULT CHARSET=utf8mb4 COLLATE=utf8mb4_unicode_ci;

--
-- Dumping data for table `ExpressEntityEntryAttributeValues`
--

INSERT INTO `ExpressEntityEntryAttributeValues` VALUES (1,35,965),(1,36,966),(1,37,967),(1,38,968),(1,39,969),(1,40,970);

--
-- Table structure for table `ExpressForm170ExpressSearchIndexAttributes`
--

CREATE TABLE `ExpressForm170ExpressSearchIndexAttributes` (
  `exEntryID` int(11) NOT NULL,
  `ak_contact_question_first_name` longtext COLLATE utf8mb4_unicode_ci,
  `ak_contact_question_last_name` longtext COLLATE utf8mb4_unicode_ci,
  `ak_contact_question_email_address` longtext COLLATE utf8mb4_unicode_ci,
  `ak_contact_question_subject` longtext COLLATE utf8mb4_unicode_ci,
  `ak_contact_question_message` longtext COLLATE utf8mb4_unicode_ci,
  PRIMARY KEY (`exEntryID`),
  CONSTRAINT `FK_722F0F0E6DCB6296` FOREIGN KEY (`exEntryID`) REFERENCES `ExpressEntityEntries` (`exEntryID`) ON DELETE CASCADE ON UPDATE CASCADE
) ENGINE=InnoDB DEFAULT CHARSET=utf8mb4 COLLATE=utf8mb4_unicode_ci;

--
-- Dumping data for table `ExpressForm170ExpressSearchIndexAttributes`
--


--
-- Table structure for table `ExpressFormFieldSetAssociationControls`
--

CREATE TABLE `ExpressFormFieldSetAssociationControls` (
  `id` char(36) COLLATE utf8mb4_unicode_ci NOT NULL COMMENT '(DC2Type:guid)',
  `association_id` char(36) COLLATE utf8mb4_unicode_ci DEFAULT NULL COMMENT '(DC2Type:guid)',
  `association_entity_label_mask` varchar(255) COLLATE utf8mb4_unicode_ci DEFAULT NULL,
  `entry_selector_mode` int(10) unsigned NOT NULL DEFAULT '0',
  `enable_entry_reordering` tinyint(1) NOT NULL,
  PRIMARY KEY (`id`),
  KEY `IDX_E6DF21BBEFB9C8A5` (`association_id`),
  CONSTRAINT `FK_E6DF21BBBF396750` FOREIGN KEY (`id`) REFERENCES `ExpressFormFieldSetControls` (`id`) ON DELETE CASCADE,
  CONSTRAINT `FK_E6DF21BBEFB9C8A5` FOREIGN KEY (`association_id`) REFERENCES `ExpressEntityAssociations` (`id`)
) ENGINE=InnoDB DEFAULT CHARSET=utf8mb4 COLLATE=utf8mb4_unicode_ci;

--
-- Dumping data for table `ExpressFormFieldSetAssociationControls`
--


--
-- Table structure for table `ExpressFormFieldSetAttributeKeyControls`
--

CREATE TABLE `ExpressFormFieldSetAttributeKeyControls` (
  `id` char(36) COLLATE utf8mb4_unicode_ci NOT NULL COMMENT '(DC2Type:guid)',
  `akID` int(10) unsigned DEFAULT NULL,
  PRIMARY KEY (`id`),
  KEY `IDX_8481F9D1B6561A7E` (`akID`),
  CONSTRAINT `FK_8481F9D1B6561A7E` FOREIGN KEY (`akID`) REFERENCES `AttributeKeys` (`akID`),
  CONSTRAINT `FK_8481F9D1BF396750` FOREIGN KEY (`id`) REFERENCES `ExpressFormFieldSetControls` (`id`) ON DELETE CASCADE
) ENGINE=InnoDB DEFAULT CHARSET=utf8mb4 COLLATE=utf8mb4_unicode_ci;

--
-- Dumping data for table `ExpressFormFieldSetAttributeKeyControls`
--

INSERT INTO `ExpressFormFieldSetAttributeKeyControls` VALUES ('f68175ca-634c-11e6-a245-62e65b165d8e',30),('fbc62d32-634c-11e6-a245-62e65b165d8e',31),('02181ae2-634d-11e6-a245-62e65b165d8e',32),('b3c4ee52-6350-11e6-a245-62e65b165d8e',33),('bf4cdc08-6350-11e6-a245-62e65b165d8e',34),('794ef6f1-eb70-11ea-ac54-fdc8ef59ed99',35),('5673e524-eb70-11ea-ac54-fdc8ef59ed99',36),('602c465a-eb70-11ea-ac54-fdc8ef59ed99',37),('974f8825-eb70-11ea-ac54-fdc8ef59ed99',38),('a706ed60-eb70-11ea-ac54-fdc8ef59ed99',39),('8dc1a17e-eb70-11ea-ac54-fdc8ef59ed99',40);

--
-- Table structure for table `ExpressFormFieldSetAuthorControls`
--

CREATE TABLE `ExpressFormFieldSetAuthorControls` (
  `id` char(36) COLLATE utf8mb4_unicode_ci NOT NULL COMMENT '(DC2Type:guid)',
  PRIMARY KEY (`id`),
  CONSTRAINT `FK_CF378786BF396750` FOREIGN KEY (`id`) REFERENCES `ExpressFormFieldSetControls` (`id`) ON DELETE CASCADE
) ENGINE=InnoDB DEFAULT CHARSET=utf8mb4 COLLATE=utf8mb4_unicode_ci;

--
-- Dumping data for table `ExpressFormFieldSetAuthorControls`
--


--
-- Table structure for table `ExpressFormFieldSetControls`
--

CREATE TABLE `ExpressFormFieldSetControls` (
  `id` char(36) COLLATE utf8mb4_unicode_ci NOT NULL COMMENT '(DC2Type:guid)',
  `field_set_id` int(11) DEFAULT NULL,
  `is_required` tinyint(1) NOT NULL,
  `position` int(11) NOT NULL,
  `custom_label` longtext COLLATE utf8mb4_unicode_ci,
  `type` varchar(255) COLLATE utf8mb4_unicode_ci NOT NULL,
  PRIMARY KEY (`id`),
  KEY `IDX_E42868A43ABF811A` (`field_set_id`),
  CONSTRAINT `FK_E42868A43ABF811A` FOREIGN KEY (`field_set_id`) REFERENCES `ExpressFormFieldSets` (`id`)
) ENGINE=InnoDB DEFAULT CHARSET=utf8mb4 COLLATE=utf8mb4_unicode_ci;

--
-- Dumping data for table `ExpressFormFieldSetControls`
--

INSERT INTO `ExpressFormFieldSetControls` VALUES ('02181ae2-634d-11e6-a245-62e65b165d8e',1,1,2,'','attributekeycontrol'),('32a6369e-65a0-11e6-9add-e0995e0a1653',1,0,3,'','textcontrol'),('5673e524-eb70-11ea-ac54-fdc8ef59ed99',2,1,1,NULL,'attributekeycontrol'),('602c465a-eb70-11ea-ac54-fdc8ef59ed99',2,1,2,NULL,'attributekeycontrol'),('794ef6f1-eb70-11ea-ac54-fdc8ef59ed99',2,1,0,NULL,'attributekeycontrol'),('8dc1a17e-eb70-11ea-ac54-fdc8ef59ed99',2,0,5,NULL,'attributekeycontrol'),('974f8825-eb70-11ea-ac54-fdc8ef59ed99',2,1,3,NULL,'attributekeycontrol'),('a706ed60-eb70-11ea-ac54-fdc8ef59ed99',2,0,4,NULL,'attributekeycontrol'),('b3c4ee52-6350-11e6-a245-62e65b165d8e',1,0,4,'','attributekeycontrol'),('bf4cdc08-6350-11e6-a245-62e65b165d8e',1,1,5,'','attributekeycontrol'),('f68175ca-634c-11e6-a245-62e65b165d8e',1,1,0,'','attributekeycontrol'),('fbc62d32-634c-11e6-a245-62e65b165d8e',1,1,1,'','attributekeycontrol');

--
-- Table structure for table `ExpressFormFieldSetPublicIdentifierControls`
--

CREATE TABLE `ExpressFormFieldSetPublicIdentifierControls` (
  `id` char(36) COLLATE utf8mb4_unicode_ci NOT NULL COMMENT '(DC2Type:guid)',
  PRIMARY KEY (`id`),
  CONSTRAINT `FK_67180C04BF396750` FOREIGN KEY (`id`) REFERENCES `ExpressFormFieldSetControls` (`id`) ON DELETE CASCADE
) ENGINE=InnoDB DEFAULT CHARSET=utf8mb4 COLLATE=utf8mb4_unicode_ci;

--
-- Dumping data for table `ExpressFormFieldSetPublicIdentifierControls`
--


--
-- Table structure for table `ExpressFormFieldSetTextControls`
--

CREATE TABLE `ExpressFormFieldSetTextControls` (
  `id` char(36) COLLATE utf8mb4_unicode_ci NOT NULL COMMENT '(DC2Type:guid)',
  `headline` varchar(255) COLLATE utf8mb4_unicode_ci DEFAULT NULL,
  `body` longtext COLLATE utf8mb4_unicode_ci,
  PRIMARY KEY (`id`),
  CONSTRAINT `FK_DB5A209ABF396750` FOREIGN KEY (`id`) REFERENCES `ExpressFormFieldSetControls` (`id`) ON DELETE CASCADE
) ENGINE=InnoDB DEFAULT CHARSET=utf8mb4 COLLATE=utf8mb4_unicode_ci;

--
-- Dumping data for table `ExpressFormFieldSetTextControls`
--

INSERT INTO `ExpressFormFieldSetTextControls` VALUES ('32a6369e-65a0-11e6-9add-e0995e0a1653','','<div class=\"alert alert-info\">Don&#39;t worry &ndash;&nbsp;we won&#39;t add you to any email list. This is just so we can contact you in case you have questions.</div>\n');

--
-- Table structure for table `ExpressFormFieldSets`
--

CREATE TABLE `ExpressFormFieldSets` (
  `id` int(11) NOT NULL AUTO_INCREMENT,
  `form_id` char(36) COLLATE utf8mb4_unicode_ci DEFAULT NULL COMMENT '(DC2Type:guid)',
  `position` int(11) NOT NULL,
  `title` varchar(255) COLLATE utf8mb4_unicode_ci DEFAULT NULL,
  `description` longtext COLLATE utf8mb4_unicode_ci,
  PRIMARY KEY (`id`),
  KEY `IDX_A33BBBEC5FF69B7D` (`form_id`),
  CONSTRAINT `FK_A33BBBEC5FF69B7D` FOREIGN KEY (`form_id`) REFERENCES `ExpressForms` (`id`)
) ENGINE=InnoDB AUTO_INCREMENT=3 DEFAULT CHARSET=utf8mb4 COLLATE=utf8mb4_unicode_ci;

--
-- Dumping data for table `ExpressFormFieldSets`
--

INSERT INTO `ExpressFormFieldSets` VALUES (1,'881b6bde-220f-4482-b8f9-ace40b5d169b',0,'',''),(2,'ea2d9fd3-eb70-11ea-ac54-fdc8ef59ed99',0,NULL,NULL);

--
-- Table structure for table `ExpressForms`
--

CREATE TABLE `ExpressForms` (
  `id` char(36) COLLATE utf8mb4_unicode_ci NOT NULL COMMENT '(DC2Type:guid)',
  `entity_id` char(36) COLLATE utf8mb4_unicode_ci DEFAULT NULL COMMENT '(DC2Type:guid)',
  `name` varchar(255) COLLATE utf8mb4_unicode_ci DEFAULT NULL,
  PRIMARY KEY (`id`),
  KEY `IDX_8D09031A81257D5D` (`entity_id`),
  CONSTRAINT `FK_8D09031A81257D5D` FOREIGN KEY (`entity_id`) REFERENCES `ExpressEntities` (`id`)
) ENGINE=InnoDB DEFAULT CHARSET=utf8mb4 COLLATE=utf8mb4_unicode_ci;

--
-- Dumping data for table `ExpressForms`
--

INSERT INTO `ExpressForms` VALUES ('881b6bde-220f-4482-b8f9-ace40b5d169b','83ae65b1-79e8-4ded-bbca-e419bfd19bb6','Form'),('ea2d9fd3-eb70-11ea-ac54-fdc8ef59ed99','ea184584-eb70-11ea-ac54-fdc8ef59ed99','Форма');

--
-- Table structure for table `FeatureAssignments`
--

CREATE TABLE `FeatureAssignments` (
  `faID` int(10) unsigned NOT NULL AUTO_INCREMENT,
  `feID` int(10) unsigned DEFAULT NULL,
  `fcID` int(10) unsigned DEFAULT NULL,
  `fdObject` longtext COLLATE utf8mb4_unicode_ci,
  PRIMARY KEY (`faID`),
  KEY `feID` (`feID`),
  KEY `fcID` (`fcID`)
) ENGINE=InnoDB AUTO_INCREMENT=80 DEFAULT CHARSET=utf8mb4 COLLATE=utf8mb4_unicode_ci;

--
-- Dumping data for table `FeatureAssignments`
--

INSERT INTO `FeatureAssignments` VALUES (1,6,1,'O:47:\"Concrete\\Core\\Feature\\Detail\\ConversationDetail\":3:{s:8:\"\0*\0cnvID\";s:1:\"1\";s:7:\"\0*\0item\";N;s:5:\"error\";s:0:\"\";}'),(2,5,1,'O:40:\"Concrete\\Core\\Feature\\Detail\\ImageDetail\":5:{s:6:\"\0*\0src\";s:44:\"/application/files/9115/9420/8732/blank2.png\";s:8:\"\0*\0width\";s:3:\"250\";s:9:\"\0*\0height\";s:3:\"252\";s:7:\"\0*\0item\";N;s:5:\"error\";s:0:\"\";}'),(3,6,1,'O:47:\"Concrete\\Core\\Feature\\Detail\\ConversationDetail\":3:{s:8:\"\0*\0cnvID\";s:1:\"2\";s:7:\"\0*\0item\";N;s:5:\"error\";s:0:\"\";}'),(4,6,1,'O:47:\"Concrete\\Core\\Feature\\Detail\\ConversationDetail\":3:{s:8:\"\0*\0cnvID\";s:1:\"3\";s:7:\"\0*\0item\";N;s:5:\"error\";s:0:\"\";}'),(5,6,1,'O:47:\"Concrete\\Core\\Feature\\Detail\\ConversationDetail\":3:{s:8:\"\0*\0cnvID\";s:1:\"4\";s:7:\"\0*\0item\";N;s:5:\"error\";s:0:\"\";}'),(6,5,1,'O:40:\"Concrete\\Core\\Feature\\Detail\\ImageDetail\":5:{s:6:\"\0*\0src\";s:52:\"/application/files/7815/9420/8732/chinese_house2.jpg\";s:8:\"\0*\0width\";s:3:\"200\";s:9:\"\0*\0height\";s:3:\"200\";s:7:\"\0*\0item\";N;s:5:\"error\";s:0:\"\";}'),(7,5,1,'O:40:\"Concrete\\Core\\Feature\\Detail\\ImageDetail\":5:{s:6:\"\0*\0src\";s:43:\"/application/files/6215/9420/8733/blank.png\";s:8:\"\0*\0width\";s:3:\"592\";s:9:\"\0*\0height\";s:3:\"397\";s:7:\"\0*\0item\";N;s:5:\"error\";s:0:\"\";}'),(8,5,1,'O:40:\"Concrete\\Core\\Feature\\Detail\\ImageDetail\":5:{s:6:\"\0*\0src\";s:43:\"/application/files/6215/9420/8733/blank.png\";s:8:\"\0*\0width\";s:3:\"592\";s:9:\"\0*\0height\";s:3:\"397\";s:7:\"\0*\0item\";N;s:5:\"error\";s:0:\"\";}'),(9,5,1,'O:40:\"Concrete\\Core\\Feature\\Detail\\ImageDetail\":5:{s:6:\"\0*\0src\";s:44:\"/application/files/9115/9420/8732/blank2.png\";s:8:\"\0*\0width\";s:3:\"250\";s:9:\"\0*\0height\";s:3:\"252\";s:7:\"\0*\0item\";N;s:5:\"error\";s:0:\"\";}'),(10,5,1,'O:40:\"Concrete\\Core\\Feature\\Detail\\ImageDetail\":5:{s:6:\"\0*\0src\";s:46:\"/application/files/9515/9420/8733/masthead.png\";s:8:\"\0*\0width\";s:4:\"1100\";s:9:\"\0*\0height\";s:3:\"263\";s:7:\"\0*\0item\";N;s:5:\"error\";s:0:\"\";}'),(11,6,1,'O:47:\"Concrete\\Core\\Feature\\Detail\\ConversationDetail\":3:{s:8:\"\0*\0cnvID\";s:1:\"5\";s:7:\"\0*\0item\";N;s:5:\"error\";s:0:\"\";}'),(13,6,1,'O:47:\"Concrete\\Core\\Feature\\Detail\\ConversationDetail\":3:{s:8:\"\0*\0cnvID\";s:1:\"7\";s:7:\"\0*\0item\";N;s:5:\"error\";s:0:\"\";}'),(14,5,1,'O:40:\"Concrete\\Core\\Feature\\Detail\\ImageDetail\":5:{s:6:\"\0*\0src\";s:49:\"/application/files/2715/9818/0334/2_innopolis.jpg\";s:8:\"\0*\0width\";s:4:\"2400\";s:9:\"\0*\0height\";s:4:\"1000\";s:7:\"\0*\0item\";N;s:5:\"error\";s:0:\"\";}'),(15,5,1,'O:40:\"Concrete\\Core\\Feature\\Detail\\ImageDetail\":5:{s:6:\"\0*\0src\";s:45:\"/application/files/5815/9818/3723/default.jpg\";s:8:\"\0*\0width\";s:4:\"1200\";s:9:\"\0*\0height\";s:3:\"500\";s:7:\"\0*\0item\";N;s:5:\"error\";s:0:\"\";}'),(17,5,1,'O:40:\"Concrete\\Core\\Feature\\Detail\\ImageDetail\":5:{s:6:\"\0*\0src\";s:49:\"/application/files/2715/9818/0334/2_innopolis.jpg\";s:8:\"\0*\0width\";s:4:\"2400\";s:9:\"\0*\0height\";s:4:\"1000\";s:7:\"\0*\0item\";N;s:5:\"error\";s:0:\"\";}'),(18,5,1,'O:40:\"Concrete\\Core\\Feature\\Detail\\ImageDetail\":5:{s:6:\"\0*\0src\";s:45:\"/application/files/5815/9818/3723/default.jpg\";s:8:\"\0*\0width\";s:4:\"1200\";s:9:\"\0*\0height\";s:3:\"500\";s:7:\"\0*\0item\";N;s:5:\"error\";s:0:\"\";}'),(19,5,1,'O:40:\"Concrete\\Core\\Feature\\Detail\\ImageDetail\":5:{s:6:\"\0*\0src\";s:48:\"/application/files/3515/9821/1969/logo-tassr.png\";s:8:\"\0*\0width\";s:3:\"156\";s:9:\"\0*\0height\";s:2:\"52\";s:7:\"\0*\0item\";N;s:5:\"error\";s:0:\"\";}'),(20,5,1,'O:40:\"Concrete\\Core\\Feature\\Detail\\ImageDetail\":5:{s:6:\"\0*\0src\";s:48:\"/application/files/3515/9821/1969/logo-tassr.png\";s:8:\"\0*\0width\";s:3:\"156\";s:9:\"\0*\0height\";s:2:\"52\";s:7:\"\0*\0item\";N;s:5:\"error\";s:0:\"\";}'),(21,5,1,'O:40:\"Concrete\\Core\\Feature\\Detail\\ImageDetail\":5:{s:6:\"\0*\0src\";s:48:\"/application/files/3515/9821/1969/logo-tassr.png\";s:8:\"\0*\0width\";s:3:\"156\";s:9:\"\0*\0height\";s:2:\"52\";s:7:\"\0*\0item\";N;s:5:\"error\";s:0:\"\";}'),(22,5,1,'O:40:\"Concrete\\Core\\Feature\\Detail\\ImageDetail\":5:{s:6:\"\0*\0src\";s:52:\"/application/files/3215/9874/1489/block_mobile-1.png\";s:8:\"\0*\0width\";s:3:\"303\";s:9:\"\0*\0height\";s:3:\"600\";s:7:\"\0*\0item\";N;s:5:\"error\";s:0:\"\";}'),(23,5,1,'O:40:\"Concrete\\Core\\Feature\\Detail\\ImageDetail\":5:{s:6:\"\0*\0src\";s:52:\"/application/files/6715/9874/1774/block_mobile-2.png\";s:8:\"\0*\0width\";s:3:\"225\";s:9:\"\0*\0height\";s:3:\"450\";s:7:\"\0*\0item\";N;s:5:\"error\";s:0:\"\";}'),(24,5,1,'O:40:\"Concrete\\Core\\Feature\\Detail\\ImageDetail\":5:{s:6:\"\0*\0src\";s:52:\"/application/files/6815/9874/1773/block_mobile-3.png\";s:8:\"\0*\0width\";s:3:\"226\";s:9:\"\0*\0height\";s:3:\"450\";s:7:\"\0*\0item\";N;s:5:\"error\";s:0:\"\";}'),(25,5,1,'O:40:\"Concrete\\Core\\Feature\\Detail\\ImageDetail\":5:{s:6:\"\0*\0src\";s:52:\"/application/files/3215/9874/1489/block_mobile-1.png\";s:8:\"\0*\0width\";s:3:\"303\";s:9:\"\0*\0height\";s:3:\"600\";s:7:\"\0*\0item\";N;s:5:\"error\";s:0:\"\";}'),(26,5,1,'O:40:\"Concrete\\Core\\Feature\\Detail\\ImageDetail\":5:{s:6:\"\0*\0src\";s:52:\"/application/files/3215/9874/1489/block_mobile-1.png\";s:8:\"\0*\0width\";s:3:\"303\";s:9:\"\0*\0height\";s:3:\"600\";s:7:\"\0*\0item\";N;s:5:\"error\";s:0:\"\";}'),(27,5,1,'O:40:\"Concrete\\Core\\Feature\\Detail\\ImageDetail\":5:{s:6:\"\0*\0src\";s:52:\"/application/files/6715/9874/1774/block_mobile-2.png\";s:8:\"\0*\0width\";s:3:\"225\";s:9:\"\0*\0height\";s:3:\"450\";s:7:\"\0*\0item\";N;s:5:\"error\";s:0:\"\";}'),(28,5,1,'O:40:\"Concrete\\Core\\Feature\\Detail\\ImageDetail\":5:{s:6:\"\0*\0src\";s:52:\"/application/files/6815/9874/1773/block_mobile-3.png\";s:8:\"\0*\0width\";s:3:\"226\";s:9:\"\0*\0height\";s:3:\"450\";s:7:\"\0*\0item\";N;s:5:\"error\";s:0:\"\";}'),(29,5,1,'O:40:\"Concrete\\Core\\Feature\\Detail\\ImageDetail\":5:{s:6:\"\0*\0src\";s:52:\"/application/files/3215/9874/1489/block_mobile-1.png\";s:8:\"\0*\0width\";s:3:\"303\";s:9:\"\0*\0height\";s:3:\"600\";s:7:\"\0*\0item\";N;s:5:\"error\";s:0:\"\";}'),(32,5,1,'O:40:\"Concrete\\Core\\Feature\\Detail\\ImageDetail\":5:{s:6:\"\0*\0src\";s:45:\"/application/files/5815/9818/3723/default.jpg\";s:8:\"\0*\0width\";s:4:\"1200\";s:9:\"\0*\0height\";s:3:\"500\";s:7:\"\0*\0item\";N;s:5:\"error\";s:0:\"\";}'),(33,5,1,'O:40:\"Concrete\\Core\\Feature\\Detail\\ImageDetail\":5:{s:6:\"\0*\0src\";s:45:\"/application/files/5815/9818/3723/default.jpg\";s:8:\"\0*\0width\";s:4:\"1200\";s:9:\"\0*\0height\";s:3:\"500\";s:7:\"\0*\0item\";N;s:5:\"error\";s:0:\"\";}'),(36,5,1,'O:40:\"Concrete\\Core\\Feature\\Detail\\ImageDetail\":5:{s:6:\"\0*\0src\";s:52:\"/application/files/3215/9874/1489/block_mobile-1.png\";s:8:\"\0*\0width\";s:3:\"303\";s:9:\"\0*\0height\";s:3:\"600\";s:7:\"\0*\0item\";N;s:5:\"error\";s:0:\"\";}'),(37,5,1,'O:40:\"Concrete\\Core\\Feature\\Detail\\ImageDetail\":5:{s:6:\"\0*\0src\";s:52:\"/application/files/3215/9874/1489/block_mobile-1.png\";s:8:\"\0*\0width\";s:3:\"303\";s:9:\"\0*\0height\";s:3:\"600\";s:7:\"\0*\0item\";N;s:5:\"error\";s:0:\"\";}'),(38,5,1,'O:40:\"Concrete\\Core\\Feature\\Detail\\ImageDetail\":5:{s:6:\"\0*\0src\";s:73:\"/application/files/8815/9887/4438/Heshteg_Innopolis_pered_Tehnoparkom.jpg\";s:8:\"\0*\0width\";s:4:\"1200\";s:9:\"\0*\0height\";s:3:\"798\";s:7:\"\0*\0item\";N;s:5:\"error\";s:0:\"\";}'),(45,5,1,'O:40:\"Concrete\\Core\\Feature\\Detail\\ImageDetail\":5:{s:6:\"\0*\0src\";s:71:\"/application/files/9915/9887/4979/Sportivnyj_kompleks_i_Universitet.jpg\";s:8:\"\0*\0width\";s:4:\"1200\";s:9:\"\0*\0height\";s:3:\"796\";s:7:\"\0*\0item\";N;s:5:\"error\";s:0:\"\";}'),(46,5,1,'O:40:\"Concrete\\Core\\Feature\\Detail\\ImageDetail\":5:{s:6:\"\0*\0src\";s:62:\"/application/files/1415/9887/5182/150807-DSC_9367-Platonov.jpg\";s:8:\"\0*\0width\";s:4:\"1200\";s:9:\"\0*\0height\";s:3:\"801\";s:7:\"\0*\0item\";N;s:5:\"error\";s:0:\"\";}'),(48,5,1,'O:40:\"Concrete\\Core\\Feature\\Detail\\ImageDetail\":5:{s:6:\"\0*\0src\";s:60:\"/application/files/5715/9887/4917/Gorodskoe_meropriyatie.jpg\";s:8:\"\0*\0width\";s:4:\"1200\";s:9:\"\0*\0height\";s:3:\"798\";s:7:\"\0*\0item\";N;s:5:\"error\";s:0:\"\";}'),(49,5,1,'O:40:\"Concrete\\Core\\Feature\\Detail\\ImageDetail\":5:{s:6:\"\0*\0src\";s:72:\"/application/files/4515/9887/4840/Vypusknoj_v_Universitete_Innopolis.jpg\";s:8:\"\0*\0width\";s:4:\"1200\";s:9:\"\0*\0height\";s:3:\"798\";s:7:\"\0*\0item\";N;s:5:\"error\";s:0:\"\";}'),(50,5,1,'O:40:\"Concrete\\Core\\Feature\\Detail\\ImageDetail\":5:{s:6:\"\0*\0src\";s:45:\"/application/files/5815/9818/3723/default.jpg\";s:8:\"\0*\0width\";s:4:\"1200\";s:9:\"\0*\0height\";s:3:\"500\";s:7:\"\0*\0item\";N;s:5:\"error\";s:0:\"\";}'),(51,5,1,'O:40:\"Concrete\\Core\\Feature\\Detail\\ImageDetail\":5:{s:6:\"\0*\0src\";s:43:\"/application/files/2315/9888/7760/424_7.jpg\";s:8:\"\0*\0width\";s:4:\"2076\";s:9:\"\0*\0height\";s:4:\"1332\";s:7:\"\0*\0item\";N;s:5:\"error\";s:0:\"\";}'),(53,5,1,'O:40:\"Concrete\\Core\\Feature\\Detail\\ImageDetail\":5:{s:6:\"\0*\0src\";s:45:\"/application/files/5815/9818/3723/default.jpg\";s:8:\"\0*\0width\";s:4:\"1200\";s:9:\"\0*\0height\";s:3:\"500\";s:7:\"\0*\0item\";N;s:5:\"error\";s:0:\"\";}'),(54,5,1,'O:40:\"Concrete\\Core\\Feature\\Detail\\ImageDetail\":5:{s:6:\"\0*\0src\";s:45:\"/application/files/5815/9818/3723/default.jpg\";s:8:\"\0*\0width\";s:4:\"1200\";s:9:\"\0*\0height\";s:3:\"500\";s:7:\"\0*\0item\";N;s:5:\"error\";s:0:\"\";}'),(55,5,1,'O:40:\"Concrete\\Core\\Feature\\Detail\\ImageDetail\":5:{s:6:\"\0*\0src\";s:45:\"/application/files/5815/9818/3723/default.jpg\";s:8:\"\0*\0width\";s:4:\"1200\";s:9:\"\0*\0height\";s:3:\"500\";s:7:\"\0*\0item\";N;s:5:\"error\";s:0:\"\";}'),(56,5,1,'O:40:\"Concrete\\Core\\Feature\\Detail\\ImageDetail\":5:{s:6:\"\0*\0src\";s:45:\"/application/files/5815/9818/3723/default.jpg\";s:8:\"\0*\0width\";s:4:\"1200\";s:9:\"\0*\0height\";s:3:\"500\";s:7:\"\0*\0item\";N;s:5:\"error\";s:0:\"\";}'),(57,5,1,'O:40:\"Concrete\\Core\\Feature\\Detail\\ImageDetail\":5:{s:6:\"\0*\0src\";s:45:\"/application/files/5815/9818/3723/default.jpg\";s:8:\"\0*\0width\";s:4:\"1200\";s:9:\"\0*\0height\";s:3:\"500\";s:7:\"\0*\0item\";N;s:5:\"error\";s:0:\"\";}'),(58,5,1,'O:40:\"Concrete\\Core\\Feature\\Detail\\ImageDetail\":5:{s:6:\"\0*\0src\";s:45:\"/application/files/5815/9818/3723/default.jpg\";s:8:\"\0*\0width\";s:4:\"1200\";s:9:\"\0*\0height\";s:3:\"500\";s:7:\"\0*\0item\";N;s:5:\"error\";s:0:\"\";}'),(59,5,1,'O:40:\"Concrete\\Core\\Feature\\Detail\\ImageDetail\":5:{s:6:\"\0*\0src\";s:45:\"/application/files/5815/9818/3723/default.jpg\";s:8:\"\0*\0width\";s:4:\"1200\";s:9:\"\0*\0height\";s:3:\"500\";s:7:\"\0*\0item\";N;s:5:\"error\";s:0:\"\";}'),(60,5,1,'O:40:\"Concrete\\Core\\Feature\\Detail\\ImageDetail\":5:{s:6:\"\0*\0src\";s:45:\"/application/files/5815/9818/3723/default.jpg\";s:8:\"\0*\0width\";s:4:\"1200\";s:9:\"\0*\0height\";s:3:\"500\";s:7:\"\0*\0item\";N;s:5:\"error\";s:0:\"\";}'),(61,5,1,'O:40:\"Concrete\\Core\\Feature\\Detail\\ImageDetail\":5:{s:6:\"\0*\0src\";s:45:\"/application/files/5815/9818/3723/default.jpg\";s:8:\"\0*\0width\";s:4:\"1200\";s:9:\"\0*\0height\";s:3:\"500\";s:7:\"\0*\0item\";N;s:5:\"error\";s:0:\"\";}'),(62,5,1,'O:40:\"Concrete\\Core\\Feature\\Detail\\ImageDetail\":5:{s:6:\"\0*\0src\";s:44:\"/application/files/7615/9819/2384/1_gimn.jpg\";s:8:\"\0*\0width\";s:4:\"2400\";s:9:\"\0*\0height\";s:4:\"1000\";s:7:\"\0*\0item\";N;s:5:\"error\";s:0:\"\";}'),(63,5,1,'O:40:\"Concrete\\Core\\Feature\\Detail\\ImageDetail\":5:{s:6:\"\0*\0src\";s:49:\"/application/files/2715/9818/0334/2_innopolis.jpg\";s:8:\"\0*\0width\";s:4:\"2400\";s:9:\"\0*\0height\";s:4:\"1000\";s:7:\"\0*\0item\";N;s:5:\"error\";s:0:\"\";}'),(64,5,1,'O:40:\"Concrete\\Core\\Feature\\Detail\\ImageDetail\":5:{s:6:\"\0*\0src\";s:47:\"/application/files/1515/9887/7019/3_dzhalil.jpg\";s:8:\"\0*\0width\";s:4:\"2400\";s:9:\"\0*\0height\";s:4:\"1000\";s:7:\"\0*\0item\";N;s:5:\"error\";s:0:\"\";}'),(65,5,1,'O:40:\"Concrete\\Core\\Feature\\Detail\\ImageDetail\":5:{s:6:\"\0*\0src\";s:49:\"/application/files/8915/9882/8798/4_transport.jpg\";s:8:\"\0*\0width\";s:4:\"2400\";s:9:\"\0*\0height\";s:4:\"1000\";s:7:\"\0*\0item\";N;s:5:\"error\";s:0:\"\";}'),(66,5,1,'O:40:\"Concrete\\Core\\Feature\\Detail\\ImageDetail\":5:{s:6:\"\0*\0src\";s:53:\"/application/files/2515/9882/7753/5_KAMAZ._str_29.jpg\";s:8:\"\0*\0width\";s:4:\"2400\";s:9:\"\0*\0height\";s:4:\"1000\";s:7:\"\0*\0item\";N;s:5:\"error\";s:0:\"\";}'),(67,5,1,'O:40:\"Concrete\\Core\\Feature\\Detail\\ImageDetail\":5:{s:6:\"\0*\0src\";s:54:\"/application/files/4515/9888/7985/6_neft._st_34-35.jpg\";s:8:\"\0*\0width\";s:4:\"2400\";s:9:\"\0*\0height\";s:4:\"1000\";s:7:\"\0*\0item\";N;s:5:\"error\";s:0:\"\";}'),(68,5,1,'O:40:\"Concrete\\Core\\Feature\\Detail\\ImageDetail\":5:{s:6:\"\0*\0src\";s:46:\"/application/files/1215/9888/8113/7_geroi2.jpg\";s:8:\"\0*\0width\";s:4:\"2400\";s:9:\"\0*\0height\";s:4:\"1000\";s:7:\"\0*\0item\";N;s:5:\"error\";s:0:\"\";}'),(69,5,1,'O:40:\"Concrete\\Core\\Feature\\Detail\\ImageDetail\":5:{s:6:\"\0*\0src\";s:55:\"/application/files/2315/9888/8819/8_medicina_str_51.jpg\";s:8:\"\0*\0width\";s:4:\"2400\";s:9:\"\0*\0height\";s:4:\"1000\";s:7:\"\0*\0item\";N;s:5:\"error\";s:0:\"\";}'),(70,5,1,'O:40:\"Concrete\\Core\\Feature\\Detail\\ImageDetail\":5:{s:6:\"\0*\0src\";s:49:\"/application/files/4115/9888/9298/9_dendrarij.jpg\";s:8:\"\0*\0width\";s:4:\"2400\";s:9:\"\0*\0height\";s:4:\"1000\";s:7:\"\0*\0item\";N;s:5:\"error\";s:0:\"\";}'),(71,5,1,'O:40:\"Concrete\\Core\\Feature\\Detail\\ImageDetail\":5:{s:6:\"\0*\0src\";s:67:\"/application/files/6915/9888/9374/10_selskoe_hozyajstvo._str_57.jpg\";s:8:\"\0*\0width\";s:4:\"2400\";s:9:\"\0*\0height\";s:4:\"1000\";s:7:\"\0*\0item\";N;s:5:\"error\";s:0:\"\";}'),(72,5,1,'O:40:\"Concrete\\Core\\Feature\\Detail\\ImageDetail\":5:{s:6:\"\0*\0src\";s:56:\"/application/files/3915/9888/9563/11_kultura_str._63.jpg\";s:8:\"\0*\0width\";s:4:\"2400\";s:9:\"\0*\0height\";s:4:\"1000\";s:7:\"\0*\0item\";N;s:5:\"error\";s:0:\"\";}'),(73,5,1,'O:40:\"Concrete\\Core\\Feature\\Detail\\ImageDetail\":5:{s:6:\"\0*\0src\";s:46:\"/application/files/7515/9888/9791/12_tukaj.jpg\";s:8:\"\0*\0width\";s:4:\"2400\";s:9:\"\0*\0height\";s:4:\"1000\";s:7:\"\0*\0item\";N;s:5:\"error\";s:0:\"\";}'),(74,5,1,'O:40:\"Concrete\\Core\\Feature\\Detail\\ImageDetail\":5:{s:6:\"\0*\0src\";s:57:\"/application/files/7915/9888/9905/13_sabantuj._str.69.jpg\";s:8:\"\0*\0width\";s:4:\"2400\";s:9:\"\0*\0height\";s:4:\"1000\";s:7:\"\0*\0item\";N;s:5:\"error\";s:0:\"\";}'),(75,5,1,'O:40:\"Concrete\\Core\\Feature\\Detail\\ImageDetail\":5:{s:6:\"\0*\0src\";s:47:\"/application/files/6915/9889/0181/14_kosmos.jpg\";s:8:\"\0*\0width\";s:4:\"2400\";s:9:\"\0*\0height\";s:4:\"1000\";s:7:\"\0*\0item\";N;s:5:\"error\";s:0:\"\";}'),(77,5,1,'O:40:\"Concrete\\Core\\Feature\\Detail\\ImageDetail\":5:{s:6:\"\0*\0src\";s:52:\"/application/files/3215/9874/1489/block_mobile-1.png\";s:8:\"\0*\0width\";s:3:\"303\";s:9:\"\0*\0height\";s:3:\"600\";s:7:\"\0*\0item\";N;s:5:\"error\";s:0:\"\";}'),(78,5,1,'O:40:\"Concrete\\Core\\Feature\\Detail\\ImageDetail\":5:{s:6:\"\0*\0src\";s:52:\"/application/files/6715/9874/1774/block_mobile-2.png\";s:8:\"\0*\0width\";s:3:\"225\";s:9:\"\0*\0height\";s:3:\"450\";s:7:\"\0*\0item\";N;s:5:\"error\";s:0:\"\";}'),(79,5,1,'O:40:\"Concrete\\Core\\Feature\\Detail\\ImageDetail\":5:{s:6:\"\0*\0src\";s:52:\"/application/files/6815/9874/1773/block_mobile-3.png\";s:8:\"\0*\0width\";s:3:\"226\";s:9:\"\0*\0height\";s:3:\"450\";s:7:\"\0*\0item\";N;s:5:\"error\";s:0:\"\";}');

--
-- Table structure for table `FeatureCategories`
--

CREATE TABLE `FeatureCategories` (
  `fcID` int(10) unsigned NOT NULL AUTO_INCREMENT,
  `fcHandle` varchar(255) COLLATE utf8mb4_unicode_ci NOT NULL,
  `pkgID` int(10) unsigned DEFAULT NULL,
  PRIMARY KEY (`fcID`),
  UNIQUE KEY `fcHandle` (`fcHandle`),
  KEY `pkgID` (`pkgID`,`fcID`)
) ENGINE=InnoDB AUTO_INCREMENT=3 DEFAULT CHARSET=utf8mb4 COLLATE=utf8mb4_unicode_ci;

--
-- Dumping data for table `FeatureCategories`
--

INSERT INTO `FeatureCategories` VALUES (1,'collection_version',0),(2,'gathering_item',0);

--
-- Table structure for table `Features`
--

CREATE TABLE `Features` (
  `feID` int(10) unsigned NOT NULL AUTO_INCREMENT,
  `feHandle` varchar(255) COLLATE utf8mb4_unicode_ci NOT NULL,
  `feScore` int(11) NOT NULL DEFAULT '1',
  `feHasCustomClass` tinyint(1) NOT NULL DEFAULT '0',
  `pkgID` int(10) unsigned DEFAULT NULL,
  PRIMARY KEY (`feID`),
  UNIQUE KEY `feHandle` (`feHandle`),
  KEY `pkgID` (`pkgID`,`feID`)
) ENGINE=InnoDB AUTO_INCREMENT=9 DEFAULT CHARSET=utf8mb4 COLLATE=utf8mb4_unicode_ci;

--
-- Dumping data for table `Features`
--

INSERT INTO `Features` VALUES (1,'title',1,0,0),(2,'link',1,0,0),(3,'author',1,0,0),(4,'date_time',1,0,0),(5,'image',500,1,0),(6,'conversation',10,1,0),(7,'description',1,0,0),(8,'featured',1000,0,0);

--
-- Table structure for table `FileAttributeKeys`
--

CREATE TABLE `FileAttributeKeys` (
  `akID` int(10) unsigned NOT NULL,
  PRIMARY KEY (`akID`),
  CONSTRAINT `FK_BC5C7BBB6561A7E` FOREIGN KEY (`akID`) REFERENCES `AttributeKeys` (`akID`) ON DELETE CASCADE
) ENGINE=InnoDB DEFAULT CHARSET=utf8mb4 COLLATE=utf8mb4_unicode_ci;

--
-- Dumping data for table `FileAttributeKeys`
--

INSERT INTO `FileAttributeKeys` VALUES (16),(17),(19),(41),(42),(43),(44);

--
-- Table structure for table `FileAttributeValues`
--

CREATE TABLE `FileAttributeValues` (
  `fID` int(10) unsigned NOT NULL,
  `fvID` int(10) unsigned NOT NULL,
  `akID` int(10) unsigned NOT NULL,
  `avID` int(10) unsigned DEFAULT NULL,
  PRIMARY KEY (`fID`,`fvID`,`akID`),
  KEY `IDX_BBECEAA4B6561A7E` (`akID`),
  KEY `IDX_BBECEAA4A2A82A5D` (`avID`),
  CONSTRAINT `FK_BBECEAA4A2A82A5D` FOREIGN KEY (`avID`) REFERENCES `AttributeValues` (`avID`),
  CONSTRAINT `FK_BBECEAA4B6561A7E` FOREIGN KEY (`akID`) REFERENCES `AttributeKeys` (`akID`)
) ENGINE=InnoDB DEFAULT CHARSET=utf8mb4 COLLATE=utf8mb4_unicode_ci;

--
-- Dumping data for table `FileAttributeValues`
--

INSERT INTO `FileAttributeValues` VALUES (1,1,16,152),(1,1,17,153),(2,1,16,154),(2,1,17,155),(3,1,16,156),(3,1,17,157),(4,1,16,158),(4,1,17,159),(5,1,16,160),(5,1,17,161),(6,1,16,162),(6,1,17,163),(7,1,16,164),(7,1,17,165),(8,1,16,166),(8,1,17,167),(9,1,16,168),(9,1,17,169),(10,1,16,170),(10,1,17,171),(11,1,16,172),(11,1,17,173),(12,1,16,174),(12,1,17,175),(13,1,16,176),(13,1,17,177),(14,1,16,178),(14,1,17,179),(15,1,16,180),(15,1,17,181),(16,1,16,182),(16,1,17,183),(18,1,16,298),(18,1,17,299),(19,1,16,300),(19,1,17,301),(20,1,16,304),(20,1,17,305),(21,1,16,306),(21,1,17,307),(22,1,16,309),(22,1,17,310),(23,1,16,311),(23,1,17,312),(24,1,16,313),(24,1,17,314),(25,1,16,315),(25,1,17,316),(26,1,16,317),(26,1,17,318),(27,1,16,319),(27,1,17,320),(28,1,16,321),(28,1,17,322),(29,1,16,323),(29,1,17,324),(30,1,16,325),(30,1,17,326),(31,1,16,327),(31,1,17,328),(32,1,16,329),(32,1,17,330),(33,1,16,331),(33,1,17,332),(34,1,16,333),(34,1,17,334),(35,1,16,335),(35,1,17,336),(36,1,16,337),(36,1,17,338),(37,1,16,340),(37,1,17,341),(29,2,16,343),(29,2,17,344),(38,1,16,346),(38,1,17,347),(39,1,16,348),(39,1,17,349),(40,1,16,350),(40,1,17,351),(41,1,16,356),(41,1,17,357),(44,1,16,358),(44,1,17,359),(45,1,16,360),(45,1,17,361),(46,1,16,362),(46,1,17,363),(47,1,16,364),(47,1,17,365),(48,1,16,366),(48,1,17,367),(49,1,16,368),(49,1,17,369),(50,1,16,370),(50,1,17,371),(51,1,16,372),(51,1,17,373),(52,1,16,374),(52,1,17,375),(53,1,16,376),(53,1,17,377),(57,1,16,378),(57,1,17,379),(46,2,16,380),(46,2,17,381),(45,2,16,382),(45,2,17,383),(58,1,16,384),(58,1,17,385),(59,1,16,386),(59,1,17,387),(60,1,16,388),(60,1,17,389),(61,1,16,390),(61,1,17,391),(62,1,16,392),(62,1,17,393),(64,1,16,394),(64,1,17,395),(65,1,16,396),(65,1,17,397),(66,1,16,398),(66,1,17,399),(67,1,16,400),(67,1,17,401),(68,1,16,402),(68,1,17,403),(69,1,16,404),(69,1,17,405),(69,2,16,406),(69,2,17,407),(69,3,16,408),(69,3,17,409),(70,1,16,410),(70,1,17,411),(70,2,16,412),(70,2,17,413),(71,1,16,414),(71,1,17,415),(72,1,16,416),(72,1,17,417),(73,1,16,418),(73,1,17,419),(74,1,16,420),(74,1,17,421),(73,2,16,422),(73,2,17,423),(72,2,16,424),(72,2,17,425),(74,2,16,426),(74,2,17,427),(75,1,16,428),(75,1,17,429),(76,1,16,430),(76,1,17,431),(78,1,16,436),(78,1,17,437),(78,2,16,438),(78,2,17,439),(79,1,16,440),(79,1,17,441),(80,1,16,448),(80,1,17,449),(81,1,16,450),(81,1,17,451),(130,1,16,548),(130,1,17,549),(131,1,16,550),(131,1,17,551),(132,1,16,552),(132,1,17,553),(133,1,16,554),(133,1,17,555),(134,1,16,556),(134,1,17,557),(135,1,16,558),(135,1,17,559),(136,1,16,560),(136,1,17,561),(137,1,16,562),(137,1,17,563),(138,1,16,564),(138,1,17,565),(139,1,16,566),(139,1,17,567),(140,1,16,568),(140,1,17,569),(141,1,16,570),(141,1,17,571),(142,1,16,572),(142,1,17,573),(143,1,16,574),(143,1,17,575),(144,1,16,576),(144,1,17,577),(145,1,16,578),(145,1,17,579),(146,1,16,580),(146,1,17,581),(147,1,16,582),(147,1,17,583),(148,1,16,584),(148,1,17,585),(149,1,16,586),(149,1,17,587),(150,1,16,588),(150,1,17,589),(151,1,16,590),(151,1,17,591),(152,1,16,592),(152,1,17,593),(153,1,16,594),(153,1,17,595),(154,1,16,599),(154,1,17,600),(154,2,16,601),(154,2,17,602),(154,3,16,603),(154,3,17,604),(155,1,16,605),(155,1,17,606),(156,1,16,608),(156,1,17,609),(157,1,16,669),(157,1,17,670),(159,1,16,677),(159,1,17,678),(160,1,16,679),(160,1,17,680),(161,1,16,681),(161,1,17,682),(162,1,16,683),(162,1,17,684),(163,1,16,685),(163,1,17,686),(164,1,16,687),(164,1,17,688),(165,1,17,690),(165,1,16,691),(166,1,16,692),(166,1,17,693),(167,1,16,694),(167,1,17,695),(168,1,16,696),(168,1,17,697),(169,1,16,698),(169,1,17,699),(170,1,16,700),(170,1,17,701),(171,1,16,702),(171,1,17,703),(172,1,16,704),(172,1,17,705),(173,1,16,706),(173,1,17,707),(174,1,16,708),(174,1,17,709),(175,1,16,710),(175,1,17,711),(176,1,16,712),(176,1,17,713),(177,1,16,714),(177,1,17,715),(197,1,16,716),(197,1,17,717),(198,1,16,718),(198,1,17,719),(199,1,16,720),(199,1,17,721),(200,1,16,722),(200,1,17,723),(201,1,16,724),(201,1,17,725),(202,1,16,726),(202,1,17,727),(203,1,16,728),(203,1,17,729),(205,1,16,730),(205,1,17,731),(206,1,16,732),(206,1,17,733),(207,1,16,734),(207,1,17,735),(208,1,16,736),(208,1,17,737),(209,1,16,738),(209,1,17,739),(210,1,16,740),(210,1,17,741),(211,1,16,742),(211,1,17,743),(212,1,16,744),(212,1,17,745),(213,1,16,746),(213,1,17,747),(214,1,16,748),(214,1,17,749),(215,1,16,750),(215,1,17,751),(216,1,16,752),(216,1,17,753),(217,1,16,754),(217,1,17,755),(218,1,16,756),(218,1,17,757),(219,1,16,758),(219,1,17,759),(220,1,16,760),(220,1,17,761),(221,1,16,762),(221,1,17,763),(222,1,16,764),(222,1,17,765),(223,1,16,766),(223,1,17,767),(224,1,16,768),(224,1,17,769),(225,1,16,770),(225,1,17,771),(226,1,16,772),(226,1,17,773),(227,1,16,774),(227,1,17,775),(228,1,16,776),(228,1,17,777),(230,1,16,778),(230,1,17,779),(231,1,16,780),(231,1,17,781),(232,1,16,782),(232,1,17,783),(233,1,16,784),(233,1,17,785),(234,1,16,786),(234,1,17,787),(235,1,16,788),(235,1,17,789),(236,1,16,790),(236,1,17,791),(238,1,16,792),(238,1,17,793),(239,1,16,794),(239,1,17,795),(240,1,16,796),(240,1,17,797),(241,1,16,798),(241,1,17,799),(242,1,16,800),(242,1,17,801),(243,1,16,802),(243,1,17,803),(244,1,16,804),(244,1,17,805),(245,1,16,806),(245,1,17,807),(246,1,16,808),(246,1,17,809),(247,1,16,810),(247,1,17,811),(248,1,16,812),(248,1,17,813),(249,1,16,814),(249,1,17,815),(250,1,16,816),(250,1,17,817),(251,1,16,818),(251,1,17,819),(252,1,16,820),(252,1,17,821),(253,1,16,822),(253,1,17,823),(254,1,16,824),(254,1,17,825),(255,1,16,826),(255,1,17,827),(256,1,16,828),(256,1,17,829),(257,1,16,830),(257,1,17,831),(258,1,16,832),(258,1,17,833),(260,1,16,834),(260,1,17,835),(261,1,16,836),(261,1,17,837),(262,1,16,838),(262,1,17,839),(263,1,16,840),(263,1,17,841),(264,1,16,842),(264,1,17,843),(266,1,16,844),(266,1,17,845),(266,2,16,846),(266,2,17,847),(268,1,16,900),(268,1,17,901),(270,1,16,971),(270,1,17,972);

--
-- Table structure for table `FileImageThumbnailPaths`
--

CREATE TABLE `FileImageThumbnailPaths` (
  `fileID` int(10) unsigned NOT NULL,
  `fileVersionID` int(10) unsigned NOT NULL,
  `thumbnailTypeHandle` varchar(255) COLLATE utf8mb4_unicode_ci NOT NULL,
  `storageLocationID` int(10) unsigned NOT NULL,
  `thumbnailFormat` varchar(5) COLLATE utf8mb4_unicode_ci NOT NULL,
  `path` longtext COLLATE utf8mb4_unicode_ci NOT NULL,
  `isBuilt` tinyint(1) NOT NULL,
  `lockID` varchar(255) COLLATE utf8mb4_unicode_ci DEFAULT NULL,
  `lockExpires` datetime DEFAULT NULL,
  PRIMARY KEY (`fileID`,`fileVersionID`,`thumbnailTypeHandle`,`storageLocationID`,`thumbnailFormat`),
  KEY `thumbnailPathIsBuilt` (`isBuilt`)
) ENGINE=InnoDB DEFAULT CHARSET=utf8mb4 COLLATE=utf8mb4_unicode_ci;

--
-- Dumping data for table `FileImageThumbnailPaths`
--

INSERT INTO `FileImageThumbnailPaths` VALUES (22,1,'large',1,'jpeg','/thumbnails/large/2715/9818/0334/2_innopolis.jpg',1,NULL,NULL),(22,1,'medium',1,'jpeg','/thumbnails/medium/2715/9818/0334/2_innopolis.jpg',1,NULL,NULL),(22,1,'small',1,'jpeg','/thumbnails/small/2715/9818/0334/2_innopolis.jpg',1,NULL,NULL),(38,1,'large',1,'jpeg','/thumbnails/large/7615/9819/2384/1_gimn.jpg',1,NULL,NULL),(38,1,'medium',1,'jpeg','/thumbnails/medium/7615/9819/2384/1_gimn.jpg',1,NULL,NULL),(38,1,'small',1,'jpeg','/thumbnails/small/7615/9819/2384/1_gimn.jpg',1,NULL,NULL),(155,1,'large',1,'jpeg','/thumbnails/large/2515/9882/7753/5_KAMAZ._str_29.jpg',1,NULL,NULL),(155,1,'medium',1,'jpeg','/thumbnails/medium/2515/9882/7753/5_KAMAZ._str_29.jpg',1,NULL,NULL),(155,1,'small',1,'jpeg','/thumbnails/small/2515/9882/7753/5_KAMAZ._str_29.jpg',1,NULL,NULL),(156,1,'large',1,'jpeg','/thumbnails/large/8915/9882/8798/4_transport.jpg',1,NULL,NULL),(156,1,'medium',1,'jpeg','/thumbnails/medium/8915/9882/8798/4_transport.jpg',1,NULL,NULL),(156,1,'small',1,'jpeg','/thumbnails/small/8915/9882/8798/4_transport.jpg',1,NULL,NULL),(166,1,'large',1,'jpeg','/thumbnails/large/8815/9887/6898/164_7.jpg',1,NULL,NULL),(166,1,'medium',1,'jpeg','/thumbnails/medium/8815/9887/6898/164_7.jpg',1,NULL,NULL),(166,1,'small',1,'jpeg','/thumbnails/small/8815/9887/6898/164_7.jpg',1,NULL,NULL),(167,1,'large',1,'jpeg','/thumbnails/large/1515/9887/7019/3_dzhalil.jpg',1,NULL,NULL),(167,1,'medium',1,'jpeg','/thumbnails/medium/1515/9887/7019/3_dzhalil.jpg',1,NULL,NULL),(167,1,'small',1,'jpeg','/thumbnails/small/1515/9887/7019/3_dzhalil.jpg',1,NULL,NULL),(169,1,'large',1,'jpeg','/thumbnails/large/5715/9887/7316/1303_13.jpg',1,NULL,NULL),(169,1,'medium',1,'jpeg','/thumbnails/medium/5715/9887/7316/1303_13.jpg',1,NULL,NULL),(169,1,'small',1,'jpeg','/thumbnails/small/5715/9887/7316/1303_13.jpg',1,NULL,NULL),(171,1,'large',1,'jpeg','/thumbnails/large/6615/9887/8190/5769_10.jpg',1,NULL,NULL),(171,1,'medium',1,'jpeg','/thumbnails/medium/6615/9887/8190/5769_10.jpg',1,NULL,NULL),(171,1,'small',1,'jpeg','/thumbnails/small/6615/9887/8190/5769_10.jpg',1,NULL,NULL),(172,1,'large',1,'jpeg','/thumbnails/large/4915/9887/8203/4035_10.jpg',1,NULL,NULL),(172,1,'medium',1,'jpeg','/thumbnails/medium/4915/9887/8203/4035_10.jpg',1,NULL,NULL),(172,1,'small',1,'jpeg','/thumbnails/small/4915/9887/8203/4035_10.jpg',1,NULL,NULL),(173,1,'large',1,'jpeg','/thumbnails/large/9215/9887/8454/2066_10.jpg',1,NULL,NULL),(173,1,'medium',1,'jpeg','/thumbnails/medium/9215/9887/8454/2066_10.jpg',1,NULL,NULL),(173,1,'small',1,'jpeg','/thumbnails/small/9215/9887/8454/2066_10.jpg',1,NULL,NULL),(175,1,'large',1,'jpeg','/thumbnails/large/2115/9887/8829/291.jpg',1,NULL,NULL),(175,1,'medium',1,'jpeg','/thumbnails/medium/2115/9887/8829/291.jpg',1,NULL,NULL),(175,1,'small',1,'jpeg','/thumbnails/small/2115/9887/8829/291.jpg',1,NULL,NULL),(176,1,'large',1,'jpeg','/thumbnails/large/7115/9887/8838/4507_1.jpg',1,NULL,NULL),(176,1,'medium',1,'jpeg','/thumbnails/medium/7115/9887/8838/4507_1.jpg',1,NULL,NULL),(176,1,'small',1,'jpeg','/thumbnails/small/7115/9887/8838/4507_1.jpg',1,NULL,NULL),(177,1,'large',1,'jpeg','/thumbnails/large/6215/9888/0592/2176_1.jpg',1,NULL,NULL),(177,1,'medium',1,'jpeg','/thumbnails/medium/6215/9888/0592/2176_1.jpg',1,NULL,NULL),(177,1,'small',1,'jpeg','/thumbnails/small/6215/9888/0592/2176_1.jpg',1,NULL,NULL),(197,1,'large',1,'jpeg','/thumbnails/large/8215/9888/1665/2981_1.jpg',1,NULL,NULL),(197,1,'medium',1,'jpeg','/thumbnails/medium/8215/9888/1665/2981_1.jpg',1,NULL,NULL),(197,1,'small',1,'jpeg','/thumbnails/small/8215/9888/1665/2981_1.jpg',1,NULL,NULL),(199,1,'large',1,'jpeg','/thumbnails/large/9015/9888/1819/132_1.jpg',1,NULL,NULL),(199,1,'medium',1,'jpeg','/thumbnails/medium/9015/9888/1819/132_1.jpg',1,NULL,NULL),(199,1,'small',1,'jpeg','/thumbnails/small/9015/9888/1819/132_1.jpg',1,NULL,NULL),(202,1,'large',1,'jpeg','/thumbnails/large/7315/9888/4668/2206.jpg',1,NULL,NULL),(202,1,'medium',1,'jpeg','/thumbnails/medium/7315/9888/4668/2206.jpg',1,NULL,NULL),(202,1,'small',1,'jpeg','/thumbnails/small/7315/9888/4668/2206.jpg',1,NULL,NULL),(203,1,'large',1,'jpeg','/thumbnails/large/2315/9888/4670/8880_10.jpg',1,NULL,NULL),(203,1,'medium',1,'jpeg','/thumbnails/medium/2315/9888/4670/8880_10.jpg',1,NULL,NULL),(203,1,'small',1,'jpeg','/thumbnails/small/2315/9888/4670/8880_10.jpg',1,NULL,NULL),(206,1,'small',1,'jpeg','/thumbnails/small/7315/9888/6215/3113.jpg',1,NULL,NULL),(207,1,'large',1,'jpeg','/thumbnails/large/8815/9888/6217/1991_13.jpg',1,NULL,NULL),(207,1,'medium',1,'jpeg','/thumbnails/medium/8815/9888/6217/1991_13.jpg',1,NULL,NULL),(207,1,'small',1,'jpeg','/thumbnails/small/8815/9888/6217/1991_13.jpg',1,NULL,NULL),(208,1,'large',1,'jpeg','/thumbnails/large/5915/9888/6237/4295.jpg',1,NULL,NULL),(208,1,'medium',1,'jpeg','/thumbnails/medium/5915/9888/6237/4295.jpg',1,NULL,NULL),(208,1,'small',1,'jpeg','/thumbnails/small/5915/9888/6237/4295.jpg',1,NULL,NULL),(214,1,'large',1,'jpeg','/thumbnails/large/2315/9888/7760/424_7.jpg',1,NULL,NULL),(214,1,'medium',1,'jpeg','/thumbnails/medium/2315/9888/7760/424_7.jpg',1,NULL,NULL),(214,1,'small',1,'jpeg','/thumbnails/small/2315/9888/7760/424_7.jpg',1,NULL,NULL),(215,1,'large',1,'jpeg','/thumbnails/large/2915/9888/7763/833_10.jpg',1,NULL,NULL),(215,1,'medium',1,'jpeg','/thumbnails/medium/2915/9888/7763/833_10.jpg',1,NULL,NULL),(215,1,'small',1,'jpeg','/thumbnails/small/2915/9888/7763/833_10.jpg',1,NULL,NULL),(217,1,'large',1,'jpeg','/thumbnails/large/4515/9888/7985/6_neft._st_34-35.jpg',1,NULL,NULL),(217,1,'medium',1,'jpeg','/thumbnails/medium/4515/9888/7985/6_neft._st_34-35.jpg',1,NULL,NULL),(217,1,'small',1,'jpeg','/thumbnails/small/4515/9888/7985/6_neft._st_34-35.jpg',1,NULL,NULL),(218,1,'large',1,'jpeg','/thumbnails/large/1215/9888/8113/7_geroi2.jpg',1,NULL,NULL),(218,1,'medium',1,'jpeg','/thumbnails/medium/1215/9888/8113/7_geroi2.jpg',1,NULL,NULL),(218,1,'small',1,'jpeg','/thumbnails/small/1215/9888/8113/7_geroi2.jpg',1,NULL,NULL),(219,1,'large',1,'jpeg','/thumbnails/large/2315/9888/8819/8_medicina_str_51.jpg',1,NULL,NULL),(219,1,'medium',1,'jpeg','/thumbnails/medium/2315/9888/8819/8_medicina_str_51.jpg',1,NULL,NULL),(219,1,'small',1,'jpeg','/thumbnails/small/2315/9888/8819/8_medicina_str_51.jpg',1,NULL,NULL),(220,1,'large',1,'jpeg','/thumbnails/large/4115/9888/9298/9_dendrarij.jpg',1,NULL,NULL),(220,1,'medium',1,'jpeg','/thumbnails/medium/4115/9888/9298/9_dendrarij.jpg',1,NULL,NULL),(220,1,'small',1,'jpeg','/thumbnails/small/4115/9888/9298/9_dendrarij.jpg',1,NULL,NULL),(221,1,'large',1,'jpeg','/thumbnails/large/6915/9888/9374/10_selskoe_hozyajstvo._str_57.jpg',1,NULL,NULL),(221,1,'medium',1,'jpeg','/thumbnails/medium/6915/9888/9374/10_selskoe_hozyajstvo._str_57.jpg',1,NULL,NULL),(221,1,'small',1,'jpeg','/thumbnails/small/6915/9888/9374/10_selskoe_hozyajstvo._str_57.jpg',1,NULL,NULL),(222,1,'large',1,'jpeg','/thumbnails/large/3915/9888/9563/11_kultura_str._63.jpg',1,NULL,NULL),(222,1,'medium',1,'jpeg','/thumbnails/medium/3915/9888/9563/11_kultura_str._63.jpg',1,NULL,NULL),(222,1,'small',1,'jpeg','/thumbnails/small/3915/9888/9563/11_kultura_str._63.jpg',1,NULL,NULL),(223,1,'large',1,'jpeg','/thumbnails/large/7515/9888/9791/12_tukaj.jpg',1,NULL,NULL),(223,1,'medium',1,'jpeg','/thumbnails/medium/7515/9888/9791/12_tukaj.jpg',1,NULL,NULL),(223,1,'small',1,'jpeg','/thumbnails/small/7515/9888/9791/12_tukaj.jpg',1,NULL,NULL),(224,1,'large',1,'jpeg','/thumbnails/large/7915/9888/9905/13_sabantuj._str.69.jpg',1,NULL,NULL),(224,1,'medium',1,'jpeg','/thumbnails/medium/7915/9888/9905/13_sabantuj._str.69.jpg',1,NULL,NULL),(224,1,'small',1,'jpeg','/thumbnails/small/7915/9888/9905/13_sabantuj._str.69.jpg',1,NULL,NULL),(225,1,'large',1,'jpeg','/thumbnails/large/6915/9889/0181/14_kosmos.jpg',1,NULL,NULL),(225,1,'medium',1,'jpeg','/thumbnails/medium/6915/9889/0181/14_kosmos.jpg',1,NULL,NULL),(225,1,'small',1,'jpeg','/thumbnails/small/6915/9889/0181/14_kosmos.jpg',1,NULL,NULL),(226,1,'large',1,'jpeg','/thumbnails/large/6815/9889/0248/476.jpg',1,NULL,NULL),(226,1,'medium',1,'jpeg','/thumbnails/medium/6815/9889/0248/476.jpg',1,NULL,NULL),(226,1,'small',1,'jpeg','/thumbnails/small/6815/9889/0248/476.jpg',1,NULL,NULL),(227,1,'large',1,'jpeg','/thumbnails/large/1915/9889/0250/3137.jpg',1,NULL,NULL),(227,1,'medium',1,'jpeg','/thumbnails/medium/1915/9889/0250/3137.jpg',1,NULL,NULL),(227,1,'small',1,'jpeg','/thumbnails/small/1915/9889/0250/3137.jpg',1,NULL,NULL),(228,1,'large',1,'jpeg','/thumbnails/large/7315/9889/0377/1436.jpg',1,NULL,NULL),(228,1,'medium',1,'jpeg','/thumbnails/medium/7315/9889/0377/1436.jpg',1,NULL,NULL),(228,1,'small',1,'jpeg','/thumbnails/small/7315/9889/0377/1436.jpg',1,NULL,NULL),(230,1,'large',1,'jpeg','/thumbnails/large/5315/9889/1224/4.jpg',1,NULL,NULL),(230,1,'medium',1,'jpeg','/thumbnails/medium/5315/9889/1224/4.jpg',1,NULL,NULL),(230,1,'small',1,'jpeg','/thumbnails/small/5315/9889/1224/4.jpg',1,NULL,NULL),(231,1,'large',1,'jpeg','/thumbnails/large/9815/9889/1227/3.jpg',1,NULL,NULL),(231,1,'medium',1,'jpeg','/thumbnails/medium/9815/9889/1227/3.jpg',1,NULL,NULL),(231,1,'small',1,'jpeg','/thumbnails/small/9815/9889/1227/3.jpg',1,NULL,NULL),(232,1,'large',1,'jpeg','/thumbnails/large/1215/9889/1230/2.jpg',1,NULL,NULL),(232,1,'medium',1,'jpeg','/thumbnails/medium/1215/9889/1230/2.jpg',1,NULL,NULL),(232,1,'small',1,'jpeg','/thumbnails/small/1215/9889/1230/2.jpg',1,NULL,NULL),(233,1,'large',1,'jpeg','/thumbnails/large/6815/9889/1233/6.jpg',1,NULL,NULL),(233,1,'medium',1,'jpeg','/thumbnails/medium/6815/9889/1233/6.jpg',1,NULL,NULL),(233,1,'small',1,'jpeg','/thumbnails/small/6815/9889/1233/6.jpg',1,NULL,NULL),(234,1,'large',1,'jpeg','/thumbnails/large/3615/9889/1236/5.jpg',1,NULL,NULL),(234,1,'medium',1,'jpeg','/thumbnails/medium/3615/9889/1236/5.jpg',1,NULL,NULL),(234,1,'small',1,'jpeg','/thumbnails/small/3615/9889/1236/5.jpg',1,NULL,NULL),(235,1,'large',1,'jpeg','/thumbnails/large/2915/9889/1239/1.jpg',1,NULL,NULL),(235,1,'medium',1,'jpeg','/thumbnails/medium/2915/9889/1239/1.jpg',1,NULL,NULL),(235,1,'small',1,'jpeg','/thumbnails/small/2915/9889/1239/1.jpg',1,NULL,NULL),(236,1,'large',1,'jpeg','/thumbnails/large/5115/9889/1697/Vid_pamyatnika_narodnomu_artistu_SSSR_kompozitoru_pianistu_avtoru_muzyki_Gosudarstvennogo_gimna_Respubliki_Tatarstan_Rustemu_Yahinu_v_skvere_po_ulice_Bolshaya_Krasnaya_naprotiv_zdaniya_Kazanskoj_gosudarstvennoj.jpg',1,NULL,NULL),(236,1,'medium',1,'jpeg','/thumbnails/medium/5115/9889/1697/Vid_pamyatnika_narodnomu_artistu_SSSR_kompozitoru_pianistu_avtoru_muzyki_Gosudarstvennogo_gimna_Respubliki_Tatarstan_Rustemu_Yahinu_v_skvere_po_ulice_Bolshaya_Krasnaya_naprotiv_zdaniya_Kazanskoj_gosudarstvennoj.jpg',1,NULL,NULL),(236,1,'small',1,'jpeg','/thumbnails/small/5115/9889/1697/Vid_pamyatnika_narodnomu_artistu_SSSR_kompozitoru_pianistu_avtoru_muzyki_Gosudarstvennogo_gimna_Respubliki_Tatarstan_Rustemu_Yahinu_v_skvere_po_ulice_Bolshaya_Krasnaya_naprotiv_zdaniya_Kazanskoj_gosudarstvennoj.jpg',1,NULL,NULL),(238,1,'large',1,'jpeg','/thumbnails/large/8015/9889/1957/yahin2.jpg',1,NULL,NULL),(238,1,'medium',1,'jpeg','/thumbnails/medium/8015/9889/1957/yahin2.jpg',1,NULL,NULL),(238,1,'small',1,'jpeg','/thumbnails/small/8015/9889/1957/yahin2.jpg',1,NULL,NULL),(261,1,'large',1,'jpeg','/thumbnails/large/1315/9893/5034/Heshteg_Innopolis_pered_Tehnoparkom.jpg',1,NULL,NULL),(261,1,'medium',1,'jpeg','/thumbnails/medium/1315/9893/5034/Heshteg_Innopolis_pered_Tehnoparkom.jpg',1,NULL,NULL),(261,1,'small',1,'jpeg','/thumbnails/small/1315/9893/5034/Heshteg_Innopolis_pered_Tehnoparkom.jpg',1,NULL,NULL),(262,1,'large',1,'jpeg','/thumbnails/large/5815/9893/5134/51A5943_1.jpg',1,NULL,NULL),(262,1,'medium',1,'jpeg','/thumbnails/medium/5815/9893/5134/51A5943_1.jpg',1,NULL,NULL),(262,1,'small',1,'jpeg','/thumbnails/small/5815/9893/5134/51A5943_1.jpg',1,NULL,NULL),(263,1,'large',1,'jpeg','/thumbnails/large/7615/9893/5185/Vypusknoj_v_Universitete_Innopolis.jpg',1,NULL,NULL),(263,1,'medium',1,'jpeg','/thumbnails/medium/7615/9893/5185/Vypusknoj_v_Universitete_Innopolis.jpg',1,NULL,NULL),(263,1,'small',1,'jpeg','/thumbnails/small/7615/9893/5185/Vypusknoj_v_Universitete_Innopolis.jpg',1,NULL,NULL),(264,1,'large',1,'jpeg','/thumbnails/large/8815/9893/5286/2.08.19-211.jpg',1,NULL,NULL),(264,1,'medium',1,'jpeg','/thumbnails/medium/8815/9893/5286/2.08.19-211.jpg',1,NULL,NULL),(264,1,'small',1,'jpeg','/thumbnails/small/8815/9893/5286/2.08.19-211.jpg',1,NULL,NULL);

--
-- Table structure for table `FileImageThumbnailTypeFileSets`
--

CREATE TABLE `FileImageThumbnailTypeFileSets` (
  `ftfsFileSetID` int(10) unsigned NOT NULL,
  `ftfsThumbnailType` int(11) NOT NULL,
  PRIMARY KEY (`ftfsThumbnailType`,`ftfsFileSetID`),
  KEY `IDX_BD75F88D480660E5` (`ftfsThumbnailType`),
  CONSTRAINT `FK_BD75F88D480660E5` FOREIGN KEY (`ftfsThumbnailType`) REFERENCES `FileImageThumbnailTypes` (`ftTypeID`) ON DELETE CASCADE
) ENGINE=InnoDB DEFAULT CHARSET=utf8mb4 COLLATE=utf8mb4_unicode_ci;

--
-- Dumping data for table `FileImageThumbnailTypeFileSets`
--


--
-- Table structure for table `FileImageThumbnailTypes`
--

CREATE TABLE `FileImageThumbnailTypes` (
  `ftTypeID` int(11) NOT NULL AUTO_INCREMENT,
  `ftTypeHandle` varchar(255) COLLATE utf8mb4_unicode_ci NOT NULL,
  `ftTypeName` varchar(255) COLLATE utf8mb4_unicode_ci NOT NULL,
  `ftTypeWidth` int(11) DEFAULT NULL,
  `ftTypeHeight` int(11) DEFAULT NULL,
  `ftTypeIsRequired` tinyint(1) NOT NULL,
  `ftTypeSizingMode` varchar(255) COLLATE utf8mb4_unicode_ci NOT NULL,
  `ftUpscalingEnabled` tinyint(1) NOT NULL,
  `ftLimitedToFileSets` tinyint(1) NOT NULL,
  `ftKeepAnimations` tinyint(1) NOT NULL,
  `ftSaveAreaBackgroundColor` varchar(255) COLLATE utf8mb4_unicode_ci NOT NULL,
  PRIMARY KEY (`ftTypeID`)
) ENGINE=InnoDB AUTO_INCREMENT=6 DEFAULT CHARSET=utf8mb4 COLLATE=utf8mb4_unicode_ci;

--
-- Dumping data for table `FileImageThumbnailTypes`
--

INSERT INTO `FileImageThumbnailTypes` VALUES (1,'small','Small Image',740,NULL,0,'proportional',0,0,0,''),(2,'medium','Medium Image',940,NULL,0,'proportional',0,0,0,''),(3,'large','Large Image',1140,NULL,0,'proportional',0,0,0,''),(4,'file_manager_listing','File Manager Thumbnails',60,60,1,'exact',1,0,0,''),(5,'file_manager_detail','File Manager Detail Thumbnails',400,400,1,'exact',0,0,0,'');

--
-- Table structure for table `FilePermissionAssignments`
--

CREATE TABLE `FilePermissionAssignments` (
  `fID` int(10) unsigned NOT NULL DEFAULT '0',
  `pkID` int(10) unsigned NOT NULL DEFAULT '0',
  `paID` int(10) unsigned NOT NULL DEFAULT '0',
  PRIMARY KEY (`fID`,`pkID`,`paID`),
  KEY `pkID` (`pkID`),
  KEY `paID` (`paID`)
) ENGINE=InnoDB DEFAULT CHARSET=utf8mb4 COLLATE=utf8mb4_unicode_ci;

--
-- Dumping data for table `FilePermissionAssignments`
--


--
-- Table structure for table `FilePermissionFileTypeAccessList`
--

CREATE TABLE `FilePermissionFileTypeAccessList` (
  `paID` int(10) unsigned NOT NULL DEFAULT '0',
  `peID` int(10) unsigned NOT NULL DEFAULT '0',
  `permission` varchar(1) COLLATE utf8mb4_unicode_ci NOT NULL DEFAULT '1',
  PRIMARY KEY (`paID`,`peID`),
  KEY `peID` (`peID`)
) ENGINE=InnoDB DEFAULT CHARSET=utf8mb4 COLLATE=utf8mb4_unicode_ci;

--
-- Dumping data for table `FilePermissionFileTypeAccessList`
--


--
-- Table structure for table `FilePermissionFileTypeAccessListCustom`
--

CREATE TABLE `FilePermissionFileTypeAccessListCustom` (
  `extension` varchar(64) COLLATE utf8mb4_unicode_ci NOT NULL,
  `paID` int(10) unsigned NOT NULL DEFAULT '0',
  `peID` int(10) unsigned NOT NULL DEFAULT '0',
  PRIMARY KEY (`paID`,`peID`,`extension`),
  KEY `peID` (`peID`)
) ENGINE=InnoDB DEFAULT CHARSET=utf8mb4 COLLATE=utf8mb4_unicode_ci;

--
-- Dumping data for table `FilePermissionFileTypeAccessListCustom`
--


--
-- Table structure for table `FilePermissionFileTypes`
--

CREATE TABLE `FilePermissionFileTypes` (
  `extension` varchar(32) COLLATE utf8mb4_unicode_ci NOT NULL,
  `fsID` int(10) unsigned NOT NULL DEFAULT '0',
  `gID` int(10) unsigned NOT NULL DEFAULT '0',
  `uID` int(10) unsigned NOT NULL DEFAULT '0',
  PRIMARY KEY (`fsID`,`gID`,`uID`,`extension`),
  KEY `gID` (`gID`),
  KEY `uID` (`uID`)
) ENGINE=InnoDB DEFAULT CHARSET=utf8mb4 COLLATE=utf8mb4_unicode_ci;

--
-- Dumping data for table `FilePermissionFileTypes`
--


--
-- Table structure for table `FileSearchIndexAttributes`
--

CREATE TABLE `FileSearchIndexAttributes` (
  `fID` int(10) unsigned NOT NULL,
  `ak_width` decimal(14,4) DEFAULT '0.0000',
  `ak_height` decimal(14,4) DEFAULT '0.0000',
  `ak_duration` decimal(14,4) DEFAULT '0.0000',
  `ak_image_link` longtext COLLATE utf8mb4_unicode_ci,
  `ak_image_link_text` longtext COLLATE utf8mb4_unicode_ci,
  `ak_image_thumbnail_width` longtext COLLATE utf8mb4_unicode_ci,
  `ak_image_bg_color` longtext COLLATE utf8mb4_unicode_ci,
  PRIMARY KEY (`fID`),
  CONSTRAINT `FK_3A3A4845E3111F45` FOREIGN KEY (`fID`) REFERENCES `Files` (`fID`) ON DELETE CASCADE ON UPDATE CASCADE
) ENGINE=InnoDB DEFAULT CHARSET=utf8mb4 COLLATE=utf8mb4_unicode_ci;

--
-- Dumping data for table `FileSearchIndexAttributes`
--

INSERT INTO `FileSearchIndexAttributes` VALUES (1,1600.0000,953.0000,0.0000,NULL,NULL,NULL,NULL),(2,1600.0000,1067.0000,0.0000,NULL,NULL,NULL,NULL),(3,1600.0000,1067.0000,0.0000,NULL,NULL,NULL,NULL),(4,460.0000,460.0000,0.0000,NULL,NULL,NULL,NULL),(5,200.0000,200.0000,0.0000,NULL,NULL,NULL,NULL),(6,1100.0000,368.0000,0.0000,NULL,NULL,NULL,NULL),(7,250.0000,252.0000,0.0000,NULL,NULL,NULL,NULL),(8,1600.0000,1067.0000,0.0000,NULL,NULL,NULL,NULL),(9,1100.0000,368.0000,0.0000,NULL,NULL,NULL,NULL),(10,1600.0000,1067.0000,0.0000,NULL,NULL,NULL,NULL),(11,200.0000,200.0000,0.0000,NULL,NULL,NULL,NULL),(12,1100.0000,263.0000,0.0000,NULL,NULL,NULL,NULL),(13,1600.0000,1066.0000,0.0000,NULL,NULL,NULL,NULL),(14,500.0000,500.0000,0.0000,NULL,NULL,NULL,NULL),(15,592.0000,397.0000,0.0000,NULL,NULL,NULL,NULL),(16,1499.0000,1067.0000,0.0000,NULL,NULL,NULL,NULL),(18,836.0000,559.0000,0.0000,NULL,NULL,NULL,NULL),(19,884.0000,610.0000,0.0000,NULL,NULL,NULL,NULL),(20,138.0000,50.0000,0.0000,NULL,NULL,NULL,NULL),(21,250.0000,250.0000,0.0000,NULL,NULL,NULL,NULL),(22,2400.0000,1000.0000,0.0000,NULL,NULL,NULL,NULL),(23,250.0000,250.0000,0.0000,NULL,NULL,NULL,NULL),(24,250.0000,250.0000,0.0000,NULL,NULL,NULL,NULL),(25,250.0000,250.0000,0.0000,NULL,NULL,NULL,NULL),(26,250.0000,250.0000,0.0000,NULL,NULL,NULL,NULL),(27,250.0000,250.0000,0.0000,NULL,NULL,NULL,NULL),(28,250.0000,250.0000,0.0000,NULL,NULL,NULL,NULL),(29,250.0000,250.0000,0.0000,NULL,NULL,NULL,NULL),(30,250.0000,250.0000,0.0000,NULL,NULL,NULL,NULL),(31,250.0000,250.0000,0.0000,NULL,NULL,NULL,NULL),(32,250.0000,250.0000,0.0000,NULL,NULL,NULL,NULL),(33,250.0000,250.0000,0.0000,NULL,NULL,NULL,NULL),(34,250.0000,250.0000,0.0000,NULL,NULL,NULL,NULL),(35,250.0000,250.0000,0.0000,NULL,NULL,NULL,NULL),(36,250.0000,250.0000,0.0000,NULL,NULL,NULL,NULL),(37,1200.0000,500.0000,0.0000,NULL,NULL,NULL,NULL),(38,2400.0000,1000.0000,0.0000,NULL,NULL,NULL,NULL),(39,221.0000,80.0000,0.0000,NULL,NULL,NULL,NULL),(40,276.0000,100.0000,0.0000,NULL,NULL,NULL,NULL),(41,156.0000,52.0000,0.0000,NULL,NULL,NULL,NULL),(44,16.0000,16.0000,0.0000,NULL,NULL,NULL,NULL),(45,57.0000,57.0000,0.0000,NULL,NULL,NULL,NULL),(46,144.0000,144.0000,0.0000,NULL,NULL,NULL,NULL),(47,1200.0000,500.0000,0.0000,NULL,NULL,NULL,NULL),(48,1200.0000,500.0000,0.0000,NULL,NULL,NULL,NULL),(49,1200.0000,500.0000,0.0000,NULL,NULL,NULL,NULL),(50,1200.0000,500.0000,0.0000,NULL,NULL,NULL,NULL),(51,1200.0000,500.0000,0.0000,NULL,NULL,NULL,NULL),(52,1200.0000,500.0000,0.0000,NULL,NULL,NULL,NULL),(53,1200.0000,500.0000,0.0000,NULL,NULL,NULL,NULL),(57,144.0000,144.0000,0.0000,NULL,NULL,NULL,NULL),(58,1100.0000,458.0000,0.0000,NULL,NULL,NULL,NULL),(59,1100.0000,458.0000,0.0000,NULL,NULL,NULL,NULL),(60,1200.0000,500.0000,0.0000,NULL,NULL,NULL,NULL),(61,1200.0000,500.0000,0.0000,NULL,NULL,NULL,NULL),(62,1200.0000,500.0000,0.0000,NULL,NULL,NULL,NULL),(64,303.0000,600.0000,0.0000,NULL,NULL,NULL,NULL),(65,226.0000,450.0000,0.0000,NULL,NULL,NULL,NULL),(66,225.0000,450.0000,0.0000,NULL,NULL,NULL,NULL),(67,320.0000,90.0000,0.0000,NULL,NULL,NULL,NULL),(68,304.0000,90.0000,0.0000,NULL,NULL,NULL,NULL),(69,1200.0000,690.0000,0.0000,NULL,NULL,NULL,NULL),(70,943.0000,662.0000,0.0000,NULL,NULL,NULL,NULL),(71,943.0000,662.0000,0.0000,NULL,NULL,NULL,NULL),(72,1100.0000,734.0000,0.0000,NULL,NULL,NULL,NULL),(73,1100.0000,734.0000,0.0000,NULL,NULL,NULL,NULL),(74,1100.0000,734.0000,0.0000,NULL,NULL,NULL,NULL),(75,250.0000,250.0000,0.0000,NULL,NULL,NULL,NULL),(76,250.0000,250.0000,0.0000,NULL,NULL,NULL,NULL),(78,374.0000,251.0000,0.0000,NULL,NULL,NULL,NULL),(79,1280.0000,720.0000,0.0000,NULL,NULL,NULL,NULL),(80,410.0000,410.0000,0.0000,NULL,NULL,NULL,NULL),(81,410.0000,410.0000,0.0000,NULL,NULL,NULL,NULL),(130,410.0000,410.0000,0.0000,NULL,NULL,NULL,NULL),(131,410.0000,410.0000,0.0000,NULL,NULL,NULL,NULL),(132,410.0000,410.0000,0.0000,NULL,NULL,NULL,NULL),(133,410.0000,410.0000,0.0000,NULL,NULL,NULL,NULL),(134,410.0000,410.0000,0.0000,NULL,NULL,NULL,NULL),(135,410.0000,410.0000,0.0000,NULL,NULL,NULL,NULL),(136,410.0000,410.0000,0.0000,NULL,NULL,NULL,NULL),(137,410.0000,410.0000,0.0000,NULL,NULL,NULL,NULL),(138,410.0000,410.0000,0.0000,NULL,NULL,NULL,NULL),(139,410.0000,410.0000,0.0000,NULL,NULL,NULL,NULL),(140,410.0000,410.0000,0.0000,NULL,NULL,NULL,NULL),(141,410.0000,410.0000,0.0000,NULL,NULL,NULL,NULL),(142,410.0000,410.0000,0.0000,NULL,NULL,NULL,NULL),(143,410.0000,410.0000,0.0000,NULL,NULL,NULL,NULL),(144,410.0000,410.0000,0.0000,NULL,NULL,NULL,NULL),(145,410.0000,410.0000,0.0000,NULL,NULL,NULL,NULL),(146,410.0000,410.0000,0.0000,NULL,NULL,NULL,NULL),(147,410.0000,410.0000,0.0000,NULL,NULL,NULL,NULL),(148,410.0000,410.0000,0.0000,NULL,NULL,NULL,NULL),(149,410.0000,410.0000,0.0000,NULL,NULL,NULL,NULL),(150,410.0000,410.0000,0.0000,NULL,NULL,NULL,NULL),(151,410.0000,410.0000,0.0000,NULL,NULL,NULL,NULL),(152,410.0000,410.0000,0.0000,NULL,NULL,NULL,NULL),(153,410.0000,410.0000,0.0000,NULL,NULL,NULL,NULL),(154,474.0000,251.0000,0.0000,NULL,NULL,NULL,NULL),(155,2400.0000,1000.0000,0.0000,NULL,NULL,NULL,NULL),(156,2400.0000,1000.0000,0.0000,NULL,NULL,NULL,NULL),(157,502.0000,369.0000,0.0000,NULL,NULL,NULL,NULL),(159,1200.0000,798.0000,0.0000,NULL,NULL,NULL,NULL),(160,1200.0000,800.0000,0.0000,NULL,NULL,NULL,NULL),(161,1200.0000,798.0000,0.0000,NULL,NULL,NULL,NULL),(162,1200.0000,798.0000,0.0000,NULL,NULL,NULL,NULL),(163,1200.0000,796.0000,0.0000,NULL,NULL,NULL,NULL),(164,1200.0000,801.0000,0.0000,NULL,NULL,NULL,NULL),(165,1100.0000,1067.0000,0.0000,NULL,NULL,NULL,NULL),(166,1200.0000,1318.0000,0.0000,NULL,NULL,NULL,NULL),(167,2400.0000,1000.0000,0.0000,NULL,NULL,NULL,NULL),(168,4322.0000,2877.0000,0.0000,NULL,NULL,NULL,NULL),(169,4322.0000,2877.0000,0.0000,NULL,NULL,NULL,NULL),(170,3504.0000,2336.0000,0.0000,NULL,NULL,NULL,NULL),(171,2048.0000,1419.0000,0.0000,NULL,NULL,NULL,NULL),(172,3504.0000,2336.0000,0.0000,NULL,NULL,NULL,NULL),(173,1800.0000,891.0000,0.0000,NULL,NULL,NULL,NULL),(174,407.0000,598.0000,0.0000,NULL,NULL,NULL,NULL),(175,2275.0000,3424.0000,0.0000,NULL,NULL,NULL,NULL),(176,2931.0000,2149.0000,0.0000,NULL,NULL,NULL,NULL),(177,2800.0000,1768.0000,0.0000,NULL,NULL,NULL,NULL),(197,1758.0000,1176.0000,0.0000,NULL,NULL,NULL,NULL),(198,640.0000,480.0000,0.0000,NULL,NULL,NULL,NULL),(199,1561.0000,1120.0000,0.0000,NULL,NULL,NULL,NULL),(200,1396.0000,1065.0000,0.0000,NULL,NULL,NULL,NULL),(201,5616.0000,3744.0000,0.0000,NULL,NULL,NULL,NULL),(202,1396.0000,1065.0000,0.0000,NULL,NULL,NULL,NULL),(203,5616.0000,3744.0000,0.0000,NULL,NULL,NULL,NULL),(205,5568.0000,3712.0000,0.0000,NULL,NULL,NULL,NULL),(206,784.0000,514.0000,0.0000,NULL,NULL,NULL,NULL),(207,5568.0000,3712.0000,0.0000,NULL,NULL,NULL,NULL),(208,1772.0000,1181.0000,0.0000,NULL,NULL,NULL,NULL),(209,2304.0000,3456.0000,0.0000,NULL,NULL,NULL,NULL),(210,2076.0000,1332.0000,0.0000,NULL,NULL,NULL,NULL),(211,2408.0000,1741.0000,0.0000,NULL,NULL,NULL,NULL),(212,2304.0000,3456.0000,0.0000,NULL,NULL,NULL,NULL),(213,2076.0000,1332.0000,0.0000,NULL,NULL,NULL,NULL),(214,2076.0000,1332.0000,0.0000,NULL,NULL,NULL,NULL),(215,2408.0000,1741.0000,0.0000,NULL,NULL,NULL,NULL),(216,2304.0000,3456.0000,0.0000,NULL,NULL,NULL,NULL),(217,2400.0000,1000.0000,0.0000,NULL,NULL,NULL,NULL),(218,2400.0000,1000.0000,0.0000,NULL,NULL,NULL,NULL),(219,2400.0000,1000.0000,0.0000,NULL,NULL,NULL,NULL),(220,2400.0000,1000.0000,0.0000,NULL,NULL,NULL,NULL),(221,2400.0000,1000.0000,0.0000,NULL,NULL,NULL,NULL),(222,2400.0000,1000.0000,0.0000,NULL,NULL,NULL,NULL),(223,2400.0000,1000.0000,0.0000,NULL,NULL,NULL,NULL),(224,2400.0000,1000.0000,0.0000,NULL,NULL,NULL,NULL),(225,2400.0000,1000.0000,0.0000,NULL,NULL,NULL,NULL),(226,1327.0000,930.0000,0.0000,NULL,NULL,NULL,NULL),(227,1758.0000,1194.0000,0.0000,NULL,NULL,NULL,NULL),(228,1758.0000,1169.0000,0.0000,NULL,NULL,NULL,NULL),(230,1387.0000,2115.0000,0.0000,NULL,NULL,NULL,NULL),(231,1360.0000,2080.0000,0.0000,NULL,NULL,NULL,NULL),(232,1406.0000,2135.0000,0.0000,NULL,NULL,NULL,NULL),(233,1415.0000,2167.0000,0.0000,NULL,NULL,NULL,NULL),(234,1416.0000,2130.0000,0.0000,NULL,NULL,NULL,NULL),(235,1443.0000,2093.0000,0.0000,NULL,NULL,NULL,NULL),(236,5167.0000,3445.0000,0.0000,NULL,NULL,NULL,NULL),(238,1280.0000,720.0000,0.0000,NULL,NULL,NULL,NULL),(239,1280.0000,720.0000,0.0000,NULL,NULL,NULL,NULL),(240,1280.0000,720.0000,0.0000,NULL,NULL,NULL,NULL),(241,1280.0000,720.0000,0.0000,NULL,NULL,NULL,NULL),(242,1280.0000,720.0000,0.0000,NULL,NULL,NULL,NULL),(243,1280.0000,720.0000,0.0000,NULL,NULL,NULL,NULL),(244,1280.0000,720.0000,0.0000,NULL,NULL,NULL,NULL),(245,1280.0000,720.0000,0.0000,NULL,NULL,NULL,NULL),(246,1280.0000,720.0000,0.0000,NULL,NULL,NULL,NULL),(247,1280.0000,720.0000,0.0000,NULL,NULL,NULL,NULL),(248,1280.0000,720.0000,0.0000,NULL,NULL,NULL,NULL),(249,1280.0000,720.0000,0.0000,NULL,NULL,NULL,NULL),(250,1280.0000,720.0000,0.0000,NULL,NULL,NULL,NULL),(251,1280.0000,720.0000,0.0000,NULL,NULL,NULL,NULL),(252,1280.0000,720.0000,0.0000,NULL,NULL,NULL,NULL),(253,1280.0000,720.0000,0.0000,NULL,NULL,NULL,NULL),(254,1280.0000,720.0000,0.0000,NULL,NULL,NULL,NULL),(255,1280.0000,720.0000,0.0000,NULL,NULL,NULL,NULL),(256,1280.0000,720.0000,0.0000,NULL,NULL,NULL,NULL),(257,1280.0000,720.0000,0.0000,NULL,NULL,NULL,NULL),(258,1280.0000,720.0000,0.0000,NULL,NULL,NULL,NULL),(260,1280.0000,720.0000,0.0000,NULL,NULL,NULL,NULL),(261,1200.0000,798.0000,0.0000,NULL,NULL,NULL,NULL),(262,1200.0000,800.0000,0.0000,NULL,NULL,NULL,NULL),(263,1200.0000,798.0000,0.0000,NULL,NULL,NULL,NULL),(264,1200.0000,800.0000,0.0000,NULL,NULL,NULL,NULL),(266,1280.0000,720.0000,0.0000,NULL,NULL,NULL,NULL),(268,309.0000,100.0000,0.0000,NULL,NULL,NULL,NULL),(270,690.0000,200.0000,0.0000,NULL,NULL,NULL,NULL);

--
-- Table structure for table `FileSetFiles`
--

CREATE TABLE `FileSetFiles` (
  `fsfID` int(10) unsigned NOT NULL AUTO_INCREMENT,
  `fID` int(10) unsigned NOT NULL,
  `fsID` int(10) unsigned NOT NULL,
  `timestamp` timestamp NOT NULL DEFAULT CURRENT_TIMESTAMP,
  `fsDisplayOrder` int(10) unsigned NOT NULL,
  PRIMARY KEY (`fsfID`),
  KEY `fID` (`fID`),
  KEY `fsID` (`fsID`)
) ENGINE=InnoDB AUTO_INCREMENT=65 DEFAULT CHARSET=utf8mb4 COLLATE=utf8mb4_unicode_ci;

--
-- Dumping data for table `FileSetFiles`
--

INSERT INTO `FileSetFiles` VALUES (1,39,1,'2020-08-23 14:35:22',0),(2,40,1,'2020-08-23 14:43:28',1),(3,58,2,'2020-08-25 21:13:21',0),(4,59,2,'2020-08-25 21:21:24',1),(5,60,2,'2020-08-25 21:32:05',2),(6,61,2,'2020-08-25 21:37:26',3),(7,62,2,'2020-08-25 21:40:27',4),(8,71,1,'2020-08-30 13:07:29',2),(9,72,3,'2020-08-30 16:52:33',0),(10,73,3,'2020-08-30 16:52:33',1),(11,74,3,'2020-08-30 16:52:33',2),(12,80,4,'2020-08-30 21:27:39',0),(13,81,4,'2020-08-30 21:28:48',1),(38,130,4,'2020-08-30 21:46:01',2),(39,131,4,'2020-08-30 21:46:01',3),(40,132,4,'2020-08-30 21:46:01',4),(41,133,4,'2020-08-30 21:46:01',5),(42,134,4,'2020-08-30 21:46:01',6),(43,135,4,'2020-08-30 21:46:01',7),(44,136,4,'2020-08-30 21:46:01',8),(45,137,4,'2020-08-30 21:46:01',9),(46,138,4,'2020-08-30 21:46:01',10),(47,139,4,'2020-08-30 21:46:01',11),(48,140,4,'2020-08-30 21:46:01',12),(49,141,4,'2020-08-30 21:46:01',13),(50,142,4,'2020-08-30 21:46:01',14),(51,143,4,'2020-08-30 21:46:01',15),(52,144,4,'2020-08-30 21:46:01',16),(53,145,4,'2020-08-30 21:46:01',17),(54,146,4,'2020-08-30 21:46:01',18),(55,147,4,'2020-08-30 21:46:01',19),(56,148,4,'2020-08-30 21:46:01',20),(57,149,4,'2020-08-30 21:46:01',21),(58,150,4,'2020-08-30 21:46:01',22),(59,151,4,'2020-08-30 21:46:01',23),(60,152,4,'2020-08-30 21:46:01',24),(61,153,4,'2020-08-30 21:46:01',25),(62,155,5,'2020-08-30 22:49:48',0),(63,156,5,'2020-08-30 23:06:52',1),(64,265,6,'2020-09-01 11:36:34',0);

--
-- Table structure for table `FileSetSavedSearches`
--

CREATE TABLE `FileSetSavedSearches` (
  `fsID` int(10) unsigned NOT NULL DEFAULT '0',
  `fsSearchRequest` text COLLATE utf8mb4_unicode_ci,
  `fsResultColumns` text COLLATE utf8mb4_unicode_ci,
  PRIMARY KEY (`fsID`)
) ENGINE=InnoDB DEFAULT CHARSET=utf8mb4 COLLATE=utf8mb4_unicode_ci;

--
-- Dumping data for table `FileSetSavedSearches`
--


--
-- Table structure for table `FileSets`
--

CREATE TABLE `FileSets` (
  `fsID` int(10) unsigned NOT NULL AUTO_INCREMENT,
  `fsName` varchar(64) COLLATE utf8mb4_unicode_ci NOT NULL,
  `uID` int(10) unsigned NOT NULL DEFAULT '0',
  `fsType` smallint(6) NOT NULL,
  `fsOverrideGlobalPermissions` smallint(6) DEFAULT NULL,
  PRIMARY KEY (`fsID`),
  KEY `uID` (`uID`,`fsType`,`fsName`),
  KEY `fsName` (`fsName`),
  KEY `fsType` (`fsType`)
) ENGINE=InnoDB AUTO_INCREMENT=7 DEFAULT CHARSET=utf8mb4 COLLATE=utf8mb4_unicode_ci;

--
-- Dumping data for table `FileSets`
--

INSERT INTO `FileSets` VALUES (1,'system',1,1,NULL),(2,'slider',1,1,NULL),(3,'slider-games',0,1,NULL),(4,'qr-codes',0,1,NULL),(5,'stati',1,1,NULL),(6,'PDF,doc',1,1,NULL);

--
-- Table structure for table `FileStorageLocationTypes`
--

CREATE TABLE `FileStorageLocationTypes` (
  `fslTypeHandle` longtext COLLATE utf8mb4_unicode_ci NOT NULL,
  `fslTypeName` longtext COLLATE utf8mb4_unicode_ci NOT NULL,
  `fslTypeID` int(11) NOT NULL AUTO_INCREMENT,
  `pkgID` int(11) NOT NULL,
  PRIMARY KEY (`fslTypeID`)
) ENGINE=InnoDB AUTO_INCREMENT=3 DEFAULT CHARSET=utf8mb4 COLLATE=utf8mb4_unicode_ci;

--
-- Dumping data for table `FileStorageLocationTypes`
--

INSERT INTO `FileStorageLocationTypes` VALUES ('default','Default',1,0),('local','Local',2,0);

--
-- Table structure for table `FileStorageLocations`
--

CREATE TABLE `FileStorageLocations` (
  `fslName` varchar(255) COLLATE utf8mb4_unicode_ci NOT NULL,
  `fslConfiguration` longtext COLLATE utf8mb4_unicode_ci NOT NULL COMMENT '(DC2Type:object)',
  `fslID` int(10) unsigned NOT NULL AUTO_INCREMENT,
  `fslIsDefault` tinyint(1) NOT NULL,
  PRIMARY KEY (`fslID`)
) ENGINE=InnoDB AUTO_INCREMENT=2 DEFAULT CHARSET=utf8mb4 COLLATE=utf8mb4_unicode_ci;

--
-- Dumping data for table `FileStorageLocations`
--

INSERT INTO `FileStorageLocations` VALUES ('Default','O:69:\"Concrete\\Core\\File\\StorageLocation\\Configuration\\DefaultConfiguration\":1:{s:10:\"\0*\0default\";b:1;}',1,1);

--
-- Table structure for table `FileUsageRecord`
--

CREATE TABLE `FileUsageRecord` (
  `file_id` int(11) NOT NULL,
  `block_id` int(11) NOT NULL,
  `collection_id` int(11) NOT NULL,
  `collection_version_id` int(11) NOT NULL,
  PRIMARY KEY (`file_id`,`block_id`,`collection_id`,`collection_version_id`),
  KEY `block` (`block_id`),
  KEY `collection_version` (`collection_id`,`collection_version_id`)
) ENGINE=InnoDB DEFAULT CHARSET=utf8mb4 COLLATE=utf8mb4_unicode_ci;

--
-- Dumping data for table `FileUsageRecord`
--

INSERT INTO `FileUsageRecord` VALUES (7,123,196,1),(5,138,200,1),(15,145,213,1),(15,152,213,1),(7,156,213,1),(12,159,214,1),(22,236,250,20),(37,240,262,1),(23,258,261,9),(38,258,261,9),(20,270,262,1),(39,271,262,1),(41,286,1,7),(6,289,1,8),(9,289,1,8),(9,292,1,11),(58,292,1,11),(58,294,1,12),(59,294,1,12),(58,295,1,13),(59,295,1,13),(60,295,1,13),(61,295,1,13),(62,295,1,13),(58,313,1,17),(59,313,1,17),(60,313,1,17),(61,313,1,17),(62,313,1,17),(64,341,1,21),(66,342,1,21),(65,343,1,21),(58,346,1,23),(59,346,1,23),(60,346,1,23),(61,346,1,23),(62,346,1,23),(58,347,1,24),(59,347,1,24),(60,347,1,24),(61,347,1,24),(62,347,1,24),(58,348,1,25),(59,348,1,25),(60,348,1,25),(61,348,1,25),(62,348,1,25),(68,364,1,36),(68,365,1,37),(58,410,1,57),(59,410,1,57),(60,410,1,57),(61,410,1,57),(62,410,1,57),(58,434,1,71),(59,434,1,71),(60,434,1,71),(61,434,1,71),(62,434,1,71),(58,435,1,72),(59,435,1,72),(60,435,1,72),(61,435,1,72),(62,435,1,72),(58,440,1,76),(59,440,1,76),(60,440,1,76),(61,440,1,76),(62,440,1,76),(155,494,279,1),(156,503,280,2),(68,541,1,80),(68,543,295,2),(68,545,295,3),(68,546,295,4),(68,547,295,5),(64,548,295,5),(68,553,1,81),(68,557,295,8),(58,560,1,82),(59,560,1,82),(60,560,1,82),(61,560,1,82),(62,560,1,82),(159,565,250,31),(163,572,250,32),(164,573,250,32),(162,575,250,33),(161,576,250,33),(165,581,279,5),(167,586,284,5),(165,587,279,6),(165,589,279,7),(166,589,279,7),(165,590,279,8),(166,590,279,8),(169,590,279,8),(166,591,279,9),(169,591,279,9),(171,591,279,9),(172,591,279,9),(166,592,279,10),(169,592,279,10),(171,592,279,10),(172,592,279,10),(173,592,279,10),(197,609,282,3),(198,609,282,3),(199,609,282,3),(197,613,282,4),(198,613,282,4),(199,613,282,4),(197,614,282,5),(198,614,282,5),(199,614,282,5),(174,620,284,7),(175,620,284,7),(176,620,284,7),(174,625,284,9),(175,625,284,9),(176,625,284,9),(177,636,281,4),(177,650,281,6),(207,675,286,3),(207,676,286,3),(208,676,286,3),(208,680,286,4),(206,681,286,4),(214,698,287,4),(214,700,287,5),(217,702,281,7),(218,707,282,7),(214,708,287,6),(219,717,283,4),(220,719,285,4),(221,722,286,5),(222,728,287,7),(223,731,288,5),(224,734,290,3),(225,746,291,4),(227,747,288,6),(228,747,288,6),(235,758,261,19),(174,774,284,11),(175,774,284,11),(176,774,284,11),(202,803,283,6),(203,803,283,6),(207,804,286,7),(208,805,286,7),(263,822,250,35),(157,832,1,87),(265,833,273,15),(236,838,261,26),(265,839,273,17),(236,840,261,27),(230,843,261,27),(231,843,261,27),(232,843,261,27),(233,843,261,27),(234,843,261,27),(235,843,261,27),(238,844,261,27),(261,848,250,36),(262,849,250,36),(263,850,250,36),(174,851,284,12),(175,851,284,12),(176,851,284,12),(174,852,284,13),(175,852,284,13),(176,852,284,13),(174,855,284,15),(175,855,284,15),(176,855,284,15),(166,858,279,13),(169,858,279,13),(171,858,279,13),(172,858,279,13),(173,858,279,13),(177,876,281,10),(166,879,279,15),(169,879,279,15),(171,879,279,15),(172,879,279,15),(173,879,279,15),(177,890,281,11),(174,899,284,18),(175,899,284,18),(176,899,284,18),(197,901,282,14),(198,901,282,14),(199,901,282,14),(197,902,282,15),(198,902,282,15),(199,902,282,15),(197,903,282,16),(198,903,282,16),(199,903,282,16),(40,912,299,3),(268,913,299,4),(197,916,282,17),(198,916,282,17),(199,916,282,17),(197,919,282,18),(198,919,282,18),(199,919,282,18),(197,920,282,19),(198,920,282,19),(199,920,282,19),(202,923,283,8),(203,923,283,8),(202,927,283,9),(203,927,283,9),(208,930,286,9),(206,931,286,9),(207,932,286,9),(214,937,287,10),(215,942,287,11),(58,946,1,95),(59,946,1,95),(60,946,1,95),(61,946,1,95),(62,946,1,95),(214,947,287,12),(58,949,1,96),(59,949,1,96),(60,949,1,96),(61,949,1,96),(62,949,1,96),(58,950,1,97),(59,950,1,97),(60,950,1,97),(61,950,1,97),(62,950,1,97),(174,951,284,20),(175,951,284,20),(176,951,284,20),(226,955,288,11),(227,955,288,11),(228,955,288,11),(166,958,279,18),(169,958,279,18),(171,958,279,18),(172,958,279,18),(173,958,279,18),(226,970,288,12),(227,970,288,12),(228,970,288,12),(261,973,309,39),(262,974,309,39),(263,975,309,39),(264,976,309,39),(174,977,310,21),(175,977,310,21),(176,977,310,21),(166,980,311,18),(169,980,311,18),(171,980,311,18),(172,980,311,18),(173,980,311,18),(177,982,313,16),(197,985,314,18),(198,985,314,18),(199,985,314,18),(197,986,314,19),(198,986,314,19),(199,986,314,19),(202,987,315,8),(203,987,315,8),(208,994,317,10),(206,995,317,10),(207,996,317,10),(226,1005,319,10),(227,1005,319,10),(228,1005,319,10),(166,1007,279,19),(169,1007,279,19),(171,1007,279,19),(172,1007,279,19),(173,1007,279,19),(166,1008,279,20),(169,1008,279,20),(171,1008,279,20),(172,1008,279,20),(173,1008,279,20),(236,1025,92,1),(238,1026,92,1),(230,1029,92,1),(231,1029,92,1),(232,1029,92,1),(233,1029,92,1),(234,1029,92,1),(235,1029,92,1),(38,1031,92,1),(261,1032,92,1),(262,1033,92,1),(263,1034,92,1),(264,1035,92,1),(22,1037,92,1),(174,1038,92,1),(175,1038,92,1),(176,1038,92,1),(167,1042,92,1),(156,1048,92,1),(166,1049,92,1),(169,1049,92,1),(171,1049,92,1),(172,1049,92,1),(173,1049,92,1),(155,1052,92,1),(177,1055,92,1),(217,1061,92,1),(197,1062,92,1),(198,1062,92,1),(199,1062,92,1),(218,1066,92,1),(202,1067,92,1),(203,1067,92,1),(219,1072,92,1),(220,1078,92,1),(208,1079,92,1),(206,1080,92,1),(207,1081,92,1),(221,1085,92,1),(214,1088,92,1),(215,1093,92,1),(222,1097,92,1),(226,1103,92,1),(227,1103,92,1),(228,1103,92,1),(223,1105,92,1),(224,1107,92,1),(225,1110,92,1),(265,1111,92,1),(68,1116,92,1),(40,1134,1,99),(58,1135,1,100),(59,1135,1,100),(60,1135,1,100),(61,1135,1,100),(62,1135,1,100),(236,1138,261,32),(263,1139,250,39),(166,1140,279,21),(169,1140,279,21),(171,1140,279,21),(172,1140,279,21),(173,1140,279,21),(197,1143,282,20),(199,1143,282,20),(202,1146,283,11),(203,1146,283,11),(197,1153,314,22),(198,1153,314,22),(199,1153,314,22),(206,1156,286,11),(207,1161,286,11),(226,1175,288,13),(227,1175,288,13),(228,1175,288,13),(230,1197,308,36),(231,1197,308,36),(232,1197,308,36),(233,1197,308,36),(234,1197,308,36),(235,1197,308,36),(174,1198,310,24),(175,1198,310,24),(176,1198,310,24),(166,1200,311,21),(169,1200,311,21),(171,1200,311,21),(172,1200,311,21),(173,1200,311,21),(197,1201,314,23),(199,1201,314,23),(58,1217,299,18),(59,1217,299,18),(60,1217,299,18),(61,1217,299,18),(62,1217,299,18),(40,1225,331,3),(157,1230,335,3),(215,1252,287,15),(206,1253,286,12),(207,1254,286,12),(197,1255,282,21),(199,1255,282,21),(268,1256,331,4),(157,1269,334,3);

--
-- Table structure for table `FileVersionLog`
--

CREATE TABLE `FileVersionLog` (
  `fvlID` int(10) unsigned NOT NULL AUTO_INCREMENT,
  `fID` int(10) unsigned NOT NULL DEFAULT '0',
  `fvID` int(10) unsigned NOT NULL DEFAULT '0',
  `fvUpdateTypeID` smallint(5) unsigned NOT NULL DEFAULT '0',
  `fvUpdateTypeAttributeID` int(10) unsigned NOT NULL DEFAULT '0',
  PRIMARY KEY (`fvlID`),
  KEY `fvID` (`fID`,`fvID`,`fvlID`)
) ENGINE=InnoDB AUTO_INCREMENT=18 DEFAULT CHARSET=utf8mb4 COLLATE=utf8mb4_unicode_ci;

--
-- Dumping data for table `FileVersionLog`
--

INSERT INTO `FileVersionLog` VALUES (1,29,2,1,0),(2,46,2,1,0),(3,45,2,1,0),(4,69,2,1,0),(5,69,3,1,0),(6,70,2,1,0),(7,73,2,1,0),(8,72,2,1,0),(9,74,2,1,0),(10,78,2,1,0),(11,80,1,2,0),(12,81,1,2,0),(13,154,2,1,0),(14,154,3,1,0),(15,63,2,1,0),(16,265,1,2,0),(17,266,2,1,0);

--
-- Table structure for table `FileVersions`
--

CREATE TABLE `FileVersions` (
  `fvID` int(11) NOT NULL,
  `fvFilename` varchar(255) COLLATE utf8mb4_unicode_ci NOT NULL,
  `fvPrefix` varchar(255) COLLATE utf8mb4_unicode_ci DEFAULT NULL,
  `fvDateAdded` datetime NOT NULL,
  `fvActivateDateTime` datetime NOT NULL,
  `fvIsApproved` tinyint(1) NOT NULL,
  `fvAuthorUID` int(11) NOT NULL,
  `fvApproverUID` int(11) NOT NULL,
  `fvSize` bigint(20) NOT NULL,
  `fvTitle` varchar(255) COLLATE utf8mb4_unicode_ci DEFAULT NULL,
  `fvDescription` longtext COLLATE utf8mb4_unicode_ci,
  `fvExtension` varchar(255) COLLATE utf8mb4_unicode_ci DEFAULT NULL,
  `fvTags` longtext COLLATE utf8mb4_unicode_ci,
  `fvType` int(11) NOT NULL,
  `fvHasListingThumbnail` tinyint(1) NOT NULL,
  `fvHasDetailThumbnail` tinyint(1) NOT NULL,
  `fID` int(10) unsigned NOT NULL,
  PRIMARY KEY (`fID`,`fvID`),
  KEY `IDX_D7B5A13AE3111F45` (`fID`),
  KEY `fvFilename` (`fvFilename`),
  KEY `fvExtension` (`fvExtension`),
  KEY `fvType` (`fvType`),
  CONSTRAINT `FK_D7B5A13AE3111F45` FOREIGN KEY (`fID`) REFERENCES `Files` (`fID`)
) ENGINE=InnoDB DEFAULT CHARSET=utf8mb4 COLLATE=utf8mb4_unicode_ci;

--
-- Dumping data for table `FileVersions`
--

INSERT INTO `FileVersions` VALUES (1,'sunset.jpg','531594208731','2020-07-08 14:45:31','2020-07-08 14:45:31',1,1,1,458047,'sunset.jpg','','jpg','',1,1,1,1),(1,'bridge.jpg','481594208732','2020-07-08 14:45:32','2020-07-08 14:45:32',1,1,1,211901,'bridge.jpg','','jpg','',1,1,1,2),(1,'mountains.jpg','781594208732','2020-07-08 14:45:32','2020-07-08 14:45:32',1,1,1,330436,'mountains.jpg','','jpg','',1,1,1,3),(1,'bio.png','671594208732','2020-07-08 14:45:32','2020-07-08 14:45:32',1,1,1,1353,'bio.png','','png','',1,1,1,4),(1,'chinese_house2.jpg','781594208732','2020-07-08 14:45:32','2020-07-08 14:45:32',1,1,1,84383,'chinese_house2.jpg','','jpg','',1,1,0,5),(1,'slider1.png','611594208732','2020-07-08 14:45:32','2020-07-08 14:45:32',1,1,1,78494,'slider1.png','','png','',1,1,1,6),(1,'blank2.png','911594208732','2020-07-08 14:45:32','2020-07-08 14:45:32',1,1,1,1210,'blank2.png','','png','',1,1,0,7),(1,'shoes.jpg','821594208732','2020-07-08 14:45:32','2020-07-08 14:45:32',1,1,1,170179,'shoes.jpg','','jpg','',1,1,1,8),(1,'slider2.png','581594208733','2020-07-08 14:45:33','2020-07-08 14:45:33',1,1,1,111308,'slider2.png','','png','',1,1,1,9),(1,'subway.jpg','201594208733','2020-07-08 14:45:33','2020-07-08 14:45:33',1,1,1,305595,'subway.jpg','','jpg','',1,1,1,10),(1,'avatar_none.png','551594208733','2020-07-08 14:45:33','2020-07-08 14:45:33',1,1,1,12769,'avatar_none.png','','png','',1,1,0,11),(1,'masthead.png','951594208733','2020-07-08 14:45:33','2020-07-08 14:45:33',1,1,1,1429,'masthead.png','','png','',1,1,1,12),(1,'plants.jpg','123412345678','2020-07-08 14:45:33','2020-07-08 14:45:33',1,1,1,373839,'plants.jpg','','jpg','',1,1,1,13),(1,'balloon.jpg','861594208733','2020-07-08 14:45:33','2020-07-08 14:45:33',1,1,1,49708,'balloon.jpg','','jpg','',1,1,1,14),(1,'blank.png','621594208733','2020-07-08 14:45:33','2020-07-08 14:45:33',1,1,1,1837,'blank.png','','png','',1,1,1,15),(1,'houses.jpg','441594208733','2020-07-08 14:45:33','2020-07-08 14:45:33',1,1,1,293154,'houses.jpg','','jpg','',1,1,1,16),(1,'vseh_svoi_problemy_ili_kak_iskrenne_poradovatsya_za_podrugu_yapfiles.ru.mp4','791595273083','2020-07-20 22:24:43','2020-07-20 22:24:43',1,1,1,3352953,'_vseh_svoi_problemy_ili_kak_iskrenne_poradovatsya_za_podrugu_yapfiles.ru.mp4','','mp4','',2,0,0,17),(1,'2020-07-21_18-19-01.png','601595344769','2020-07-21 18:19:29','2020-07-21 18:19:29',1,1,1,820372,'2020-07-21_18-19-01.png','','png','',1,1,1,18),(1,'2020-07-21_18-18-48.png','401595344773','2020-07-21 18:19:33','2020-07-21 18:19:33',1,1,1,899458,'2020-07-21_18-18-48.png','','png','',1,1,1,19),(1,'logo-rus.png','991598179604','2020-08-23 13:46:44','2020-08-23 13:46:44',1,1,1,7435,'logo-rus.png','','png','',1,1,0,20),(1,'statiya2.png','101598180183','2020-08-23 13:56:23','2020-08-23 13:56:23',1,1,1,122468,'statiya2.png','','png','',1,1,0,21),(1,'2_innopolis.jpg','271598180334','2020-08-23 13:58:54','2020-08-23 13:58:54',1,1,1,265985,'2_иннополис.jpg','','jpg','',1,1,1,22),(1,'statiya1.jpg','891598183112','2020-08-23 14:45:12','2020-08-23 14:45:12',1,1,1,32578,'statiya1.jpg','','jpg','',1,1,0,23),(1,'statiya10.jpg','771598183112','2020-08-23 14:45:12','2020-08-23 14:45:12',1,1,1,38421,'statiya10.jpg','','jpg','',1,1,0,24),(1,'statiya11.jpg','611598183113','2020-08-23 14:45:13','2020-08-23 14:45:13',1,1,1,47439,'statiya11.jpg','','jpg','',1,1,0,25),(1,'statiya12.jpg','961598183113','2020-08-23 14:45:13','2020-08-23 14:45:13',1,1,1,25695,'statiya12.jpg','','jpg','',1,1,0,26),(1,'statiya13.jpg','391598183113','2020-08-23 14:45:13','2020-08-23 14:45:13',1,1,1,35512,'statiya13.jpg','','jpg','',1,1,0,27),(1,'statiya14.jpg','211598183113','2020-08-23 14:45:13','2020-08-23 14:45:13',1,1,1,17980,'statiya14.jpg','','jpg','',1,1,0,28),(1,'statiya2.jpg','491598183113','2020-08-23 14:45:13','2020-08-23 14:45:13',0,1,1,125017,'statiya2.jpg','','jpg','',1,1,1,29),(2,'statiya2.jpg','971598184852','2020-08-23 15:14:12','2020-08-23 15:14:12',1,1,1,41361,'statiya2.jpg','','jpg','',1,1,0,29),(1,'statiya3.jpg','311598183113','2020-08-23 14:45:13','2020-08-23 14:45:13',1,1,1,38001,'statiya3.jpg','','jpg','',1,1,0,30),(1,'statiya4.jpg','981598183113','2020-08-23 14:45:13','2020-08-23 14:45:13',1,1,1,40161,'statiya4.jpg','','jpg','',1,1,0,31),(1,'statiya5.jpg','731598183113','2020-08-23 14:45:13','2020-08-23 14:45:13',1,1,1,42043,'statiya5.jpg','','jpg','',1,1,0,32),(1,'statiya6.jpg','411598183113','2020-08-23 14:45:13','2020-08-23 14:45:13',1,1,1,48495,'statiya6.jpg','','jpg','',1,1,0,33),(1,'statiya7.jpg','891598183114','2020-08-23 14:45:14','2020-08-23 14:45:14',1,1,1,39038,'statiya7.jpg','','jpg','',1,1,0,34),(1,'statiya8.jpg','571598183114','2020-08-23 14:45:14','2020-08-23 14:45:14',1,1,1,35323,'statiya8.jpg','','jpg','',1,1,0,35),(1,'statiya9.jpg','131598183114','2020-08-23 14:45:14','2020-08-23 14:45:14',1,1,1,34834,'statiya9.jpg','','jpg','',1,1,0,36),(1,'default.jpg','581598183723','2020-08-23 14:55:23','2020-08-23 14:55:23',1,1,1,30167,'default.jpg','','jpg','',1,1,1,37),(1,'1_gimn.jpg','761598192384','2020-08-23 17:19:44','2020-08-23 17:19:44',1,1,1,187087,'1_гимн.jpg','','jpg','',1,1,1,38),(1,'logo-rus.png','761598193292','2020-08-23 17:34:52','2020-08-23 17:34:52',1,1,1,13557,'logo-rus.png','','png','',1,1,0,39),(1,'logo-rus2.png','441598193790','2020-08-23 17:43:10','2020-08-23 17:43:10',1,1,1,17852,'logo-rus2.png','','png','',1,1,0,40),(1,'logo-tassr.png','351598211969','2020-08-23 22:46:09','2020-08-23 22:46:09',1,1,1,6950,'logo-tassr.png','','png','',1,1,0,41),(1,'customize_editing_interface_settings_08-23-2020.csv','571598213470','2020-08-23 23:11:10','2020-08-23 23:11:10',1,1,1,803,'customize_editing_interface_settings_08-23-2020.csv','','csv','',3,0,0,42),(1,'customize_editing_interface_settings_08-23-2020.csv','371598213488','2020-08-23 23:11:28','2020-08-23 23:11:28',1,1,1,803,'customize_editing_interface_settings_08-23-2020.csv','','csv','',3,0,0,43),(1,'favicon-16x16.png','581598214004','2020-08-23 23:20:04','2020-08-23 23:20:04',1,1,1,1342,'favicon-16x16.png','','png','',1,1,0,44),(1,'apple-icon-57x57.png','661598214027','2020-08-23 23:20:27','2020-08-23 23:20:27',0,1,1,4678,'apple-icon-57x57.png','','png','',1,1,0,45),(2,'apple-icon-57x57.png','651598255087','2020-08-24 10:44:47','2020-08-24 10:44:47',1,1,1,5039,'apple-icon-57x57.png','','png','',1,1,0,45),(1,'ms-icon-144x144.png','831598214049','2020-08-23 23:20:49','2020-08-23 23:20:49',0,1,1,15390,'ms-icon-144x144.png','','png','',1,1,0,46),(2,'ms-icon-144x144.png','461598255048','2020-08-24 10:44:08','2020-08-24 10:44:08',1,1,1,15981,'ms-icon-144x144.png','','png','',1,1,0,46),(1,'slider1.png','941598217006','2020-08-24 00:10:07','2020-08-24 00:10:07',1,1,1,5344,'slider1.png','','png','',1,1,1,47),(1,'slider2.png','991598217014','2020-08-24 00:10:15','2020-08-24 00:10:15',1,1,1,9721,'slider2.png','','png','',1,1,1,48),(1,'slider3.png','751598217021','2020-08-24 00:10:21','2020-08-24 00:10:21',1,1,1,4663,'slider3.png','','png','',1,1,1,49),(1,'slider1.png','961598217032','2020-08-24 00:10:32','2020-08-24 00:10:32',1,1,1,5344,'slider1.png','','png','',1,1,1,50),(1,'slider2.png','231598217038','2020-08-24 00:10:38','2020-08-24 00:10:38',1,1,1,9721,'slider2.png','','png','',1,1,1,51),(1,'slider3.png','621598217045','2020-08-24 00:10:45','2020-08-24 00:10:45',1,1,1,4663,'slider3.png','','png','',1,1,1,52),(1,'slider4.png','241598217051','2020-08-24 00:10:51','2020-08-24 00:10:51',1,1,1,5909,'slider4.png','','png','',1,1,1,53),(1,'favicon.ico','901598255003','2020-08-24 10:43:23','2020-08-24 10:43:23',1,1,1,1150,'favicon.ico','','ico','',1,0,0,56),(1,'ms-icon-144x144.png','551598255003','2020-08-24 10:43:23','2020-08-24 10:43:23',1,1,1,15981,'ms-icon-144x144.png','','png','',1,1,0,57),(1,'slider3.png','201598389969','2020-08-26 00:12:49','2020-08-26 00:12:49',1,1,1,247747,'slider3.png','','png','',1,1,1,58),(1,'slider2.png','211598390461','2020-08-26 00:21:01','2020-08-26 00:21:01',1,1,1,225496,'slider2.png','','png','',1,1,1,59),(1,'slider4.png','851598391077','2020-08-26 00:31:17','2020-08-26 00:31:17',1,1,1,242218,'slider4.png','','png','',1,1,1,60),(1,'slider5.png','501598391435','2020-08-26 00:37:15','2020-08-26 00:37:15',1,1,1,175606,'slider5.png','','png','',1,1,1,61),(1,'slider1.png','961598391617','2020-08-26 00:40:17','2020-08-26 00:40:17',1,1,1,239373,'slider1.png','','png','',1,1,1,62),(1,'100_let_nashemu_domu-site.pdf','361598394815','2020-08-26 01:33:35','2020-08-26 01:33:35',0,1,1,17691253,'100 лет нашему дому-site.pdf','','pdf','',5,0,0,63),(2,'100_LND_block2.pdf','541598881388','2020-08-31 16:43:08','2020-08-31 16:43:08',1,1,1,21694970,'100 лет нашему дому-site.pdf','','pdf','',5,0,0,63),(1,'block_mobile-1.png','321598741489','2020-08-30 01:51:29','2020-08-30 01:51:29',1,1,1,149282,'block_mobile-1.png','','png','',1,1,0,64),(1,'block_mobile-3.png','681598741773','2020-08-30 01:56:13','2020-08-30 01:56:13',1,1,1,153606,'block_mobile-3.png','','png','',1,1,0,65),(1,'block_mobile-2.png','671598741774','2020-08-30 01:56:14','2020-08-30 01:56:14',1,1,1,127843,'block_mobile-2.png','','png','',1,1,0,66),(1,'badge-lrg.svg','991598777631','2020-08-30 11:53:51','2020-08-30 11:53:51',1,1,1,12353,'badge-lrg.svg','','svg','',1,0,0,67),(1,'badge-lrg.png','531598777860','2020-08-30 11:57:40','2020-08-30 11:57:40',1,1,1,4643,'badge-lrg.png','','png','',1,1,0,68),(1,'block-book.jpg','351598785778','2020-08-30 14:09:38','2020-08-30 14:09:38',0,1,1,234641,'block-book.jpg','','jpg','',1,1,1,69),(2,'block-book2.jpg','401598789570','2020-08-30 15:12:50','2020-08-30 15:12:50',0,1,1,224058,'block-book.jpg','','jpg','',1,1,1,69),(3,'block-book2.jpg','771598792135','2020-08-30 15:55:35','2020-08-30 15:55:35',1,1,1,225539,'block-book.jpg','','jpg','',1,1,1,69),(1,'block-book3.jpg','261598792584','2020-08-30 16:03:04','2020-08-30 16:03:04',0,1,1,244605,'block-book3.jpg','','jpg','',1,1,1,70),(2,'block-book2.jpg','281598792806','2020-08-30 16:06:46','2020-08-30 16:06:46',1,1,1,237442,'block-book3.jpg','','jpg','',1,1,1,70),(1,'block-book2.jpg','361598792827','2020-08-30 16:07:07','2020-08-30 16:07:07',1,1,1,237442,'block-book2.jpg','','jpg','',1,1,1,71),(1,'slide-game02.jpg','401598806341','2020-08-30 19:52:21','2020-08-30 19:52:21',0,1,1,189254,'slide-game02.jpg','','jpg','',1,1,1,72),(2,'slide-game02.jpg','371598810353','2020-08-30 20:59:13','2020-08-30 20:59:14',1,1,1,156561,'slide-game02.jpg','','jpg','',1,1,1,72),(1,'slide-game01.jpg','801598806342','2020-08-30 19:52:22','2020-08-30 19:52:22',0,1,1,214662,'slide-game01.jpg','','jpg','',1,1,1,73),(2,'slide-game01.jpg','261598810331','2020-08-30 20:58:51','2020-08-30 20:58:51',1,1,1,197964,'slide-game01.jpg','','jpg','',1,1,1,73),(1,'slide-game03.jpg','741598806344','2020-08-30 19:52:24','2020-08-30 19:52:24',0,1,1,182387,'slide-game03.jpg','','jpg','',1,1,1,74),(2,'slide-game03.jpg','381598810374','2020-08-30 20:59:34','2020-08-30 20:59:34',1,1,1,194659,'slide-game03.jpg','','jpg','',1,1,1,74),(1,'fon-bg250.png','991598812346','2020-08-30 21:32:26','2020-08-30 21:32:26',1,1,1,22432,'fon-bg250.png','','png','',1,1,0,75),(1,'fon-bg250-2.png','751598812897','2020-08-30 21:41:37','2020-08-30 21:41:37',1,1,1,22485,'fon-bg250-2.png','','png','',1,1,0,76),(1,'karaoke-rus720.mp4','431598819303','2020-08-30 23:28:24','2020-08-30 23:28:24',1,1,1,73866095,'karaoke-rus720.mp4','','mp4','',2,0,0,77),(1,'karaoke-pic.png','821598820419','2020-08-30 23:46:59','2020-08-30 23:46:59',0,1,1,131864,'karaoke-pic.png','','png','',1,1,0,78),(2,'karaoke-pic.png','831598820591','2020-08-30 23:49:51','2020-08-30 23:49:51',1,1,1,93022,'karaoke-pic.png','','png','',1,1,0,78),(1,'cover-karaoke.jpg','511598822103','2020-08-31 00:15:03','2020-08-31 00:15:03',1,1,1,218786,'cover-karaoke.jpg','','jpg','',1,1,1,79),(1,'1-gimn.gif','911598822832','2020-08-31 00:27:12','2020-08-31 00:27:12',1,1,1,5368,'Страница 6 - Гимн Республики Татарстан','','gif','',1,1,1,80),(1,'2-innopolis.gif','791598822914','2020-08-31 00:28:34','2020-08-31 00:28:34',1,1,1,5305,'Страница 11','','gif','',1,1,1,81),(1,'Stranica_12.gif','141598823835','2020-08-31 00:43:55','2020-08-31 00:43:55',1,1,1,5395,'Страница 12.gif','','gif','',1,1,1,130),(1,'Stranica_17.gif','781598823835','2020-08-31 00:43:55','2020-08-31 00:43:55',1,1,1,5379,'Страница 17.gif','','gif','',1,1,1,131),(1,'Stranica_18.gif','931598823836','2020-08-31 00:43:56','2020-08-31 00:43:56',1,1,1,5323,'Страница 18.gif','','gif','',1,1,1,132),(1,'Stranica_23_.gif','111598823836','2020-08-31 00:43:56','2020-08-31 00:43:56',1,1,1,5356,'Страница 23 .gif','','gif','',1,1,1,133),(1,'Stranica_24.gif','781598823837','2020-08-31 00:43:57','2020-08-31 00:43:57',1,1,1,5335,'Страница 24.gif','','gif','',1,1,1,134),(1,'Stranica_29.gif','991598823837','2020-08-31 00:43:57','2020-08-31 00:43:57',1,1,1,5317,'Страница 29.gif','','gif','',1,1,1,135),(1,'Stranica_30.gif','751598823838','2020-08-31 00:43:58','2020-08-31 00:43:58',1,1,1,5337,'Страница 30.gif','','gif','',1,1,1,136),(1,'Stranica_35.gif','121598823838','2020-08-31 00:43:58','2020-08-31 00:43:58',1,1,1,5458,'Страница 35.gif','','gif','',1,1,1,137),(1,'Stranica_36.gif','551598823839','2020-08-31 00:43:59','2020-08-31 00:43:59',1,1,1,5385,'Страница 36.gif','','gif','',1,1,1,138),(1,'Stranica_45.gif','991598823839','2020-08-31 00:43:59','2020-08-31 00:43:59',1,1,1,5482,'Страница 45.gif','','gif','',1,1,1,139),(1,'Stranica_46.gif','241598823840','2020-08-31 00:44:00','2020-08-31 00:44:00',1,1,1,5422,'Страница 46.gif','','gif','',1,1,1,140),(1,'Stranica_51.gif','591598823841','2020-08-31 00:44:01','2020-08-31 00:44:01',1,1,1,5305,'Страница 51.gif','','gif','',1,1,1,141),(1,'Stranica_52.gif','491598823841','2020-08-31 00:44:01','2020-08-31 00:44:01',1,1,1,5302,'Страница 52.gif','','gif','',1,1,1,142),(1,'Stranica_55.gif','691598823842','2020-08-31 00:44:02','2020-08-31 00:44:02',1,1,1,5347,'Страница 55.gif','','gif','',1,1,1,143),(1,'Stranica_57.gif','551598823842','2020-08-31 00:44:02','2020-08-31 00:44:02',1,1,1,5311,'Страница 57.gif','','gif','',1,1,1,144),(1,'Stranica_58.gif','641598823843','2020-08-31 00:44:03','2020-08-31 00:44:03',1,1,1,5432,'Страница 58.gif','','gif','',1,1,1,145),(1,'Stranica_63.gif','921598823843','2020-08-31 00:44:03','2020-08-31 00:44:03',1,1,1,5389,'Страница 63.gif','','gif','',1,1,1,146),(1,'Stranica_64.gif','111598823844','2020-08-31 00:44:04','2020-08-31 00:44:04',1,1,1,5399,'Страница 64.gif','','gif','',1,1,1,147),(1,'Stranica_67.gif','931598823845','2020-08-31 00:44:05','2020-08-31 00:44:05',1,1,1,5474,'Страница 67.gif','','gif','',1,1,1,148),(1,'Stranica_69.gif','991598823845','2020-08-31 00:44:05','2020-08-31 00:44:05',1,1,1,5349,'Страница 69.gif','','gif','',1,1,1,149),(1,'Stranica_70.gif','221598823846','2020-08-31 00:44:06','2020-08-31 00:44:06',1,1,1,5314,'Страница 70.gif','','gif','',1,1,1,150),(1,'Stranica_75.gif','611598823846','2020-08-31 00:44:06','2020-08-31 00:44:06',1,1,1,5299,'Страница 75.gif','','gif','',1,1,1,151),(1,'Stranica_76.gif','901598823847','2020-08-31 00:44:07','2020-08-31 00:44:07',1,1,1,5377,'Страница 76.gif','','gif','',1,1,1,152),(1,'Stranica_78.gif','231598823847','2020-08-31 00:44:07','2020-08-31 00:44:07',1,1,1,5422,'Страница 78.gif','','gif','',1,1,1,153),(1,'qr-pic.png','771598826453','2020-08-31 01:27:33','2020-08-31 01:27:33',0,1,1,31049,'qr-pic.png','','png','',1,1,0,154),(2,'qr-pic.png','801598826535','2020-08-31 01:28:55','2020-08-31 01:28:55',0,1,1,31351,'qr-pic.png','','png','',1,1,0,154),(3,'qr-pic.png','561598827612','2020-08-31 01:46:52','2020-08-31 01:46:52',1,1,1,41095,'qr-pic.png','','png','',1,1,0,154),(1,'5_KAMAZ._str_29.jpg','251598827753','2020-08-31 01:49:13','2020-08-31 01:49:13',1,1,1,272831,'5_КАМАЗ. стр 29.jpg','','jpg','',1,1,1,155),(1,'4_transport.jpg','891598828798','2020-08-31 02:06:39','2020-08-31 02:06:39',1,1,1,539860,'4_транспорт.jpg','','jpg','',1,1,1,156),(1,'logo_slogan.png','431598869078','2020-08-31 13:17:58','2020-08-31 13:17:58',1,1,1,28418,'лого_слоган.png','','png','',1,1,0,157),(1,'Heshteg_Innopolis_pered_Tehnoparkom.jpg','881598874438','2020-08-31 14:47:18','2020-08-31 14:47:18',1,1,1,1111069,'Хэштег Иннополис перед Технопарком.jpg','','jpg','',1,1,1,159),(1,'2.08.19-211.jpg','451598874684','2020-08-31 14:51:24','2020-08-31 14:51:24',1,1,1,827424,'2.08.19-211.jpg','','jpg','',1,1,1,160),(1,'Vypusknoj_v_Universitete_Innopolis.jpg','451598874840','2020-08-31 14:54:00','2020-08-31 14:54:00',1,1,1,761437,'Выпускной в Университете Иннополис.jpg','','jpg','',1,1,1,161),(1,'Gorodskoe_meropriyatie.jpg','571598874917','2020-08-31 14:55:17','2020-08-31 14:55:17',1,1,1,1120297,'Городское мероприятие.jpg','','jpg','',1,1,1,162),(1,'Sportivnyj_kompleks_i_Universitet.jpg','991598874979','2020-08-31 14:56:19','2020-08-31 14:56:19',1,1,1,631263,'Спортивный комплекс и Университет.jpg','','jpg','',1,1,1,163),(1,'150807-DSC_9367-Platonov.jpg','141598875182','2020-08-31 14:59:42','2020-08-31 14:59:42',1,1,1,1100852,'150807-DSC_9367-Platonov.jpg','','jpg','',1,1,1,164),(1,'Diesel-CNG_rally_Kamaz.jpg','671598876317','2020-08-31 15:18:37','2020-08-31 15:18:37',1,1,1,590940,'Diesel-CNG_rally_Kamaz.jpg','','jpg','',1,1,1,165),(1,'164_7.jpg','881598876898','2020-08-31 15:28:18','2020-08-31 15:28:18',1,1,1,688850,'164_7.jpg','','jpg','',1,1,1,166),(1,'3_dzhalil.jpg','151598877019','2020-08-31 15:30:19','2020-08-31 15:30:19',1,1,1,401209,'3_джалиль.jpg','','jpg','',1,1,1,167),(1,'1303_13.jpeg','351598877300','2020-08-31 15:35:00','2020-08-31 15:35:00',1,1,1,316518,'1303_13.jpeg','','jpeg','',1,1,1,168),(1,'1303_13.jpeg','571598877316','2020-08-31 15:35:16','2020-08-31 15:35:16',1,1,1,316518,'1303_13.jpeg','','jpeg','',1,1,1,169),(1,'4035_10.JPG','911598878176','2020-08-31 15:49:36','2020-08-31 15:49:36',1,1,1,3672726,'4035_10.JPG','','JPG','',1,1,1,170),(1,'5769_10.jpeg','661598878190','2020-08-31 15:49:50','2020-08-31 15:49:50',1,1,1,573070,'5769_10.jpeg','','jpeg','',1,1,1,171),(1,'4035_10.JPG','491598878203','2020-08-31 15:50:03','2020-08-31 15:50:03',1,1,1,3672726,'4035_10.JPG','','JPG','',1,1,1,172),(1,'2066_10.jpeg','921598878454','2020-08-31 15:54:14','2020-08-31 15:54:14',1,1,1,152153,'2066_10.jpeg','','jpeg','',1,1,1,173),(1,'546.jpg','101598878829','2020-08-31 16:00:29','2020-08-31 16:00:29',1,1,1,288314,'546.jpg','','jpg','',1,1,1,174),(1,'291.jpg','211598878829','2020-08-31 16:00:29','2020-08-31 16:00:29',1,1,1,4386840,'291.jpg','','jpg','',1,1,1,175),(1,'4507_1.jpg','711598878838','2020-08-31 16:00:38','2020-08-31 16:00:38',1,1,1,2054693,'4507_1.jpg','','jpg','',1,1,1,176),(1,'2176_1.jpg','621598880592','2020-08-31 16:29:52','2020-08-31 16:29:52',1,1,1,879030,'2176_1.jpg','','jpg','',1,1,1,177),(1,'2_milliarda_nefti.mp4','871598881530','2020-08-31 16:45:30','2020-08-31 16:45:30',1,1,1,20059163,'2 миллиарда нефти.mp4','','mp4','',2,0,0,178),(1,'25_let_kamazu.mp4','701598881530','2020-08-31 16:45:30','2020-08-31 16:45:30',1,1,1,31337756,'25 лет камазу.mp4','','mp4','',2,0,0,179),(1,'Dzhalil_vnuchka.mp4','831598881530','2020-08-31 16:45:30','2020-08-31 16:45:30',1,1,1,34511794,'Джалиль внучка.mp4','','mp4','',2,0,0,180),(1,'Dzhalil_otkrytie_muzeya.mp4','541598881530','2020-08-31 16:45:31','2020-08-31 16:45:31',1,1,1,26644973,'Джалиль открытие музея.mp4','','mp4','',2,0,0,181),(1,'Tukaj.mp4','551598881531','2020-08-31 16:45:31','2020-08-31 16:45:31',1,1,1,40085471,'Тукай.mp4','','mp4','',2,0,0,182),(1,'altynchech.mp4','811598881531','2020-08-31 16:45:31','2020-08-31 16:45:31',1,1,1,20718915,'алтынчеч.mp4','','mp4','',2,0,0,183),(1,'garmoshka.mp4','471598881532','2020-08-31 16:45:32','2020-08-31 16:45:32',1,1,1,25850747,'гармошка.mp4','','mp4','',2,0,0,184),(1,'zakladka_kapsuly_metro.mp4','421598881532','2020-08-31 16:45:33','2020-08-31 16:45:33',1,1,1,28670145,'закладка капсулы метро.mp4','','mp4','',2,0,0,185),(1,'ketgut.mp4','661598881533','2020-08-31 16:45:33','2020-08-31 16:45:33',1,1,1,21889565,'кетгут.mp4','','mp4','',2,0,0,186),(1,'kombajnery.mp4','451598881533','2020-08-31 16:45:34','2020-08-31 16:45:34',1,1,1,31090640,'комбайнеры.mp4','','mp4','',2,0,0,187),(1,'korol_lir.mp4','601598881534','2020-08-31 16:45:35','2020-08-31 16:45:35',1,1,1,33328779,'король лир.mp4','','mp4','',2,0,0,188),(1,'kultura_1.mp4','341598881535','2020-08-31 16:45:35','2020-08-31 16:45:35',1,1,1,31036214,'культура 1.mp4','','mp4','',2,0,0,189),(1,'pervaya_neft.mp4','691598881535','2020-08-31 16:45:36','2020-08-31 16:45:36',1,1,1,36089504,'первая нефть.mp4','','mp4','',2,0,0,190),(1,'pervyj_voditel_trollejbusa.mp4','651598881536','2020-08-31 16:45:37','2020-08-31 16:45:37',1,1,1,40237145,'первый водитель троллейбуса.mp4','','mp4','',2,0,0,191),(1,'selchane_frontu.mp4','491598881537','2020-08-31 16:45:37','2020-08-31 16:45:37',1,1,1,18700705,'сельчане фронту.mp4','','mp4','',2,0,0,192),(1,'chernoe_zoloto.mp4','291598881537','2020-08-31 16:45:38','2020-08-31 16:45:38',1,1,1,24624808,'черное золото.mp4','','mp4','',2,0,0,193),(1,'shurale.mp4','131598881538','2020-08-31 16:45:38','2020-08-31 16:45:38',1,1,1,21802134,'шурале.mp4','','mp4','',2,0,0,194),(1,'yahin1.mp4','331598881538','2020-08-31 16:45:39','2020-08-31 16:45:39',1,1,1,30019398,'яхин1.mp4','','mp4','',2,0,0,195),(1,'yahin2.mp4','741598881539','2020-08-31 16:45:39','2020-08-31 16:45:39',1,1,1,34080332,'яхин2.mp4','','mp4','',2,0,0,196),(1,'2981_1.jpeg','821598881665','2020-08-31 16:47:45','2020-08-31 16:47:45',1,1,1,104568,'2981_1.jpeg','','jpeg','',1,1,1,197),(1,'7394_10.jpeg','881598881667','2020-08-31 16:47:47','2020-08-31 16:47:47',1,1,1,146815,'7394_10.jpeg','','jpeg','',1,1,1,198),(1,'132_1.jpeg','901598881819','2020-08-31 16:50:19','2020-08-31 16:50:19',1,1,1,139559,'132_1.jpeg','','jpeg','',1,1,1,199),(1,'2206.jpg','591598884642','2020-08-31 17:37:22','2020-08-31 17:37:22',1,1,1,903963,'2206.jpg','','jpg','',1,1,1,200),(1,'8880_10.JPG','531598884644','2020-08-31 17:37:24','2020-08-31 17:37:24',1,1,1,9180202,'8880_10.JPG','','JPG','',1,1,1,201),(1,'2206.jpg','731598884668','2020-08-31 17:37:48','2020-08-31 17:37:48',1,1,1,903963,'2206.jpg','','jpg','',1,1,1,202),(1,'8880_10.JPG','231598884670','2020-08-31 17:37:50','2020-08-31 17:37:50',1,1,1,9180202,'8880_10.JPG','','JPG','',1,1,1,203),(1,'tyl_frontu.mp4','161598885244','2020-08-31 17:47:24','2020-08-31 17:47:24',1,1,1,50422803,'тыл фронту.mp4','','mp4','',2,0,0,204),(1,'1991_13.jpg','281598886055','2020-08-31 18:00:55','2020-08-31 18:00:55',1,1,1,11834628,'1991_13.jpg','','jpg','',1,1,1,205),(1,'3113.jpg','731598886215','2020-08-31 18:03:35','2020-08-31 18:03:35',1,1,1,365719,'3113.jpg','','jpg','',1,1,1,206),(1,'1991_13.jpg','881598886217','2020-08-31 18:03:37','2020-08-31 18:03:37',1,1,1,11834628,'1991_13.jpg','','jpg','',1,1,1,207),(1,'4295.jpg','591598886237','2020-08-31 18:03:57','2020-08-31 18:03:57',1,1,1,2255290,'4295.jpg','','jpg','',1,1,1,208),(1,'6054_10.JPG','201598887090','2020-08-31 18:18:10','2020-08-31 18:18:10',1,1,1,1752207,'6054_10.JPG','','JPG','',1,1,1,209),(1,'424_7.jpg','881598887144','2020-08-31 18:19:04','2020-08-31 18:19:04',1,1,1,1224187,'424_7.jpg','','jpg','',1,1,1,210),(1,'833_10.jpg','531598887148','2020-08-31 18:19:08','2020-08-31 18:19:08',1,1,1,6060779,'833_10.jpg','','jpg','',1,1,1,211),(1,'6054_10.JPG','191598887154','2020-08-31 18:19:14','2020-08-31 18:19:14',1,1,1,1752207,'6054_10.JPG','','JPG','',1,1,1,212),(1,'424_7.jpg','901598887535','2020-08-31 18:25:35','2020-08-31 18:25:35',1,1,1,1224187,'424_7.jpg','','jpg','',1,1,1,213),(1,'424_7.jpg','231598887760','2020-08-31 18:29:20','2020-08-31 18:29:20',1,1,1,1224187,'424_7.jpg','','jpg','',1,1,1,214),(1,'833_10.jpg','291598887763','2020-08-31 18:29:24','2020-08-31 18:29:24',1,1,1,6060779,'833_10.jpg','','jpg','',1,1,1,215),(1,'6054_10.JPG','181598887769','2020-08-31 18:29:29','2020-08-31 18:29:29',1,1,1,1752207,'6054_10.JPG','','JPG','',1,1,1,216),(1,'6_neft._st_34-35.jpg','451598887985','2020-08-31 18:33:05','2020-08-31 18:33:05',1,1,1,408080,'6_нефть. ст 34-35.jpg','','jpg','',1,1,1,217),(1,'7_geroi2.jpg','121598888113','2020-08-31 18:35:13','2020-08-31 18:35:13',1,1,1,691434,'7_герои2.jpg','','jpg','',1,1,1,218),(1,'8_medicina_str_51.jpg','231598888819','2020-08-31 18:46:59','2020-08-31 18:46:59',1,1,1,302580,'8_медицина стр 51.jpg','','jpg','',1,1,1,219),(1,'9_dendrarij.jpg','411598889298','2020-08-31 18:54:58','2020-08-31 18:54:58',1,1,1,324505,'9_дендрарий.jpg','','jpg','',1,1,1,220),(1,'10_selskoe_hozyajstvo._str_57.jpg','691598889374','2020-08-31 18:56:14','2020-08-31 18:56:14',1,1,1,291497,'10_сельское хозяйство. стр 57.jpg','','jpg','',1,1,1,221),(1,'11_kultura_str._63.jpg','391598889563','2020-08-31 18:59:23','2020-08-31 18:59:23',1,1,1,279673,'11_культура стр. 63.jpg','','jpg','',1,1,1,222),(1,'12_tukaj.jpg','751598889791','2020-08-31 19:03:11','2020-08-31 19:03:11',1,1,1,348153,'12_тукай.jpg','','jpg','',1,1,1,223),(1,'13_sabantuj._str.69.jpg','791598889905','2020-08-31 19:05:05','2020-08-31 19:05:05',1,1,1,344393,'13_сабантуй. стр.69.jpg','','jpg','',1,1,1,224),(1,'14_kosmos.jpg','691598890181','2020-08-31 19:09:41','2020-08-31 19:09:41',1,1,1,94671,'14_космос.jpg','','jpg','',1,1,1,225),(1,'476.jpg','681598890248','2020-08-31 19:10:48','2020-08-31 19:10:48',1,1,1,915111,'476.jpg','','jpg','',1,1,1,226),(1,'3137.jpg','191598890250','2020-08-31 19:10:50','2020-08-31 19:10:50',1,1,1,1804650,'3137.jpg','','jpg','',1,1,1,227),(1,'1436.jpg','731598890377','2020-08-31 19:12:57','2020-08-31 19:12:57',1,1,1,2224144,'1436.jpg','','jpg','',1,1,1,228),(1,'Kyrlaj.mp4','151598890698','2020-08-31 19:18:18','2020-08-31 19:18:18',1,1,1,61344524,'Кырлай.mp4','','mp4','',2,0,0,229),(1,'4.jpg','531598891224','2020-08-31 19:27:04','2020-08-31 19:27:04',1,1,1,641792,'4.jpg','','jpg','',1,1,1,230),(1,'3.jpg','981598891227','2020-08-31 19:27:07','2020-08-31 19:27:07',1,1,1,658066,'3.jpg','','jpg','',1,1,1,231),(1,'2.jpg','121598891230','2020-08-31 19:27:10','2020-08-31 19:27:10',1,1,1,666661,'2.jpg','','jpg','',1,1,1,232),(1,'6.jpg','681598891233','2020-08-31 19:27:13','2020-08-31 19:27:13',1,1,1,713232,'6.jpg','','jpg','',1,1,1,233),(1,'5.jpg','361598891236','2020-08-31 19:27:16','2020-08-31 19:27:16',1,1,1,685335,'5.jpg','','jpg','',1,1,1,234),(1,'1.jpg','291598891239','2020-08-31 19:27:19','2020-08-31 19:27:19',1,1,1,677368,'1.jpg','','jpg','',1,1,1,235),(1,'Vid_pamyatnika_narodnomu_artistu_SSSR_kompozitoru_pianistu_avtoru_muzyki_Gosudarstvennogo_gimna_Respubliki_Tatarstan_Rustemu_Yahinu_v_skvere_po_ulice_Bolshaya_Krasnaya_naprotiv_zdaniya_Kazanskoj_gosudarstvennoj.jpg','511598891697','2020-08-31 19:34:57','2020-08-31 19:34:57',1,1,1,10668231,'Вид памятника народному артисту СССР, композитору, пианисту, автору музыки Государственного гимна Республики Татарстан Рустему Яхину в сквере по улице Большая Красная напротив здания Казанской государственной.jpg','','jpg','',1,1,1,236),(1,'gimnrt.mp3','291598891803','2020-08-31 19:36:43','2020-08-31 19:36:43',1,1,1,575637,'gimnrt.mp3','','mp3','',4,0,0,237),(1,'yahin2.jpg','801598891957','2020-08-31 19:39:17','2020-08-31 19:39:17',1,1,1,178982,'яхин2.jpg','','jpg','',1,1,1,238),(1,'yahin1.jpg','871598893629','2020-08-31 20:07:09','2020-08-31 20:07:09',1,1,1,155485,'яхин1.jpg','','jpg','',1,1,1,239),(1,'yahin3.jpg','671598893631','2020-08-31 20:07:11','2020-08-31 20:07:11',1,1,1,234886,'яхин3.jpg','','jpg','',1,1,1,240),(1,'Epizod_01.00_04_40_19.nepodvizhnoe_izobrazhenie005.jpg','961598893847','2020-08-31 20:10:47','2020-08-31 20:10:47',1,1,1,185634,'Эпизод 01.00_04_40_19.неподвижное изображение005.jpg','','jpg','',1,1,1,241),(1,'Epizod_01.00_03_53_16.nepodvizhnoe_izobrazhenie004.jpg','161598893849','2020-08-31 20:10:49','2020-08-31 20:10:49',1,1,1,191869,'Эпизод 01.00_03_53_16.неподвижное изображение004.jpg','','jpg','',1,1,1,242),(1,'Epizod_01.00_10_26_02.nepodvizhnoe_izobrazhenie006.jpg','171598894021','2020-08-31 20:13:41','2020-08-31 20:13:41',1,1,1,166569,'Эпизод 01.00_10_26_02.неподвижное изображение006.jpg','','jpg','',1,1,1,243),(1,'Epizod_01.00_08_44_17.nepodvizhnoe_izobrazhenie007.jpg','601598894238','2020-08-31 20:17:18','2020-08-31 20:17:18',1,1,1,193151,'Эпизод 01.00_08_44_17.неподвижное изображение007.jpg','','jpg','',1,1,1,244),(1,'Epizod_01.00_40_57_16.nepodvizhnoe_izobrazhenie008.jpg','871598894350','2020-08-31 20:19:10','2020-08-31 20:19:10',1,1,1,203188,'Эпизод 01.00_40_57_16.неподвижное изображение008.jpg','','jpg','',1,1,1,245),(1,'Epizod_01.00_18_29_12.nepodvizhnoe_izobrazhenie011.jpg','671598894474','2020-08-31 20:21:14','2020-08-31 20:21:14',1,1,1,197506,'Эпизод 01.00_18_29_12.неподвижное изображение011.jpg','','jpg','',1,1,1,246),(1,'Epizod_01.00_16_18_15.nepodvizhnoe_izobrazhenie010.jpg','221598894475','2020-08-31 20:21:15','2020-08-31 20:21:15',1,1,1,290730,'Эпизод 01.00_16_18_15.неподвижное изображение010.jpg','','jpg','',1,1,1,247),(1,'Epizod_01.00_13_45_00.nepodvizhnoe_izobrazhenie009.jpg','921598894476','2020-08-31 20:21:16','2020-08-31 20:21:16',1,1,1,162139,'Эпизод 01.00_13_45_00.неподвижное изображение009.jpg','','jpg','',1,1,1,248),(1,'Epizod_01.00_21_59_24.nepodvizhnoe_izobrazhenie013.jpg','891598895312','2020-08-31 20:35:12','2020-08-31 20:35:12',1,1,1,211094,'Эпизод 01.00_21_59_24.неподвижное изображение013.jpg','','jpg','',1,1,1,249),(1,'Epizod_01.00_20_03_09.nepodvizhnoe_izobrazhenie015.jpg','761598895313','2020-08-31 20:35:13','2020-08-31 20:35:13',1,1,1,204614,'Эпизод 01.00_20_03_09.неподвижное изображение015.jpg','','jpg','',1,1,1,250),(1,'Epizod_01.00_42_36_11.nepodvizhnoe_izobrazhenie016.jpg','801598895468','2020-08-31 20:37:48','2020-08-31 20:37:48',1,1,1,189894,'Эпизод 01.00_42_36_11.неподвижное изображение016.jpg','','jpg','',1,1,1,251),(1,'Epizod_01.00_25_10_14.nepodvizhnoe_izobrazhenie017.jpg','901598895593','2020-08-31 20:39:53','2020-08-31 20:39:53',1,1,1,187936,'Эпизод 01.00_25_10_14.неподвижное изображение017.jpg','','jpg','',1,1,1,252),(1,'garmoshki.jpg','551598895751','2020-08-31 20:42:31','2020-08-31 20:42:31',1,1,1,203334,'гармошки.jpg','','jpg','',1,1,1,253),(1,'altynchech.jpg','111598895752','2020-08-31 20:42:32','2020-08-31 20:42:32',1,1,1,216088,'алтынчеч.jpg','','jpg','',1,1,1,254),(1,'sadhun.jpg','741598895754','2020-08-31 20:42:34','2020-08-31 20:42:34',1,1,1,186242,'садхун.jpg','','jpg','',1,1,1,255),(1,'shurale.jpg','661598895755','2020-08-31 20:42:35','2020-08-31 20:42:35',1,1,1,204667,'шурале.jpg','','jpg','',1,1,1,256),(1,'Epizod_01.00_34_36_19.nepodvizhnoe_izobrazhenie022.jpg','651598895923','2020-08-31 20:45:23','2020-08-31 20:45:23',1,1,1,171928,'Эпизод 01.00_34_36_19.неподвижное изображение022.jpg','','jpg','',1,1,1,257),(1,'Epizod_01.00_37_55_21.nepodvizhnoe_izobrazhenie023.jpg','421598895924','2020-08-31 20:45:24','2020-08-31 20:45:24',1,1,1,153250,'Эпизод 01.00_37_55_21.неподвижное изображение023.jpg','','jpg','',1,1,1,258),(1,'Kosmos.mp4','771598896551','2020-08-31 20:55:51','2020-08-31 20:55:51',1,1,1,26050852,'Космос.mp4','','mp4','',2,0,0,259),(1,'Epizod_01.00_44_08_12.nepodvizhnoe_izobrazhenie024.jpg','191598896757','2020-08-31 20:59:17','2020-08-31 20:59:17',1,1,1,148633,'Эпизод 01.00_44_08_12.неподвижное изображение024.jpg','','jpg','',1,1,1,260),(1,'Heshteg_Innopolis_pered_Tehnoparkom.jpg','131598935034','2020-09-01 07:37:14','2020-09-01 07:37:14',1,1,1,1111069,'Хэштег Иннополис перед Технопарком.jpg','','jpg','',1,1,1,261),(1,'51A5943_1.jpg','581598935134','2020-09-01 07:38:54','2020-09-01 07:38:54',1,1,1,895392,'_51A5943_1.jpg','','jpg','',1,1,1,262),(1,'Vypusknoj_v_Universitete_Innopolis.jpg','761598935185','2020-09-01 07:39:45','2020-09-01 07:39:45',1,1,1,761437,'Выпускной в Университете Иннополис.jpg','','jpg','',1,1,1,263),(1,'2.08.19-211.jpg','881598935286','2020-09-01 07:41:26','2020-09-01 07:41:26',1,1,1,827424,'2.08.19-211.jpg','','jpg','',1,1,1,264),(1,'100LND_eng.docx','431598960110','2020-09-01 14:35:10','2020-09-01 14:35:10',1,1,1,21909,'100 Лет Нашему Дому - на английском','','docx','',5,0,0,265),(1,'Square_Book_Mockup_1.jpg','521598966032','2020-09-01 16:13:52','2020-09-01 16:13:52',0,1,1,146745,'Square_Book_Mockup_1.jpg','','jpg','',1,1,1,266),(2,'Square_Book_Mockup_1.jpg','351598966359','2020-09-01 16:19:19','2020-09-01 16:19:19',1,1,1,148463,'Square_Book_Mockup_1.jpg','','jpg','',1,1,1,266),(1,'100_Let_Nashemu_Domu_-_instrukciya.mp4','991598966060','2020-09-01 16:14:20','2020-09-01 16:14:20',1,1,1,38891481,'100 Лет Нашему Дому - инструкция.mp4','','mp4','',2,0,0,267),(1,'logo-tat.png','411598989716','2020-09-01 22:48:36','2020-09-01 22:48:36',1,1,1,21569,'logo-tat.png','','png','',1,1,0,268),(1,'karaoke-tat720.mp4','871598990430','2020-09-01 23:00:30','2020-09-01 23:00:30',1,1,1,42724394,'karaoke-tat720.mp4','','mp4','',2,0,0,269),(1,'logo-rus.png','431630167722','2021-08-28 19:22:02','2021-08-28 19:22:02',1,1,1,188580,'logo-rus.png','','png','',1,1,0,270);

--
-- Table structure for table `Files`
--

CREATE TABLE `Files` (
  `fID` int(10) unsigned NOT NULL AUTO_INCREMENT,
  `fDateAdded` datetime NOT NULL,
  `fPassword` varchar(255) COLLATE utf8mb4_unicode_ci DEFAULT NULL,
  `fOverrideSetPermissions` tinyint(1) NOT NULL,
  `ocID` int(10) unsigned NOT NULL,
  `folderTreeNodeID` int(10) unsigned NOT NULL,
  `uID` int(10) unsigned DEFAULT NULL,
  `fslID` int(10) unsigned DEFAULT NULL,
  PRIMARY KEY (`fID`),
  KEY `uID` (`uID`),
  KEY `fslID` (`fslID`),
  KEY `ocID` (`ocID`),
  KEY `fOverrideSetPermissions` (`fOverrideSetPermissions`),
  CONSTRAINT `FK_C7F46F5DB81D3903` FOREIGN KEY (`fslID`) REFERENCES `FileStorageLocations` (`fslID`),
  CONSTRAINT `FK_C7F46F5DFD71026C` FOREIGN KEY (`uID`) REFERENCES `Users` (`uID`) ON DELETE SET NULL
) ENGINE=InnoDB AUTO_INCREMENT=271 DEFAULT CHARSET=utf8mb4 COLLATE=utf8mb4_unicode_ci;

--
-- Dumping data for table `Files`
--

INSERT INTO `Files` VALUES (1,'2020-07-08 14:45:31',NULL,0,0,7,1,1),(2,'2020-07-08 14:45:32',NULL,0,0,7,1,1),(3,'2020-07-08 14:45:32',NULL,0,0,7,1,1),(4,'2020-07-08 14:45:32',NULL,0,0,7,1,1),(5,'2020-07-08 14:45:32',NULL,0,0,7,1,1),(6,'2020-07-08 14:45:32',NULL,0,0,7,1,1),(7,'2020-07-08 14:45:32',NULL,0,0,7,1,1),(8,'2020-07-08 14:45:32',NULL,0,0,7,1,1),(9,'2020-07-08 14:45:33',NULL,0,0,7,1,1),(10,'2020-07-08 14:45:33',NULL,0,0,7,1,1),(11,'2020-07-08 14:45:33',NULL,0,0,7,1,1),(12,'2020-07-08 14:45:33',NULL,0,0,7,1,1),(13,'2020-07-08 14:45:33',NULL,0,0,7,1,1),(14,'2020-07-08 14:45:33',NULL,0,0,7,1,1),(15,'2020-07-08 14:45:33',NULL,0,0,7,1,1),(16,'2020-07-08 14:45:33',NULL,0,0,7,1,1),(17,'2020-07-20 22:24:43',NULL,0,0,7,1,1),(18,'2020-07-21 18:19:29',NULL,0,0,7,1,1),(19,'2020-07-21 18:19:33',NULL,0,0,7,1,1),(20,'2020-08-23 13:46:44',NULL,0,0,7,1,1),(21,'2020-08-23 13:56:23',NULL,0,0,7,1,1),(22,'2020-08-23 13:58:54',NULL,0,0,49,1,1),(23,'2020-08-23 14:45:12',NULL,0,0,51,1,1),(24,'2020-08-23 14:45:12',NULL,0,0,51,1,1),(25,'2020-08-23 14:45:13',NULL,0,0,51,1,1),(26,'2020-08-23 14:45:13',NULL,0,0,51,1,1),(27,'2020-08-23 14:45:13',NULL,0,0,51,1,1),(28,'2020-08-23 14:45:13',NULL,0,0,51,1,1),(29,'2020-08-23 14:45:13',NULL,0,0,51,1,1),(30,'2020-08-23 14:45:13',NULL,0,0,51,1,1),(31,'2020-08-23 14:45:13',NULL,0,0,51,1,1),(32,'2020-08-23 14:45:13',NULL,0,0,51,1,1),(33,'2020-08-23 14:45:13',NULL,0,0,51,1,1),(34,'2020-08-23 14:45:14',NULL,0,0,51,1,1),(35,'2020-08-23 14:45:14',NULL,0,0,51,1,1),(36,'2020-08-23 14:45:14',NULL,0,0,51,1,1),(37,'2020-08-23 14:55:23',NULL,0,0,51,1,1),(38,'2020-08-23 17:19:44',NULL,0,0,49,1,1),(39,'2020-08-23 17:34:52',NULL,0,0,7,1,1),(40,'2020-08-23 17:43:10',NULL,0,0,7,1,1),(41,'2020-08-23 22:46:09',NULL,0,0,7,1,1),(42,'2020-08-23 23:11:10',NULL,0,0,7,1,1),(43,'2020-08-23 23:11:28',NULL,0,0,7,1,1),(44,'2020-08-23 23:20:04',NULL,0,0,7,1,1),(45,'2020-08-23 23:20:27',NULL,0,0,7,1,1),(46,'2020-08-23 23:20:49',NULL,0,0,7,1,1),(47,'2020-08-24 00:10:07',NULL,0,0,49,1,1),(48,'2020-08-24 00:10:14',NULL,0,0,49,1,1),(49,'2020-08-24 00:10:21',NULL,0,0,49,1,1),(50,'2020-08-24 00:10:32',NULL,0,0,49,1,1),(51,'2020-08-24 00:10:38',NULL,0,0,49,1,1),(52,'2020-08-24 00:10:45',NULL,0,0,49,1,1),(53,'2020-08-24 00:10:51',NULL,0,0,49,1,1),(56,'2020-08-24 10:43:23',NULL,0,0,7,1,1),(57,'2020-08-24 10:43:23',NULL,0,0,7,1,1),(58,'2020-08-26 00:12:49',NULL,0,0,87,1,1),(59,'2020-08-26 00:21:01',NULL,0,0,87,1,1),(60,'2020-08-26 00:31:17',NULL,0,0,87,1,1),(61,'2020-08-26 00:37:15',NULL,0,0,87,1,1),(62,'2020-08-26 00:40:17',NULL,0,0,87,1,1),(63,'2020-08-26 01:33:35',NULL,0,0,7,1,1),(64,'2020-08-30 01:51:29',NULL,0,0,94,1,1),(65,'2020-08-30 01:56:13',NULL,0,0,94,1,1),(66,'2020-08-30 01:56:14',NULL,0,0,94,1,1),(67,'2020-08-30 11:53:51',NULL,0,0,94,1,1),(68,'2020-08-30 11:57:40',NULL,0,0,94,1,1),(69,'2020-08-30 14:09:38',NULL,0,0,94,1,1),(70,'2020-08-30 16:03:04',NULL,0,0,94,1,1),(71,'2020-08-30 16:07:07',NULL,0,0,94,1,1),(72,'2020-08-30 19:52:21',NULL,0,0,94,1,1),(73,'2020-08-30 19:52:22',NULL,0,0,94,1,1),(74,'2020-08-30 19:52:24',NULL,0,0,94,1,1),(75,'2020-08-30 21:32:26',NULL,0,0,94,1,1),(76,'2020-08-30 21:41:37',NULL,0,0,94,1,1),(77,'2020-08-30 23:28:24',NULL,0,0,94,1,1),(78,'2020-08-30 23:46:59',NULL,0,0,7,1,1),(79,'2020-08-31 00:15:03',NULL,0,0,7,1,1),(80,'2020-08-31 00:27:12',NULL,0,0,111,1,1),(81,'2020-08-31 00:28:34',NULL,0,0,111,1,1),(130,'2020-08-31 00:43:55',NULL,0,0,111,1,1),(131,'2020-08-31 00:43:55',NULL,0,0,111,1,1),(132,'2020-08-31 00:43:56',NULL,0,0,111,1,1),(133,'2020-08-31 00:43:56',NULL,0,0,111,1,1),(134,'2020-08-31 00:43:57',NULL,0,0,111,1,1),(135,'2020-08-31 00:43:57',NULL,0,0,111,1,1),(136,'2020-08-31 00:43:58',NULL,0,0,111,1,1),(137,'2020-08-31 00:43:58',NULL,0,0,111,1,1),(138,'2020-08-31 00:43:59',NULL,0,0,111,1,1),(139,'2020-08-31 00:43:59',NULL,0,0,111,1,1),(140,'2020-08-31 00:44:00',NULL,0,0,111,1,1),(141,'2020-08-31 00:44:01',NULL,0,0,111,1,1),(142,'2020-08-31 00:44:01',NULL,0,0,111,1,1),(143,'2020-08-31 00:44:02',NULL,0,0,111,1,1),(144,'2020-08-31 00:44:02',NULL,0,0,111,1,1),(145,'2020-08-31 00:44:03',NULL,0,0,111,1,1),(146,'2020-08-31 00:44:03',NULL,0,0,111,1,1),(147,'2020-08-31 00:44:04',NULL,0,0,111,1,1),(148,'2020-08-31 00:44:05',NULL,0,0,111,1,1),(149,'2020-08-31 00:44:05',NULL,0,0,111,1,1),(150,'2020-08-31 00:44:06',NULL,0,0,111,1,1),(151,'2020-08-31 00:44:06',NULL,0,0,111,1,1),(152,'2020-08-31 00:44:07',NULL,0,0,111,1,1),(153,'2020-08-31 00:44:07',NULL,0,0,111,1,1),(154,'2020-08-31 01:27:33',NULL,0,0,7,1,1),(155,'2020-08-31 01:49:13',NULL,0,0,49,1,1),(156,'2020-08-31 02:06:39',NULL,0,0,49,1,1),(157,'2020-08-31 13:17:58',NULL,0,0,7,1,1),(159,'2020-08-31 14:47:18',NULL,0,0,49,1,1),(160,'2020-08-31 14:51:24',NULL,0,0,49,1,1),(161,'2020-08-31 14:54:00',NULL,0,0,49,1,1),(162,'2020-08-31 14:55:17',NULL,0,0,49,1,1),(163,'2020-08-31 14:56:19',NULL,0,0,49,1,1),(164,'2020-08-31 14:59:42',NULL,0,0,49,1,1),(165,'2020-08-31 15:18:37',NULL,0,0,94,1,1),(166,'2020-08-31 15:28:18',NULL,0,0,49,1,1),(167,'2020-08-31 15:30:19',NULL,0,0,49,1,1),(168,'2020-08-31 15:35:00',NULL,0,0,49,1,1),(169,'2020-08-31 15:35:16',NULL,0,0,49,1,1),(170,'2020-08-31 15:49:36',NULL,0,0,49,1,1),(171,'2020-08-31 15:49:50',NULL,0,0,49,1,1),(172,'2020-08-31 15:50:03',NULL,0,0,49,1,1),(173,'2020-08-31 15:54:14',NULL,0,0,49,1,1),(174,'2020-08-31 16:00:29',NULL,0,0,49,1,1),(175,'2020-08-31 16:00:29',NULL,0,0,49,1,1),(176,'2020-08-31 16:00:38',NULL,0,0,49,1,1),(177,'2020-08-31 16:29:52',NULL,0,0,49,1,1),(178,'2020-08-31 16:45:30',NULL,0,0,191,1,1),(179,'2020-08-31 16:45:30',NULL,0,0,191,1,1),(180,'2020-08-31 16:45:30',NULL,0,0,191,1,1),(181,'2020-08-31 16:45:31',NULL,0,0,191,1,1),(182,'2020-08-31 16:45:31',NULL,0,0,191,1,1),(183,'2020-08-31 16:45:31',NULL,0,0,191,1,1),(184,'2020-08-31 16:45:32',NULL,0,0,191,1,1),(185,'2020-08-31 16:45:33',NULL,0,0,191,1,1),(186,'2020-08-31 16:45:33',NULL,0,0,191,1,1),(187,'2020-08-31 16:45:34',NULL,0,0,191,1,1),(188,'2020-08-31 16:45:35',NULL,0,0,191,1,1),(189,'2020-08-31 16:45:35',NULL,0,0,191,1,1),(190,'2020-08-31 16:45:36',NULL,0,0,191,1,1),(191,'2020-08-31 16:45:37',NULL,0,0,191,1,1),(192,'2020-08-31 16:45:37',NULL,0,0,191,1,1),(193,'2020-08-31 16:45:38',NULL,0,0,191,1,1),(194,'2020-08-31 16:45:38',NULL,0,0,191,1,1),(195,'2020-08-31 16:45:39',NULL,0,0,191,1,1),(196,'2020-08-31 16:45:39',NULL,0,0,191,1,1),(197,'2020-08-31 16:47:45',NULL,0,0,49,1,1),(198,'2020-08-31 16:47:47',NULL,0,0,49,1,1),(199,'2020-08-31 16:50:19',NULL,0,0,49,1,1),(200,'2020-08-31 17:37:22',NULL,0,0,49,1,1),(201,'2020-08-31 17:37:24',NULL,0,0,49,1,1),(202,'2020-08-31 17:37:48',NULL,0,0,49,1,1),(203,'2020-08-31 17:37:50',NULL,0,0,49,1,1),(204,'2020-08-31 17:47:24',NULL,0,0,191,1,1),(205,'2020-08-31 18:00:55',NULL,0,0,49,1,1),(206,'2020-08-31 18:03:35',NULL,0,0,49,1,1),(207,'2020-08-31 18:03:37',NULL,0,0,49,1,1),(208,'2020-08-31 18:03:57',NULL,0,0,49,1,1),(209,'2020-08-31 18:18:10',NULL,0,0,191,1,1),(210,'2020-08-31 18:19:04',NULL,0,0,191,1,1),(211,'2020-08-31 18:19:08',NULL,0,0,191,1,1),(212,'2020-08-31 18:19:14',NULL,0,0,191,1,1),(213,'2020-08-31 18:25:35',NULL,0,0,191,1,1),(214,'2020-08-31 18:29:20',NULL,0,0,49,1,1),(215,'2020-08-31 18:29:23',NULL,0,0,49,1,1),(216,'2020-08-31 18:29:29',NULL,0,0,49,1,1),(217,'2020-08-31 18:33:05',NULL,0,0,49,1,1),(218,'2020-08-31 18:35:13',NULL,0,0,49,1,1),(219,'2020-08-31 18:46:59',NULL,0,0,49,1,1),(220,'2020-08-31 18:54:58',NULL,0,0,49,1,1),(221,'2020-08-31 18:56:14',NULL,0,0,49,1,1),(222,'2020-08-31 18:59:23',NULL,0,0,49,1,1),(223,'2020-08-31 19:03:11',NULL,0,0,49,1,1),(224,'2020-08-31 19:05:05',NULL,0,0,49,1,1),(225,'2020-08-31 19:09:41',NULL,0,0,49,1,1),(226,'2020-08-31 19:10:48',NULL,0,0,191,1,1),(227,'2020-08-31 19:10:50',NULL,0,0,191,1,1),(228,'2020-08-31 19:12:57',NULL,0,0,191,1,1),(229,'2020-08-31 19:18:18',NULL,0,0,191,1,1),(230,'2020-08-31 19:27:04',NULL,0,0,191,1,1),(231,'2020-08-31 19:27:07',NULL,0,0,191,1,1),(232,'2020-08-31 19:27:10',NULL,0,0,191,1,1),(233,'2020-08-31 19:27:13',NULL,0,0,191,1,1),(234,'2020-08-31 19:27:16',NULL,0,0,191,1,1),(235,'2020-08-31 19:27:19',NULL,0,0,191,1,1),(236,'2020-08-31 19:34:57',NULL,0,0,49,1,1),(237,'2020-08-31 19:36:43',NULL,0,0,49,1,1),(238,'2020-08-31 19:39:17',NULL,0,0,49,1,1),(239,'2020-08-31 20:07:09',NULL,0,0,191,1,1),(240,'2020-08-31 20:07:11',NULL,0,0,191,1,1),(241,'2020-08-31 20:10:47',NULL,0,0,191,1,1),(242,'2020-08-31 20:10:49',NULL,0,0,191,1,1),(243,'2020-08-31 20:13:41',NULL,0,0,191,1,1),(244,'2020-08-31 20:17:18',NULL,0,0,191,1,1),(245,'2020-08-31 20:19:10',NULL,0,0,191,1,1),(246,'2020-08-31 20:21:14',NULL,0,0,191,1,1),(247,'2020-08-31 20:21:15',NULL,0,0,191,1,1),(248,'2020-08-31 20:21:16',NULL,0,0,191,1,1),(249,'2020-08-31 20:35:12',NULL,0,0,191,1,1),(250,'2020-08-31 20:35:13',NULL,0,0,191,1,1),(251,'2020-08-31 20:37:48',NULL,0,0,191,1,1),(252,'2020-08-31 20:39:53',NULL,0,0,191,1,1),(253,'2020-08-31 20:42:31',NULL,0,0,191,1,1),(254,'2020-08-31 20:42:32',NULL,0,0,191,1,1),(255,'2020-08-31 20:42:34',NULL,0,0,191,1,1),(256,'2020-08-31 20:42:35',NULL,0,0,191,1,1),(257,'2020-08-31 20:45:23',NULL,0,0,191,1,1),(258,'2020-08-31 20:45:24',NULL,0,0,191,1,1),(259,'2020-08-31 20:55:51',NULL,0,0,191,1,1),(260,'2020-08-31 20:59:17',NULL,0,0,191,1,1),(261,'2020-09-01 07:37:14',NULL,0,0,7,1,1),(262,'2020-09-01 07:38:54',NULL,0,0,7,1,1),(263,'2020-09-01 07:39:45',NULL,0,0,7,1,1),(264,'2020-09-01 07:41:26',NULL,0,0,7,1,1),(265,'2020-09-01 14:35:10',NULL,0,0,7,1,1),(266,'2020-09-01 16:13:52',NULL,0,0,7,1,1),(267,'2020-09-01 16:14:20',NULL,0,0,191,1,1),(268,'2020-09-01 22:48:36',NULL,0,0,7,1,1),(269,'2020-09-01 23:00:30',NULL,0,0,191,1,1),(270,'2021-08-28 19:22:02',NULL,0,0,304,1,1);

--
